{"id":577947,"date":"2025-10-16T09:03:01","date_gmt":"2025-10-16T07:03:01","guid":{"rendered":"https:\/\/perle-in.com\/produit\/sac-daccessoires-recycle-case-logic-invigo-2\/"},"modified":"2025-10-16T09:03:02","modified_gmt":"2025-10-16T07:03:02","slug":"sac-daccessoires-recycle-case-logic-invigo-2","status":"publish","type":"product","link":"https:\/\/perle-in.com\/en\/product\/sac-daccessoires-recycle-case-logic-invigo-2\/","title":{"rendered":"Sac d\u2019accessoires recycl\u00e9 Case Logic Invigo"},"content":{"rendered":"","protected":false},"excerpt":{"rendered":"<p>Le sac d&#8217;accessoires Case Logic Invigo offre de la place pour les c\u00e2bles, les \u00e9couteurs, les adaptateurs et d&#8217;autres objets personnels. Il est parfait pour \u00eatre utilis\u00e9 dans un sac plus grand ou seul. Ce sac est fabriqu\u00e9 avec un ext\u00e9rieur en polyester 600D 100\u00a0% recycl\u00e9 et une doublure en polyester 150D. Dot\u00e9 de plusieurs poches et de boucles \u00e9lastiques pour ranger passeport, stylos, chargeurs et bien plus encore.<\/p>","protected":false},"featured_media":577940,"template":"","meta":{"_eb_attr":""},"product_brand":[],"product_cat":[1241,426,159],"product_tag":[2751,1984,1861,1862,837,836,282],"class_list":{"0":"post-577947","1":"product","2":"type-product","3":"status-publish","4":"has-post-thumbnail","6":"product_cat-accessoires-de-voyage-sport-et-loisirs","7":"product_cat-accessoires-de-voyage","8":"product_cat-sacs","9":"product_tag-accessoires","10":"product_tag-cables","11":"product_tag-case-logic","12":"product_tag-caselogic","13":"product_tag-durable","14":"product_tag-recycle","15":"product_tag-sac","16":"pa_couleurs-noir","17":"pa_marque-case-logic","18":"pa_pays-d-origine-cambodge","20":"first","21":"instock","22":"shipping-taxable","23":"purchasable","24":"product-type-variable"},"yoast_head":"<!-- This site is optimized with the Yoast SEO plugin v27.4 - https:\/\/yoast.com\/product\/yoast-seo-wordpress\/ -->\n<title>Sac d\u2019accessoires recycl\u00e9 Case Logic Invigo - PERLE IN<\/title>\n<meta name=\"robots\" content=\"noindex, follow, max-snippet:-1, max-image-preview:large, max-video-preview:-1\" \/>\n<meta property=\"og:locale\" content=\"en_US\" \/>\n<meta property=\"og:type\" content=\"article\" \/>\n<meta property=\"og:title\" content=\"Sac d\u2019accessoires recycl\u00e9 Case Logic Invigo - PERLE IN\" \/>\n<meta property=\"og:description\" content=\"Le sac d&#039;accessoires Case Logic Invigo offre de la place pour les c\u00e2bles, les \u00e9couteurs, les adaptateurs et d&#039;autres objets personnels. Il est parfait pour \u00eatre utilis\u00e9 dans un sac plus grand ou seul. Ce sac est fabriqu\u00e9 avec un ext\u00e9rieur en polyester 600D 100\u00a0% recycl\u00e9 et une doublure en polyester 150D. Dot\u00e9 de plusieurs poches et de boucles \u00e9lastiques pour ranger passeport, stylos, chargeurs et bien plus encore.\" \/>\n<meta property=\"og:url\" content=\"https:\/\/perle-in.com\/en\/product\/sac-daccessoires-recycle-case-logic-invigo-2\/\" \/>\n<meta property=\"og:site_name\" content=\"PERLE IN\" \/>\n<meta property=\"article:modified_time\" content=\"2025-10-16T07:03:02+00:00\" \/>\n<meta property=\"og:image\" content=\"https:\/\/perle-in.com\/wp-content\/uploads\/2025\/10\/12077790-1.jpg\" \/>\n\t<meta property=\"og:image:width\" content=\"1600\" \/>\n\t<meta property=\"og:image:height\" content=\"1600\" \/>\n\t<meta property=\"og:image:type\" content=\"image\/jpeg\" \/>\n<meta name=\"twitter:card\" content=\"summary_large_image\" \/>\n<script type=\"application\/ld+json\" class=\"yoast-schema-graph\">{\"@context\":\"https:\\\/\\\/schema.org\",\"@graph\":[{\"@type\":\"WebPage\",\"@id\":\"https:\\\/\\\/perle-in.com\\\/produit\\\/sac-daccessoires-recycle-case-logic-invigo-2\\\/\",\"url\":\"https:\\\/\\\/perle-in.com\\\/produit\\\/sac-daccessoires-recycle-case-logic-invigo-2\\\/\",\"name\":\"Sac d\u2019accessoires recycl\u00e9 Case Logic Invigo - PERLE IN\",\"isPartOf\":{\"@id\":\"https:\\\/\\\/perle-in.com\\\/#website\"},\"primaryImageOfPage\":{\"@id\":\"https:\\\/\\\/perle-in.com\\\/produit\\\/sac-daccessoires-recycle-case-logic-invigo-2\\\/#primaryimage\"},\"image\":{\"@id\":\"https:\\\/\\\/perle-in.com\\\/produit\\\/sac-daccessoires-recycle-case-logic-invigo-2\\\/#primaryimage\"},\"thumbnailUrl\":\"https:\\\/\\\/perle-in.com\\\/wp-content\\\/uploads\\\/2025\\\/10\\\/12077790-1.jpg\",\"datePublished\":\"2025-10-16T07:03:01+00:00\",\"dateModified\":\"2025-10-16T07:03:02+00:00\",\"breadcrumb\":{\"@id\":\"https:\\\/\\\/perle-in.com\\\/produit\\\/sac-daccessoires-recycle-case-logic-invigo-2\\\/#breadcrumb\"},\"inLanguage\":\"en-CA\",\"potentialAction\":[{\"@type\":\"ReadAction\",\"target\":[\"https:\\\/\\\/perle-in.com\\\/produit\\\/sac-daccessoires-recycle-case-logic-invigo-2\\\/\"]}]},{\"@type\":\"ImageObject\",\"inLanguage\":\"en-CA\",\"@id\":\"https:\\\/\\\/perle-in.com\\\/produit\\\/sac-daccessoires-recycle-case-logic-invigo-2\\\/#primaryimage\",\"url\":\"https:\\\/\\\/perle-in.com\\\/wp-content\\\/uploads\\\/2025\\\/10\\\/12077790-1.jpg\",\"contentUrl\":\"https:\\\/\\\/perle-in.com\\\/wp-content\\\/uploads\\\/2025\\\/10\\\/12077790-1.jpg\",\"width\":1600,\"height\":1600},{\"@type\":\"BreadcrumbList\",\"@id\":\"https:\\\/\\\/perle-in.com\\\/produit\\\/sac-daccessoires-recycle-case-logic-invigo-2\\\/#breadcrumb\",\"itemListElement\":[{\"@type\":\"ListItem\",\"position\":1,\"name\":\"Accueil\",\"item\":\"https:\\\/\\\/perle-in.com\\\/\"},{\"@type\":\"ListItem\",\"position\":2,\"name\":\"Boutique\",\"item\":\"https:\\\/\\\/perle-in.com\\\/boutique\\\/\"},{\"@type\":\"ListItem\",\"position\":3,\"name\":\"Sac d\u2019accessoires recycl\u00e9 Case Logic Invigo\"}]},{\"@type\":\"WebSite\",\"@id\":\"https:\\\/\\\/perle-in.com\\\/#website\",\"url\":\"https:\\\/\\\/perle-in.com\\\/\",\"name\":\"PERLE IN\",\"description\":\"\",\"publisher\":{\"@id\":\"https:\\\/\\\/perle-in.com\\\/#organization\"},\"potentialAction\":[{\"@type\":\"SearchAction\",\"target\":{\"@type\":\"EntryPoint\",\"urlTemplate\":\"https:\\\/\\\/perle-in.com\\\/?s={search_term_string}\"},\"query-input\":{\"@type\":\"PropertyValueSpecification\",\"valueRequired\":true,\"valueName\":\"search_term_string\"}}],\"inLanguage\":\"en-CA\"},{\"@type\":\"Organization\",\"@id\":\"https:\\\/\\\/perle-in.com\\\/#organization\",\"name\":\"PERLE IN\",\"url\":\"https:\\\/\\\/perle-in.com\\\/\",\"logo\":{\"@type\":\"ImageObject\",\"inLanguage\":\"en-CA\",\"@id\":\"https:\\\/\\\/perle-in.com\\\/#\\\/schema\\\/logo\\\/image\\\/\",\"url\":\"https:\\\/\\\/perle-in.com\\\/wp-content\\\/uploads\\\/2022\\\/12\\\/LOGO-PERLE-IN-COULEUR@3x.webp\",\"contentUrl\":\"https:\\\/\\\/perle-in.com\\\/wp-content\\\/uploads\\\/2022\\\/12\\\/LOGO-PERLE-IN-COULEUR@3x.webp\",\"width\":1600,\"height\":490,\"caption\":\"PERLE IN\"},\"image\":{\"@id\":\"https:\\\/\\\/perle-in.com\\\/#\\\/schema\\\/logo\\\/image\\\/\"}}]}<\/script>\n<!-- \/ Yoast SEO plugin. -->","yoast_head_json":{"title":"Sac d\u2019accessoires recycl\u00e9 Case Logic Invigo - PERLE IN","robots":{"index":"noindex","follow":"follow","max-snippet":"max-snippet:-1","max-image-preview":"max-image-preview:large","max-video-preview":"max-video-preview:-1"},"og_locale":"en_US","og_type":"article","og_title":"Sac d\u2019accessoires recycl\u00e9 Case Logic Invigo - PERLE IN","og_description":"Le sac d'accessoires Case Logic Invigo offre de la place pour les c\u00e2bles, les \u00e9couteurs, les adaptateurs et d'autres objets personnels. Il est parfait pour \u00eatre utilis\u00e9 dans un sac plus grand ou seul. Ce sac est fabriqu\u00e9 avec un ext\u00e9rieur en polyester 600D 100\u00a0% recycl\u00e9 et une doublure en polyester 150D. Dot\u00e9 de plusieurs poches et de boucles \u00e9lastiques pour ranger passeport, stylos, chargeurs et bien plus encore.","og_url":"https:\/\/perle-in.com\/en\/product\/sac-daccessoires-recycle-case-logic-invigo-2\/","og_site_name":"PERLE IN","article_modified_time":"2025-10-16T07:03:02+00:00","og_image":[{"width":1600,"height":1600,"url":"https:\/\/perle-in.com\/wp-content\/uploads\/2025\/10\/12077790-1.jpg","type":"image\/jpeg"}],"twitter_card":"summary_large_image","schema":{"@context":"https:\/\/schema.org","@graph":[{"@type":"WebPage","@id":"https:\/\/perle-in.com\/produit\/sac-daccessoires-recycle-case-logic-invigo-2\/","url":"https:\/\/perle-in.com\/produit\/sac-daccessoires-recycle-case-logic-invigo-2\/","name":"Sac d\u2019accessoires recycl\u00e9 Case Logic Invigo - PERLE IN","isPartOf":{"@id":"https:\/\/perle-in.com\/#website"},"primaryImageOfPage":{"@id":"https:\/\/perle-in.com\/produit\/sac-daccessoires-recycle-case-logic-invigo-2\/#primaryimage"},"image":{"@id":"https:\/\/perle-in.com\/produit\/sac-daccessoires-recycle-case-logic-invigo-2\/#primaryimage"},"thumbnailUrl":"https:\/\/perle-in.com\/wp-content\/uploads\/2025\/10\/12077790-1.jpg","datePublished":"2025-10-16T07:03:01+00:00","dateModified":"2025-10-16T07:03:02+00:00","breadcrumb":{"@id":"https:\/\/perle-in.com\/produit\/sac-daccessoires-recycle-case-logic-invigo-2\/#breadcrumb"},"inLanguage":"en-CA","potentialAction":[{"@type":"ReadAction","target":["https:\/\/perle-in.com\/produit\/sac-daccessoires-recycle-case-logic-invigo-2\/"]}]},{"@type":"ImageObject","inLanguage":"en-CA","@id":"https:\/\/perle-in.com\/produit\/sac-daccessoires-recycle-case-logic-invigo-2\/#primaryimage","url":"https:\/\/perle-in.com\/wp-content\/uploads\/2025\/10\/12077790-1.jpg","contentUrl":"https:\/\/perle-in.com\/wp-content\/uploads\/2025\/10\/12077790-1.jpg","width":1600,"height":1600},{"@type":"BreadcrumbList","@id":"https:\/\/perle-in.com\/produit\/sac-daccessoires-recycle-case-logic-invigo-2\/#breadcrumb","itemListElement":[{"@type":"ListItem","position":1,"name":"Accueil","item":"https:\/\/perle-in.com\/"},{"@type":"ListItem","position":2,"name":"Boutique","item":"https:\/\/perle-in.com\/boutique\/"},{"@type":"ListItem","position":3,"name":"Sac d\u2019accessoires recycl\u00e9 Case Logic Invigo"}]},{"@type":"WebSite","@id":"https:\/\/perle-in.com\/#website","url":"https:\/\/perle-in.com\/","name":"PERLE IN","description":"","publisher":{"@id":"https:\/\/perle-in.com\/#organization"},"potentialAction":[{"@type":"SearchAction","target":{"@type":"EntryPoint","urlTemplate":"https:\/\/perle-in.com\/?s={search_term_string}"},"query-input":{"@type":"PropertyValueSpecification","valueRequired":true,"valueName":"search_term_string"}}],"inLanguage":"en-CA"},{"@type":"Organization","@id":"https:\/\/perle-in.com\/#organization","name":"PERLE IN","url":"https:\/\/perle-in.com\/","logo":{"@type":"ImageObject","inLanguage":"en-CA","@id":"https:\/\/perle-in.com\/#\/schema\/logo\/image\/","url":"https:\/\/perle-in.com\/wp-content\/uploads\/2022\/12\/LOGO-PERLE-IN-COULEUR@3x.webp","contentUrl":"https:\/\/perle-in.com\/wp-content\/uploads\/2022\/12\/LOGO-PERLE-IN-COULEUR@3x.webp","width":1600,"height":490,"caption":"PERLE IN"},"image":{"@id":"https:\/\/perle-in.com\/#\/schema\/logo\/image\/"}}]}},"jetpack_sharing_enabled":true,"_links":{"self":[{"href":"https:\/\/perle-in.com\/en\/wp-json\/wp\/v2\/product\/577947","targetHints":{"allow":["GET"]}}],"collection":[{"href":"https:\/\/perle-in.com\/en\/wp-json\/wp\/v2\/product"}],"about":[{"href":"https:\/\/perle-in.com\/en\/wp-json\/wp\/v2\/types\/product"}],"version-history":[{"count":0,"href":"https:\/\/perle-in.com\/en\/wp-json\/wp\/v2\/product\/577947\/revisions"}],"wp:featuredmedia":[{"embeddable":true,"href":"https:\/\/perle-in.com\/en\/wp-json\/wp\/v2\/media\/577940"}],"wp:attachment":[{"href":"https:\/\/perle-in.com\/en\/wp-json\/wp\/v2\/media?parent=577947"}],"wp:term":[{"taxonomy":"product_brand","embeddable":true,"href":"https:\/\/perle-in.com\/en\/wp-json\/wp\/v2\/product_brand?post=577947"},{"taxonomy":"product_cat","embeddable":true,"href":"https:\/\/perle-in.com\/en\/wp-json\/wp\/v2\/product_cat?post=577947"},{"taxonomy":"product_tag","embeddable":true,"href":"https:\/\/perle-in.com\/en\/wp-json\/wp\/v2\/product_tag?post=577947"}],"curies":[{"name":"wp","href":"https:\/\/api.w.org\/{rel}","templated":true}]}}

Sac d’accessoires recyclé Case Logic Invigo

<p>Le sac d&#8217;accessoires Case Logic Invigo offre de la place pour les câbles, les écouteurs, les adaptateurs et d&#8217;autres objets personnels. Il est parfait pour être utilisé dans un sac plus grand ou seul. Ce sac est fabriqué avec un extérieur en polyester 600D 100 % recyclé et une doublure en polyester 150D. Doté de plusieurs poches et de boucles élastiques pour ranger passeport, stylos, chargeurs et bien plus encore.</p>

<!-- This site is optimized with the Yoast SEO plugin v27.4 - https://yoast.com/product/yoast-seo-wordpress/ -->
<title>Sac d’accessoires recyclé Case Logic Invigo - PERLE IN</title>
<meta name="robots" content="noindex, follow, max-snippet:-1, max-image-preview:large, max-video-preview:-1" />
<meta property="og:locale" content="en_US" />
<meta property="og:type" content="article" />
<meta property="og:title" content="Sac d’accessoires recyclé Case Logic Invigo - PERLE IN" />
<meta property="og:description" content="Le sac d&#039;accessoires Case Logic Invigo offre de la place pour les câbles, les écouteurs, les adaptateurs et d&#039;autres objets personnels. Il est parfait pour être utilisé dans un sac plus grand ou seul. Ce sac est fabriqué avec un extérieur en polyester 600D 100 % recyclé et une doublure en polyester 150D. Doté de plusieurs poches et de boucles élastiques pour ranger passeport, stylos, chargeurs et bien plus encore." />
<meta property="og:url" content="https://perle-in.com/en/product/sac-daccessoires-recycle-case-logic-invigo-2/" />
<meta property="og:site_name" content="PERLE IN" />
<meta property="article:modified_time" content="2025-10-16T07:03:02+00:00" />
<meta property="og:image" content="https://perle-in.com/wp-content/uploads/2025/10/12077790-1.jpg" />
	<meta property="og:image:width" content="1600" />
	<meta property="og:image:height" content="1600" />
	<meta property="og:image:type" content="image/jpeg" />
<meta name="twitter:card" content="summary_large_image" />
<script type="application/ld+json" class="yoast-schema-graph">{"@context":"https:\/\/schema.org","@graph":[{"@type":"WebPage","@id":"https:\/\/perle-in.com\/produit\/sac-daccessoires-recycle-case-logic-invigo-2\/","url":"https:\/\/perle-in.com\/produit\/sac-daccessoires-recycle-case-logic-invigo-2\/","name":"Sac d’accessoires recyclé Case Logic Invigo - PERLE IN","isPartOf":{"@id":"https:\/\/perle-in.com\/#website"},"primaryImageOfPage":{"@id":"https:\/\/perle-in.com\/produit\/sac-daccessoires-recycle-case-logic-invigo-2\/#primaryimage"},"image":{"@id":"https:\/\/perle-in.com\/produit\/sac-daccessoires-recycle-case-logic-invigo-2\/#primaryimage"},"thumbnailUrl":"https:\/\/perle-in.com\/wp-content\/uploads\/2025\/10\/12077790-1.jpg","datePublished":"2025-10-16T07:03:01+00:00","dateModified":"2025-10-16T07:03:02+00:00","breadcrumb":{"@id":"https:\/\/perle-in.com\/produit\/sac-daccessoires-recycle-case-logic-invigo-2\/#breadcrumb"},"inLanguage":"en-CA","potentialAction":[{"@type":"ReadAction","target":["https:\/\/perle-in.com\/produit\/sac-daccessoires-recycle-case-logic-invigo-2\/"]}]},{"@type":"ImageObject","inLanguage":"en-CA","@id":"https:\/\/perle-in.com\/produit\/sac-daccessoires-recycle-case-logic-invigo-2\/#primaryimage","url":"https:\/\/perle-in.com\/wp-content\/uploads\/2025\/10\/12077790-1.jpg","contentUrl":"https:\/\/perle-in.com\/wp-content\/uploads\/2025\/10\/12077790-1.jpg","width":1600,"height":1600},{"@type":"BreadcrumbList","@id":"https:\/\/perle-in.com\/produit\/sac-daccessoires-recycle-case-logic-invigo-2\/#breadcrumb","itemListElement":[{"@type":"ListItem","position":1,"name":"Accueil","item":"https:\/\/perle-in.com\/"},{"@type":"ListItem","position":2,"name":"Boutique","item":"https:\/\/perle-in.com\/boutique\/"},{"@type":"ListItem","position":3,"name":"Sac d’accessoires recyclé Case Logic Invigo"}]},{"@type":"WebSite","@id":"https:\/\/perle-in.com\/#website","url":"https:\/\/perle-in.com\/","name":"PERLE IN","description":"","publisher":{"@id":"https:\/\/perle-in.com\/#organization"},"potentialAction":[{"@type":"SearchAction","target":{"@type":"EntryPoint","urlTemplate":"https:\/\/perle-in.com\/?s={search_term_string}"},"query-input":{"@type":"PropertyValueSpecification","valueRequired":true,"valueName":"search_term_string"}}],"inLanguage":"en-CA"},{"@type":"Organization","@id":"https:\/\/perle-in.com\/#organization","name":"PERLE IN","url":"https:\/\/perle-in.com\/","logo":{"@type":"ImageObject","inLanguage":"en-CA","@id":"https:\/\/perle-in.com\/#\/schema\/logo\/image\/","url":"https:\/\/perle-in.com\/wp-content\/uploads\/2022\/12\/LOGO-PERLE-IN-COULEUR@3x.webp","contentUrl":"https:\/\/perle-in.com\/wp-content\/uploads\/2022\/12\/LOGO-PERLE-IN-COULEUR@3x.webp","width":1600,"height":490,"caption":"PERLE IN"},"image":{"@id":"https:\/\/perle-in.com\/#\/schema\/logo\/image\/"}}]}</script>
<!-- / Yoast SEO plugin. -->

Sac d’accessoires recyclé Case Logic Invigo - PERLE IN

Le sac d'accessoires Case Logic Invigo offre de la place pour les câbles, les écouteurs, les adaptateurs et d'autres objets personnels. Il est parfait pour être utilisé dans un sac plus grand ou seul. Ce sac est fabriqué avec un extérieur en polyester 600D 100 % recyclé et une doublure en polyester 150D. Doté de plusieurs poches et de boucles élastiques pour ranger passeport, stylos, chargeurs et bien plus encore.
