{"id":577869,"date":"2025-10-16T08:55:32","date_gmt":"2025-10-16T06:55:32","guid":{"rendered":"https:\/\/perle-in.com\/produit\/chargeur-de-33-w-xtorm-xg2sl033-go2-slimline\/"},"modified":"2025-10-16T08:55:33","modified_gmt":"2025-10-16T06:55:33","slug":"chargeur-de-33-w-xtorm-xg2sl033-go2-slimline","status":"publish","type":"product","link":"https:\/\/perle-in.com\/en\/product\/chargeur-de-33-w-xtorm-xg2sl033-go2-slimline\/","title":{"rendered":"Chargeur de 33\u00a0W Xtorm XG2SL033 Go2 SlimLine"},"content":{"rendered":"","protected":false},"excerpt":{"rendered":"<p>Le chargeur SlimLine de 33\u00a0W est un adaptateur compact de haute qualit\u00e9 con\u00e7u pour une utilisation pratique \u00e0 la maison ou en d\u00e9placement. D\u2019une \u00e9paisseur de seulement 1,5\u00a0cm, son profil ultra-mince et peu encombrant le rend facile \u00e0 transporter et parfait pour les voyages. Malgr\u00e9 sa petite taille, il offre des performances puissantes gr\u00e2ce \u00e0 un port USB-A et USB-C, ce qui vous permet de charger rapidement plusieurs appareils simultan\u00e9ment. Prenant en charge la technologie Xtorm 33\u00a0W Super Charge+ et PPS, il garantit une charge efficace et s\u00fbre sur une large gamme d\u2019appareils. Dot\u00e9 d\u2019une fonction de s\u00e9curit\u00e9 de mise en veille automatique pour une plus grande tranquillit\u00e9 d\u2019esprit, le chargeur SlimLine allie fiabilit\u00e9, rapidit\u00e9 et portabilit\u00e9 dans un seul et m\u00eame design \u00e9l\u00e9gant. Fabriqu\u00e9 en plastique recycl\u00e9 certifi\u00e9 GRS \u00e0 97\u00a0%.<\/p>","protected":false},"featured_media":577862,"template":"","meta":{"_eb_attr":""},"product_brand":[],"product_cat":[1208,667],"product_tag":[3418,816,3796,815,784,680,2881,671,3587],"class_list":{"0":"post-577869","1":"product","2":"type-product","3":"status-publish","4":"has-post-thumbnail","6":"product_cat-chargeurs","7":"product_cat-technologie","8":"product_tag-adaptateur","9":"product_tag-charge","10":"product_tag-charger","11":"product_tag-chargeur","12":"product_tag-ordinateur-portable","13":"product_tag-smartphone","14":"product_tag-table","15":"product_tag-telephone","16":"product_tag-xtorm","17":"pa_couleurs-blanc","18":"pa_marque-xtorm","20":"first","21":"outofstock","22":"shipping-taxable","23":"purchasable","24":"product-type-variable"},"yoast_head":"<!-- This site is optimized with the Yoast SEO plugin v27.4 - https:\/\/yoast.com\/product\/yoast-seo-wordpress\/ -->\n<title>Chargeur de 33\u00a0W Xtorm XG2SL033 Go2 SlimLine - PERLE IN<\/title>\n<meta name=\"robots\" content=\"noindex, follow, max-snippet:-1, max-image-preview:large, max-video-preview:-1\" \/>\n<meta property=\"og:locale\" content=\"en_US\" \/>\n<meta property=\"og:type\" content=\"article\" \/>\n<meta property=\"og:title\" content=\"Chargeur de 33\u00a0W Xtorm XG2SL033 Go2 SlimLine - PERLE IN\" \/>\n<meta property=\"og:description\" content=\"Le chargeur SlimLine de 33\u00a0W est un adaptateur compact de haute qualit\u00e9 con\u00e7u pour une utilisation pratique \u00e0 la maison ou en d\u00e9placement. D\u2019une \u00e9paisseur de seulement 1,5\u00a0cm, son profil ultra-mince et peu encombrant le rend facile \u00e0 transporter et parfait pour les voyages. Malgr\u00e9 sa petite taille, il offre des performances puissantes gr\u00e2ce \u00e0 un port USB-A et USB-C, ce qui vous permet de charger rapidement plusieurs appareils simultan\u00e9ment. Prenant en charge la technologie Xtorm 33\u00a0W Super Charge+ et PPS, il garantit une charge efficace et s\u00fbre sur une large gamme d\u2019appareils. Dot\u00e9 d\u2019une fonction de s\u00e9curit\u00e9 de mise en veille automatique pour une plus grande tranquillit\u00e9 d\u2019esprit, le chargeur SlimLine allie fiabilit\u00e9, rapidit\u00e9 et portabilit\u00e9 dans un seul et m\u00eame design \u00e9l\u00e9gant. Fabriqu\u00e9 en plastique recycl\u00e9 certifi\u00e9 GRS \u00e0 97\u00a0%.\" \/>\n<meta property=\"og:url\" content=\"https:\/\/perle-in.com\/en\/product\/chargeur-de-33-w-xtorm-xg2sl033-go2-slimline\/\" \/>\n<meta property=\"og:site_name\" content=\"PERLE IN\" \/>\n<meta property=\"article:modified_time\" content=\"2025-10-16T06:55:33+00:00\" \/>\n<meta property=\"og:image\" content=\"https:\/\/perle-in.com\/wp-content\/uploads\/2025\/10\/12447401-1.jpg\" \/>\n\t<meta property=\"og:image:width\" content=\"1600\" \/>\n\t<meta property=\"og:image:height\" content=\"1600\" \/>\n\t<meta property=\"og:image:type\" content=\"image\/jpeg\" \/>\n<meta name=\"twitter:card\" content=\"summary_large_image\" \/>\n<script type=\"application\/ld+json\" class=\"yoast-schema-graph\">{\"@context\":\"https:\\\/\\\/schema.org\",\"@graph\":[{\"@type\":\"WebPage\",\"@id\":\"https:\\\/\\\/perle-in.com\\\/produit\\\/chargeur-de-33-w-xtorm-xg2sl033-go2-slimline\\\/\",\"url\":\"https:\\\/\\\/perle-in.com\\\/produit\\\/chargeur-de-33-w-xtorm-xg2sl033-go2-slimline\\\/\",\"name\":\"Chargeur de 33\u00a0W Xtorm XG2SL033 Go2 SlimLine - PERLE IN\",\"isPartOf\":{\"@id\":\"https:\\\/\\\/perle-in.com\\\/#website\"},\"primaryImageOfPage\":{\"@id\":\"https:\\\/\\\/perle-in.com\\\/produit\\\/chargeur-de-33-w-xtorm-xg2sl033-go2-slimline\\\/#primaryimage\"},\"image\":{\"@id\":\"https:\\\/\\\/perle-in.com\\\/produit\\\/chargeur-de-33-w-xtorm-xg2sl033-go2-slimline\\\/#primaryimage\"},\"thumbnailUrl\":\"https:\\\/\\\/perle-in.com\\\/wp-content\\\/uploads\\\/2025\\\/10\\\/12447401-1.jpg\",\"datePublished\":\"2025-10-16T06:55:32+00:00\",\"dateModified\":\"2025-10-16T06:55:33+00:00\",\"breadcrumb\":{\"@id\":\"https:\\\/\\\/perle-in.com\\\/produit\\\/chargeur-de-33-w-xtorm-xg2sl033-go2-slimline\\\/#breadcrumb\"},\"inLanguage\":\"en-CA\",\"potentialAction\":[{\"@type\":\"ReadAction\",\"target\":[\"https:\\\/\\\/perle-in.com\\\/produit\\\/chargeur-de-33-w-xtorm-xg2sl033-go2-slimline\\\/\"]}]},{\"@type\":\"ImageObject\",\"inLanguage\":\"en-CA\",\"@id\":\"https:\\\/\\\/perle-in.com\\\/produit\\\/chargeur-de-33-w-xtorm-xg2sl033-go2-slimline\\\/#primaryimage\",\"url\":\"https:\\\/\\\/perle-in.com\\\/wp-content\\\/uploads\\\/2025\\\/10\\\/12447401-1.jpg\",\"contentUrl\":\"https:\\\/\\\/perle-in.com\\\/wp-content\\\/uploads\\\/2025\\\/10\\\/12447401-1.jpg\",\"width\":1600,\"height\":1600},{\"@type\":\"BreadcrumbList\",\"@id\":\"https:\\\/\\\/perle-in.com\\\/produit\\\/chargeur-de-33-w-xtorm-xg2sl033-go2-slimline\\\/#breadcrumb\",\"itemListElement\":[{\"@type\":\"ListItem\",\"position\":1,\"name\":\"Accueil\",\"item\":\"https:\\\/\\\/perle-in.com\\\/\"},{\"@type\":\"ListItem\",\"position\":2,\"name\":\"Boutique\",\"item\":\"https:\\\/\\\/perle-in.com\\\/boutique\\\/\"},{\"@type\":\"ListItem\",\"position\":3,\"name\":\"Chargeur de 33\u00a0W Xtorm XG2SL033 Go2 SlimLine\"}]},{\"@type\":\"WebSite\",\"@id\":\"https:\\\/\\\/perle-in.com\\\/#website\",\"url\":\"https:\\\/\\\/perle-in.com\\\/\",\"name\":\"PERLE IN\",\"description\":\"\",\"publisher\":{\"@id\":\"https:\\\/\\\/perle-in.com\\\/#organization\"},\"potentialAction\":[{\"@type\":\"SearchAction\",\"target\":{\"@type\":\"EntryPoint\",\"urlTemplate\":\"https:\\\/\\\/perle-in.com\\\/?s={search_term_string}\"},\"query-input\":{\"@type\":\"PropertyValueSpecification\",\"valueRequired\":true,\"valueName\":\"search_term_string\"}}],\"inLanguage\":\"en-CA\"},{\"@type\":\"Organization\",\"@id\":\"https:\\\/\\\/perle-in.com\\\/#organization\",\"name\":\"PERLE IN\",\"url\":\"https:\\\/\\\/perle-in.com\\\/\",\"logo\":{\"@type\":\"ImageObject\",\"inLanguage\":\"en-CA\",\"@id\":\"https:\\\/\\\/perle-in.com\\\/#\\\/schema\\\/logo\\\/image\\\/\",\"url\":\"https:\\\/\\\/perle-in.com\\\/wp-content\\\/uploads\\\/2022\\\/12\\\/LOGO-PERLE-IN-COULEUR@3x.webp\",\"contentUrl\":\"https:\\\/\\\/perle-in.com\\\/wp-content\\\/uploads\\\/2022\\\/12\\\/LOGO-PERLE-IN-COULEUR@3x.webp\",\"width\":1600,\"height\":490,\"caption\":\"PERLE IN\"},\"image\":{\"@id\":\"https:\\\/\\\/perle-in.com\\\/#\\\/schema\\\/logo\\\/image\\\/\"}}]}<\/script>\n<!-- \/ Yoast SEO plugin. -->","yoast_head_json":{"title":"Chargeur de 33\u00a0W Xtorm XG2SL033 Go2 SlimLine - PERLE IN","robots":{"index":"noindex","follow":"follow","max-snippet":"max-snippet:-1","max-image-preview":"max-image-preview:large","max-video-preview":"max-video-preview:-1"},"og_locale":"en_US","og_type":"article","og_title":"Chargeur de 33\u00a0W Xtorm XG2SL033 Go2 SlimLine - PERLE IN","og_description":"Le chargeur SlimLine de 33\u00a0W est un adaptateur compact de haute qualit\u00e9 con\u00e7u pour une utilisation pratique \u00e0 la maison ou en d\u00e9placement. D\u2019une \u00e9paisseur de seulement 1,5\u00a0cm, son profil ultra-mince et peu encombrant le rend facile \u00e0 transporter et parfait pour les voyages. Malgr\u00e9 sa petite taille, il offre des performances puissantes gr\u00e2ce \u00e0 un port USB-A et USB-C, ce qui vous permet de charger rapidement plusieurs appareils simultan\u00e9ment. Prenant en charge la technologie Xtorm 33\u00a0W Super Charge+ et PPS, il garantit une charge efficace et s\u00fbre sur une large gamme d\u2019appareils. Dot\u00e9 d\u2019une fonction de s\u00e9curit\u00e9 de mise en veille automatique pour une plus grande tranquillit\u00e9 d\u2019esprit, le chargeur SlimLine allie fiabilit\u00e9, rapidit\u00e9 et portabilit\u00e9 dans un seul et m\u00eame design \u00e9l\u00e9gant. Fabriqu\u00e9 en plastique recycl\u00e9 certifi\u00e9 GRS \u00e0 97\u00a0%.","og_url":"https:\/\/perle-in.com\/en\/product\/chargeur-de-33-w-xtorm-xg2sl033-go2-slimline\/","og_site_name":"PERLE IN","article_modified_time":"2025-10-16T06:55:33+00:00","og_image":[{"width":1600,"height":1600,"url":"https:\/\/perle-in.com\/wp-content\/uploads\/2025\/10\/12447401-1.jpg","type":"image\/jpeg"}],"twitter_card":"summary_large_image","schema":{"@context":"https:\/\/schema.org","@graph":[{"@type":"WebPage","@id":"https:\/\/perle-in.com\/produit\/chargeur-de-33-w-xtorm-xg2sl033-go2-slimline\/","url":"https:\/\/perle-in.com\/produit\/chargeur-de-33-w-xtorm-xg2sl033-go2-slimline\/","name":"Chargeur de 33\u00a0W Xtorm XG2SL033 Go2 SlimLine - PERLE IN","isPartOf":{"@id":"https:\/\/perle-in.com\/#website"},"primaryImageOfPage":{"@id":"https:\/\/perle-in.com\/produit\/chargeur-de-33-w-xtorm-xg2sl033-go2-slimline\/#primaryimage"},"image":{"@id":"https:\/\/perle-in.com\/produit\/chargeur-de-33-w-xtorm-xg2sl033-go2-slimline\/#primaryimage"},"thumbnailUrl":"https:\/\/perle-in.com\/wp-content\/uploads\/2025\/10\/12447401-1.jpg","datePublished":"2025-10-16T06:55:32+00:00","dateModified":"2025-10-16T06:55:33+00:00","breadcrumb":{"@id":"https:\/\/perle-in.com\/produit\/chargeur-de-33-w-xtorm-xg2sl033-go2-slimline\/#breadcrumb"},"inLanguage":"en-CA","potentialAction":[{"@type":"ReadAction","target":["https:\/\/perle-in.com\/produit\/chargeur-de-33-w-xtorm-xg2sl033-go2-slimline\/"]}]},{"@type":"ImageObject","inLanguage":"en-CA","@id":"https:\/\/perle-in.com\/produit\/chargeur-de-33-w-xtorm-xg2sl033-go2-slimline\/#primaryimage","url":"https:\/\/perle-in.com\/wp-content\/uploads\/2025\/10\/12447401-1.jpg","contentUrl":"https:\/\/perle-in.com\/wp-content\/uploads\/2025\/10\/12447401-1.jpg","width":1600,"height":1600},{"@type":"BreadcrumbList","@id":"https:\/\/perle-in.com\/produit\/chargeur-de-33-w-xtorm-xg2sl033-go2-slimline\/#breadcrumb","itemListElement":[{"@type":"ListItem","position":1,"name":"Accueil","item":"https:\/\/perle-in.com\/"},{"@type":"ListItem","position":2,"name":"Boutique","item":"https:\/\/perle-in.com\/boutique\/"},{"@type":"ListItem","position":3,"name":"Chargeur de 33\u00a0W Xtorm XG2SL033 Go2 SlimLine"}]},{"@type":"WebSite","@id":"https:\/\/perle-in.com\/#website","url":"https:\/\/perle-in.com\/","name":"PERLE IN","description":"","publisher":{"@id":"https:\/\/perle-in.com\/#organization"},"potentialAction":[{"@type":"SearchAction","target":{"@type":"EntryPoint","urlTemplate":"https:\/\/perle-in.com\/?s={search_term_string}"},"query-input":{"@type":"PropertyValueSpecification","valueRequired":true,"valueName":"search_term_string"}}],"inLanguage":"en-CA"},{"@type":"Organization","@id":"https:\/\/perle-in.com\/#organization","name":"PERLE IN","url":"https:\/\/perle-in.com\/","logo":{"@type":"ImageObject","inLanguage":"en-CA","@id":"https:\/\/perle-in.com\/#\/schema\/logo\/image\/","url":"https:\/\/perle-in.com\/wp-content\/uploads\/2022\/12\/LOGO-PERLE-IN-COULEUR@3x.webp","contentUrl":"https:\/\/perle-in.com\/wp-content\/uploads\/2022\/12\/LOGO-PERLE-IN-COULEUR@3x.webp","width":1600,"height":490,"caption":"PERLE IN"},"image":{"@id":"https:\/\/perle-in.com\/#\/schema\/logo\/image\/"}}]}},"jetpack_sharing_enabled":true,"_links":{"self":[{"href":"https:\/\/perle-in.com\/en\/wp-json\/wp\/v2\/product\/577869","targetHints":{"allow":["GET"]}}],"collection":[{"href":"https:\/\/perle-in.com\/en\/wp-json\/wp\/v2\/product"}],"about":[{"href":"https:\/\/perle-in.com\/en\/wp-json\/wp\/v2\/types\/product"}],"version-history":[{"count":0,"href":"https:\/\/perle-in.com\/en\/wp-json\/wp\/v2\/product\/577869\/revisions"}],"wp:featuredmedia":[{"embeddable":true,"href":"https:\/\/perle-in.com\/en\/wp-json\/wp\/v2\/media\/577862"}],"wp:attachment":[{"href":"https:\/\/perle-in.com\/en\/wp-json\/wp\/v2\/media?parent=577869"}],"wp:term":[{"taxonomy":"product_brand","embeddable":true,"href":"https:\/\/perle-in.com\/en\/wp-json\/wp\/v2\/product_brand?post=577869"},{"taxonomy":"product_cat","embeddable":true,"href":"https:\/\/perle-in.com\/en\/wp-json\/wp\/v2\/product_cat?post=577869"},{"taxonomy":"product_tag","embeddable":true,"href":"https:\/\/perle-in.com\/en\/wp-json\/wp\/v2\/product_tag?post=577869"}],"curies":[{"name":"wp","href":"https:\/\/api.w.org\/{rel}","templated":true}]}}

<p>Le chargeur SlimLine de 33 W est un adaptateur compact de haute qualité conçu pour une utilisation pratique à la maison ou en déplacement. D’une épaisseur de seulement 1,5 cm, son profil ultra-mince et peu encombrant le rend facile à transporter et parfait pour les voyages. Malgré sa petite taille, il offre des performances puissantes grâce à un port USB-A et USB-C, ce qui vous permet de charger rapidement plusieurs appareils simultanément. Prenant en charge la technologie Xtorm 33 W Super Charge+ et PPS, il garantit une charge efficace et sûre sur une large gamme d’appareils. Doté d’une fonction de sécurité de mise en veille automatique pour une plus grande tranquillité d’esprit, le chargeur SlimLine allie fiabilité, rapidité et portabilité dans un seul et même design élégant. Fabriqué en plastique recyclé certifié GRS à 97 %.</p>

<!-- This site is optimized with the Yoast SEO plugin v27.4 - https://yoast.com/product/yoast-seo-wordpress/ -->
<title>Chargeur de 33 W Xtorm XG2SL033 Go2 SlimLine - PERLE IN</title>
<meta name="robots" content="noindex, follow, max-snippet:-1, max-image-preview:large, max-video-preview:-1" />
<meta property="og:locale" content="en_US" />
<meta property="og:type" content="article" />
<meta property="og:title" content="Chargeur de 33 W Xtorm XG2SL033 Go2 SlimLine - PERLE IN" />
<meta property="og:description" content="Le chargeur SlimLine de 33 W est un adaptateur compact de haute qualité conçu pour une utilisation pratique à la maison ou en déplacement. D’une épaisseur de seulement 1,5 cm, son profil ultra-mince et peu encombrant le rend facile à transporter et parfait pour les voyages. Malgré sa petite taille, il offre des performances puissantes grâce à un port USB-A et USB-C, ce qui vous permet de charger rapidement plusieurs appareils simultanément. Prenant en charge la technologie Xtorm 33 W Super Charge+ et PPS, il garantit une charge efficace et sûre sur une large gamme d’appareils. Doté d’une fonction de sécurité de mise en veille automatique pour une plus grande tranquillité d’esprit, le chargeur SlimLine allie fiabilité, rapidité et portabilité dans un seul et même design élégant. Fabriqué en plastique recyclé certifié GRS à 97 %." />
<meta property="og:url" content="https://perle-in.com/en/product/chargeur-de-33-w-xtorm-xg2sl033-go2-slimline/" />
<meta property="og:site_name" content="PERLE IN" />
<meta property="article:modified_time" content="2025-10-16T06:55:33+00:00" />
<meta property="og:image" content="https://perle-in.com/wp-content/uploads/2025/10/12447401-1.jpg" />
	<meta property="og:image:width" content="1600" />
	<meta property="og:image:height" content="1600" />
	<meta property="og:image:type" content="image/jpeg" />
<meta name="twitter:card" content="summary_large_image" />
<script type="application/ld+json" class="yoast-schema-graph">{"@context":"https:\/\/schema.org","@graph":[{"@type":"WebPage","@id":"https:\/\/perle-in.com\/produit\/chargeur-de-33-w-xtorm-xg2sl033-go2-slimline\/","url":"https:\/\/perle-in.com\/produit\/chargeur-de-33-w-xtorm-xg2sl033-go2-slimline\/","name":"Chargeur de 33 W Xtorm XG2SL033 Go2 SlimLine - PERLE IN","isPartOf":{"@id":"https:\/\/perle-in.com\/#website"},"primaryImageOfPage":{"@id":"https:\/\/perle-in.com\/produit\/chargeur-de-33-w-xtorm-xg2sl033-go2-slimline\/#primaryimage"},"image":{"@id":"https:\/\/perle-in.com\/produit\/chargeur-de-33-w-xtorm-xg2sl033-go2-slimline\/#primaryimage"},"thumbnailUrl":"https:\/\/perle-in.com\/wp-content\/uploads\/2025\/10\/12447401-1.jpg","datePublished":"2025-10-16T06:55:32+00:00","dateModified":"2025-10-16T06:55:33+00:00","breadcrumb":{"@id":"https:\/\/perle-in.com\/produit\/chargeur-de-33-w-xtorm-xg2sl033-go2-slimline\/#breadcrumb"},"inLanguage":"en-CA","potentialAction":[{"@type":"ReadAction","target":["https:\/\/perle-in.com\/produit\/chargeur-de-33-w-xtorm-xg2sl033-go2-slimline\/"]}]},{"@type":"ImageObject","inLanguage":"en-CA","@id":"https:\/\/perle-in.com\/produit\/chargeur-de-33-w-xtorm-xg2sl033-go2-slimline\/#primaryimage","url":"https:\/\/perle-in.com\/wp-content\/uploads\/2025\/10\/12447401-1.jpg","contentUrl":"https:\/\/perle-in.com\/wp-content\/uploads\/2025\/10\/12447401-1.jpg","width":1600,"height":1600},{"@type":"BreadcrumbList","@id":"https:\/\/perle-in.com\/produit\/chargeur-de-33-w-xtorm-xg2sl033-go2-slimline\/#breadcrumb","itemListElement":[{"@type":"ListItem","position":1,"name":"Accueil","item":"https:\/\/perle-in.com\/"},{"@type":"ListItem","position":2,"name":"Boutique","item":"https:\/\/perle-in.com\/boutique\/"},{"@type":"ListItem","position":3,"name":"Chargeur de 33 W Xtorm XG2SL033 Go2 SlimLine"}]},{"@type":"WebSite","@id":"https:\/\/perle-in.com\/#website","url":"https:\/\/perle-in.com\/","name":"PERLE IN","description":"","publisher":{"@id":"https:\/\/perle-in.com\/#organization"},"potentialAction":[{"@type":"SearchAction","target":{"@type":"EntryPoint","urlTemplate":"https:\/\/perle-in.com\/?s={search_term_string}"},"query-input":{"@type":"PropertyValueSpecification","valueRequired":true,"valueName":"search_term_string"}}],"inLanguage":"en-CA"},{"@type":"Organization","@id":"https:\/\/perle-in.com\/#organization","name":"PERLE IN","url":"https:\/\/perle-in.com\/","logo":{"@type":"ImageObject","inLanguage":"en-CA","@id":"https:\/\/perle-in.com\/#\/schema\/logo\/image\/","url":"https:\/\/perle-in.com\/wp-content\/uploads\/2022\/12\/LOGO-PERLE-IN-COULEUR@3x.webp","contentUrl":"https:\/\/perle-in.com\/wp-content\/uploads\/2022\/12\/LOGO-PERLE-IN-COULEUR@3x.webp","width":1600,"height":490,"caption":"PERLE IN"},"image":{"@id":"https:\/\/perle-in.com\/#\/schema\/logo\/image\/"}}]}</script>
<!-- / Yoast SEO plugin. -->

Le chargeur SlimLine de 33 W est un adaptateur compact de haute qualité conçu pour une utilisation pratique à la maison ou en déplacement. D’une épaisseur de seulement 1,5 cm, son profil ultra-mince et peu encombrant le rend facile à transporter et parfait pour les voyages. Malgré sa petite taille, il offre des performances puissantes grâce à un port USB-A et USB-C, ce qui vous permet de charger rapidement plusieurs appareils simultanément. Prenant en charge la technologie Xtorm 33 W Super Charge+ et PPS, il garantit une charge efficace et sûre sur une large gamme d’appareils. Doté d’une fonction de sécurité de mise en veille automatique pour une plus grande tranquillité d’esprit, le chargeur SlimLine allie fiabilité, rapidité et portabilité dans un seul et même design élégant. Fabriqué en plastique recyclé certifié GRS à 97 %.
