{"id":576759,"date":"2025-10-16T07:13:05","date_gmt":"2025-10-16T05:13:05","guid":{"rendered":"https:\/\/perle-in.com\/produit\/chapeau-de-soleil-sherpa-baru\/"},"modified":"2025-10-16T07:13:08","modified_gmt":"2025-10-16T05:13:08","slug":"chapeau-de-soleil-sherpa-baru","status":"publish","type":"product","link":"https:\/\/perle-in.com\/en\/product\/chapeau-de-soleil-sherpa-baru\/","title":{"rendered":"Chapeau de soleil sherpa Baru"},"content":{"rendered":"","protected":false},"excerpt":{"rendered":"<p>Adoptez le confort et le style en toute saison avec le chapeau de soleil Baru en sherpa. Fabriqu\u00e9 en sherpa 100\u00a0% polyester, ce bonnet offre une texture douce et molletonn\u00e9e qui apporte de la chaleur sans sur\u00e9paisseur. Con\u00e7u pour un tour de t\u00eate d\u00e9contract\u00e9 de 58\u00a0cm, il offre une coupe confortable et facile \u00e0 porter au quotidien. Sa conception \u00e0 la fois confortable et l\u00e9g\u00e8re en fait un accessoire id\u00e9al tout au long de l\u2019ann\u00e9e.<\/p>","protected":false},"featured_media":576753,"template":"","meta":{"_eb_attr":""},"product_brand":[],"product_cat":[1259,1024],"product_tag":[1697,1698,3580,2516,2499],"class_list":{"0":"post-576759","1":"product","2":"type-product","3":"status-publish","4":"has-post-thumbnail","6":"product_cat-casquettes-et-chapeaux","7":"product_cat-vetements","8":"product_tag-chapeau","9":"product_tag-chapeaux","10":"product_tag-sherpa","11":"product_tag-soleil","12":"product_tag-tete","13":"pa_couleurs-flocons-davoine","14":"pa_couleurs-noir","15":"pa_marque-elevate-essentials","17":"first","18":"instock","19":"shipping-taxable","20":"purchasable","21":"product-type-variable"},"yoast_head":"<!-- This site is optimized with the Yoast SEO plugin v27.4 - https:\/\/yoast.com\/product\/yoast-seo-wordpress\/ -->\n<title>Chapeau de soleil sherpa Baru - PERLE IN<\/title>\n<meta name=\"robots\" content=\"noindex, follow, max-snippet:-1, max-image-preview:large, max-video-preview:-1\" \/>\n<meta property=\"og:locale\" content=\"en_US\" \/>\n<meta property=\"og:type\" content=\"article\" \/>\n<meta property=\"og:title\" content=\"Chapeau de soleil sherpa Baru - PERLE IN\" \/>\n<meta property=\"og:description\" content=\"Adoptez le confort et le style en toute saison avec le chapeau de soleil Baru en sherpa. Fabriqu\u00e9 en sherpa 100\u00a0% polyester, ce bonnet offre une texture douce et molletonn\u00e9e qui apporte de la chaleur sans sur\u00e9paisseur. Con\u00e7u pour un tour de t\u00eate d\u00e9contract\u00e9 de 58\u00a0cm, il offre une coupe confortable et facile \u00e0 porter au quotidien. Sa conception \u00e0 la fois confortable et l\u00e9g\u00e8re en fait un accessoire id\u00e9al tout au long de l\u2019ann\u00e9e.\" \/>\n<meta property=\"og:url\" content=\"https:\/\/perle-in.com\/en\/product\/chapeau-de-soleil-sherpa-baru\/\" \/>\n<meta property=\"og:site_name\" content=\"PERLE IN\" \/>\n<meta property=\"article:modified_time\" content=\"2025-10-16T05:13:08+00:00\" \/>\n<meta property=\"og:image\" content=\"https:\/\/perle-in.com\/wp-content\/uploads\/2025\/10\/11107407-1.jpg\" \/>\n\t<meta property=\"og:image:width\" content=\"1600\" \/>\n\t<meta property=\"og:image:height\" content=\"1600\" \/>\n\t<meta property=\"og:image:type\" content=\"image\/jpeg\" \/>\n<meta name=\"twitter:card\" content=\"summary_large_image\" \/>\n<script type=\"application\/ld+json\" class=\"yoast-schema-graph\">{\"@context\":\"https:\\\/\\\/schema.org\",\"@graph\":[{\"@type\":\"WebPage\",\"@id\":\"https:\\\/\\\/perle-in.com\\\/produit\\\/chapeau-de-soleil-sherpa-baru\\\/\",\"url\":\"https:\\\/\\\/perle-in.com\\\/produit\\\/chapeau-de-soleil-sherpa-baru\\\/\",\"name\":\"Chapeau de soleil sherpa Baru - PERLE IN\",\"isPartOf\":{\"@id\":\"https:\\\/\\\/perle-in.com\\\/#website\"},\"primaryImageOfPage\":{\"@id\":\"https:\\\/\\\/perle-in.com\\\/produit\\\/chapeau-de-soleil-sherpa-baru\\\/#primaryimage\"},\"image\":{\"@id\":\"https:\\\/\\\/perle-in.com\\\/produit\\\/chapeau-de-soleil-sherpa-baru\\\/#primaryimage\"},\"thumbnailUrl\":\"https:\\\/\\\/perle-in.com\\\/wp-content\\\/uploads\\\/2025\\\/10\\\/11107407-1.jpg\",\"datePublished\":\"2025-10-16T05:13:05+00:00\",\"dateModified\":\"2025-10-16T05:13:08+00:00\",\"breadcrumb\":{\"@id\":\"https:\\\/\\\/perle-in.com\\\/produit\\\/chapeau-de-soleil-sherpa-baru\\\/#breadcrumb\"},\"inLanguage\":\"en-CA\",\"potentialAction\":[{\"@type\":\"ReadAction\",\"target\":[\"https:\\\/\\\/perle-in.com\\\/produit\\\/chapeau-de-soleil-sherpa-baru\\\/\"]}]},{\"@type\":\"ImageObject\",\"inLanguage\":\"en-CA\",\"@id\":\"https:\\\/\\\/perle-in.com\\\/produit\\\/chapeau-de-soleil-sherpa-baru\\\/#primaryimage\",\"url\":\"https:\\\/\\\/perle-in.com\\\/wp-content\\\/uploads\\\/2025\\\/10\\\/11107407-1.jpg\",\"contentUrl\":\"https:\\\/\\\/perle-in.com\\\/wp-content\\\/uploads\\\/2025\\\/10\\\/11107407-1.jpg\",\"width\":1600,\"height\":1600},{\"@type\":\"BreadcrumbList\",\"@id\":\"https:\\\/\\\/perle-in.com\\\/produit\\\/chapeau-de-soleil-sherpa-baru\\\/#breadcrumb\",\"itemListElement\":[{\"@type\":\"ListItem\",\"position\":1,\"name\":\"Accueil\",\"item\":\"https:\\\/\\\/perle-in.com\\\/\"},{\"@type\":\"ListItem\",\"position\":2,\"name\":\"Boutique\",\"item\":\"https:\\\/\\\/perle-in.com\\\/boutique\\\/\"},{\"@type\":\"ListItem\",\"position\":3,\"name\":\"Chapeau de soleil sherpa Baru\"}]},{\"@type\":\"WebSite\",\"@id\":\"https:\\\/\\\/perle-in.com\\\/#website\",\"url\":\"https:\\\/\\\/perle-in.com\\\/\",\"name\":\"PERLE IN\",\"description\":\"\",\"publisher\":{\"@id\":\"https:\\\/\\\/perle-in.com\\\/#organization\"},\"potentialAction\":[{\"@type\":\"SearchAction\",\"target\":{\"@type\":\"EntryPoint\",\"urlTemplate\":\"https:\\\/\\\/perle-in.com\\\/?s={search_term_string}\"},\"query-input\":{\"@type\":\"PropertyValueSpecification\",\"valueRequired\":true,\"valueName\":\"search_term_string\"}}],\"inLanguage\":\"en-CA\"},{\"@type\":\"Organization\",\"@id\":\"https:\\\/\\\/perle-in.com\\\/#organization\",\"name\":\"PERLE IN\",\"url\":\"https:\\\/\\\/perle-in.com\\\/\",\"logo\":{\"@type\":\"ImageObject\",\"inLanguage\":\"en-CA\",\"@id\":\"https:\\\/\\\/perle-in.com\\\/#\\\/schema\\\/logo\\\/image\\\/\",\"url\":\"https:\\\/\\\/perle-in.com\\\/wp-content\\\/uploads\\\/2022\\\/12\\\/LOGO-PERLE-IN-COULEUR@3x.webp\",\"contentUrl\":\"https:\\\/\\\/perle-in.com\\\/wp-content\\\/uploads\\\/2022\\\/12\\\/LOGO-PERLE-IN-COULEUR@3x.webp\",\"width\":1600,\"height\":490,\"caption\":\"PERLE IN\"},\"image\":{\"@id\":\"https:\\\/\\\/perle-in.com\\\/#\\\/schema\\\/logo\\\/image\\\/\"}}]}<\/script>\n<!-- \/ Yoast SEO plugin. -->","yoast_head_json":{"title":"Chapeau de soleil sherpa Baru - PERLE IN","robots":{"index":"noindex","follow":"follow","max-snippet":"max-snippet:-1","max-image-preview":"max-image-preview:large","max-video-preview":"max-video-preview:-1"},"og_locale":"en_US","og_type":"article","og_title":"Chapeau de soleil sherpa Baru - PERLE IN","og_description":"Adoptez le confort et le style en toute saison avec le chapeau de soleil Baru en sherpa. Fabriqu\u00e9 en sherpa 100\u00a0% polyester, ce bonnet offre une texture douce et molletonn\u00e9e qui apporte de la chaleur sans sur\u00e9paisseur. Con\u00e7u pour un tour de t\u00eate d\u00e9contract\u00e9 de 58\u00a0cm, il offre une coupe confortable et facile \u00e0 porter au quotidien. Sa conception \u00e0 la fois confortable et l\u00e9g\u00e8re en fait un accessoire id\u00e9al tout au long de l\u2019ann\u00e9e.","og_url":"https:\/\/perle-in.com\/en\/product\/chapeau-de-soleil-sherpa-baru\/","og_site_name":"PERLE IN","article_modified_time":"2025-10-16T05:13:08+00:00","og_image":[{"width":1600,"height":1600,"url":"https:\/\/perle-in.com\/wp-content\/uploads\/2025\/10\/11107407-1.jpg","type":"image\/jpeg"}],"twitter_card":"summary_large_image","schema":{"@context":"https:\/\/schema.org","@graph":[{"@type":"WebPage","@id":"https:\/\/perle-in.com\/produit\/chapeau-de-soleil-sherpa-baru\/","url":"https:\/\/perle-in.com\/produit\/chapeau-de-soleil-sherpa-baru\/","name":"Chapeau de soleil sherpa Baru - PERLE IN","isPartOf":{"@id":"https:\/\/perle-in.com\/#website"},"primaryImageOfPage":{"@id":"https:\/\/perle-in.com\/produit\/chapeau-de-soleil-sherpa-baru\/#primaryimage"},"image":{"@id":"https:\/\/perle-in.com\/produit\/chapeau-de-soleil-sherpa-baru\/#primaryimage"},"thumbnailUrl":"https:\/\/perle-in.com\/wp-content\/uploads\/2025\/10\/11107407-1.jpg","datePublished":"2025-10-16T05:13:05+00:00","dateModified":"2025-10-16T05:13:08+00:00","breadcrumb":{"@id":"https:\/\/perle-in.com\/produit\/chapeau-de-soleil-sherpa-baru\/#breadcrumb"},"inLanguage":"en-CA","potentialAction":[{"@type":"ReadAction","target":["https:\/\/perle-in.com\/produit\/chapeau-de-soleil-sherpa-baru\/"]}]},{"@type":"ImageObject","inLanguage":"en-CA","@id":"https:\/\/perle-in.com\/produit\/chapeau-de-soleil-sherpa-baru\/#primaryimage","url":"https:\/\/perle-in.com\/wp-content\/uploads\/2025\/10\/11107407-1.jpg","contentUrl":"https:\/\/perle-in.com\/wp-content\/uploads\/2025\/10\/11107407-1.jpg","width":1600,"height":1600},{"@type":"BreadcrumbList","@id":"https:\/\/perle-in.com\/produit\/chapeau-de-soleil-sherpa-baru\/#breadcrumb","itemListElement":[{"@type":"ListItem","position":1,"name":"Accueil","item":"https:\/\/perle-in.com\/"},{"@type":"ListItem","position":2,"name":"Boutique","item":"https:\/\/perle-in.com\/boutique\/"},{"@type":"ListItem","position":3,"name":"Chapeau de soleil sherpa Baru"}]},{"@type":"WebSite","@id":"https:\/\/perle-in.com\/#website","url":"https:\/\/perle-in.com\/","name":"PERLE IN","description":"","publisher":{"@id":"https:\/\/perle-in.com\/#organization"},"potentialAction":[{"@type":"SearchAction","target":{"@type":"EntryPoint","urlTemplate":"https:\/\/perle-in.com\/?s={search_term_string}"},"query-input":{"@type":"PropertyValueSpecification","valueRequired":true,"valueName":"search_term_string"}}],"inLanguage":"en-CA"},{"@type":"Organization","@id":"https:\/\/perle-in.com\/#organization","name":"PERLE IN","url":"https:\/\/perle-in.com\/","logo":{"@type":"ImageObject","inLanguage":"en-CA","@id":"https:\/\/perle-in.com\/#\/schema\/logo\/image\/","url":"https:\/\/perle-in.com\/wp-content\/uploads\/2022\/12\/LOGO-PERLE-IN-COULEUR@3x.webp","contentUrl":"https:\/\/perle-in.com\/wp-content\/uploads\/2022\/12\/LOGO-PERLE-IN-COULEUR@3x.webp","width":1600,"height":490,"caption":"PERLE IN"},"image":{"@id":"https:\/\/perle-in.com\/#\/schema\/logo\/image\/"}}]}},"jetpack_sharing_enabled":true,"_links":{"self":[{"href":"https:\/\/perle-in.com\/en\/wp-json\/wp\/v2\/product\/576759","targetHints":{"allow":["GET"]}}],"collection":[{"href":"https:\/\/perle-in.com\/en\/wp-json\/wp\/v2\/product"}],"about":[{"href":"https:\/\/perle-in.com\/en\/wp-json\/wp\/v2\/types\/product"}],"version-history":[{"count":0,"href":"https:\/\/perle-in.com\/en\/wp-json\/wp\/v2\/product\/576759\/revisions"}],"wp:featuredmedia":[{"embeddable":true,"href":"https:\/\/perle-in.com\/en\/wp-json\/wp\/v2\/media\/576753"}],"wp:attachment":[{"href":"https:\/\/perle-in.com\/en\/wp-json\/wp\/v2\/media?parent=576759"}],"wp:term":[{"taxonomy":"product_brand","embeddable":true,"href":"https:\/\/perle-in.com\/en\/wp-json\/wp\/v2\/product_brand?post=576759"},{"taxonomy":"product_cat","embeddable":true,"href":"https:\/\/perle-in.com\/en\/wp-json\/wp\/v2\/product_cat?post=576759"},{"taxonomy":"product_tag","embeddable":true,"href":"https:\/\/perle-in.com\/en\/wp-json\/wp\/v2\/product_tag?post=576759"}],"curies":[{"name":"wp","href":"https:\/\/api.w.org\/{rel}","templated":true}]}}

<p>Adoptez le confort et le style en toute saison avec le chapeau de soleil Baru en sherpa. Fabriqué en sherpa 100 % polyester, ce bonnet offre une texture douce et molletonnée qui apporte de la chaleur sans surépaisseur. Conçu pour un tour de tête décontracté de 58 cm, il offre une coupe confortable et facile à porter au quotidien. Sa conception à la fois confortable et légère en fait un accessoire idéal tout au long de l’année.</p>

<!-- This site is optimized with the Yoast SEO plugin v27.4 - https://yoast.com/product/yoast-seo-wordpress/ -->
<title>Chapeau de soleil sherpa Baru - PERLE IN</title>
<meta name="robots" content="noindex, follow, max-snippet:-1, max-image-preview:large, max-video-preview:-1" />
<meta property="og:locale" content="en_US" />
<meta property="og:type" content="article" />
<meta property="og:title" content="Chapeau de soleil sherpa Baru - PERLE IN" />
<meta property="og:description" content="Adoptez le confort et le style en toute saison avec le chapeau de soleil Baru en sherpa. Fabriqué en sherpa 100 % polyester, ce bonnet offre une texture douce et molletonnée qui apporte de la chaleur sans surépaisseur. Conçu pour un tour de tête décontracté de 58 cm, il offre une coupe confortable et facile à porter au quotidien. Sa conception à la fois confortable et légère en fait un accessoire idéal tout au long de l’année." />
<meta property="og:url" content="https://perle-in.com/en/product/chapeau-de-soleil-sherpa-baru/" />
<meta property="og:site_name" content="PERLE IN" />
<meta property="article:modified_time" content="2025-10-16T05:13:08+00:00" />
<meta property="og:image" content="https://perle-in.com/wp-content/uploads/2025/10/11107407-1.jpg" />
	<meta property="og:image:width" content="1600" />
	<meta property="og:image:height" content="1600" />
	<meta property="og:image:type" content="image/jpeg" />
<meta name="twitter:card" content="summary_large_image" />
<script type="application/ld+json" class="yoast-schema-graph">{"@context":"https:\/\/schema.org","@graph":[{"@type":"WebPage","@id":"https:\/\/perle-in.com\/produit\/chapeau-de-soleil-sherpa-baru\/","url":"https:\/\/perle-in.com\/produit\/chapeau-de-soleil-sherpa-baru\/","name":"Chapeau de soleil sherpa Baru - PERLE IN","isPartOf":{"@id":"https:\/\/perle-in.com\/#website"},"primaryImageOfPage":{"@id":"https:\/\/perle-in.com\/produit\/chapeau-de-soleil-sherpa-baru\/#primaryimage"},"image":{"@id":"https:\/\/perle-in.com\/produit\/chapeau-de-soleil-sherpa-baru\/#primaryimage"},"thumbnailUrl":"https:\/\/perle-in.com\/wp-content\/uploads\/2025\/10\/11107407-1.jpg","datePublished":"2025-10-16T05:13:05+00:00","dateModified":"2025-10-16T05:13:08+00:00","breadcrumb":{"@id":"https:\/\/perle-in.com\/produit\/chapeau-de-soleil-sherpa-baru\/#breadcrumb"},"inLanguage":"en-CA","potentialAction":[{"@type":"ReadAction","target":["https:\/\/perle-in.com\/produit\/chapeau-de-soleil-sherpa-baru\/"]}]},{"@type":"ImageObject","inLanguage":"en-CA","@id":"https:\/\/perle-in.com\/produit\/chapeau-de-soleil-sherpa-baru\/#primaryimage","url":"https:\/\/perle-in.com\/wp-content\/uploads\/2025\/10\/11107407-1.jpg","contentUrl":"https:\/\/perle-in.com\/wp-content\/uploads\/2025\/10\/11107407-1.jpg","width":1600,"height":1600},{"@type":"BreadcrumbList","@id":"https:\/\/perle-in.com\/produit\/chapeau-de-soleil-sherpa-baru\/#breadcrumb","itemListElement":[{"@type":"ListItem","position":1,"name":"Accueil","item":"https:\/\/perle-in.com\/"},{"@type":"ListItem","position":2,"name":"Boutique","item":"https:\/\/perle-in.com\/boutique\/"},{"@type":"ListItem","position":3,"name":"Chapeau de soleil sherpa Baru"}]},{"@type":"WebSite","@id":"https:\/\/perle-in.com\/#website","url":"https:\/\/perle-in.com\/","name":"PERLE IN","description":"","publisher":{"@id":"https:\/\/perle-in.com\/#organization"},"potentialAction":[{"@type":"SearchAction","target":{"@type":"EntryPoint","urlTemplate":"https:\/\/perle-in.com\/?s={search_term_string}"},"query-input":{"@type":"PropertyValueSpecification","valueRequired":true,"valueName":"search_term_string"}}],"inLanguage":"en-CA"},{"@type":"Organization","@id":"https:\/\/perle-in.com\/#organization","name":"PERLE IN","url":"https:\/\/perle-in.com\/","logo":{"@type":"ImageObject","inLanguage":"en-CA","@id":"https:\/\/perle-in.com\/#\/schema\/logo\/image\/","url":"https:\/\/perle-in.com\/wp-content\/uploads\/2022\/12\/LOGO-PERLE-IN-COULEUR@3x.webp","contentUrl":"https:\/\/perle-in.com\/wp-content\/uploads\/2022\/12\/LOGO-PERLE-IN-COULEUR@3x.webp","width":1600,"height":490,"caption":"PERLE IN"},"image":{"@id":"https:\/\/perle-in.com\/#\/schema\/logo\/image\/"}}]}</script>
<!-- / Yoast SEO plugin. -->

Adoptez le confort et le style en toute saison avec le chapeau de soleil Baru en sherpa. Fabriqué en sherpa 100 % polyester, ce bonnet offre une texture douce et molletonnée qui apporte de la chaleur sans surépaisseur. Conçu pour un tour de tête décontracté de 58 cm, il offre une coupe confortable et facile à porter au quotidien. Sa conception à la fois confortable et légère en fait un accessoire idéal tout au long de l’année.
