{"id":574048,"date":"2025-10-16T04:24:51","date_gmt":"2025-10-16T02:24:51","guid":{"rendered":"https:\/\/perle-in.com\/produit\/sac-a-dos-pliable-ecofold-de-15-l-en-rpet\/"},"modified":"2025-10-16T04:24:57","modified_gmt":"2025-10-16T02:24:57","slug":"sac-a-dos-pliable-ecofold-de-15-l-en-rpet","status":"publish","type":"product","link":"https:\/\/perle-in.com\/en\/product\/sac-a-dos-pliable-ecofold-de-15-l-en-rpet\/","title":{"rendered":"Sac \u00e0 dos pliable EcoFold de 15\u00a0L en RPET"},"content":{"rendered":"","protected":false},"excerpt":{"rendered":"<p>Con\u00e7u pour \u00eatre pratique, ce sac \u00e0 dos l\u00e9ger mais r\u00e9sistant s&#8217;adapte \u00e0 vos besoins en se pliant pour former une pochette compacte dot\u00e9e d&#8217;une boucle en sangle permettant de la suspendre ou de la transporter facilement. Il est donc parfait pour les voyageurs, les randonneurs et l&#8217;usage quotidien. Comprend un compartiment principal zipp\u00e9, une poche frontale zipp\u00e9e, deux poches lat\u00e9rales et des bretelles r\u00e9glables. Fabriqu\u00e9 en polyester recycl\u00e9 sans PVC. Capacit\u00e9\u00a0: 15\u00a0litres.<\/p>","protected":false},"featured_media":574038,"template":"","meta":{"_eb_attr":""},"product_brand":[],"product_cat":[159],"product_tag":[837,3974,1675,1143,836,1347,291],"class_list":{"0":"post-574048","1":"product","2":"type-product","3":"status-publish","4":"has-post-thumbnail","6":"product_cat-sacs","7":"product_tag-durable","8":"product_tag-ecofold","9":"product_tag-pochette","10":"product_tag-randonnee","11":"product_tag-recycle","12":"product_tag-sac-a-dos","13":"product_tag-voyage","14":"pa_couleurs-blanc","15":"pa_couleurs-bleu-royal","16":"pa_couleurs-brique","17":"pa_couleurs-gres","18":"pa_couleurs-marine","19":"pa_couleurs-noir","20":"pa_green-points-2830","21":"pa_matiere-polyester-recycle-certifie-grs","23":"first","24":"instock","25":"shipping-taxable","26":"purchasable","27":"product-type-variable"},"yoast_head":"<!-- This site is optimized with the Yoast SEO plugin v27.4 - https:\/\/yoast.com\/product\/yoast-seo-wordpress\/ -->\n<title>Sac \u00e0 dos pliable EcoFold de 15\u00a0L en RPET - PERLE IN<\/title>\n<meta name=\"robots\" content=\"noindex, follow, max-snippet:-1, max-image-preview:large, max-video-preview:-1\" \/>\n<meta property=\"og:locale\" content=\"en_US\" \/>\n<meta property=\"og:type\" content=\"article\" \/>\n<meta property=\"og:title\" content=\"Sac \u00e0 dos pliable EcoFold de 15\u00a0L en RPET - PERLE IN\" \/>\n<meta property=\"og:description\" content=\"Con\u00e7u pour \u00eatre pratique, ce sac \u00e0 dos l\u00e9ger mais r\u00e9sistant s&#039;adapte \u00e0 vos besoins en se pliant pour former une pochette compacte dot\u00e9e d&#039;une boucle en sangle permettant de la suspendre ou de la transporter facilement. Il est donc parfait pour les voyageurs, les randonneurs et l&#039;usage quotidien. Comprend un compartiment principal zipp\u00e9, une poche frontale zipp\u00e9e, deux poches lat\u00e9rales et des bretelles r\u00e9glables. Fabriqu\u00e9 en polyester recycl\u00e9 sans PVC. Capacit\u00e9\u00a0: 15\u00a0litres.\" \/>\n<meta property=\"og:url\" content=\"https:\/\/perle-in.com\/en\/product\/sac-a-dos-pliable-ecofold-de-15-l-en-rpet\/\" \/>\n<meta property=\"og:site_name\" content=\"PERLE IN\" \/>\n<meta property=\"article:modified_time\" content=\"2025-10-16T02:24:57+00:00\" \/>\n<meta property=\"og:image\" content=\"https:\/\/perle-in.com\/wp-content\/uploads\/2025\/10\/13009001-1.jpg\" \/>\n\t<meta property=\"og:image:width\" content=\"1600\" \/>\n\t<meta property=\"og:image:height\" content=\"1600\" \/>\n\t<meta property=\"og:image:type\" content=\"image\/jpeg\" \/>\n<meta name=\"twitter:card\" content=\"summary_large_image\" \/>\n<script type=\"application\/ld+json\" class=\"yoast-schema-graph\">{\"@context\":\"https:\\\/\\\/schema.org\",\"@graph\":[{\"@type\":\"WebPage\",\"@id\":\"https:\\\/\\\/perle-in.com\\\/produit\\\/sac-a-dos-pliable-ecofold-de-15-l-en-rpet\\\/\",\"url\":\"https:\\\/\\\/perle-in.com\\\/produit\\\/sac-a-dos-pliable-ecofold-de-15-l-en-rpet\\\/\",\"name\":\"Sac \u00e0 dos pliable EcoFold de 15\u00a0L en RPET - PERLE IN\",\"isPartOf\":{\"@id\":\"https:\\\/\\\/perle-in.com\\\/#website\"},\"primaryImageOfPage\":{\"@id\":\"https:\\\/\\\/perle-in.com\\\/produit\\\/sac-a-dos-pliable-ecofold-de-15-l-en-rpet\\\/#primaryimage\"},\"image\":{\"@id\":\"https:\\\/\\\/perle-in.com\\\/produit\\\/sac-a-dos-pliable-ecofold-de-15-l-en-rpet\\\/#primaryimage\"},\"thumbnailUrl\":\"https:\\\/\\\/perle-in.com\\\/wp-content\\\/uploads\\\/2025\\\/10\\\/13009001-1.jpg\",\"datePublished\":\"2025-10-16T02:24:51+00:00\",\"dateModified\":\"2025-10-16T02:24:57+00:00\",\"breadcrumb\":{\"@id\":\"https:\\\/\\\/perle-in.com\\\/produit\\\/sac-a-dos-pliable-ecofold-de-15-l-en-rpet\\\/#breadcrumb\"},\"inLanguage\":\"en-CA\",\"potentialAction\":[{\"@type\":\"ReadAction\",\"target\":[\"https:\\\/\\\/perle-in.com\\\/produit\\\/sac-a-dos-pliable-ecofold-de-15-l-en-rpet\\\/\"]}]},{\"@type\":\"ImageObject\",\"inLanguage\":\"en-CA\",\"@id\":\"https:\\\/\\\/perle-in.com\\\/produit\\\/sac-a-dos-pliable-ecofold-de-15-l-en-rpet\\\/#primaryimage\",\"url\":\"https:\\\/\\\/perle-in.com\\\/wp-content\\\/uploads\\\/2025\\\/10\\\/13009001-1.jpg\",\"contentUrl\":\"https:\\\/\\\/perle-in.com\\\/wp-content\\\/uploads\\\/2025\\\/10\\\/13009001-1.jpg\",\"width\":1600,\"height\":1600},{\"@type\":\"BreadcrumbList\",\"@id\":\"https:\\\/\\\/perle-in.com\\\/produit\\\/sac-a-dos-pliable-ecofold-de-15-l-en-rpet\\\/#breadcrumb\",\"itemListElement\":[{\"@type\":\"ListItem\",\"position\":1,\"name\":\"Accueil\",\"item\":\"https:\\\/\\\/perle-in.com\\\/\"},{\"@type\":\"ListItem\",\"position\":2,\"name\":\"Boutique\",\"item\":\"https:\\\/\\\/perle-in.com\\\/boutique\\\/\"},{\"@type\":\"ListItem\",\"position\":3,\"name\":\"Sac \u00e0 dos pliable EcoFold de 15\u00a0L en RPET\"}]},{\"@type\":\"WebSite\",\"@id\":\"https:\\\/\\\/perle-in.com\\\/#website\",\"url\":\"https:\\\/\\\/perle-in.com\\\/\",\"name\":\"PERLE IN\",\"description\":\"\",\"publisher\":{\"@id\":\"https:\\\/\\\/perle-in.com\\\/#organization\"},\"potentialAction\":[{\"@type\":\"SearchAction\",\"target\":{\"@type\":\"EntryPoint\",\"urlTemplate\":\"https:\\\/\\\/perle-in.com\\\/?s={search_term_string}\"},\"query-input\":{\"@type\":\"PropertyValueSpecification\",\"valueRequired\":true,\"valueName\":\"search_term_string\"}}],\"inLanguage\":\"en-CA\"},{\"@type\":\"Organization\",\"@id\":\"https:\\\/\\\/perle-in.com\\\/#organization\",\"name\":\"PERLE IN\",\"url\":\"https:\\\/\\\/perle-in.com\\\/\",\"logo\":{\"@type\":\"ImageObject\",\"inLanguage\":\"en-CA\",\"@id\":\"https:\\\/\\\/perle-in.com\\\/#\\\/schema\\\/logo\\\/image\\\/\",\"url\":\"https:\\\/\\\/perle-in.com\\\/wp-content\\\/uploads\\\/2022\\\/12\\\/LOGO-PERLE-IN-COULEUR@3x.webp\",\"contentUrl\":\"https:\\\/\\\/perle-in.com\\\/wp-content\\\/uploads\\\/2022\\\/12\\\/LOGO-PERLE-IN-COULEUR@3x.webp\",\"width\":1600,\"height\":490,\"caption\":\"PERLE IN\"},\"image\":{\"@id\":\"https:\\\/\\\/perle-in.com\\\/#\\\/schema\\\/logo\\\/image\\\/\"}}]}<\/script>\n<!-- \/ Yoast SEO plugin. -->","yoast_head_json":{"title":"Sac \u00e0 dos pliable EcoFold de 15\u00a0L en RPET - PERLE IN","robots":{"index":"noindex","follow":"follow","max-snippet":"max-snippet:-1","max-image-preview":"max-image-preview:large","max-video-preview":"max-video-preview:-1"},"og_locale":"en_US","og_type":"article","og_title":"Sac \u00e0 dos pliable EcoFold de 15\u00a0L en RPET - PERLE IN","og_description":"Con\u00e7u pour \u00eatre pratique, ce sac \u00e0 dos l\u00e9ger mais r\u00e9sistant s'adapte \u00e0 vos besoins en se pliant pour former une pochette compacte dot\u00e9e d'une boucle en sangle permettant de la suspendre ou de la transporter facilement. Il est donc parfait pour les voyageurs, les randonneurs et l'usage quotidien. Comprend un compartiment principal zipp\u00e9, une poche frontale zipp\u00e9e, deux poches lat\u00e9rales et des bretelles r\u00e9glables. Fabriqu\u00e9 en polyester recycl\u00e9 sans PVC. Capacit\u00e9\u00a0: 15\u00a0litres.","og_url":"https:\/\/perle-in.com\/en\/product\/sac-a-dos-pliable-ecofold-de-15-l-en-rpet\/","og_site_name":"PERLE IN","article_modified_time":"2025-10-16T02:24:57+00:00","og_image":[{"width":1600,"height":1600,"url":"https:\/\/perle-in.com\/wp-content\/uploads\/2025\/10\/13009001-1.jpg","type":"image\/jpeg"}],"twitter_card":"summary_large_image","schema":{"@context":"https:\/\/schema.org","@graph":[{"@type":"WebPage","@id":"https:\/\/perle-in.com\/produit\/sac-a-dos-pliable-ecofold-de-15-l-en-rpet\/","url":"https:\/\/perle-in.com\/produit\/sac-a-dos-pliable-ecofold-de-15-l-en-rpet\/","name":"Sac \u00e0 dos pliable EcoFold de 15\u00a0L en RPET - PERLE IN","isPartOf":{"@id":"https:\/\/perle-in.com\/#website"},"primaryImageOfPage":{"@id":"https:\/\/perle-in.com\/produit\/sac-a-dos-pliable-ecofold-de-15-l-en-rpet\/#primaryimage"},"image":{"@id":"https:\/\/perle-in.com\/produit\/sac-a-dos-pliable-ecofold-de-15-l-en-rpet\/#primaryimage"},"thumbnailUrl":"https:\/\/perle-in.com\/wp-content\/uploads\/2025\/10\/13009001-1.jpg","datePublished":"2025-10-16T02:24:51+00:00","dateModified":"2025-10-16T02:24:57+00:00","breadcrumb":{"@id":"https:\/\/perle-in.com\/produit\/sac-a-dos-pliable-ecofold-de-15-l-en-rpet\/#breadcrumb"},"inLanguage":"en-CA","potentialAction":[{"@type":"ReadAction","target":["https:\/\/perle-in.com\/produit\/sac-a-dos-pliable-ecofold-de-15-l-en-rpet\/"]}]},{"@type":"ImageObject","inLanguage":"en-CA","@id":"https:\/\/perle-in.com\/produit\/sac-a-dos-pliable-ecofold-de-15-l-en-rpet\/#primaryimage","url":"https:\/\/perle-in.com\/wp-content\/uploads\/2025\/10\/13009001-1.jpg","contentUrl":"https:\/\/perle-in.com\/wp-content\/uploads\/2025\/10\/13009001-1.jpg","width":1600,"height":1600},{"@type":"BreadcrumbList","@id":"https:\/\/perle-in.com\/produit\/sac-a-dos-pliable-ecofold-de-15-l-en-rpet\/#breadcrumb","itemListElement":[{"@type":"ListItem","position":1,"name":"Accueil","item":"https:\/\/perle-in.com\/"},{"@type":"ListItem","position":2,"name":"Boutique","item":"https:\/\/perle-in.com\/boutique\/"},{"@type":"ListItem","position":3,"name":"Sac \u00e0 dos pliable EcoFold de 15\u00a0L en RPET"}]},{"@type":"WebSite","@id":"https:\/\/perle-in.com\/#website","url":"https:\/\/perle-in.com\/","name":"PERLE IN","description":"","publisher":{"@id":"https:\/\/perle-in.com\/#organization"},"potentialAction":[{"@type":"SearchAction","target":{"@type":"EntryPoint","urlTemplate":"https:\/\/perle-in.com\/?s={search_term_string}"},"query-input":{"@type":"PropertyValueSpecification","valueRequired":true,"valueName":"search_term_string"}}],"inLanguage":"en-CA"},{"@type":"Organization","@id":"https:\/\/perle-in.com\/#organization","name":"PERLE IN","url":"https:\/\/perle-in.com\/","logo":{"@type":"ImageObject","inLanguage":"en-CA","@id":"https:\/\/perle-in.com\/#\/schema\/logo\/image\/","url":"https:\/\/perle-in.com\/wp-content\/uploads\/2022\/12\/LOGO-PERLE-IN-COULEUR@3x.webp","contentUrl":"https:\/\/perle-in.com\/wp-content\/uploads\/2022\/12\/LOGO-PERLE-IN-COULEUR@3x.webp","width":1600,"height":490,"caption":"PERLE IN"},"image":{"@id":"https:\/\/perle-in.com\/#\/schema\/logo\/image\/"}}]}},"jetpack_sharing_enabled":true,"_links":{"self":[{"href":"https:\/\/perle-in.com\/en\/wp-json\/wp\/v2\/product\/574048","targetHints":{"allow":["GET"]}}],"collection":[{"href":"https:\/\/perle-in.com\/en\/wp-json\/wp\/v2\/product"}],"about":[{"href":"https:\/\/perle-in.com\/en\/wp-json\/wp\/v2\/types\/product"}],"version-history":[{"count":0,"href":"https:\/\/perle-in.com\/en\/wp-json\/wp\/v2\/product\/574048\/revisions"}],"wp:featuredmedia":[{"embeddable":true,"href":"https:\/\/perle-in.com\/en\/wp-json\/wp\/v2\/media\/574038"}],"wp:attachment":[{"href":"https:\/\/perle-in.com\/en\/wp-json\/wp\/v2\/media?parent=574048"}],"wp:term":[{"taxonomy":"product_brand","embeddable":true,"href":"https:\/\/perle-in.com\/en\/wp-json\/wp\/v2\/product_brand?post=574048"},{"taxonomy":"product_cat","embeddable":true,"href":"https:\/\/perle-in.com\/en\/wp-json\/wp\/v2\/product_cat?post=574048"},{"taxonomy":"product_tag","embeddable":true,"href":"https:\/\/perle-in.com\/en\/wp-json\/wp\/v2\/product_tag?post=574048"}],"curies":[{"name":"wp","href":"https:\/\/api.w.org\/{rel}","templated":true}]}}

Sac à dos pliable EcoFold de 15 L en RPET

<p>Conçu pour être pratique, ce sac à dos léger mais résistant s&#8217;adapte à vos besoins en se pliant pour former une pochette compacte dotée d&#8217;une boucle en sangle permettant de la suspendre ou de la transporter facilement. Il est donc parfait pour les voyageurs, les randonneurs et l&#8217;usage quotidien. Comprend un compartiment principal zippé, une poche frontale zippée, deux poches latérales et des bretelles réglables. Fabriqué en polyester recyclé sans PVC. Capacité : 15 litres.</p>

<!-- This site is optimized with the Yoast SEO plugin v27.4 - https://yoast.com/product/yoast-seo-wordpress/ -->
<title>Sac à dos pliable EcoFold de 15 L en RPET - PERLE IN</title>
<meta name="robots" content="noindex, follow, max-snippet:-1, max-image-preview:large, max-video-preview:-1" />
<meta property="og:locale" content="en_US" />
<meta property="og:type" content="article" />
<meta property="og:title" content="Sac à dos pliable EcoFold de 15 L en RPET - PERLE IN" />
<meta property="og:description" content="Conçu pour être pratique, ce sac à dos léger mais résistant s&#039;adapte à vos besoins en se pliant pour former une pochette compacte dotée d&#039;une boucle en sangle permettant de la suspendre ou de la transporter facilement. Il est donc parfait pour les voyageurs, les randonneurs et l&#039;usage quotidien. Comprend un compartiment principal zippé, une poche frontale zippée, deux poches latérales et des bretelles réglables. Fabriqué en polyester recyclé sans PVC. Capacité : 15 litres." />
<meta property="og:url" content="https://perle-in.com/en/product/sac-a-dos-pliable-ecofold-de-15-l-en-rpet/" />
<meta property="og:site_name" content="PERLE IN" />
<meta property="article:modified_time" content="2025-10-16T02:24:57+00:00" />
<meta property="og:image" content="https://perle-in.com/wp-content/uploads/2025/10/13009001-1.jpg" />
	<meta property="og:image:width" content="1600" />
	<meta property="og:image:height" content="1600" />
	<meta property="og:image:type" content="image/jpeg" />
<meta name="twitter:card" content="summary_large_image" />
<script type="application/ld+json" class="yoast-schema-graph">{"@context":"https:\/\/schema.org","@graph":[{"@type":"WebPage","@id":"https:\/\/perle-in.com\/produit\/sac-a-dos-pliable-ecofold-de-15-l-en-rpet\/","url":"https:\/\/perle-in.com\/produit\/sac-a-dos-pliable-ecofold-de-15-l-en-rpet\/","name":"Sac à dos pliable EcoFold de 15 L en RPET - PERLE IN","isPartOf":{"@id":"https:\/\/perle-in.com\/#website"},"primaryImageOfPage":{"@id":"https:\/\/perle-in.com\/produit\/sac-a-dos-pliable-ecofold-de-15-l-en-rpet\/#primaryimage"},"image":{"@id":"https:\/\/perle-in.com\/produit\/sac-a-dos-pliable-ecofold-de-15-l-en-rpet\/#primaryimage"},"thumbnailUrl":"https:\/\/perle-in.com\/wp-content\/uploads\/2025\/10\/13009001-1.jpg","datePublished":"2025-10-16T02:24:51+00:00","dateModified":"2025-10-16T02:24:57+00:00","breadcrumb":{"@id":"https:\/\/perle-in.com\/produit\/sac-a-dos-pliable-ecofold-de-15-l-en-rpet\/#breadcrumb"},"inLanguage":"en-CA","potentialAction":[{"@type":"ReadAction","target":["https:\/\/perle-in.com\/produit\/sac-a-dos-pliable-ecofold-de-15-l-en-rpet\/"]}]},{"@type":"ImageObject","inLanguage":"en-CA","@id":"https:\/\/perle-in.com\/produit\/sac-a-dos-pliable-ecofold-de-15-l-en-rpet\/#primaryimage","url":"https:\/\/perle-in.com\/wp-content\/uploads\/2025\/10\/13009001-1.jpg","contentUrl":"https:\/\/perle-in.com\/wp-content\/uploads\/2025\/10\/13009001-1.jpg","width":1600,"height":1600},{"@type":"BreadcrumbList","@id":"https:\/\/perle-in.com\/produit\/sac-a-dos-pliable-ecofold-de-15-l-en-rpet\/#breadcrumb","itemListElement":[{"@type":"ListItem","position":1,"name":"Accueil","item":"https:\/\/perle-in.com\/"},{"@type":"ListItem","position":2,"name":"Boutique","item":"https:\/\/perle-in.com\/boutique\/"},{"@type":"ListItem","position":3,"name":"Sac à dos pliable EcoFold de 15 L en RPET"}]},{"@type":"WebSite","@id":"https:\/\/perle-in.com\/#website","url":"https:\/\/perle-in.com\/","name":"PERLE IN","description":"","publisher":{"@id":"https:\/\/perle-in.com\/#organization"},"potentialAction":[{"@type":"SearchAction","target":{"@type":"EntryPoint","urlTemplate":"https:\/\/perle-in.com\/?s={search_term_string}"},"query-input":{"@type":"PropertyValueSpecification","valueRequired":true,"valueName":"search_term_string"}}],"inLanguage":"en-CA"},{"@type":"Organization","@id":"https:\/\/perle-in.com\/#organization","name":"PERLE IN","url":"https:\/\/perle-in.com\/","logo":{"@type":"ImageObject","inLanguage":"en-CA","@id":"https:\/\/perle-in.com\/#\/schema\/logo\/image\/","url":"https:\/\/perle-in.com\/wp-content\/uploads\/2022\/12\/LOGO-PERLE-IN-COULEUR@3x.webp","contentUrl":"https:\/\/perle-in.com\/wp-content\/uploads\/2022\/12\/LOGO-PERLE-IN-COULEUR@3x.webp","width":1600,"height":490,"caption":"PERLE IN"},"image":{"@id":"https:\/\/perle-in.com\/#\/schema\/logo\/image\/"}}]}</script>
<!-- / Yoast SEO plugin. -->

Sac à dos pliable EcoFold de 15 L en RPET - PERLE IN

Conçu pour être pratique, ce sac à dos léger mais résistant s'adapte à vos besoins en se pliant pour former une pochette compacte dotée d'une boucle en sangle permettant de la suspendre ou de la transporter facilement. Il est donc parfait pour les voyageurs, les randonneurs et l'usage quotidien. Comprend un compartiment principal zippé, une poche frontale zippée, deux poches latérales et des bretelles réglables. Fabriqué en polyester recyclé sans PVC. Capacité : 15 litres.
