{"id":573979,"date":"2025-10-16T04:15:40","date_gmt":"2025-10-16T02:15:40","guid":{"rendered":"https:\/\/perle-in.com\/produit\/sac-de-sport-herschel-classic-recycle-de-27l\/"},"modified":"2025-10-16T04:15:42","modified_gmt":"2025-10-16T02:15:42","slug":"sac-de-sport-herschel-classic-recycle-de-27l","status":"publish","type":"product","link":"https:\/\/perle-in.com\/en\/product\/sac-de-sport-herschel-classic-recycle-de-27l\/","title":{"rendered":"Sac de sport Herschel Classic\u2122 recycl\u00e9 de 27L"},"content":{"rendered":"","protected":false},"excerpt":{"rendered":"<p>Ce sac classique est con\u00e7u pour la salle de sport et suffisamment polyvalent pour les courts d\u00e9placements. Le sac est fabriqu\u00e9 \u00e0 partir de tissu et de doublure EcoSystem\u2122 600D, tous deux fabriqu\u00e9s \u00e0 partir de bouteilles d&#8217;eau post-consommation 100\u00a0% recycl\u00e9es. Fermeture \u00e0 glissi\u00e8re avec cordons Prusik, poign\u00e9es de transport en sangle lisse, bandouli\u00e8re amovible en sangle lisse et pochette de rangement \u00e0 l&#8217;avant.<\/p>","protected":false},"featured_media":573974,"template":"","meta":{"_eb_attr":""},"product_brand":[],"product_cat":[159,1215],"product_tag":[755,3258,282,1347],"class_list":{"0":"post-573979","1":"product","2":"type-product","3":"status-publish","4":"has-post-thumbnail","6":"product_cat-sacs","7":"product_cat-sacs-de-sport-et-de-gym","8":"product_tag-gym","9":"product_tag-herschel","10":"product_tag-sac","11":"product_tag-sac-a-dos","12":"pa_couleurs-gris","13":"pa_couleurs-noir","14":"pa_marque-herschel","15":"pa_matiere-600d-polyester-recycle","16":"pa_pays-d-origine-cambodge","18":"first","19":"instock","20":"shipping-taxable","21":"purchasable","22":"product-type-variable"},"yoast_head":"<!-- This site is optimized with the Yoast SEO plugin v27.4 - https:\/\/yoast.com\/product\/yoast-seo-wordpress\/ -->\n<title>Sac de sport Herschel Classic\u2122 recycl\u00e9 de 27L - PERLE IN<\/title>\n<meta name=\"robots\" content=\"noindex, follow, max-snippet:-1, max-image-preview:large, max-video-preview:-1\" \/>\n<meta property=\"og:locale\" content=\"en_US\" \/>\n<meta property=\"og:type\" content=\"article\" \/>\n<meta property=\"og:title\" content=\"Sac de sport Herschel Classic\u2122 recycl\u00e9 de 27L - PERLE IN\" \/>\n<meta property=\"og:description\" content=\"Ce sac classique est con\u00e7u pour la salle de sport et suffisamment polyvalent pour les courts d\u00e9placements. Le sac est fabriqu\u00e9 \u00e0 partir de tissu et de doublure EcoSystem\u2122 600D, tous deux fabriqu\u00e9s \u00e0 partir de bouteilles d&#039;eau post-consommation 100\u00a0% recycl\u00e9es. Fermeture \u00e0 glissi\u00e8re avec cordons Prusik, poign\u00e9es de transport en sangle lisse, bandouli\u00e8re amovible en sangle lisse et pochette de rangement \u00e0 l&#039;avant.\" \/>\n<meta property=\"og:url\" content=\"https:\/\/perle-in.com\/en\/product\/sac-de-sport-herschel-classic-recycle-de-27l\/\" \/>\n<meta property=\"og:site_name\" content=\"PERLE IN\" \/>\n<meta property=\"article:modified_time\" content=\"2025-10-16T02:15:42+00:00\" \/>\n<meta property=\"og:image\" content=\"https:\/\/perle-in.com\/wp-content\/uploads\/2025\/10\/12075480-1.jpg\" \/>\n\t<meta property=\"og:image:width\" content=\"1600\" \/>\n\t<meta property=\"og:image:height\" content=\"1600\" \/>\n\t<meta property=\"og:image:type\" content=\"image\/jpeg\" \/>\n<meta name=\"twitter:card\" content=\"summary_large_image\" \/>\n<script type=\"application\/ld+json\" class=\"yoast-schema-graph\">{\"@context\":\"https:\\\/\\\/schema.org\",\"@graph\":[{\"@type\":\"WebPage\",\"@id\":\"https:\\\/\\\/perle-in.com\\\/produit\\\/sac-de-sport-herschel-classic-recycle-de-27l\\\/\",\"url\":\"https:\\\/\\\/perle-in.com\\\/produit\\\/sac-de-sport-herschel-classic-recycle-de-27l\\\/\",\"name\":\"Sac de sport Herschel Classic\u2122 recycl\u00e9 de 27L - PERLE IN\",\"isPartOf\":{\"@id\":\"https:\\\/\\\/perle-in.com\\\/#website\"},\"primaryImageOfPage\":{\"@id\":\"https:\\\/\\\/perle-in.com\\\/produit\\\/sac-de-sport-herschel-classic-recycle-de-27l\\\/#primaryimage\"},\"image\":{\"@id\":\"https:\\\/\\\/perle-in.com\\\/produit\\\/sac-de-sport-herschel-classic-recycle-de-27l\\\/#primaryimage\"},\"thumbnailUrl\":\"https:\\\/\\\/perle-in.com\\\/wp-content\\\/uploads\\\/2025\\\/10\\\/12075480-1.jpg\",\"datePublished\":\"2025-10-16T02:15:40+00:00\",\"dateModified\":\"2025-10-16T02:15:42+00:00\",\"breadcrumb\":{\"@id\":\"https:\\\/\\\/perle-in.com\\\/produit\\\/sac-de-sport-herschel-classic-recycle-de-27l\\\/#breadcrumb\"},\"inLanguage\":\"en-CA\",\"potentialAction\":[{\"@type\":\"ReadAction\",\"target\":[\"https:\\\/\\\/perle-in.com\\\/produit\\\/sac-de-sport-herschel-classic-recycle-de-27l\\\/\"]}]},{\"@type\":\"ImageObject\",\"inLanguage\":\"en-CA\",\"@id\":\"https:\\\/\\\/perle-in.com\\\/produit\\\/sac-de-sport-herschel-classic-recycle-de-27l\\\/#primaryimage\",\"url\":\"https:\\\/\\\/perle-in.com\\\/wp-content\\\/uploads\\\/2025\\\/10\\\/12075480-1.jpg\",\"contentUrl\":\"https:\\\/\\\/perle-in.com\\\/wp-content\\\/uploads\\\/2025\\\/10\\\/12075480-1.jpg\",\"width\":1600,\"height\":1600},{\"@type\":\"BreadcrumbList\",\"@id\":\"https:\\\/\\\/perle-in.com\\\/produit\\\/sac-de-sport-herschel-classic-recycle-de-27l\\\/#breadcrumb\",\"itemListElement\":[{\"@type\":\"ListItem\",\"position\":1,\"name\":\"Accueil\",\"item\":\"https:\\\/\\\/perle-in.com\\\/\"},{\"@type\":\"ListItem\",\"position\":2,\"name\":\"Boutique\",\"item\":\"https:\\\/\\\/perle-in.com\\\/boutique\\\/\"},{\"@type\":\"ListItem\",\"position\":3,\"name\":\"Sac de sport Herschel Classic\u2122 recycl\u00e9 de 27L\"}]},{\"@type\":\"WebSite\",\"@id\":\"https:\\\/\\\/perle-in.com\\\/#website\",\"url\":\"https:\\\/\\\/perle-in.com\\\/\",\"name\":\"PERLE IN\",\"description\":\"\",\"publisher\":{\"@id\":\"https:\\\/\\\/perle-in.com\\\/#organization\"},\"potentialAction\":[{\"@type\":\"SearchAction\",\"target\":{\"@type\":\"EntryPoint\",\"urlTemplate\":\"https:\\\/\\\/perle-in.com\\\/?s={search_term_string}\"},\"query-input\":{\"@type\":\"PropertyValueSpecification\",\"valueRequired\":true,\"valueName\":\"search_term_string\"}}],\"inLanguage\":\"en-CA\"},{\"@type\":\"Organization\",\"@id\":\"https:\\\/\\\/perle-in.com\\\/#organization\",\"name\":\"PERLE IN\",\"url\":\"https:\\\/\\\/perle-in.com\\\/\",\"logo\":{\"@type\":\"ImageObject\",\"inLanguage\":\"en-CA\",\"@id\":\"https:\\\/\\\/perle-in.com\\\/#\\\/schema\\\/logo\\\/image\\\/\",\"url\":\"https:\\\/\\\/perle-in.com\\\/wp-content\\\/uploads\\\/2022\\\/12\\\/LOGO-PERLE-IN-COULEUR@3x.webp\",\"contentUrl\":\"https:\\\/\\\/perle-in.com\\\/wp-content\\\/uploads\\\/2022\\\/12\\\/LOGO-PERLE-IN-COULEUR@3x.webp\",\"width\":1600,\"height\":490,\"caption\":\"PERLE IN\"},\"image\":{\"@id\":\"https:\\\/\\\/perle-in.com\\\/#\\\/schema\\\/logo\\\/image\\\/\"}}]}<\/script>\n<!-- \/ Yoast SEO plugin. -->","yoast_head_json":{"title":"Sac de sport Herschel Classic\u2122 recycl\u00e9 de 27L - PERLE IN","robots":{"index":"noindex","follow":"follow","max-snippet":"max-snippet:-1","max-image-preview":"max-image-preview:large","max-video-preview":"max-video-preview:-1"},"og_locale":"en_US","og_type":"article","og_title":"Sac de sport Herschel Classic\u2122 recycl\u00e9 de 27L - PERLE IN","og_description":"Ce sac classique est con\u00e7u pour la salle de sport et suffisamment polyvalent pour les courts d\u00e9placements. Le sac est fabriqu\u00e9 \u00e0 partir de tissu et de doublure EcoSystem\u2122 600D, tous deux fabriqu\u00e9s \u00e0 partir de bouteilles d'eau post-consommation 100\u00a0% recycl\u00e9es. Fermeture \u00e0 glissi\u00e8re avec cordons Prusik, poign\u00e9es de transport en sangle lisse, bandouli\u00e8re amovible en sangle lisse et pochette de rangement \u00e0 l'avant.","og_url":"https:\/\/perle-in.com\/en\/product\/sac-de-sport-herschel-classic-recycle-de-27l\/","og_site_name":"PERLE IN","article_modified_time":"2025-10-16T02:15:42+00:00","og_image":[{"width":1600,"height":1600,"url":"https:\/\/perle-in.com\/wp-content\/uploads\/2025\/10\/12075480-1.jpg","type":"image\/jpeg"}],"twitter_card":"summary_large_image","schema":{"@context":"https:\/\/schema.org","@graph":[{"@type":"WebPage","@id":"https:\/\/perle-in.com\/produit\/sac-de-sport-herschel-classic-recycle-de-27l\/","url":"https:\/\/perle-in.com\/produit\/sac-de-sport-herschel-classic-recycle-de-27l\/","name":"Sac de sport Herschel Classic\u2122 recycl\u00e9 de 27L - PERLE IN","isPartOf":{"@id":"https:\/\/perle-in.com\/#website"},"primaryImageOfPage":{"@id":"https:\/\/perle-in.com\/produit\/sac-de-sport-herschel-classic-recycle-de-27l\/#primaryimage"},"image":{"@id":"https:\/\/perle-in.com\/produit\/sac-de-sport-herschel-classic-recycle-de-27l\/#primaryimage"},"thumbnailUrl":"https:\/\/perle-in.com\/wp-content\/uploads\/2025\/10\/12075480-1.jpg","datePublished":"2025-10-16T02:15:40+00:00","dateModified":"2025-10-16T02:15:42+00:00","breadcrumb":{"@id":"https:\/\/perle-in.com\/produit\/sac-de-sport-herschel-classic-recycle-de-27l\/#breadcrumb"},"inLanguage":"en-CA","potentialAction":[{"@type":"ReadAction","target":["https:\/\/perle-in.com\/produit\/sac-de-sport-herschel-classic-recycle-de-27l\/"]}]},{"@type":"ImageObject","inLanguage":"en-CA","@id":"https:\/\/perle-in.com\/produit\/sac-de-sport-herschel-classic-recycle-de-27l\/#primaryimage","url":"https:\/\/perle-in.com\/wp-content\/uploads\/2025\/10\/12075480-1.jpg","contentUrl":"https:\/\/perle-in.com\/wp-content\/uploads\/2025\/10\/12075480-1.jpg","width":1600,"height":1600},{"@type":"BreadcrumbList","@id":"https:\/\/perle-in.com\/produit\/sac-de-sport-herschel-classic-recycle-de-27l\/#breadcrumb","itemListElement":[{"@type":"ListItem","position":1,"name":"Accueil","item":"https:\/\/perle-in.com\/"},{"@type":"ListItem","position":2,"name":"Boutique","item":"https:\/\/perle-in.com\/boutique\/"},{"@type":"ListItem","position":3,"name":"Sac de sport Herschel Classic\u2122 recycl\u00e9 de 27L"}]},{"@type":"WebSite","@id":"https:\/\/perle-in.com\/#website","url":"https:\/\/perle-in.com\/","name":"PERLE IN","description":"","publisher":{"@id":"https:\/\/perle-in.com\/#organization"},"potentialAction":[{"@type":"SearchAction","target":{"@type":"EntryPoint","urlTemplate":"https:\/\/perle-in.com\/?s={search_term_string}"},"query-input":{"@type":"PropertyValueSpecification","valueRequired":true,"valueName":"search_term_string"}}],"inLanguage":"en-CA"},{"@type":"Organization","@id":"https:\/\/perle-in.com\/#organization","name":"PERLE IN","url":"https:\/\/perle-in.com\/","logo":{"@type":"ImageObject","inLanguage":"en-CA","@id":"https:\/\/perle-in.com\/#\/schema\/logo\/image\/","url":"https:\/\/perle-in.com\/wp-content\/uploads\/2022\/12\/LOGO-PERLE-IN-COULEUR@3x.webp","contentUrl":"https:\/\/perle-in.com\/wp-content\/uploads\/2022\/12\/LOGO-PERLE-IN-COULEUR@3x.webp","width":1600,"height":490,"caption":"PERLE IN"},"image":{"@id":"https:\/\/perle-in.com\/#\/schema\/logo\/image\/"}}]}},"jetpack_sharing_enabled":true,"_links":{"self":[{"href":"https:\/\/perle-in.com\/en\/wp-json\/wp\/v2\/product\/573979","targetHints":{"allow":["GET"]}}],"collection":[{"href":"https:\/\/perle-in.com\/en\/wp-json\/wp\/v2\/product"}],"about":[{"href":"https:\/\/perle-in.com\/en\/wp-json\/wp\/v2\/types\/product"}],"version-history":[{"count":0,"href":"https:\/\/perle-in.com\/en\/wp-json\/wp\/v2\/product\/573979\/revisions"}],"wp:featuredmedia":[{"embeddable":true,"href":"https:\/\/perle-in.com\/en\/wp-json\/wp\/v2\/media\/573974"}],"wp:attachment":[{"href":"https:\/\/perle-in.com\/en\/wp-json\/wp\/v2\/media?parent=573979"}],"wp:term":[{"taxonomy":"product_brand","embeddable":true,"href":"https:\/\/perle-in.com\/en\/wp-json\/wp\/v2\/product_brand?post=573979"},{"taxonomy":"product_cat","embeddable":true,"href":"https:\/\/perle-in.com\/en\/wp-json\/wp\/v2\/product_cat?post=573979"},{"taxonomy":"product_tag","embeddable":true,"href":"https:\/\/perle-in.com\/en\/wp-json\/wp\/v2\/product_tag?post=573979"}],"curies":[{"name":"wp","href":"https:\/\/api.w.org\/{rel}","templated":true}]}}

Sac de sport Herschel Classic™ recyclé de 27L

<p>Ce sac classique est conçu pour la salle de sport et suffisamment polyvalent pour les courts déplacements. Le sac est fabriqué à partir de tissu et de doublure EcoSystem™ 600D, tous deux fabriqués à partir de bouteilles d&#8217;eau post-consommation 100 % recyclées. Fermeture à glissière avec cordons Prusik, poignées de transport en sangle lisse, bandoulière amovible en sangle lisse et pochette de rangement à l&#8217;avant.</p>

<!-- This site is optimized with the Yoast SEO plugin v27.4 - https://yoast.com/product/yoast-seo-wordpress/ -->
<title>Sac de sport Herschel Classic™ recyclé de 27L - PERLE IN</title>
<meta name="robots" content="noindex, follow, max-snippet:-1, max-image-preview:large, max-video-preview:-1" />
<meta property="og:locale" content="en_US" />
<meta property="og:type" content="article" />
<meta property="og:title" content="Sac de sport Herschel Classic™ recyclé de 27L - PERLE IN" />
<meta property="og:description" content="Ce sac classique est conçu pour la salle de sport et suffisamment polyvalent pour les courts déplacements. Le sac est fabriqué à partir de tissu et de doublure EcoSystem™ 600D, tous deux fabriqués à partir de bouteilles d&#039;eau post-consommation 100 % recyclées. Fermeture à glissière avec cordons Prusik, poignées de transport en sangle lisse, bandoulière amovible en sangle lisse et pochette de rangement à l&#039;avant." />
<meta property="og:url" content="https://perle-in.com/en/product/sac-de-sport-herschel-classic-recycle-de-27l/" />
<meta property="og:site_name" content="PERLE IN" />
<meta property="article:modified_time" content="2025-10-16T02:15:42+00:00" />
<meta property="og:image" content="https://perle-in.com/wp-content/uploads/2025/10/12075480-1.jpg" />
	<meta property="og:image:width" content="1600" />
	<meta property="og:image:height" content="1600" />
	<meta property="og:image:type" content="image/jpeg" />
<meta name="twitter:card" content="summary_large_image" />
<script type="application/ld+json" class="yoast-schema-graph">{"@context":"https:\/\/schema.org","@graph":[{"@type":"WebPage","@id":"https:\/\/perle-in.com\/produit\/sac-de-sport-herschel-classic-recycle-de-27l\/","url":"https:\/\/perle-in.com\/produit\/sac-de-sport-herschel-classic-recycle-de-27l\/","name":"Sac de sport Herschel Classic™ recyclé de 27L - PERLE IN","isPartOf":{"@id":"https:\/\/perle-in.com\/#website"},"primaryImageOfPage":{"@id":"https:\/\/perle-in.com\/produit\/sac-de-sport-herschel-classic-recycle-de-27l\/#primaryimage"},"image":{"@id":"https:\/\/perle-in.com\/produit\/sac-de-sport-herschel-classic-recycle-de-27l\/#primaryimage"},"thumbnailUrl":"https:\/\/perle-in.com\/wp-content\/uploads\/2025\/10\/12075480-1.jpg","datePublished":"2025-10-16T02:15:40+00:00","dateModified":"2025-10-16T02:15:42+00:00","breadcrumb":{"@id":"https:\/\/perle-in.com\/produit\/sac-de-sport-herschel-classic-recycle-de-27l\/#breadcrumb"},"inLanguage":"en-CA","potentialAction":[{"@type":"ReadAction","target":["https:\/\/perle-in.com\/produit\/sac-de-sport-herschel-classic-recycle-de-27l\/"]}]},{"@type":"ImageObject","inLanguage":"en-CA","@id":"https:\/\/perle-in.com\/produit\/sac-de-sport-herschel-classic-recycle-de-27l\/#primaryimage","url":"https:\/\/perle-in.com\/wp-content\/uploads\/2025\/10\/12075480-1.jpg","contentUrl":"https:\/\/perle-in.com\/wp-content\/uploads\/2025\/10\/12075480-1.jpg","width":1600,"height":1600},{"@type":"BreadcrumbList","@id":"https:\/\/perle-in.com\/produit\/sac-de-sport-herschel-classic-recycle-de-27l\/#breadcrumb","itemListElement":[{"@type":"ListItem","position":1,"name":"Accueil","item":"https:\/\/perle-in.com\/"},{"@type":"ListItem","position":2,"name":"Boutique","item":"https:\/\/perle-in.com\/boutique\/"},{"@type":"ListItem","position":3,"name":"Sac de sport Herschel Classic™ recyclé de 27L"}]},{"@type":"WebSite","@id":"https:\/\/perle-in.com\/#website","url":"https:\/\/perle-in.com\/","name":"PERLE IN","description":"","publisher":{"@id":"https:\/\/perle-in.com\/#organization"},"potentialAction":[{"@type":"SearchAction","target":{"@type":"EntryPoint","urlTemplate":"https:\/\/perle-in.com\/?s={search_term_string}"},"query-input":{"@type":"PropertyValueSpecification","valueRequired":true,"valueName":"search_term_string"}}],"inLanguage":"en-CA"},{"@type":"Organization","@id":"https:\/\/perle-in.com\/#organization","name":"PERLE IN","url":"https:\/\/perle-in.com\/","logo":{"@type":"ImageObject","inLanguage":"en-CA","@id":"https:\/\/perle-in.com\/#\/schema\/logo\/image\/","url":"https:\/\/perle-in.com\/wp-content\/uploads\/2022\/12\/LOGO-PERLE-IN-COULEUR@3x.webp","contentUrl":"https:\/\/perle-in.com\/wp-content\/uploads\/2022\/12\/LOGO-PERLE-IN-COULEUR@3x.webp","width":1600,"height":490,"caption":"PERLE IN"},"image":{"@id":"https:\/\/perle-in.com\/#\/schema\/logo\/image\/"}}]}</script>
<!-- / Yoast SEO plugin. -->

Sac de sport Herschel Classic™ recyclé de 27L - PERLE IN

Ce sac classique est conçu pour la salle de sport et suffisamment polyvalent pour les courts déplacements. Le sac est fabriqué à partir de tissu et de doublure EcoSystem™ 600D, tous deux fabriqués à partir de bouteilles d'eau post-consommation 100 % recyclées. Fermeture à glissière avec cordons Prusik, poignées de transport en sangle lisse, bandoulière amovible en sangle lisse et pochette de rangement à l'avant.
