{"id":573178,"date":"2025-10-16T02:43:30","date_gmt":"2025-10-16T00:43:30","guid":{"rendered":"https:\/\/perle-in.com\/produit\/tote-bag-de-plage-florida-recycle-grs-270-g-m%c2%b2\/"},"modified":"2025-10-16T02:43:33","modified_gmt":"2025-10-16T00:43:33","slug":"tote-bag-de-plage-florida-recycle-grs-270-g-m%c2%b2","status":"publish","type":"product","link":"https:\/\/perle-in.com\/en\/product\/tote-bag-de-plage-florida-recycle-grs-270-g-m%c2%b2\/","title":{"rendered":"Tote bag de plage Florida recycl\u00e9 GRS 270\u00a0g\/m\u00b2"},"content":{"rendered":"","protected":false},"excerpt":{"rendered":"<p>Le sac shopping Florida en coton 100\u00a0% recycl\u00e9 certifi\u00e9 GRS est le sac parfait pour transporter tous les essentiels pour une journ\u00e9e \u00e0 la plage ou une sortie d\u00e9contract\u00e9e. La densit\u00e9 du coton de 270\u00a0g\/m\u00b2 rend le sac robuste et durable et les poign\u00e9es en corde le rendent adapt\u00e9 au transport d&#8217;objets lourds dans le compartiment principal. Les m\u00e9thodes d&#8217;impression disponibles pour ce sac shopping sont \u00e9galement certifi\u00e9es GRS, ce qui garantit que l&#8217;ensemble de la cha\u00eene d&#8217;approvisionnement est transparente et certifi\u00e9e. Longueur des poign\u00e9es\u00a0: 45\u00a0cm. Capacit\u00e9 de charge maximale de 10\u00a0kg. Capacit\u00e9\u00a0: 18\u00a0litres. Fabriqu\u00e9 en Inde.<\/p>","protected":false},"featured_media":573167,"template":"","meta":{"_eb_attr":""},"product_brand":[],"product_cat":[159,959],"product_tag":[905,837,836,282,1790,1791,904,3086,1779],"class_list":{"0":"post-573178","1":"product","2":"type-product","3":"status-publish","4":"has-post-thumbnail","6":"product_cat-sacs","7":"product_cat-sacs-de-shopping","8":"product_tag-courses","9":"product_tag-durable","10":"product_tag-recycle","11":"product_tag-sac","12":"product_tag-sac-shopping","13":"product_tag-sacs-shopping","14":"product_tag-shopping","15":"product_tag-tote-bag","16":"product_tag-totebag","17":"pa_couleurs-marine","18":"pa_couleurs-naturel-blanc","19":"pa_couleurs-naturel-naturel","20":"pa_couleurs-noir-noir","21":"pa_green-points-2652","22":"pa_matiere-coton-recycle-certifie-grs-270-g-m2","23":"pa_pays-d-origine-inde","25":"first","26":"instock","27":"shipping-taxable","28":"purchasable","29":"product-type-variable"},"yoast_head":"<!-- This site is optimized with the Yoast SEO plugin v27.4 - https:\/\/yoast.com\/product\/yoast-seo-wordpress\/ -->\n<title>Tote bag de plage Florida recycl\u00e9 GRS 270\u00a0g\/m\u00b2 - PERLE IN<\/title>\n<meta name=\"robots\" content=\"noindex, follow, max-snippet:-1, max-image-preview:large, max-video-preview:-1\" \/>\n<meta property=\"og:locale\" content=\"en_US\" \/>\n<meta property=\"og:type\" content=\"article\" \/>\n<meta property=\"og:title\" content=\"Tote bag de plage Florida recycl\u00e9 GRS 270\u00a0g\/m\u00b2 - PERLE IN\" \/>\n<meta property=\"og:description\" content=\"Le sac shopping Florida en coton 100\u00a0% recycl\u00e9 certifi\u00e9 GRS est le sac parfait pour transporter tous les essentiels pour une journ\u00e9e \u00e0 la plage ou une sortie d\u00e9contract\u00e9e. La densit\u00e9 du coton de 270\u00a0g\/m\u00b2 rend le sac robuste et durable et les poign\u00e9es en corde le rendent adapt\u00e9 au transport d&#039;objets lourds dans le compartiment principal. Les m\u00e9thodes d&#039;impression disponibles pour ce sac shopping sont \u00e9galement certifi\u00e9es GRS, ce qui garantit que l&#039;ensemble de la cha\u00eene d&#039;approvisionnement est transparente et certifi\u00e9e. Longueur des poign\u00e9es\u00a0: 45\u00a0cm. Capacit\u00e9 de charge maximale de 10\u00a0kg. Capacit\u00e9\u00a0: 18\u00a0litres. Fabriqu\u00e9 en Inde.\" \/>\n<meta property=\"og:url\" content=\"https:\/\/perle-in.com\/en\/product\/tote-bag-de-plage-florida-recycle-grs-270-g-m\u00b2\/\" \/>\n<meta property=\"og:site_name\" content=\"PERLE IN\" \/>\n<meta property=\"article:modified_time\" content=\"2025-10-16T00:43:33+00:00\" \/>\n<meta property=\"og:image\" content=\"https:\/\/perle-in.com\/wp-content\/uploads\/2025\/10\/12074401-1.jpg\" \/>\n\t<meta property=\"og:image:width\" content=\"1600\" \/>\n\t<meta property=\"og:image:height\" content=\"1600\" \/>\n\t<meta property=\"og:image:type\" content=\"image\/jpeg\" \/>\n<meta name=\"twitter:card\" content=\"summary_large_image\" \/>\n<script type=\"application\/ld+json\" class=\"yoast-schema-graph\">{\"@context\":\"https:\\\/\\\/schema.org\",\"@graph\":[{\"@type\":\"WebPage\",\"@id\":\"https:\\\/\\\/perle-in.com\\\/en\\\/product\\\/tote-bag-de-plage-florida-recycle-grs-270-g-m%c2%b2\\\/\",\"url\":\"https:\\\/\\\/perle-in.com\\\/en\\\/product\\\/tote-bag-de-plage-florida-recycle-grs-270-g-m%c2%b2\\\/\",\"name\":\"Tote bag de plage Florida recycl\u00e9 GRS 270\u00a0g\\\/m\u00b2 - PERLE IN\",\"isPartOf\":{\"@id\":\"https:\\\/\\\/perle-in.com\\\/#website\"},\"primaryImageOfPage\":{\"@id\":\"https:\\\/\\\/perle-in.com\\\/en\\\/product\\\/tote-bag-de-plage-florida-recycle-grs-270-g-m%c2%b2\\\/#primaryimage\"},\"image\":{\"@id\":\"https:\\\/\\\/perle-in.com\\\/en\\\/product\\\/tote-bag-de-plage-florida-recycle-grs-270-g-m%c2%b2\\\/#primaryimage\"},\"thumbnailUrl\":\"https:\\\/\\\/perle-in.com\\\/wp-content\\\/uploads\\\/2025\\\/10\\\/12074401-1.jpg\",\"datePublished\":\"2025-10-16T00:43:30+00:00\",\"dateModified\":\"2025-10-16T00:43:33+00:00\",\"breadcrumb\":{\"@id\":\"https:\\\/\\\/perle-in.com\\\/en\\\/product\\\/tote-bag-de-plage-florida-recycle-grs-270-g-m%c2%b2\\\/#breadcrumb\"},\"inLanguage\":\"en-CA\",\"potentialAction\":[{\"@type\":\"ReadAction\",\"target\":[\"https:\\\/\\\/perle-in.com\\\/en\\\/product\\\/tote-bag-de-plage-florida-recycle-grs-270-g-m%c2%b2\\\/\"]}]},{\"@type\":\"ImageObject\",\"inLanguage\":\"en-CA\",\"@id\":\"https:\\\/\\\/perle-in.com\\\/en\\\/product\\\/tote-bag-de-plage-florida-recycle-grs-270-g-m%c2%b2\\\/#primaryimage\",\"url\":\"https:\\\/\\\/perle-in.com\\\/wp-content\\\/uploads\\\/2025\\\/10\\\/12074401-1.jpg\",\"contentUrl\":\"https:\\\/\\\/perle-in.com\\\/wp-content\\\/uploads\\\/2025\\\/10\\\/12074401-1.jpg\",\"width\":1600,\"height\":1600},{\"@type\":\"BreadcrumbList\",\"@id\":\"https:\\\/\\\/perle-in.com\\\/en\\\/product\\\/tote-bag-de-plage-florida-recycle-grs-270-g-m%c2%b2\\\/#breadcrumb\",\"itemListElement\":[{\"@type\":\"ListItem\",\"position\":1,\"name\":\"Accueil\",\"item\":\"https:\\\/\\\/perle-in.com\\\/\"},{\"@type\":\"ListItem\",\"position\":2,\"name\":\"Boutique\",\"item\":\"https:\\\/\\\/perle-in.com\\\/boutique\\\/\"},{\"@type\":\"ListItem\",\"position\":3,\"name\":\"Tote bag de plage Florida recycl\u00e9 GRS 270\u00a0g\\\/m\u00b2\"}]},{\"@type\":\"WebSite\",\"@id\":\"https:\\\/\\\/perle-in.com\\\/#website\",\"url\":\"https:\\\/\\\/perle-in.com\\\/\",\"name\":\"PERLE IN\",\"description\":\"\",\"publisher\":{\"@id\":\"https:\\\/\\\/perle-in.com\\\/#organization\"},\"potentialAction\":[{\"@type\":\"SearchAction\",\"target\":{\"@type\":\"EntryPoint\",\"urlTemplate\":\"https:\\\/\\\/perle-in.com\\\/?s={search_term_string}\"},\"query-input\":{\"@type\":\"PropertyValueSpecification\",\"valueRequired\":true,\"valueName\":\"search_term_string\"}}],\"inLanguage\":\"en-CA\"},{\"@type\":\"Organization\",\"@id\":\"https:\\\/\\\/perle-in.com\\\/#organization\",\"name\":\"PERLE IN\",\"url\":\"https:\\\/\\\/perle-in.com\\\/\",\"logo\":{\"@type\":\"ImageObject\",\"inLanguage\":\"en-CA\",\"@id\":\"https:\\\/\\\/perle-in.com\\\/#\\\/schema\\\/logo\\\/image\\\/\",\"url\":\"https:\\\/\\\/perle-in.com\\\/wp-content\\\/uploads\\\/2022\\\/12\\\/LOGO-PERLE-IN-COULEUR@3x.webp\",\"contentUrl\":\"https:\\\/\\\/perle-in.com\\\/wp-content\\\/uploads\\\/2022\\\/12\\\/LOGO-PERLE-IN-COULEUR@3x.webp\",\"width\":1600,\"height\":490,\"caption\":\"PERLE IN\"},\"image\":{\"@id\":\"https:\\\/\\\/perle-in.com\\\/#\\\/schema\\\/logo\\\/image\\\/\"}}]}<\/script>\n<!-- \/ Yoast SEO plugin. -->","yoast_head_json":{"title":"Tote bag de plage Florida recycl\u00e9 GRS 270\u00a0g\/m\u00b2 - PERLE IN","robots":{"index":"noindex","follow":"follow","max-snippet":"max-snippet:-1","max-image-preview":"max-image-preview:large","max-video-preview":"max-video-preview:-1"},"og_locale":"en_US","og_type":"article","og_title":"Tote bag de plage Florida recycl\u00e9 GRS 270\u00a0g\/m\u00b2 - PERLE IN","og_description":"Le sac shopping Florida en coton 100\u00a0% recycl\u00e9 certifi\u00e9 GRS est le sac parfait pour transporter tous les essentiels pour une journ\u00e9e \u00e0 la plage ou une sortie d\u00e9contract\u00e9e. La densit\u00e9 du coton de 270\u00a0g\/m\u00b2 rend le sac robuste et durable et les poign\u00e9es en corde le rendent adapt\u00e9 au transport d'objets lourds dans le compartiment principal. Les m\u00e9thodes d'impression disponibles pour ce sac shopping sont \u00e9galement certifi\u00e9es GRS, ce qui garantit que l'ensemble de la cha\u00eene d'approvisionnement est transparente et certifi\u00e9e. Longueur des poign\u00e9es\u00a0: 45\u00a0cm. Capacit\u00e9 de charge maximale de 10\u00a0kg. Capacit\u00e9\u00a0: 18\u00a0litres. Fabriqu\u00e9 en Inde.","og_url":"https:\/\/perle-in.com\/en\/product\/tote-bag-de-plage-florida-recycle-grs-270-g-m\u00b2\/","og_site_name":"PERLE IN","article_modified_time":"2025-10-16T00:43:33+00:00","og_image":[{"width":1600,"height":1600,"url":"https:\/\/perle-in.com\/wp-content\/uploads\/2025\/10\/12074401-1.jpg","type":"image\/jpeg"}],"twitter_card":"summary_large_image","schema":{"@context":"https:\/\/schema.org","@graph":[{"@type":"WebPage","@id":"https:\/\/perle-in.com\/en\/product\/tote-bag-de-plage-florida-recycle-grs-270-g-m%c2%b2\/","url":"https:\/\/perle-in.com\/en\/product\/tote-bag-de-plage-florida-recycle-grs-270-g-m%c2%b2\/","name":"Tote bag de plage Florida recycl\u00e9 GRS 270\u00a0g\/m\u00b2 - PERLE IN","isPartOf":{"@id":"https:\/\/perle-in.com\/#website"},"primaryImageOfPage":{"@id":"https:\/\/perle-in.com\/en\/product\/tote-bag-de-plage-florida-recycle-grs-270-g-m%c2%b2\/#primaryimage"},"image":{"@id":"https:\/\/perle-in.com\/en\/product\/tote-bag-de-plage-florida-recycle-grs-270-g-m%c2%b2\/#primaryimage"},"thumbnailUrl":"https:\/\/perle-in.com\/wp-content\/uploads\/2025\/10\/12074401-1.jpg","datePublished":"2025-10-16T00:43:30+00:00","dateModified":"2025-10-16T00:43:33+00:00","breadcrumb":{"@id":"https:\/\/perle-in.com\/en\/product\/tote-bag-de-plage-florida-recycle-grs-270-g-m%c2%b2\/#breadcrumb"},"inLanguage":"en-CA","potentialAction":[{"@type":"ReadAction","target":["https:\/\/perle-in.com\/en\/product\/tote-bag-de-plage-florida-recycle-grs-270-g-m%c2%b2\/"]}]},{"@type":"ImageObject","inLanguage":"en-CA","@id":"https:\/\/perle-in.com\/en\/product\/tote-bag-de-plage-florida-recycle-grs-270-g-m%c2%b2\/#primaryimage","url":"https:\/\/perle-in.com\/wp-content\/uploads\/2025\/10\/12074401-1.jpg","contentUrl":"https:\/\/perle-in.com\/wp-content\/uploads\/2025\/10\/12074401-1.jpg","width":1600,"height":1600},{"@type":"BreadcrumbList","@id":"https:\/\/perle-in.com\/en\/product\/tote-bag-de-plage-florida-recycle-grs-270-g-m%c2%b2\/#breadcrumb","itemListElement":[{"@type":"ListItem","position":1,"name":"Accueil","item":"https:\/\/perle-in.com\/"},{"@type":"ListItem","position":2,"name":"Boutique","item":"https:\/\/perle-in.com\/boutique\/"},{"@type":"ListItem","position":3,"name":"Tote bag de plage Florida recycl\u00e9 GRS 270\u00a0g\/m\u00b2"}]},{"@type":"WebSite","@id":"https:\/\/perle-in.com\/#website","url":"https:\/\/perle-in.com\/","name":"PERLE IN","description":"","publisher":{"@id":"https:\/\/perle-in.com\/#organization"},"potentialAction":[{"@type":"SearchAction","target":{"@type":"EntryPoint","urlTemplate":"https:\/\/perle-in.com\/?s={search_term_string}"},"query-input":{"@type":"PropertyValueSpecification","valueRequired":true,"valueName":"search_term_string"}}],"inLanguage":"en-CA"},{"@type":"Organization","@id":"https:\/\/perle-in.com\/#organization","name":"PERLE IN","url":"https:\/\/perle-in.com\/","logo":{"@type":"ImageObject","inLanguage":"en-CA","@id":"https:\/\/perle-in.com\/#\/schema\/logo\/image\/","url":"https:\/\/perle-in.com\/wp-content\/uploads\/2022\/12\/LOGO-PERLE-IN-COULEUR@3x.webp","contentUrl":"https:\/\/perle-in.com\/wp-content\/uploads\/2022\/12\/LOGO-PERLE-IN-COULEUR@3x.webp","width":1600,"height":490,"caption":"PERLE IN"},"image":{"@id":"https:\/\/perle-in.com\/#\/schema\/logo\/image\/"}}]}},"jetpack_sharing_enabled":true,"_links":{"self":[{"href":"https:\/\/perle-in.com\/en\/wp-json\/wp\/v2\/product\/573178","targetHints":{"allow":["GET"]}}],"collection":[{"href":"https:\/\/perle-in.com\/en\/wp-json\/wp\/v2\/product"}],"about":[{"href":"https:\/\/perle-in.com\/en\/wp-json\/wp\/v2\/types\/product"}],"version-history":[{"count":0,"href":"https:\/\/perle-in.com\/en\/wp-json\/wp\/v2\/product\/573178\/revisions"}],"wp:featuredmedia":[{"embeddable":true,"href":"https:\/\/perle-in.com\/en\/wp-json\/wp\/v2\/media\/573167"}],"wp:attachment":[{"href":"https:\/\/perle-in.com\/en\/wp-json\/wp\/v2\/media?parent=573178"}],"wp:term":[{"taxonomy":"product_brand","embeddable":true,"href":"https:\/\/perle-in.com\/en\/wp-json\/wp\/v2\/product_brand?post=573178"},{"taxonomy":"product_cat","embeddable":true,"href":"https:\/\/perle-in.com\/en\/wp-json\/wp\/v2\/product_cat?post=573178"},{"taxonomy":"product_tag","embeddable":true,"href":"https:\/\/perle-in.com\/en\/wp-json\/wp\/v2\/product_tag?post=573178"}],"curies":[{"name":"wp","href":"https:\/\/api.w.org\/{rel}","templated":true}]}}

Tote bag de plage Florida recyclé GRS 270 g/m²

<p>Le sac shopping Florida en coton 100 % recyclé certifié GRS est le sac parfait pour transporter tous les essentiels pour une journée à la plage ou une sortie décontractée. La densité du coton de 270 g/m² rend le sac robuste et durable et les poignées en corde le rendent adapté au transport d&#8217;objets lourds dans le compartiment principal. Les méthodes d&#8217;impression disponibles pour ce sac shopping sont également certifiées GRS, ce qui garantit que l&#8217;ensemble de la chaîne d&#8217;approvisionnement est transparente et certifiée. Longueur des poignées : 45 cm. Capacité de charge maximale de 10 kg. Capacité : 18 litres. Fabriqué en Inde.</p>

<!-- This site is optimized with the Yoast SEO plugin v27.4 - https://yoast.com/product/yoast-seo-wordpress/ -->
<title>Tote bag de plage Florida recyclé GRS 270 g/m² - PERLE IN</title>
<meta name="robots" content="noindex, follow, max-snippet:-1, max-image-preview:large, max-video-preview:-1" />
<meta property="og:locale" content="en_US" />
<meta property="og:type" content="article" />
<meta property="og:title" content="Tote bag de plage Florida recyclé GRS 270 g/m² - PERLE IN" />
<meta property="og:description" content="Le sac shopping Florida en coton 100 % recyclé certifié GRS est le sac parfait pour transporter tous les essentiels pour une journée à la plage ou une sortie décontractée. La densité du coton de 270 g/m² rend le sac robuste et durable et les poignées en corde le rendent adapté au transport d&#039;objets lourds dans le compartiment principal. Les méthodes d&#039;impression disponibles pour ce sac shopping sont également certifiées GRS, ce qui garantit que l&#039;ensemble de la chaîne d&#039;approvisionnement est transparente et certifiée. Longueur des poignées : 45 cm. Capacité de charge maximale de 10 kg. Capacité : 18 litres. Fabriqué en Inde." />
<meta property="og:url" content="https://perle-in.com/en/product/tote-bag-de-plage-florida-recycle-grs-270-g-m²/" />
<meta property="og:site_name" content="PERLE IN" />
<meta property="article:modified_time" content="2025-10-16T00:43:33+00:00" />
<meta property="og:image" content="https://perle-in.com/wp-content/uploads/2025/10/12074401-1.jpg" />
	<meta property="og:image:width" content="1600" />
	<meta property="og:image:height" content="1600" />
	<meta property="og:image:type" content="image/jpeg" />
<meta name="twitter:card" content="summary_large_image" />
<script type="application/ld+json" class="yoast-schema-graph">{"@context":"https:\/\/schema.org","@graph":[{"@type":"WebPage","@id":"https:\/\/perle-in.com\/en\/product\/tote-bag-de-plage-florida-recycle-grs-270-g-m%c2%b2\/","url":"https:\/\/perle-in.com\/en\/product\/tote-bag-de-plage-florida-recycle-grs-270-g-m%c2%b2\/","name":"Tote bag de plage Florida recyclé GRS 270 g\/m² - PERLE IN","isPartOf":{"@id":"https:\/\/perle-in.com\/#website"},"primaryImageOfPage":{"@id":"https:\/\/perle-in.com\/en\/product\/tote-bag-de-plage-florida-recycle-grs-270-g-m%c2%b2\/#primaryimage"},"image":{"@id":"https:\/\/perle-in.com\/en\/product\/tote-bag-de-plage-florida-recycle-grs-270-g-m%c2%b2\/#primaryimage"},"thumbnailUrl":"https:\/\/perle-in.com\/wp-content\/uploads\/2025\/10\/12074401-1.jpg","datePublished":"2025-10-16T00:43:30+00:00","dateModified":"2025-10-16T00:43:33+00:00","breadcrumb":{"@id":"https:\/\/perle-in.com\/en\/product\/tote-bag-de-plage-florida-recycle-grs-270-g-m%c2%b2\/#breadcrumb"},"inLanguage":"en-CA","potentialAction":[{"@type":"ReadAction","target":["https:\/\/perle-in.com\/en\/product\/tote-bag-de-plage-florida-recycle-grs-270-g-m%c2%b2\/"]}]},{"@type":"ImageObject","inLanguage":"en-CA","@id":"https:\/\/perle-in.com\/en\/product\/tote-bag-de-plage-florida-recycle-grs-270-g-m%c2%b2\/#primaryimage","url":"https:\/\/perle-in.com\/wp-content\/uploads\/2025\/10\/12074401-1.jpg","contentUrl":"https:\/\/perle-in.com\/wp-content\/uploads\/2025\/10\/12074401-1.jpg","width":1600,"height":1600},{"@type":"BreadcrumbList","@id":"https:\/\/perle-in.com\/en\/product\/tote-bag-de-plage-florida-recycle-grs-270-g-m%c2%b2\/#breadcrumb","itemListElement":[{"@type":"ListItem","position":1,"name":"Accueil","item":"https:\/\/perle-in.com\/"},{"@type":"ListItem","position":2,"name":"Boutique","item":"https:\/\/perle-in.com\/boutique\/"},{"@type":"ListItem","position":3,"name":"Tote bag de plage Florida recyclé GRS 270 g\/m²"}]},{"@type":"WebSite","@id":"https:\/\/perle-in.com\/#website","url":"https:\/\/perle-in.com\/","name":"PERLE IN","description":"","publisher":{"@id":"https:\/\/perle-in.com\/#organization"},"potentialAction":[{"@type":"SearchAction","target":{"@type":"EntryPoint","urlTemplate":"https:\/\/perle-in.com\/?s={search_term_string}"},"query-input":{"@type":"PropertyValueSpecification","valueRequired":true,"valueName":"search_term_string"}}],"inLanguage":"en-CA"},{"@type":"Organization","@id":"https:\/\/perle-in.com\/#organization","name":"PERLE IN","url":"https:\/\/perle-in.com\/","logo":{"@type":"ImageObject","inLanguage":"en-CA","@id":"https:\/\/perle-in.com\/#\/schema\/logo\/image\/","url":"https:\/\/perle-in.com\/wp-content\/uploads\/2022\/12\/LOGO-PERLE-IN-COULEUR@3x.webp","contentUrl":"https:\/\/perle-in.com\/wp-content\/uploads\/2022\/12\/LOGO-PERLE-IN-COULEUR@3x.webp","width":1600,"height":490,"caption":"PERLE IN"},"image":{"@id":"https:\/\/perle-in.com\/#\/schema\/logo\/image\/"}}]}</script>
<!-- / Yoast SEO plugin. -->

Tote bag de plage Florida recyclé GRS 270 g/m² - PERLE IN

Le sac shopping Florida en coton 100 % recyclé certifié GRS est le sac parfait pour transporter tous les essentiels pour une journée à la plage ou une sortie décontractée. La densité du coton de 270 g/m² rend le sac robuste et durable et les poignées en corde le rendent adapté au transport d'objets lourds dans le compartiment principal. Les méthodes d'impression disponibles pour ce sac shopping sont également certifiées GRS, ce qui garantit que l'ensemble de la chaîne d'approvisionnement est transparente et certifiée. Longueur des poignées : 45 cm. Capacité de charge maximale de 10 kg. Capacité : 18 litres. Fabriqué en Inde.
