{"id":572679,"date":"2025-10-16T02:01:33","date_gmt":"2025-10-16T00:01:33","guid":{"rendered":"https:\/\/perle-in.com\/produit\/sac-shopping-liberty-non-tisse-recycle-grs-avec-fond-rigide-de-29l\/"},"modified":"2025-10-16T02:01:40","modified_gmt":"2025-10-16T00:01:40","slug":"sac-shopping-liberty-non-tisse-recycle-grs-avec-fond-rigide-de-29l","status":"publish","type":"product","link":"https:\/\/perle-in.com\/en\/product\/sac-shopping-liberty-non-tisse-recycle-grs-avec-fond-rigide-de-29l\/","title":{"rendered":"Sac shopping Liberty non tiss\u00e9 recycl\u00e9 GRS avec fond rigide de 29L"},"content":{"rendered":"","protected":false},"excerpt":{"rendered":"<p>Fabriqu\u00e9 en RPET non-tiss\u00e9 durable et r\u00e9sistant \u00e0 la d\u00e9chirure, le sac shopping Liberty recycl\u00e9 certifi\u00e9 GRS est dot\u00e9 d&#8217;une planche de fond qui le rend polyvalent et solide. Le sac shopping est dot\u00e9 d&#8217;un grand compartiment principal et de poign\u00e9es de 25\u00a0cm de long. Capacit\u00e9\u00a0: 29\u00a0litres. Capacit\u00e9 de charge maximale de 12 kg.<\/p>","protected":false},"featured_media":572668,"template":"","meta":{"_eb_attr":""},"product_brand":[],"product_cat":[159,959],"product_tag":[905,837,2654,836,282,1877,1790,283,1791,904,3086,1779],"class_list":{"0":"post-572679","1":"product","2":"type-product","3":"status-publish","4":"has-post-thumbnail","6":"product_cat-sacs","7":"product_cat-sacs-de-shopping","8":"product_tag-courses","9":"product_tag-durable","10":"product_tag-grs","11":"product_tag-recycle","12":"product_tag-sac","13":"product_tag-sac-fourre-tout","14":"product_tag-sac-shopping","15":"product_tag-sacs","16":"product_tag-sacs-shopping","17":"product_tag-shopping","18":"product_tag-tote-bag","19":"product_tag-totebag","20":"pa_couleurs-blanc","21":"pa_couleurs-bleu-royal","22":"pa_couleurs-marine","23":"pa_couleurs-noir","24":"pa_couleurs-orange","25":"pa_couleurs-rouge","26":"pa_couleurs-vert","27":"pa_green-points-2652","28":"pa_matiere-polyester-recycle-certifie-grs","30":"first","31":"instock","32":"shipping-taxable","33":"purchasable","34":"product-type-variable"},"yoast_head":"<!-- This site is optimized with the Yoast SEO plugin v27.4 - https:\/\/yoast.com\/product\/yoast-seo-wordpress\/ -->\n<title>Sac shopping Liberty non tiss\u00e9 recycl\u00e9 GRS avec fond rigide de 29L - PERLE IN<\/title>\n<meta name=\"robots\" content=\"noindex, follow, max-snippet:-1, max-image-preview:large, max-video-preview:-1\" \/>\n<meta property=\"og:locale\" content=\"en_US\" \/>\n<meta property=\"og:type\" content=\"article\" \/>\n<meta property=\"og:title\" content=\"Sac shopping Liberty non tiss\u00e9 recycl\u00e9 GRS avec fond rigide de 29L - PERLE IN\" \/>\n<meta property=\"og:description\" content=\"Fabriqu\u00e9 en RPET non-tiss\u00e9 durable et r\u00e9sistant \u00e0 la d\u00e9chirure, le sac shopping Liberty recycl\u00e9 certifi\u00e9 GRS est dot\u00e9 d&#039;une planche de fond qui le rend polyvalent et solide. Le sac shopping est dot\u00e9 d&#039;un grand compartiment principal et de poign\u00e9es de 25\u00a0cm de long. Capacit\u00e9\u00a0: 29\u00a0litres. Capacit\u00e9 de charge maximale de 12 kg.\" \/>\n<meta property=\"og:url\" content=\"https:\/\/perle-in.com\/en\/product\/sac-shopping-liberty-non-tisse-recycle-grs-avec-fond-rigide-de-29l\/\" \/>\n<meta property=\"og:site_name\" content=\"PERLE IN\" \/>\n<meta property=\"article:modified_time\" content=\"2025-10-16T00:01:40+00:00\" \/>\n<meta property=\"og:image\" content=\"https:\/\/perle-in.com\/wp-content\/uploads\/2025\/10\/13008101-1.jpg\" \/>\n\t<meta property=\"og:image:width\" content=\"1600\" \/>\n\t<meta property=\"og:image:height\" content=\"1600\" \/>\n\t<meta property=\"og:image:type\" content=\"image\/jpeg\" \/>\n<meta name=\"twitter:card\" content=\"summary_large_image\" \/>\n<script type=\"application\/ld+json\" class=\"yoast-schema-graph\">{\"@context\":\"https:\\\/\\\/schema.org\",\"@graph\":[{\"@type\":\"WebPage\",\"@id\":\"https:\\\/\\\/perle-in.com\\\/produit\\\/sac-shopping-liberty-non-tisse-recycle-grs-avec-fond-rigide-de-29l\\\/\",\"url\":\"https:\\\/\\\/perle-in.com\\\/produit\\\/sac-shopping-liberty-non-tisse-recycle-grs-avec-fond-rigide-de-29l\\\/\",\"name\":\"Sac shopping Liberty non tiss\u00e9 recycl\u00e9 GRS avec fond rigide de 29L - PERLE IN\",\"isPartOf\":{\"@id\":\"https:\\\/\\\/perle-in.com\\\/#website\"},\"primaryImageOfPage\":{\"@id\":\"https:\\\/\\\/perle-in.com\\\/produit\\\/sac-shopping-liberty-non-tisse-recycle-grs-avec-fond-rigide-de-29l\\\/#primaryimage\"},\"image\":{\"@id\":\"https:\\\/\\\/perle-in.com\\\/produit\\\/sac-shopping-liberty-non-tisse-recycle-grs-avec-fond-rigide-de-29l\\\/#primaryimage\"},\"thumbnailUrl\":\"https:\\\/\\\/perle-in.com\\\/wp-content\\\/uploads\\\/2025\\\/10\\\/13008101-1.jpg\",\"datePublished\":\"2025-10-16T00:01:33+00:00\",\"dateModified\":\"2025-10-16T00:01:40+00:00\",\"breadcrumb\":{\"@id\":\"https:\\\/\\\/perle-in.com\\\/produit\\\/sac-shopping-liberty-non-tisse-recycle-grs-avec-fond-rigide-de-29l\\\/#breadcrumb\"},\"inLanguage\":\"en-CA\",\"potentialAction\":[{\"@type\":\"ReadAction\",\"target\":[\"https:\\\/\\\/perle-in.com\\\/produit\\\/sac-shopping-liberty-non-tisse-recycle-grs-avec-fond-rigide-de-29l\\\/\"]}]},{\"@type\":\"ImageObject\",\"inLanguage\":\"en-CA\",\"@id\":\"https:\\\/\\\/perle-in.com\\\/produit\\\/sac-shopping-liberty-non-tisse-recycle-grs-avec-fond-rigide-de-29l\\\/#primaryimage\",\"url\":\"https:\\\/\\\/perle-in.com\\\/wp-content\\\/uploads\\\/2025\\\/10\\\/13008101-1.jpg\",\"contentUrl\":\"https:\\\/\\\/perle-in.com\\\/wp-content\\\/uploads\\\/2025\\\/10\\\/13008101-1.jpg\",\"width\":1600,\"height\":1600},{\"@type\":\"BreadcrumbList\",\"@id\":\"https:\\\/\\\/perle-in.com\\\/produit\\\/sac-shopping-liberty-non-tisse-recycle-grs-avec-fond-rigide-de-29l\\\/#breadcrumb\",\"itemListElement\":[{\"@type\":\"ListItem\",\"position\":1,\"name\":\"Accueil\",\"item\":\"https:\\\/\\\/perle-in.com\\\/\"},{\"@type\":\"ListItem\",\"position\":2,\"name\":\"Boutique\",\"item\":\"https:\\\/\\\/perle-in.com\\\/boutique\\\/\"},{\"@type\":\"ListItem\",\"position\":3,\"name\":\"Sac shopping Liberty non tiss\u00e9 recycl\u00e9 GRS avec fond rigide de 29L\"}]},{\"@type\":\"WebSite\",\"@id\":\"https:\\\/\\\/perle-in.com\\\/#website\",\"url\":\"https:\\\/\\\/perle-in.com\\\/\",\"name\":\"PERLE IN\",\"description\":\"\",\"publisher\":{\"@id\":\"https:\\\/\\\/perle-in.com\\\/#organization\"},\"potentialAction\":[{\"@type\":\"SearchAction\",\"target\":{\"@type\":\"EntryPoint\",\"urlTemplate\":\"https:\\\/\\\/perle-in.com\\\/?s={search_term_string}\"},\"query-input\":{\"@type\":\"PropertyValueSpecification\",\"valueRequired\":true,\"valueName\":\"search_term_string\"}}],\"inLanguage\":\"en-CA\"},{\"@type\":\"Organization\",\"@id\":\"https:\\\/\\\/perle-in.com\\\/#organization\",\"name\":\"PERLE IN\",\"url\":\"https:\\\/\\\/perle-in.com\\\/\",\"logo\":{\"@type\":\"ImageObject\",\"inLanguage\":\"en-CA\",\"@id\":\"https:\\\/\\\/perle-in.com\\\/#\\\/schema\\\/logo\\\/image\\\/\",\"url\":\"https:\\\/\\\/perle-in.com\\\/wp-content\\\/uploads\\\/2022\\\/12\\\/LOGO-PERLE-IN-COULEUR@3x.webp\",\"contentUrl\":\"https:\\\/\\\/perle-in.com\\\/wp-content\\\/uploads\\\/2022\\\/12\\\/LOGO-PERLE-IN-COULEUR@3x.webp\",\"width\":1600,\"height\":490,\"caption\":\"PERLE IN\"},\"image\":{\"@id\":\"https:\\\/\\\/perle-in.com\\\/#\\\/schema\\\/logo\\\/image\\\/\"}}]}<\/script>\n<!-- \/ Yoast SEO plugin. -->","yoast_head_json":{"title":"Sac shopping Liberty non tiss\u00e9 recycl\u00e9 GRS avec fond rigide de 29L - PERLE IN","robots":{"index":"noindex","follow":"follow","max-snippet":"max-snippet:-1","max-image-preview":"max-image-preview:large","max-video-preview":"max-video-preview:-1"},"og_locale":"en_US","og_type":"article","og_title":"Sac shopping Liberty non tiss\u00e9 recycl\u00e9 GRS avec fond rigide de 29L - PERLE IN","og_description":"Fabriqu\u00e9 en RPET non-tiss\u00e9 durable et r\u00e9sistant \u00e0 la d\u00e9chirure, le sac shopping Liberty recycl\u00e9 certifi\u00e9 GRS est dot\u00e9 d'une planche de fond qui le rend polyvalent et solide. Le sac shopping est dot\u00e9 d'un grand compartiment principal et de poign\u00e9es de 25\u00a0cm de long. Capacit\u00e9\u00a0: 29\u00a0litres. Capacit\u00e9 de charge maximale de 12 kg.","og_url":"https:\/\/perle-in.com\/en\/product\/sac-shopping-liberty-non-tisse-recycle-grs-avec-fond-rigide-de-29l\/","og_site_name":"PERLE IN","article_modified_time":"2025-10-16T00:01:40+00:00","og_image":[{"width":1600,"height":1600,"url":"https:\/\/perle-in.com\/wp-content\/uploads\/2025\/10\/13008101-1.jpg","type":"image\/jpeg"}],"twitter_card":"summary_large_image","schema":{"@context":"https:\/\/schema.org","@graph":[{"@type":"WebPage","@id":"https:\/\/perle-in.com\/produit\/sac-shopping-liberty-non-tisse-recycle-grs-avec-fond-rigide-de-29l\/","url":"https:\/\/perle-in.com\/produit\/sac-shopping-liberty-non-tisse-recycle-grs-avec-fond-rigide-de-29l\/","name":"Sac shopping Liberty non tiss\u00e9 recycl\u00e9 GRS avec fond rigide de 29L - PERLE IN","isPartOf":{"@id":"https:\/\/perle-in.com\/#website"},"primaryImageOfPage":{"@id":"https:\/\/perle-in.com\/produit\/sac-shopping-liberty-non-tisse-recycle-grs-avec-fond-rigide-de-29l\/#primaryimage"},"image":{"@id":"https:\/\/perle-in.com\/produit\/sac-shopping-liberty-non-tisse-recycle-grs-avec-fond-rigide-de-29l\/#primaryimage"},"thumbnailUrl":"https:\/\/perle-in.com\/wp-content\/uploads\/2025\/10\/13008101-1.jpg","datePublished":"2025-10-16T00:01:33+00:00","dateModified":"2025-10-16T00:01:40+00:00","breadcrumb":{"@id":"https:\/\/perle-in.com\/produit\/sac-shopping-liberty-non-tisse-recycle-grs-avec-fond-rigide-de-29l\/#breadcrumb"},"inLanguage":"en-CA","potentialAction":[{"@type":"ReadAction","target":["https:\/\/perle-in.com\/produit\/sac-shopping-liberty-non-tisse-recycle-grs-avec-fond-rigide-de-29l\/"]}]},{"@type":"ImageObject","inLanguage":"en-CA","@id":"https:\/\/perle-in.com\/produit\/sac-shopping-liberty-non-tisse-recycle-grs-avec-fond-rigide-de-29l\/#primaryimage","url":"https:\/\/perle-in.com\/wp-content\/uploads\/2025\/10\/13008101-1.jpg","contentUrl":"https:\/\/perle-in.com\/wp-content\/uploads\/2025\/10\/13008101-1.jpg","width":1600,"height":1600},{"@type":"BreadcrumbList","@id":"https:\/\/perle-in.com\/produit\/sac-shopping-liberty-non-tisse-recycle-grs-avec-fond-rigide-de-29l\/#breadcrumb","itemListElement":[{"@type":"ListItem","position":1,"name":"Accueil","item":"https:\/\/perle-in.com\/"},{"@type":"ListItem","position":2,"name":"Boutique","item":"https:\/\/perle-in.com\/boutique\/"},{"@type":"ListItem","position":3,"name":"Sac shopping Liberty non tiss\u00e9 recycl\u00e9 GRS avec fond rigide de 29L"}]},{"@type":"WebSite","@id":"https:\/\/perle-in.com\/#website","url":"https:\/\/perle-in.com\/","name":"PERLE IN","description":"","publisher":{"@id":"https:\/\/perle-in.com\/#organization"},"potentialAction":[{"@type":"SearchAction","target":{"@type":"EntryPoint","urlTemplate":"https:\/\/perle-in.com\/?s={search_term_string}"},"query-input":{"@type":"PropertyValueSpecification","valueRequired":true,"valueName":"search_term_string"}}],"inLanguage":"en-CA"},{"@type":"Organization","@id":"https:\/\/perle-in.com\/#organization","name":"PERLE IN","url":"https:\/\/perle-in.com\/","logo":{"@type":"ImageObject","inLanguage":"en-CA","@id":"https:\/\/perle-in.com\/#\/schema\/logo\/image\/","url":"https:\/\/perle-in.com\/wp-content\/uploads\/2022\/12\/LOGO-PERLE-IN-COULEUR@3x.webp","contentUrl":"https:\/\/perle-in.com\/wp-content\/uploads\/2022\/12\/LOGO-PERLE-IN-COULEUR@3x.webp","width":1600,"height":490,"caption":"PERLE IN"},"image":{"@id":"https:\/\/perle-in.com\/#\/schema\/logo\/image\/"}}]}},"jetpack_sharing_enabled":true,"_links":{"self":[{"href":"https:\/\/perle-in.com\/en\/wp-json\/wp\/v2\/product\/572679","targetHints":{"allow":["GET"]}}],"collection":[{"href":"https:\/\/perle-in.com\/en\/wp-json\/wp\/v2\/product"}],"about":[{"href":"https:\/\/perle-in.com\/en\/wp-json\/wp\/v2\/types\/product"}],"version-history":[{"count":0,"href":"https:\/\/perle-in.com\/en\/wp-json\/wp\/v2\/product\/572679\/revisions"}],"wp:featuredmedia":[{"embeddable":true,"href":"https:\/\/perle-in.com\/en\/wp-json\/wp\/v2\/media\/572668"}],"wp:attachment":[{"href":"https:\/\/perle-in.com\/en\/wp-json\/wp\/v2\/media?parent=572679"}],"wp:term":[{"taxonomy":"product_brand","embeddable":true,"href":"https:\/\/perle-in.com\/en\/wp-json\/wp\/v2\/product_brand?post=572679"},{"taxonomy":"product_cat","embeddable":true,"href":"https:\/\/perle-in.com\/en\/wp-json\/wp\/v2\/product_cat?post=572679"},{"taxonomy":"product_tag","embeddable":true,"href":"https:\/\/perle-in.com\/en\/wp-json\/wp\/v2\/product_tag?post=572679"}],"curies":[{"name":"wp","href":"https:\/\/api.w.org\/{rel}","templated":true}]}}

Sac shopping Liberty non tissé recyclé GRS avec fond rigide de 29L

<p>Fabriqué en RPET non-tissé durable et résistant à la déchirure, le sac shopping Liberty recyclé certifié GRS est doté d&#8217;une planche de fond qui le rend polyvalent et solide. Le sac shopping est doté d&#8217;un grand compartiment principal et de poignées de 25 cm de long. Capacité : 29 litres. Capacité de charge maximale de 12 kg.</p>

<!-- This site is optimized with the Yoast SEO plugin v27.4 - https://yoast.com/product/yoast-seo-wordpress/ -->
<title>Sac shopping Liberty non tissé recyclé GRS avec fond rigide de 29L - PERLE IN</title>
<meta name="robots" content="noindex, follow, max-snippet:-1, max-image-preview:large, max-video-preview:-1" />
<meta property="og:locale" content="en_US" />
<meta property="og:type" content="article" />
<meta property="og:title" content="Sac shopping Liberty non tissé recyclé GRS avec fond rigide de 29L - PERLE IN" />
<meta property="og:description" content="Fabriqué en RPET non-tissé durable et résistant à la déchirure, le sac shopping Liberty recyclé certifié GRS est doté d&#039;une planche de fond qui le rend polyvalent et solide. Le sac shopping est doté d&#039;un grand compartiment principal et de poignées de 25 cm de long. Capacité : 29 litres. Capacité de charge maximale de 12 kg." />
<meta property="og:url" content="https://perle-in.com/en/product/sac-shopping-liberty-non-tisse-recycle-grs-avec-fond-rigide-de-29l/" />
<meta property="og:site_name" content="PERLE IN" />
<meta property="article:modified_time" content="2025-10-16T00:01:40+00:00" />
<meta property="og:image" content="https://perle-in.com/wp-content/uploads/2025/10/13008101-1.jpg" />
	<meta property="og:image:width" content="1600" />
	<meta property="og:image:height" content="1600" />
	<meta property="og:image:type" content="image/jpeg" />
<meta name="twitter:card" content="summary_large_image" />
<script type="application/ld+json" class="yoast-schema-graph">{"@context":"https:\/\/schema.org","@graph":[{"@type":"WebPage","@id":"https:\/\/perle-in.com\/produit\/sac-shopping-liberty-non-tisse-recycle-grs-avec-fond-rigide-de-29l\/","url":"https:\/\/perle-in.com\/produit\/sac-shopping-liberty-non-tisse-recycle-grs-avec-fond-rigide-de-29l\/","name":"Sac shopping Liberty non tissé recyclé GRS avec fond rigide de 29L - PERLE IN","isPartOf":{"@id":"https:\/\/perle-in.com\/#website"},"primaryImageOfPage":{"@id":"https:\/\/perle-in.com\/produit\/sac-shopping-liberty-non-tisse-recycle-grs-avec-fond-rigide-de-29l\/#primaryimage"},"image":{"@id":"https:\/\/perle-in.com\/produit\/sac-shopping-liberty-non-tisse-recycle-grs-avec-fond-rigide-de-29l\/#primaryimage"},"thumbnailUrl":"https:\/\/perle-in.com\/wp-content\/uploads\/2025\/10\/13008101-1.jpg","datePublished":"2025-10-16T00:01:33+00:00","dateModified":"2025-10-16T00:01:40+00:00","breadcrumb":{"@id":"https:\/\/perle-in.com\/produit\/sac-shopping-liberty-non-tisse-recycle-grs-avec-fond-rigide-de-29l\/#breadcrumb"},"inLanguage":"en-CA","potentialAction":[{"@type":"ReadAction","target":["https:\/\/perle-in.com\/produit\/sac-shopping-liberty-non-tisse-recycle-grs-avec-fond-rigide-de-29l\/"]}]},{"@type":"ImageObject","inLanguage":"en-CA","@id":"https:\/\/perle-in.com\/produit\/sac-shopping-liberty-non-tisse-recycle-grs-avec-fond-rigide-de-29l\/#primaryimage","url":"https:\/\/perle-in.com\/wp-content\/uploads\/2025\/10\/13008101-1.jpg","contentUrl":"https:\/\/perle-in.com\/wp-content\/uploads\/2025\/10\/13008101-1.jpg","width":1600,"height":1600},{"@type":"BreadcrumbList","@id":"https:\/\/perle-in.com\/produit\/sac-shopping-liberty-non-tisse-recycle-grs-avec-fond-rigide-de-29l\/#breadcrumb","itemListElement":[{"@type":"ListItem","position":1,"name":"Accueil","item":"https:\/\/perle-in.com\/"},{"@type":"ListItem","position":2,"name":"Boutique","item":"https:\/\/perle-in.com\/boutique\/"},{"@type":"ListItem","position":3,"name":"Sac shopping Liberty non tissé recyclé GRS avec fond rigide de 29L"}]},{"@type":"WebSite","@id":"https:\/\/perle-in.com\/#website","url":"https:\/\/perle-in.com\/","name":"PERLE IN","description":"","publisher":{"@id":"https:\/\/perle-in.com\/#organization"},"potentialAction":[{"@type":"SearchAction","target":{"@type":"EntryPoint","urlTemplate":"https:\/\/perle-in.com\/?s={search_term_string}"},"query-input":{"@type":"PropertyValueSpecification","valueRequired":true,"valueName":"search_term_string"}}],"inLanguage":"en-CA"},{"@type":"Organization","@id":"https:\/\/perle-in.com\/#organization","name":"PERLE IN","url":"https:\/\/perle-in.com\/","logo":{"@type":"ImageObject","inLanguage":"en-CA","@id":"https:\/\/perle-in.com\/#\/schema\/logo\/image\/","url":"https:\/\/perle-in.com\/wp-content\/uploads\/2022\/12\/LOGO-PERLE-IN-COULEUR@3x.webp","contentUrl":"https:\/\/perle-in.com\/wp-content\/uploads\/2022\/12\/LOGO-PERLE-IN-COULEUR@3x.webp","width":1600,"height":490,"caption":"PERLE IN"},"image":{"@id":"https:\/\/perle-in.com\/#\/schema\/logo\/image\/"}}]}</script>
<!-- / Yoast SEO plugin. -->

Sac shopping Liberty non tissé recyclé GRS avec fond rigide de 29L - PERLE IN

Fabriqué en RPET non-tissé durable et résistant à la déchirure, le sac shopping Liberty recyclé certifié GRS est doté d'une planche de fond qui le rend polyvalent et solide. Le sac shopping est doté d'un grand compartiment principal et de poignées de 25 cm de long. Capacité : 29 litres. Capacité de charge maximale de 12 kg.
