{"id":572660,"date":"2025-10-16T02:00:27","date_gmt":"2025-10-16T00:00:27","guid":{"rendered":"https:\/\/perle-in.com\/produit\/sac-a-dos-avec-cordon-evergreen-non-tisse-recycle-grs-de-5l\/"},"modified":"2025-10-16T02:00:53","modified_gmt":"2025-10-16T00:00:53","slug":"sac-a-dos-avec-cordon-evergreen-non-tisse-recycle-grs-de-5l","status":"publish","type":"product","link":"https:\/\/perle-in.com\/en\/product\/sac-a-dos-avec-cordon-evergreen-non-tisse-recycle-grs-de-5l\/","title":{"rendered":"Sac \u00e0 dos avec cordon Evergreen non tiss\u00e9 recycl\u00e9 GRS de 5L"},"content":{"rendered":"","protected":false},"excerpt":{"rendered":"<p>Fabriqu\u00e9 en RPET non-tiss\u00e9 durable et r\u00e9sistant \u00e0 la d\u00e9chirure, le sac avec cordon Evergreen recycl\u00e9 certifi\u00e9 GRS est une excellente option lorsque l&#8217;on recherche un cadeau facile \u00e0 utiliser pour promouvoir une marque ou une campagne de marketing. Ce sac l\u00e9ger et \u00e9conomique est dot\u00e9 d&#8217;un cordon de serrage qui permet de le porter facilement \u00e0 l&#8217;\u00e9paule ou en sac \u00e0 dos. Capacit\u00e9\u00a0: 5\u00a0litres. Capacit\u00e9 de charge maximale de 5 kg.<\/p>","protected":false},"featured_media":572648,"template":"","meta":{"_eb_attr":""},"product_brand":[],"product_cat":[159,956],"product_tag":[837,3373,2654,755,836,282,3883,1825,203],"class_list":{"0":"post-572660","1":"product","2":"type-product","3":"status-publish","4":"has-post-thumbnail","6":"product_cat-sacs","7":"product_cat-sacs-a-dos-ficelle","8":"product_tag-durable","9":"product_tag-ecole","10":"product_tag-grs","11":"product_tag-gym","12":"product_tag-recycle","13":"product_tag-sac","14":"product_tag-sac-a-cordon","15":"product_tag-sac-ficelle","16":"product_tag-sport","17":"pa_couleurs-blanc","18":"pa_couleurs-bleu-royal","19":"pa_couleurs-marine","20":"pa_couleurs-noir","21":"pa_couleurs-orange","22":"pa_couleurs-rouge","23":"pa_couleurs-vert","24":"pa_green-points-2652","25":"pa_matiere-polyester-recycle-certifie-grs","27":"first","28":"instock","29":"shipping-taxable","30":"purchasable","31":"product-type-variable"},"yoast_head":"<!-- This site is optimized with the Yoast SEO plugin v27.4 - https:\/\/yoast.com\/product\/yoast-seo-wordpress\/ -->\n<title>Sac \u00e0 dos avec cordon Evergreen non tiss\u00e9 recycl\u00e9 GRS de 5L - PERLE IN<\/title>\n<meta name=\"robots\" content=\"noindex, follow, max-snippet:-1, max-image-preview:large, max-video-preview:-1\" \/>\n<meta property=\"og:locale\" content=\"en_US\" \/>\n<meta property=\"og:type\" content=\"article\" \/>\n<meta property=\"og:title\" content=\"Sac \u00e0 dos avec cordon Evergreen non tiss\u00e9 recycl\u00e9 GRS de 5L - PERLE IN\" \/>\n<meta property=\"og:description\" content=\"Fabriqu\u00e9 en RPET non-tiss\u00e9 durable et r\u00e9sistant \u00e0 la d\u00e9chirure, le sac avec cordon Evergreen recycl\u00e9 certifi\u00e9 GRS est une excellente option lorsque l&#039;on recherche un cadeau facile \u00e0 utiliser pour promouvoir une marque ou une campagne de marketing. Ce sac l\u00e9ger et \u00e9conomique est dot\u00e9 d&#039;un cordon de serrage qui permet de le porter facilement \u00e0 l&#039;\u00e9paule ou en sac \u00e0 dos. Capacit\u00e9\u00a0: 5\u00a0litres. Capacit\u00e9 de charge maximale de 5 kg.\" \/>\n<meta property=\"og:url\" content=\"https:\/\/perle-in.com\/en\/product\/sac-a-dos-avec-cordon-evergreen-non-tisse-recycle-grs-de-5l\/\" \/>\n<meta property=\"og:site_name\" content=\"PERLE IN\" \/>\n<meta property=\"article:modified_time\" content=\"2025-10-16T00:00:53+00:00\" \/>\n<meta property=\"og:image\" content=\"https:\/\/perle-in.com\/wp-content\/uploads\/2025\/10\/13008001-1.jpg\" \/>\n\t<meta property=\"og:image:width\" content=\"1600\" \/>\n\t<meta property=\"og:image:height\" content=\"1600\" \/>\n\t<meta property=\"og:image:type\" content=\"image\/jpeg\" \/>\n<meta name=\"twitter:card\" content=\"summary_large_image\" \/>\n<script type=\"application\/ld+json\" class=\"yoast-schema-graph\">{\"@context\":\"https:\\\/\\\/schema.org\",\"@graph\":[{\"@type\":\"WebPage\",\"@id\":\"https:\\\/\\\/perle-in.com\\\/produit\\\/sac-a-dos-avec-cordon-evergreen-non-tisse-recycle-grs-de-5l\\\/\",\"url\":\"https:\\\/\\\/perle-in.com\\\/produit\\\/sac-a-dos-avec-cordon-evergreen-non-tisse-recycle-grs-de-5l\\\/\",\"name\":\"Sac \u00e0 dos avec cordon Evergreen non tiss\u00e9 recycl\u00e9 GRS de 5L - PERLE IN\",\"isPartOf\":{\"@id\":\"https:\\\/\\\/perle-in.com\\\/#website\"},\"primaryImageOfPage\":{\"@id\":\"https:\\\/\\\/perle-in.com\\\/produit\\\/sac-a-dos-avec-cordon-evergreen-non-tisse-recycle-grs-de-5l\\\/#primaryimage\"},\"image\":{\"@id\":\"https:\\\/\\\/perle-in.com\\\/produit\\\/sac-a-dos-avec-cordon-evergreen-non-tisse-recycle-grs-de-5l\\\/#primaryimage\"},\"thumbnailUrl\":\"https:\\\/\\\/perle-in.com\\\/wp-content\\\/uploads\\\/2025\\\/10\\\/13008001-1.jpg\",\"datePublished\":\"2025-10-16T00:00:27+00:00\",\"dateModified\":\"2025-10-16T00:00:53+00:00\",\"breadcrumb\":{\"@id\":\"https:\\\/\\\/perle-in.com\\\/produit\\\/sac-a-dos-avec-cordon-evergreen-non-tisse-recycle-grs-de-5l\\\/#breadcrumb\"},\"inLanguage\":\"en-CA\",\"potentialAction\":[{\"@type\":\"ReadAction\",\"target\":[\"https:\\\/\\\/perle-in.com\\\/produit\\\/sac-a-dos-avec-cordon-evergreen-non-tisse-recycle-grs-de-5l\\\/\"]}]},{\"@type\":\"ImageObject\",\"inLanguage\":\"en-CA\",\"@id\":\"https:\\\/\\\/perle-in.com\\\/produit\\\/sac-a-dos-avec-cordon-evergreen-non-tisse-recycle-grs-de-5l\\\/#primaryimage\",\"url\":\"https:\\\/\\\/perle-in.com\\\/wp-content\\\/uploads\\\/2025\\\/10\\\/13008001-1.jpg\",\"contentUrl\":\"https:\\\/\\\/perle-in.com\\\/wp-content\\\/uploads\\\/2025\\\/10\\\/13008001-1.jpg\",\"width\":1600,\"height\":1600},{\"@type\":\"BreadcrumbList\",\"@id\":\"https:\\\/\\\/perle-in.com\\\/produit\\\/sac-a-dos-avec-cordon-evergreen-non-tisse-recycle-grs-de-5l\\\/#breadcrumb\",\"itemListElement\":[{\"@type\":\"ListItem\",\"position\":1,\"name\":\"Accueil\",\"item\":\"https:\\\/\\\/perle-in.com\\\/\"},{\"@type\":\"ListItem\",\"position\":2,\"name\":\"Boutique\",\"item\":\"https:\\\/\\\/perle-in.com\\\/boutique\\\/\"},{\"@type\":\"ListItem\",\"position\":3,\"name\":\"Sac \u00e0 dos avec cordon Evergreen non tiss\u00e9 recycl\u00e9 GRS de 5L\"}]},{\"@type\":\"WebSite\",\"@id\":\"https:\\\/\\\/perle-in.com\\\/#website\",\"url\":\"https:\\\/\\\/perle-in.com\\\/\",\"name\":\"PERLE IN\",\"description\":\"\",\"publisher\":{\"@id\":\"https:\\\/\\\/perle-in.com\\\/#organization\"},\"potentialAction\":[{\"@type\":\"SearchAction\",\"target\":{\"@type\":\"EntryPoint\",\"urlTemplate\":\"https:\\\/\\\/perle-in.com\\\/?s={search_term_string}\"},\"query-input\":{\"@type\":\"PropertyValueSpecification\",\"valueRequired\":true,\"valueName\":\"search_term_string\"}}],\"inLanguage\":\"en-CA\"},{\"@type\":\"Organization\",\"@id\":\"https:\\\/\\\/perle-in.com\\\/#organization\",\"name\":\"PERLE IN\",\"url\":\"https:\\\/\\\/perle-in.com\\\/\",\"logo\":{\"@type\":\"ImageObject\",\"inLanguage\":\"en-CA\",\"@id\":\"https:\\\/\\\/perle-in.com\\\/#\\\/schema\\\/logo\\\/image\\\/\",\"url\":\"https:\\\/\\\/perle-in.com\\\/wp-content\\\/uploads\\\/2022\\\/12\\\/LOGO-PERLE-IN-COULEUR@3x.webp\",\"contentUrl\":\"https:\\\/\\\/perle-in.com\\\/wp-content\\\/uploads\\\/2022\\\/12\\\/LOGO-PERLE-IN-COULEUR@3x.webp\",\"width\":1600,\"height\":490,\"caption\":\"PERLE IN\"},\"image\":{\"@id\":\"https:\\\/\\\/perle-in.com\\\/#\\\/schema\\\/logo\\\/image\\\/\"}}]}<\/script>\n<!-- \/ Yoast SEO plugin. -->","yoast_head_json":{"title":"Sac \u00e0 dos avec cordon Evergreen non tiss\u00e9 recycl\u00e9 GRS de 5L - PERLE IN","robots":{"index":"noindex","follow":"follow","max-snippet":"max-snippet:-1","max-image-preview":"max-image-preview:large","max-video-preview":"max-video-preview:-1"},"og_locale":"en_US","og_type":"article","og_title":"Sac \u00e0 dos avec cordon Evergreen non tiss\u00e9 recycl\u00e9 GRS de 5L - PERLE IN","og_description":"Fabriqu\u00e9 en RPET non-tiss\u00e9 durable et r\u00e9sistant \u00e0 la d\u00e9chirure, le sac avec cordon Evergreen recycl\u00e9 certifi\u00e9 GRS est une excellente option lorsque l'on recherche un cadeau facile \u00e0 utiliser pour promouvoir une marque ou une campagne de marketing. Ce sac l\u00e9ger et \u00e9conomique est dot\u00e9 d'un cordon de serrage qui permet de le porter facilement \u00e0 l'\u00e9paule ou en sac \u00e0 dos. Capacit\u00e9\u00a0: 5\u00a0litres. Capacit\u00e9 de charge maximale de 5 kg.","og_url":"https:\/\/perle-in.com\/en\/product\/sac-a-dos-avec-cordon-evergreen-non-tisse-recycle-grs-de-5l\/","og_site_name":"PERLE IN","article_modified_time":"2025-10-16T00:00:53+00:00","og_image":[{"width":1600,"height":1600,"url":"https:\/\/perle-in.com\/wp-content\/uploads\/2025\/10\/13008001-1.jpg","type":"image\/jpeg"}],"twitter_card":"summary_large_image","schema":{"@context":"https:\/\/schema.org","@graph":[{"@type":"WebPage","@id":"https:\/\/perle-in.com\/produit\/sac-a-dos-avec-cordon-evergreen-non-tisse-recycle-grs-de-5l\/","url":"https:\/\/perle-in.com\/produit\/sac-a-dos-avec-cordon-evergreen-non-tisse-recycle-grs-de-5l\/","name":"Sac \u00e0 dos avec cordon Evergreen non tiss\u00e9 recycl\u00e9 GRS de 5L - PERLE IN","isPartOf":{"@id":"https:\/\/perle-in.com\/#website"},"primaryImageOfPage":{"@id":"https:\/\/perle-in.com\/produit\/sac-a-dos-avec-cordon-evergreen-non-tisse-recycle-grs-de-5l\/#primaryimage"},"image":{"@id":"https:\/\/perle-in.com\/produit\/sac-a-dos-avec-cordon-evergreen-non-tisse-recycle-grs-de-5l\/#primaryimage"},"thumbnailUrl":"https:\/\/perle-in.com\/wp-content\/uploads\/2025\/10\/13008001-1.jpg","datePublished":"2025-10-16T00:00:27+00:00","dateModified":"2025-10-16T00:00:53+00:00","breadcrumb":{"@id":"https:\/\/perle-in.com\/produit\/sac-a-dos-avec-cordon-evergreen-non-tisse-recycle-grs-de-5l\/#breadcrumb"},"inLanguage":"en-CA","potentialAction":[{"@type":"ReadAction","target":["https:\/\/perle-in.com\/produit\/sac-a-dos-avec-cordon-evergreen-non-tisse-recycle-grs-de-5l\/"]}]},{"@type":"ImageObject","inLanguage":"en-CA","@id":"https:\/\/perle-in.com\/produit\/sac-a-dos-avec-cordon-evergreen-non-tisse-recycle-grs-de-5l\/#primaryimage","url":"https:\/\/perle-in.com\/wp-content\/uploads\/2025\/10\/13008001-1.jpg","contentUrl":"https:\/\/perle-in.com\/wp-content\/uploads\/2025\/10\/13008001-1.jpg","width":1600,"height":1600},{"@type":"BreadcrumbList","@id":"https:\/\/perle-in.com\/produit\/sac-a-dos-avec-cordon-evergreen-non-tisse-recycle-grs-de-5l\/#breadcrumb","itemListElement":[{"@type":"ListItem","position":1,"name":"Accueil","item":"https:\/\/perle-in.com\/"},{"@type":"ListItem","position":2,"name":"Boutique","item":"https:\/\/perle-in.com\/boutique\/"},{"@type":"ListItem","position":3,"name":"Sac \u00e0 dos avec cordon Evergreen non tiss\u00e9 recycl\u00e9 GRS de 5L"}]},{"@type":"WebSite","@id":"https:\/\/perle-in.com\/#website","url":"https:\/\/perle-in.com\/","name":"PERLE IN","description":"","publisher":{"@id":"https:\/\/perle-in.com\/#organization"},"potentialAction":[{"@type":"SearchAction","target":{"@type":"EntryPoint","urlTemplate":"https:\/\/perle-in.com\/?s={search_term_string}"},"query-input":{"@type":"PropertyValueSpecification","valueRequired":true,"valueName":"search_term_string"}}],"inLanguage":"en-CA"},{"@type":"Organization","@id":"https:\/\/perle-in.com\/#organization","name":"PERLE IN","url":"https:\/\/perle-in.com\/","logo":{"@type":"ImageObject","inLanguage":"en-CA","@id":"https:\/\/perle-in.com\/#\/schema\/logo\/image\/","url":"https:\/\/perle-in.com\/wp-content\/uploads\/2022\/12\/LOGO-PERLE-IN-COULEUR@3x.webp","contentUrl":"https:\/\/perle-in.com\/wp-content\/uploads\/2022\/12\/LOGO-PERLE-IN-COULEUR@3x.webp","width":1600,"height":490,"caption":"PERLE IN"},"image":{"@id":"https:\/\/perle-in.com\/#\/schema\/logo\/image\/"}}]}},"jetpack_sharing_enabled":true,"_links":{"self":[{"href":"https:\/\/perle-in.com\/en\/wp-json\/wp\/v2\/product\/572660","targetHints":{"allow":["GET"]}}],"collection":[{"href":"https:\/\/perle-in.com\/en\/wp-json\/wp\/v2\/product"}],"about":[{"href":"https:\/\/perle-in.com\/en\/wp-json\/wp\/v2\/types\/product"}],"version-history":[{"count":0,"href":"https:\/\/perle-in.com\/en\/wp-json\/wp\/v2\/product\/572660\/revisions"}],"wp:featuredmedia":[{"embeddable":true,"href":"https:\/\/perle-in.com\/en\/wp-json\/wp\/v2\/media\/572648"}],"wp:attachment":[{"href":"https:\/\/perle-in.com\/en\/wp-json\/wp\/v2\/media?parent=572660"}],"wp:term":[{"taxonomy":"product_brand","embeddable":true,"href":"https:\/\/perle-in.com\/en\/wp-json\/wp\/v2\/product_brand?post=572660"},{"taxonomy":"product_cat","embeddable":true,"href":"https:\/\/perle-in.com\/en\/wp-json\/wp\/v2\/product_cat?post=572660"},{"taxonomy":"product_tag","embeddable":true,"href":"https:\/\/perle-in.com\/en\/wp-json\/wp\/v2\/product_tag?post=572660"}],"curies":[{"name":"wp","href":"https:\/\/api.w.org\/{rel}","templated":true}]}}

Sac à dos avec cordon Evergreen non tissé recyclé GRS de 5L

<p>Fabriqué en RPET non-tissé durable et résistant à la déchirure, le sac avec cordon Evergreen recyclé certifié GRS est une excellente option lorsque l&#8217;on recherche un cadeau facile à utiliser pour promouvoir une marque ou une campagne de marketing. Ce sac léger et économique est doté d&#8217;un cordon de serrage qui permet de le porter facilement à l&#8217;épaule ou en sac à dos. Capacité : 5 litres. Capacité de charge maximale de 5 kg.</p>

<!-- This site is optimized with the Yoast SEO plugin v27.4 - https://yoast.com/product/yoast-seo-wordpress/ -->
<title>Sac à dos avec cordon Evergreen non tissé recyclé GRS de 5L - PERLE IN</title>
<meta name="robots" content="noindex, follow, max-snippet:-1, max-image-preview:large, max-video-preview:-1" />
<meta property="og:locale" content="en_US" />
<meta property="og:type" content="article" />
<meta property="og:title" content="Sac à dos avec cordon Evergreen non tissé recyclé GRS de 5L - PERLE IN" />
<meta property="og:description" content="Fabriqué en RPET non-tissé durable et résistant à la déchirure, le sac avec cordon Evergreen recyclé certifié GRS est une excellente option lorsque l&#039;on recherche un cadeau facile à utiliser pour promouvoir une marque ou une campagne de marketing. Ce sac léger et économique est doté d&#039;un cordon de serrage qui permet de le porter facilement à l&#039;épaule ou en sac à dos. Capacité : 5 litres. Capacité de charge maximale de 5 kg." />
<meta property="og:url" content="https://perle-in.com/en/product/sac-a-dos-avec-cordon-evergreen-non-tisse-recycle-grs-de-5l/" />
<meta property="og:site_name" content="PERLE IN" />
<meta property="article:modified_time" content="2025-10-16T00:00:53+00:00" />
<meta property="og:image" content="https://perle-in.com/wp-content/uploads/2025/10/13008001-1.jpg" />
	<meta property="og:image:width" content="1600" />
	<meta property="og:image:height" content="1600" />
	<meta property="og:image:type" content="image/jpeg" />
<meta name="twitter:card" content="summary_large_image" />
<script type="application/ld+json" class="yoast-schema-graph">{"@context":"https:\/\/schema.org","@graph":[{"@type":"WebPage","@id":"https:\/\/perle-in.com\/produit\/sac-a-dos-avec-cordon-evergreen-non-tisse-recycle-grs-de-5l\/","url":"https:\/\/perle-in.com\/produit\/sac-a-dos-avec-cordon-evergreen-non-tisse-recycle-grs-de-5l\/","name":"Sac à dos avec cordon Evergreen non tissé recyclé GRS de 5L - PERLE IN","isPartOf":{"@id":"https:\/\/perle-in.com\/#website"},"primaryImageOfPage":{"@id":"https:\/\/perle-in.com\/produit\/sac-a-dos-avec-cordon-evergreen-non-tisse-recycle-grs-de-5l\/#primaryimage"},"image":{"@id":"https:\/\/perle-in.com\/produit\/sac-a-dos-avec-cordon-evergreen-non-tisse-recycle-grs-de-5l\/#primaryimage"},"thumbnailUrl":"https:\/\/perle-in.com\/wp-content\/uploads\/2025\/10\/13008001-1.jpg","datePublished":"2025-10-16T00:00:27+00:00","dateModified":"2025-10-16T00:00:53+00:00","breadcrumb":{"@id":"https:\/\/perle-in.com\/produit\/sac-a-dos-avec-cordon-evergreen-non-tisse-recycle-grs-de-5l\/#breadcrumb"},"inLanguage":"en-CA","potentialAction":[{"@type":"ReadAction","target":["https:\/\/perle-in.com\/produit\/sac-a-dos-avec-cordon-evergreen-non-tisse-recycle-grs-de-5l\/"]}]},{"@type":"ImageObject","inLanguage":"en-CA","@id":"https:\/\/perle-in.com\/produit\/sac-a-dos-avec-cordon-evergreen-non-tisse-recycle-grs-de-5l\/#primaryimage","url":"https:\/\/perle-in.com\/wp-content\/uploads\/2025\/10\/13008001-1.jpg","contentUrl":"https:\/\/perle-in.com\/wp-content\/uploads\/2025\/10\/13008001-1.jpg","width":1600,"height":1600},{"@type":"BreadcrumbList","@id":"https:\/\/perle-in.com\/produit\/sac-a-dos-avec-cordon-evergreen-non-tisse-recycle-grs-de-5l\/#breadcrumb","itemListElement":[{"@type":"ListItem","position":1,"name":"Accueil","item":"https:\/\/perle-in.com\/"},{"@type":"ListItem","position":2,"name":"Boutique","item":"https:\/\/perle-in.com\/boutique\/"},{"@type":"ListItem","position":3,"name":"Sac à dos avec cordon Evergreen non tissé recyclé GRS de 5L"}]},{"@type":"WebSite","@id":"https:\/\/perle-in.com\/#website","url":"https:\/\/perle-in.com\/","name":"PERLE IN","description":"","publisher":{"@id":"https:\/\/perle-in.com\/#organization"},"potentialAction":[{"@type":"SearchAction","target":{"@type":"EntryPoint","urlTemplate":"https:\/\/perle-in.com\/?s={search_term_string}"},"query-input":{"@type":"PropertyValueSpecification","valueRequired":true,"valueName":"search_term_string"}}],"inLanguage":"en-CA"},{"@type":"Organization","@id":"https:\/\/perle-in.com\/#organization","name":"PERLE IN","url":"https:\/\/perle-in.com\/","logo":{"@type":"ImageObject","inLanguage":"en-CA","@id":"https:\/\/perle-in.com\/#\/schema\/logo\/image\/","url":"https:\/\/perle-in.com\/wp-content\/uploads\/2022\/12\/LOGO-PERLE-IN-COULEUR@3x.webp","contentUrl":"https:\/\/perle-in.com\/wp-content\/uploads\/2022\/12\/LOGO-PERLE-IN-COULEUR@3x.webp","width":1600,"height":490,"caption":"PERLE IN"},"image":{"@id":"https:\/\/perle-in.com\/#\/schema\/logo\/image\/"}}]}</script>
<!-- / Yoast SEO plugin. -->

Sac à dos avec cordon Evergreen non tissé recyclé GRS de 5L - PERLE IN

Fabriqué en RPET non-tissé durable et résistant à la déchirure, le sac avec cordon Evergreen recyclé certifié GRS est une excellente option lorsque l'on recherche un cadeau facile à utiliser pour promouvoir une marque ou une campagne de marketing. Ce sac léger et économique est doté d'un cordon de serrage qui permet de le porter facilement à l'épaule ou en sac à dos. Capacité : 5 litres. Capacité de charge maximale de 5 kg.
