{"id":572383,"date":"2025-10-16T01:45:00","date_gmt":"2025-10-15T23:45:00","guid":{"rendered":"https:\/\/perle-in.com\/produit\/sac-de-voyage-rhine-extensible-recycle-de-35l\/"},"modified":"2025-10-16T01:45:03","modified_gmt":"2025-10-15T23:45:03","slug":"sac-de-voyage-rhine-extensible-recycle-de-35l","status":"publish","type":"product","link":"https:\/\/perle-in.com\/en\/product\/sac-de-voyage-rhine-extensible-recycle-de-35l\/","title":{"rendered":"Sac de voyage Rhine extensible recycl\u00e9 de 35L"},"content":{"rendered":"","protected":false},"excerpt":{"rendered":"<p>Le sac de voyage extensible Rhine se transforme sans effort et avec style en diverses occasions gr\u00e2ce \u00e0 son design \u00e9pur\u00e9 et \u00e0 sa polyvalence. Fabriqu\u00e9 avec du nylon recycl\u00e9 de haute qualit\u00e9, une doublure souple en RPET et des \u00e9l\u00e9ments en cuir PU de premi\u00e8re qualit\u00e9. Le sac de voyage comporte un compartiment principal spacieux avec une grande poche en TPU \u00e9tanche, deux poches, un compartiment d\u00e9di\u00e9 aux chaussures, une poche cach\u00e9e s\u00e9curis\u00e9e au dos (faisant office de sangle de trolley), et des bretelles d\u00e9tachables qui peuvent \u00eatre ajust\u00e9es pour un confort maximal. Ce qui distingue vraiment ce sac de voyage, c&#8217;est sa couche extensible, qui peut atteindre une capacit\u00e9 de 42\u00a0litres. Capacit\u00e9\u00a0: 35-42\u00a0litres. Capacit\u00e9 de charge maximale de 20 kg. Sans PVC.<\/p>","protected":false},"featured_media":572376,"template":"","meta":{"_eb_attr":""},"product_brand":[],"product_cat":[159,1110],"product_tag":[837,2654,3018,836,282,289,203,237,291],"class_list":{"0":"post-572383","1":"product","2":"type-product","3":"status-publish","4":"has-post-thumbnail","6":"product_cat-sacs","7":"product_cat-sacs-de-voyage","8":"product_tag-durable","9":"product_tag-grs","10":"product_tag-marin","11":"product_tag-recycle","12":"product_tag-sac","13":"product_tag-sac-de-voyage","14":"product_tag-sport","15":"product_tag-sports","16":"product_tag-voyage","17":"pa_couleurs-noir","18":"pa_green-points-1931","19":"pa_matiere-nylon-recycle-certifie-grs","21":"first","22":"instock","23":"shipping-taxable","24":"purchasable","25":"product-type-variable"},"yoast_head":"<!-- This site is optimized with the Yoast SEO plugin v27.4 - https:\/\/yoast.com\/product\/yoast-seo-wordpress\/ -->\n<title>Sac de voyage Rhine extensible recycl\u00e9 de 35L - PERLE IN<\/title>\n<meta name=\"robots\" content=\"noindex, follow, max-snippet:-1, max-image-preview:large, max-video-preview:-1\" \/>\n<meta property=\"og:locale\" content=\"en_US\" \/>\n<meta property=\"og:type\" content=\"article\" \/>\n<meta property=\"og:title\" content=\"Sac de voyage Rhine extensible recycl\u00e9 de 35L - PERLE IN\" \/>\n<meta property=\"og:description\" content=\"Le sac de voyage extensible Rhine se transforme sans effort et avec style en diverses occasions gr\u00e2ce \u00e0 son design \u00e9pur\u00e9 et \u00e0 sa polyvalence. Fabriqu\u00e9 avec du nylon recycl\u00e9 de haute qualit\u00e9, une doublure souple en RPET et des \u00e9l\u00e9ments en cuir PU de premi\u00e8re qualit\u00e9. Le sac de voyage comporte un compartiment principal spacieux avec une grande poche en TPU \u00e9tanche, deux poches, un compartiment d\u00e9di\u00e9 aux chaussures, une poche cach\u00e9e s\u00e9curis\u00e9e au dos (faisant office de sangle de trolley), et des bretelles d\u00e9tachables qui peuvent \u00eatre ajust\u00e9es pour un confort maximal. Ce qui distingue vraiment ce sac de voyage, c&#039;est sa couche extensible, qui peut atteindre une capacit\u00e9 de 42\u00a0litres. Capacit\u00e9\u00a0: 35-42\u00a0litres. Capacit\u00e9 de charge maximale de 20 kg. Sans PVC.\" \/>\n<meta property=\"og:url\" content=\"https:\/\/perle-in.com\/en\/product\/sac-de-voyage-rhine-extensible-recycle-de-35l\/\" \/>\n<meta property=\"og:site_name\" content=\"PERLE IN\" \/>\n<meta property=\"article:modified_time\" content=\"2025-10-15T23:45:03+00:00\" \/>\n<meta property=\"og:image\" content=\"https:\/\/perle-in.com\/wp-content\/uploads\/2025\/10\/13008990-1.jpg\" \/>\n\t<meta property=\"og:image:width\" content=\"1600\" \/>\n\t<meta property=\"og:image:height\" content=\"1600\" \/>\n\t<meta property=\"og:image:type\" content=\"image\/jpeg\" \/>\n<meta name=\"twitter:card\" content=\"summary_large_image\" \/>\n<script type=\"application\/ld+json\" class=\"yoast-schema-graph\">{\"@context\":\"https:\\\/\\\/schema.org\",\"@graph\":[{\"@type\":\"WebPage\",\"@id\":\"https:\\\/\\\/perle-in.com\\\/produit\\\/sac-de-voyage-rhine-extensible-recycle-de-35l\\\/\",\"url\":\"https:\\\/\\\/perle-in.com\\\/produit\\\/sac-de-voyage-rhine-extensible-recycle-de-35l\\\/\",\"name\":\"Sac de voyage Rhine extensible recycl\u00e9 de 35L - PERLE IN\",\"isPartOf\":{\"@id\":\"https:\\\/\\\/perle-in.com\\\/#website\"},\"primaryImageOfPage\":{\"@id\":\"https:\\\/\\\/perle-in.com\\\/produit\\\/sac-de-voyage-rhine-extensible-recycle-de-35l\\\/#primaryimage\"},\"image\":{\"@id\":\"https:\\\/\\\/perle-in.com\\\/produit\\\/sac-de-voyage-rhine-extensible-recycle-de-35l\\\/#primaryimage\"},\"thumbnailUrl\":\"https:\\\/\\\/perle-in.com\\\/wp-content\\\/uploads\\\/2025\\\/10\\\/13008990-1.jpg\",\"datePublished\":\"2025-10-15T23:45:00+00:00\",\"dateModified\":\"2025-10-15T23:45:03+00:00\",\"breadcrumb\":{\"@id\":\"https:\\\/\\\/perle-in.com\\\/produit\\\/sac-de-voyage-rhine-extensible-recycle-de-35l\\\/#breadcrumb\"},\"inLanguage\":\"en-CA\",\"potentialAction\":[{\"@type\":\"ReadAction\",\"target\":[\"https:\\\/\\\/perle-in.com\\\/produit\\\/sac-de-voyage-rhine-extensible-recycle-de-35l\\\/\"]}]},{\"@type\":\"ImageObject\",\"inLanguage\":\"en-CA\",\"@id\":\"https:\\\/\\\/perle-in.com\\\/produit\\\/sac-de-voyage-rhine-extensible-recycle-de-35l\\\/#primaryimage\",\"url\":\"https:\\\/\\\/perle-in.com\\\/wp-content\\\/uploads\\\/2025\\\/10\\\/13008990-1.jpg\",\"contentUrl\":\"https:\\\/\\\/perle-in.com\\\/wp-content\\\/uploads\\\/2025\\\/10\\\/13008990-1.jpg\",\"width\":1600,\"height\":1600},{\"@type\":\"BreadcrumbList\",\"@id\":\"https:\\\/\\\/perle-in.com\\\/produit\\\/sac-de-voyage-rhine-extensible-recycle-de-35l\\\/#breadcrumb\",\"itemListElement\":[{\"@type\":\"ListItem\",\"position\":1,\"name\":\"Accueil\",\"item\":\"https:\\\/\\\/perle-in.com\\\/\"},{\"@type\":\"ListItem\",\"position\":2,\"name\":\"Boutique\",\"item\":\"https:\\\/\\\/perle-in.com\\\/boutique\\\/\"},{\"@type\":\"ListItem\",\"position\":3,\"name\":\"Sac de voyage Rhine extensible recycl\u00e9 de 35L\"}]},{\"@type\":\"WebSite\",\"@id\":\"https:\\\/\\\/perle-in.com\\\/#website\",\"url\":\"https:\\\/\\\/perle-in.com\\\/\",\"name\":\"PERLE IN\",\"description\":\"\",\"publisher\":{\"@id\":\"https:\\\/\\\/perle-in.com\\\/#organization\"},\"potentialAction\":[{\"@type\":\"SearchAction\",\"target\":{\"@type\":\"EntryPoint\",\"urlTemplate\":\"https:\\\/\\\/perle-in.com\\\/?s={search_term_string}\"},\"query-input\":{\"@type\":\"PropertyValueSpecification\",\"valueRequired\":true,\"valueName\":\"search_term_string\"}}],\"inLanguage\":\"en-CA\"},{\"@type\":\"Organization\",\"@id\":\"https:\\\/\\\/perle-in.com\\\/#organization\",\"name\":\"PERLE IN\",\"url\":\"https:\\\/\\\/perle-in.com\\\/\",\"logo\":{\"@type\":\"ImageObject\",\"inLanguage\":\"en-CA\",\"@id\":\"https:\\\/\\\/perle-in.com\\\/#\\\/schema\\\/logo\\\/image\\\/\",\"url\":\"https:\\\/\\\/perle-in.com\\\/wp-content\\\/uploads\\\/2022\\\/12\\\/LOGO-PERLE-IN-COULEUR@3x.webp\",\"contentUrl\":\"https:\\\/\\\/perle-in.com\\\/wp-content\\\/uploads\\\/2022\\\/12\\\/LOGO-PERLE-IN-COULEUR@3x.webp\",\"width\":1600,\"height\":490,\"caption\":\"PERLE IN\"},\"image\":{\"@id\":\"https:\\\/\\\/perle-in.com\\\/#\\\/schema\\\/logo\\\/image\\\/\"}}]}<\/script>\n<!-- \/ Yoast SEO plugin. -->","yoast_head_json":{"title":"Sac de voyage Rhine extensible recycl\u00e9 de 35L - PERLE IN","robots":{"index":"noindex","follow":"follow","max-snippet":"max-snippet:-1","max-image-preview":"max-image-preview:large","max-video-preview":"max-video-preview:-1"},"og_locale":"en_US","og_type":"article","og_title":"Sac de voyage Rhine extensible recycl\u00e9 de 35L - PERLE IN","og_description":"Le sac de voyage extensible Rhine se transforme sans effort et avec style en diverses occasions gr\u00e2ce \u00e0 son design \u00e9pur\u00e9 et \u00e0 sa polyvalence. Fabriqu\u00e9 avec du nylon recycl\u00e9 de haute qualit\u00e9, une doublure souple en RPET et des \u00e9l\u00e9ments en cuir PU de premi\u00e8re qualit\u00e9. Le sac de voyage comporte un compartiment principal spacieux avec une grande poche en TPU \u00e9tanche, deux poches, un compartiment d\u00e9di\u00e9 aux chaussures, une poche cach\u00e9e s\u00e9curis\u00e9e au dos (faisant office de sangle de trolley), et des bretelles d\u00e9tachables qui peuvent \u00eatre ajust\u00e9es pour un confort maximal. Ce qui distingue vraiment ce sac de voyage, c'est sa couche extensible, qui peut atteindre une capacit\u00e9 de 42\u00a0litres. Capacit\u00e9\u00a0: 35-42\u00a0litres. Capacit\u00e9 de charge maximale de 20 kg. Sans PVC.","og_url":"https:\/\/perle-in.com\/en\/product\/sac-de-voyage-rhine-extensible-recycle-de-35l\/","og_site_name":"PERLE IN","article_modified_time":"2025-10-15T23:45:03+00:00","og_image":[{"width":1600,"height":1600,"url":"https:\/\/perle-in.com\/wp-content\/uploads\/2025\/10\/13008990-1.jpg","type":"image\/jpeg"}],"twitter_card":"summary_large_image","schema":{"@context":"https:\/\/schema.org","@graph":[{"@type":"WebPage","@id":"https:\/\/perle-in.com\/produit\/sac-de-voyage-rhine-extensible-recycle-de-35l\/","url":"https:\/\/perle-in.com\/produit\/sac-de-voyage-rhine-extensible-recycle-de-35l\/","name":"Sac de voyage Rhine extensible recycl\u00e9 de 35L - PERLE IN","isPartOf":{"@id":"https:\/\/perle-in.com\/#website"},"primaryImageOfPage":{"@id":"https:\/\/perle-in.com\/produit\/sac-de-voyage-rhine-extensible-recycle-de-35l\/#primaryimage"},"image":{"@id":"https:\/\/perle-in.com\/produit\/sac-de-voyage-rhine-extensible-recycle-de-35l\/#primaryimage"},"thumbnailUrl":"https:\/\/perle-in.com\/wp-content\/uploads\/2025\/10\/13008990-1.jpg","datePublished":"2025-10-15T23:45:00+00:00","dateModified":"2025-10-15T23:45:03+00:00","breadcrumb":{"@id":"https:\/\/perle-in.com\/produit\/sac-de-voyage-rhine-extensible-recycle-de-35l\/#breadcrumb"},"inLanguage":"en-CA","potentialAction":[{"@type":"ReadAction","target":["https:\/\/perle-in.com\/produit\/sac-de-voyage-rhine-extensible-recycle-de-35l\/"]}]},{"@type":"ImageObject","inLanguage":"en-CA","@id":"https:\/\/perle-in.com\/produit\/sac-de-voyage-rhine-extensible-recycle-de-35l\/#primaryimage","url":"https:\/\/perle-in.com\/wp-content\/uploads\/2025\/10\/13008990-1.jpg","contentUrl":"https:\/\/perle-in.com\/wp-content\/uploads\/2025\/10\/13008990-1.jpg","width":1600,"height":1600},{"@type":"BreadcrumbList","@id":"https:\/\/perle-in.com\/produit\/sac-de-voyage-rhine-extensible-recycle-de-35l\/#breadcrumb","itemListElement":[{"@type":"ListItem","position":1,"name":"Accueil","item":"https:\/\/perle-in.com\/"},{"@type":"ListItem","position":2,"name":"Boutique","item":"https:\/\/perle-in.com\/boutique\/"},{"@type":"ListItem","position":3,"name":"Sac de voyage Rhine extensible recycl\u00e9 de 35L"}]},{"@type":"WebSite","@id":"https:\/\/perle-in.com\/#website","url":"https:\/\/perle-in.com\/","name":"PERLE IN","description":"","publisher":{"@id":"https:\/\/perle-in.com\/#organization"},"potentialAction":[{"@type":"SearchAction","target":{"@type":"EntryPoint","urlTemplate":"https:\/\/perle-in.com\/?s={search_term_string}"},"query-input":{"@type":"PropertyValueSpecification","valueRequired":true,"valueName":"search_term_string"}}],"inLanguage":"en-CA"},{"@type":"Organization","@id":"https:\/\/perle-in.com\/#organization","name":"PERLE IN","url":"https:\/\/perle-in.com\/","logo":{"@type":"ImageObject","inLanguage":"en-CA","@id":"https:\/\/perle-in.com\/#\/schema\/logo\/image\/","url":"https:\/\/perle-in.com\/wp-content\/uploads\/2022\/12\/LOGO-PERLE-IN-COULEUR@3x.webp","contentUrl":"https:\/\/perle-in.com\/wp-content\/uploads\/2022\/12\/LOGO-PERLE-IN-COULEUR@3x.webp","width":1600,"height":490,"caption":"PERLE IN"},"image":{"@id":"https:\/\/perle-in.com\/#\/schema\/logo\/image\/"}}]}},"jetpack_sharing_enabled":true,"_links":{"self":[{"href":"https:\/\/perle-in.com\/en\/wp-json\/wp\/v2\/product\/572383","targetHints":{"allow":["GET"]}}],"collection":[{"href":"https:\/\/perle-in.com\/en\/wp-json\/wp\/v2\/product"}],"about":[{"href":"https:\/\/perle-in.com\/en\/wp-json\/wp\/v2\/types\/product"}],"version-history":[{"count":0,"href":"https:\/\/perle-in.com\/en\/wp-json\/wp\/v2\/product\/572383\/revisions"}],"wp:featuredmedia":[{"embeddable":true,"href":"https:\/\/perle-in.com\/en\/wp-json\/wp\/v2\/media\/572376"}],"wp:attachment":[{"href":"https:\/\/perle-in.com\/en\/wp-json\/wp\/v2\/media?parent=572383"}],"wp:term":[{"taxonomy":"product_brand","embeddable":true,"href":"https:\/\/perle-in.com\/en\/wp-json\/wp\/v2\/product_brand?post=572383"},{"taxonomy":"product_cat","embeddable":true,"href":"https:\/\/perle-in.com\/en\/wp-json\/wp\/v2\/product_cat?post=572383"},{"taxonomy":"product_tag","embeddable":true,"href":"https:\/\/perle-in.com\/en\/wp-json\/wp\/v2\/product_tag?post=572383"}],"curies":[{"name":"wp","href":"https:\/\/api.w.org\/{rel}","templated":true}]}}

Sac de voyage Rhine extensible recyclé de 35L

<p>Le sac de voyage extensible Rhine se transforme sans effort et avec style en diverses occasions grâce à son design épuré et à sa polyvalence. Fabriqué avec du nylon recyclé de haute qualité, une doublure souple en RPET et des éléments en cuir PU de première qualité. Le sac de voyage comporte un compartiment principal spacieux avec une grande poche en TPU étanche, deux poches, un compartiment dédié aux chaussures, une poche cachée sécurisée au dos (faisant office de sangle de trolley), et des bretelles détachables qui peuvent être ajustées pour un confort maximal. Ce qui distingue vraiment ce sac de voyage, c&#8217;est sa couche extensible, qui peut atteindre une capacité de 42 litres. Capacité : 35-42 litres. Capacité de charge maximale de 20 kg. Sans PVC.</p>

<!-- This site is optimized with the Yoast SEO plugin v27.4 - https://yoast.com/product/yoast-seo-wordpress/ -->
<title>Sac de voyage Rhine extensible recyclé de 35L - PERLE IN</title>
<meta name="robots" content="noindex, follow, max-snippet:-1, max-image-preview:large, max-video-preview:-1" />
<meta property="og:locale" content="en_US" />
<meta property="og:type" content="article" />
<meta property="og:title" content="Sac de voyage Rhine extensible recyclé de 35L - PERLE IN" />
<meta property="og:description" content="Le sac de voyage extensible Rhine se transforme sans effort et avec style en diverses occasions grâce à son design épuré et à sa polyvalence. Fabriqué avec du nylon recyclé de haute qualité, une doublure souple en RPET et des éléments en cuir PU de première qualité. Le sac de voyage comporte un compartiment principal spacieux avec une grande poche en TPU étanche, deux poches, un compartiment dédié aux chaussures, une poche cachée sécurisée au dos (faisant office de sangle de trolley), et des bretelles détachables qui peuvent être ajustées pour un confort maximal. Ce qui distingue vraiment ce sac de voyage, c&#039;est sa couche extensible, qui peut atteindre une capacité de 42 litres. Capacité : 35-42 litres. Capacité de charge maximale de 20 kg. Sans PVC." />
<meta property="og:url" content="https://perle-in.com/en/product/sac-de-voyage-rhine-extensible-recycle-de-35l/" />
<meta property="og:site_name" content="PERLE IN" />
<meta property="article:modified_time" content="2025-10-15T23:45:03+00:00" />
<meta property="og:image" content="https://perle-in.com/wp-content/uploads/2025/10/13008990-1.jpg" />
	<meta property="og:image:width" content="1600" />
	<meta property="og:image:height" content="1600" />
	<meta property="og:image:type" content="image/jpeg" />
<meta name="twitter:card" content="summary_large_image" />
<script type="application/ld+json" class="yoast-schema-graph">{"@context":"https:\/\/schema.org","@graph":[{"@type":"WebPage","@id":"https:\/\/perle-in.com\/produit\/sac-de-voyage-rhine-extensible-recycle-de-35l\/","url":"https:\/\/perle-in.com\/produit\/sac-de-voyage-rhine-extensible-recycle-de-35l\/","name":"Sac de voyage Rhine extensible recyclé de 35L - PERLE IN","isPartOf":{"@id":"https:\/\/perle-in.com\/#website"},"primaryImageOfPage":{"@id":"https:\/\/perle-in.com\/produit\/sac-de-voyage-rhine-extensible-recycle-de-35l\/#primaryimage"},"image":{"@id":"https:\/\/perle-in.com\/produit\/sac-de-voyage-rhine-extensible-recycle-de-35l\/#primaryimage"},"thumbnailUrl":"https:\/\/perle-in.com\/wp-content\/uploads\/2025\/10\/13008990-1.jpg","datePublished":"2025-10-15T23:45:00+00:00","dateModified":"2025-10-15T23:45:03+00:00","breadcrumb":{"@id":"https:\/\/perle-in.com\/produit\/sac-de-voyage-rhine-extensible-recycle-de-35l\/#breadcrumb"},"inLanguage":"en-CA","potentialAction":[{"@type":"ReadAction","target":["https:\/\/perle-in.com\/produit\/sac-de-voyage-rhine-extensible-recycle-de-35l\/"]}]},{"@type":"ImageObject","inLanguage":"en-CA","@id":"https:\/\/perle-in.com\/produit\/sac-de-voyage-rhine-extensible-recycle-de-35l\/#primaryimage","url":"https:\/\/perle-in.com\/wp-content\/uploads\/2025\/10\/13008990-1.jpg","contentUrl":"https:\/\/perle-in.com\/wp-content\/uploads\/2025\/10\/13008990-1.jpg","width":1600,"height":1600},{"@type":"BreadcrumbList","@id":"https:\/\/perle-in.com\/produit\/sac-de-voyage-rhine-extensible-recycle-de-35l\/#breadcrumb","itemListElement":[{"@type":"ListItem","position":1,"name":"Accueil","item":"https:\/\/perle-in.com\/"},{"@type":"ListItem","position":2,"name":"Boutique","item":"https:\/\/perle-in.com\/boutique\/"},{"@type":"ListItem","position":3,"name":"Sac de voyage Rhine extensible recyclé de 35L"}]},{"@type":"WebSite","@id":"https:\/\/perle-in.com\/#website","url":"https:\/\/perle-in.com\/","name":"PERLE IN","description":"","publisher":{"@id":"https:\/\/perle-in.com\/#organization"},"potentialAction":[{"@type":"SearchAction","target":{"@type":"EntryPoint","urlTemplate":"https:\/\/perle-in.com\/?s={search_term_string}"},"query-input":{"@type":"PropertyValueSpecification","valueRequired":true,"valueName":"search_term_string"}}],"inLanguage":"en-CA"},{"@type":"Organization","@id":"https:\/\/perle-in.com\/#organization","name":"PERLE IN","url":"https:\/\/perle-in.com\/","logo":{"@type":"ImageObject","inLanguage":"en-CA","@id":"https:\/\/perle-in.com\/#\/schema\/logo\/image\/","url":"https:\/\/perle-in.com\/wp-content\/uploads\/2022\/12\/LOGO-PERLE-IN-COULEUR@3x.webp","contentUrl":"https:\/\/perle-in.com\/wp-content\/uploads\/2022\/12\/LOGO-PERLE-IN-COULEUR@3x.webp","width":1600,"height":490,"caption":"PERLE IN"},"image":{"@id":"https:\/\/perle-in.com\/#\/schema\/logo\/image\/"}}]}</script>
<!-- / Yoast SEO plugin. -->

Sac de voyage Rhine extensible recyclé de 35L - PERLE IN

Le sac de voyage extensible Rhine se transforme sans effort et avec style en diverses occasions grâce à son design épuré et à sa polyvalence. Fabriqué avec du nylon recyclé de haute qualité, une doublure souple en RPET et des éléments en cuir PU de première qualité. Le sac de voyage comporte un compartiment principal spacieux avec une grande poche en TPU étanche, deux poches, un compartiment dédié aux chaussures, une poche cachée sécurisée au dos (faisant office de sangle de trolley), et des bretelles détachables qui peuvent être ajustées pour un confort maximal. Ce qui distingue vraiment ce sac de voyage, c'est sa couche extensible, qui peut atteindre une capacité de 42 litres. Capacité : 35-42 litres. Capacité de charge maximale de 20 kg. Sans PVC.
