{"id":569319,"date":"2025-10-15T23:56:20","date_gmt":"2025-10-15T21:56:20","guid":{"rendered":"https:\/\/perle-in.com\/produit\/porte-documents-a5-recycle-certifie-rcs-andean\/"},"modified":"2025-10-15T23:56:22","modified_gmt":"2025-10-15T21:56:22","slug":"porte-documents-a5-recycle-certifie-rcs-andean","status":"publish","type":"product","link":"https:\/\/perle-in.com\/en\/product\/porte-documents-a5-recycle-certifie-rcs-andean\/","title":{"rendered":"Porte-documents A5 recycl\u00e9 certifi\u00e9 RCS Andean"},"content":{"rendered":"","protected":false},"excerpt":{"rendered":"<p>Le portfolio A5 Andean est en partie fabriqu\u00e9 \u00e0 partir de polyester recycl\u00e9 post-consommation certifi\u00e9 RCS, offrant une alternative plus durable en r\u00e9duisant la d\u00e9pendance aux mat\u00e9riaux vierges. Con\u00e7u avec une \u00e9l\u00e9gante couverture rigide grise aux coins arrondis et \u00e0 la technologie de soudure de pr\u00e9cision, il est s\u00e9curis\u00e9 par une fermeture magn\u00e9tique accentu\u00e9e par un d\u00e9tail raffin\u00e9 en bois de noyer, ajoutant une touche moderne et sophistiqu\u00e9e. \u00c0 l\u2019int\u00e9rieur, vous trouverez un carnet \u00e0 couverture souple amovible compos\u00e9 de 64\u00a0feuilles lign\u00e9es de couleur cr\u00e8me, fabriqu\u00e9es \u00e0 partir de papier 80\u00a0g\/m\u00b2 issu de sources responsables. Pr\u00e9sent\u00e9 dans une pochette en papier de couleur kraft.<\/p>","protected":false},"featured_media":569311,"template":"","meta":{"_eb_attr":""},"product_brand":[],"product_cat":[4196,1226],"product_tag":[1513,3821,594,2016,3820],"class_list":{"0":"post-569319","1":"product","2":"type-product","3":"status-publish","4":"has-post-thumbnail","6":"product_cat-blocs-notes-et-papeterie-personnalisee","7":"product_cat-porte-documents","8":"product_tag-carnet","9":"product_tag-dossier","10":"product_tag-notes","11":"product_tag-organisateur","12":"product_tag-portfolio","13":"pa_couleurs-gris","14":"pa_green-points-1501","15":"pa_matiere-papier-certifie-fsc-pet-polyester-recycle","17":"first","18":"instock","19":"shipping-taxable","20":"purchasable","21":"product-type-variable"},"yoast_head":"<!-- This site is optimized with the Yoast SEO plugin v27.4 - https:\/\/yoast.com\/product\/yoast-seo-wordpress\/ -->\n<title>Porte-documents A5 recycl\u00e9 certifi\u00e9 RCS Andean - PERLE IN<\/title>\n<meta name=\"robots\" content=\"noindex, follow, max-snippet:-1, max-image-preview:large, max-video-preview:-1\" \/>\n<meta property=\"og:locale\" content=\"en_US\" \/>\n<meta property=\"og:type\" content=\"article\" \/>\n<meta property=\"og:title\" content=\"Porte-documents A5 recycl\u00e9 certifi\u00e9 RCS Andean - PERLE IN\" \/>\n<meta property=\"og:description\" content=\"Le portfolio A5 Andean est en partie fabriqu\u00e9 \u00e0 partir de polyester recycl\u00e9 post-consommation certifi\u00e9 RCS, offrant une alternative plus durable en r\u00e9duisant la d\u00e9pendance aux mat\u00e9riaux vierges. Con\u00e7u avec une \u00e9l\u00e9gante couverture rigide grise aux coins arrondis et \u00e0 la technologie de soudure de pr\u00e9cision, il est s\u00e9curis\u00e9 par une fermeture magn\u00e9tique accentu\u00e9e par un d\u00e9tail raffin\u00e9 en bois de noyer, ajoutant une touche moderne et sophistiqu\u00e9e. \u00c0 l\u2019int\u00e9rieur, vous trouverez un carnet \u00e0 couverture souple amovible compos\u00e9 de 64\u00a0feuilles lign\u00e9es de couleur cr\u00e8me, fabriqu\u00e9es \u00e0 partir de papier 80\u00a0g\/m\u00b2 issu de sources responsables. Pr\u00e9sent\u00e9 dans une pochette en papier de couleur kraft.\" \/>\n<meta property=\"og:url\" content=\"https:\/\/perle-in.com\/en\/product\/porte-documents-a5-recycle-certifie-rcs-andean\/\" \/>\n<meta property=\"og:site_name\" content=\"PERLE IN\" \/>\n<meta property=\"article:modified_time\" content=\"2025-10-15T21:56:22+00:00\" \/>\n<meta property=\"og:image\" content=\"https:\/\/perle-in.com\/wp-content\/uploads\/2025\/10\/10799382-1.jpg\" \/>\n\t<meta property=\"og:image:width\" content=\"1600\" \/>\n\t<meta property=\"og:image:height\" content=\"1600\" \/>\n\t<meta property=\"og:image:type\" content=\"image\/jpeg\" \/>\n<meta name=\"twitter:card\" content=\"summary_large_image\" \/>\n<script type=\"application\/ld+json\" class=\"yoast-schema-graph\">{\"@context\":\"https:\\\/\\\/schema.org\",\"@graph\":[{\"@type\":\"WebPage\",\"@id\":\"https:\\\/\\\/perle-in.com\\\/produit\\\/porte-documents-a5-recycle-certifie-rcs-andean\\\/\",\"url\":\"https:\\\/\\\/perle-in.com\\\/produit\\\/porte-documents-a5-recycle-certifie-rcs-andean\\\/\",\"name\":\"Porte-documents A5 recycl\u00e9 certifi\u00e9 RCS Andean - PERLE IN\",\"isPartOf\":{\"@id\":\"https:\\\/\\\/perle-in.com\\\/#website\"},\"primaryImageOfPage\":{\"@id\":\"https:\\\/\\\/perle-in.com\\\/produit\\\/porte-documents-a5-recycle-certifie-rcs-andean\\\/#primaryimage\"},\"image\":{\"@id\":\"https:\\\/\\\/perle-in.com\\\/produit\\\/porte-documents-a5-recycle-certifie-rcs-andean\\\/#primaryimage\"},\"thumbnailUrl\":\"https:\\\/\\\/perle-in.com\\\/wp-content\\\/uploads\\\/2025\\\/10\\\/10799382-1.jpg\",\"datePublished\":\"2025-10-15T21:56:20+00:00\",\"dateModified\":\"2025-10-15T21:56:22+00:00\",\"breadcrumb\":{\"@id\":\"https:\\\/\\\/perle-in.com\\\/produit\\\/porte-documents-a5-recycle-certifie-rcs-andean\\\/#breadcrumb\"},\"inLanguage\":\"en-CA\",\"potentialAction\":[{\"@type\":\"ReadAction\",\"target\":[\"https:\\\/\\\/perle-in.com\\\/produit\\\/porte-documents-a5-recycle-certifie-rcs-andean\\\/\"]}]},{\"@type\":\"ImageObject\",\"inLanguage\":\"en-CA\",\"@id\":\"https:\\\/\\\/perle-in.com\\\/produit\\\/porte-documents-a5-recycle-certifie-rcs-andean\\\/#primaryimage\",\"url\":\"https:\\\/\\\/perle-in.com\\\/wp-content\\\/uploads\\\/2025\\\/10\\\/10799382-1.jpg\",\"contentUrl\":\"https:\\\/\\\/perle-in.com\\\/wp-content\\\/uploads\\\/2025\\\/10\\\/10799382-1.jpg\",\"width\":1600,\"height\":1600},{\"@type\":\"BreadcrumbList\",\"@id\":\"https:\\\/\\\/perle-in.com\\\/produit\\\/porte-documents-a5-recycle-certifie-rcs-andean\\\/#breadcrumb\",\"itemListElement\":[{\"@type\":\"ListItem\",\"position\":1,\"name\":\"Accueil\",\"item\":\"https:\\\/\\\/perle-in.com\\\/\"},{\"@type\":\"ListItem\",\"position\":2,\"name\":\"Boutique\",\"item\":\"https:\\\/\\\/perle-in.com\\\/boutique\\\/\"},{\"@type\":\"ListItem\",\"position\":3,\"name\":\"Porte-documents A5 recycl\u00e9 certifi\u00e9 RCS Andean\"}]},{\"@type\":\"WebSite\",\"@id\":\"https:\\\/\\\/perle-in.com\\\/#website\",\"url\":\"https:\\\/\\\/perle-in.com\\\/\",\"name\":\"PERLE IN\",\"description\":\"\",\"publisher\":{\"@id\":\"https:\\\/\\\/perle-in.com\\\/#organization\"},\"potentialAction\":[{\"@type\":\"SearchAction\",\"target\":{\"@type\":\"EntryPoint\",\"urlTemplate\":\"https:\\\/\\\/perle-in.com\\\/?s={search_term_string}\"},\"query-input\":{\"@type\":\"PropertyValueSpecification\",\"valueRequired\":true,\"valueName\":\"search_term_string\"}}],\"inLanguage\":\"en-CA\"},{\"@type\":\"Organization\",\"@id\":\"https:\\\/\\\/perle-in.com\\\/#organization\",\"name\":\"PERLE IN\",\"url\":\"https:\\\/\\\/perle-in.com\\\/\",\"logo\":{\"@type\":\"ImageObject\",\"inLanguage\":\"en-CA\",\"@id\":\"https:\\\/\\\/perle-in.com\\\/#\\\/schema\\\/logo\\\/image\\\/\",\"url\":\"https:\\\/\\\/perle-in.com\\\/wp-content\\\/uploads\\\/2022\\\/12\\\/LOGO-PERLE-IN-COULEUR@3x.webp\",\"contentUrl\":\"https:\\\/\\\/perle-in.com\\\/wp-content\\\/uploads\\\/2022\\\/12\\\/LOGO-PERLE-IN-COULEUR@3x.webp\",\"width\":1600,\"height\":490,\"caption\":\"PERLE IN\"},\"image\":{\"@id\":\"https:\\\/\\\/perle-in.com\\\/#\\\/schema\\\/logo\\\/image\\\/\"}}]}<\/script>\n<!-- \/ Yoast SEO plugin. -->","yoast_head_json":{"title":"Porte-documents A5 recycl\u00e9 certifi\u00e9 RCS Andean - PERLE IN","robots":{"index":"noindex","follow":"follow","max-snippet":"max-snippet:-1","max-image-preview":"max-image-preview:large","max-video-preview":"max-video-preview:-1"},"og_locale":"en_US","og_type":"article","og_title":"Porte-documents A5 recycl\u00e9 certifi\u00e9 RCS Andean - PERLE IN","og_description":"Le portfolio A5 Andean est en partie fabriqu\u00e9 \u00e0 partir de polyester recycl\u00e9 post-consommation certifi\u00e9 RCS, offrant une alternative plus durable en r\u00e9duisant la d\u00e9pendance aux mat\u00e9riaux vierges. Con\u00e7u avec une \u00e9l\u00e9gante couverture rigide grise aux coins arrondis et \u00e0 la technologie de soudure de pr\u00e9cision, il est s\u00e9curis\u00e9 par une fermeture magn\u00e9tique accentu\u00e9e par un d\u00e9tail raffin\u00e9 en bois de noyer, ajoutant une touche moderne et sophistiqu\u00e9e. \u00c0 l\u2019int\u00e9rieur, vous trouverez un carnet \u00e0 couverture souple amovible compos\u00e9 de 64\u00a0feuilles lign\u00e9es de couleur cr\u00e8me, fabriqu\u00e9es \u00e0 partir de papier 80\u00a0g\/m\u00b2 issu de sources responsables. Pr\u00e9sent\u00e9 dans une pochette en papier de couleur kraft.","og_url":"https:\/\/perle-in.com\/en\/product\/porte-documents-a5-recycle-certifie-rcs-andean\/","og_site_name":"PERLE IN","article_modified_time":"2025-10-15T21:56:22+00:00","og_image":[{"width":1600,"height":1600,"url":"https:\/\/perle-in.com\/wp-content\/uploads\/2025\/10\/10799382-1.jpg","type":"image\/jpeg"}],"twitter_card":"summary_large_image","schema":{"@context":"https:\/\/schema.org","@graph":[{"@type":"WebPage","@id":"https:\/\/perle-in.com\/produit\/porte-documents-a5-recycle-certifie-rcs-andean\/","url":"https:\/\/perle-in.com\/produit\/porte-documents-a5-recycle-certifie-rcs-andean\/","name":"Porte-documents A5 recycl\u00e9 certifi\u00e9 RCS Andean - PERLE IN","isPartOf":{"@id":"https:\/\/perle-in.com\/#website"},"primaryImageOfPage":{"@id":"https:\/\/perle-in.com\/produit\/porte-documents-a5-recycle-certifie-rcs-andean\/#primaryimage"},"image":{"@id":"https:\/\/perle-in.com\/produit\/porte-documents-a5-recycle-certifie-rcs-andean\/#primaryimage"},"thumbnailUrl":"https:\/\/perle-in.com\/wp-content\/uploads\/2025\/10\/10799382-1.jpg","datePublished":"2025-10-15T21:56:20+00:00","dateModified":"2025-10-15T21:56:22+00:00","breadcrumb":{"@id":"https:\/\/perle-in.com\/produit\/porte-documents-a5-recycle-certifie-rcs-andean\/#breadcrumb"},"inLanguage":"en-CA","potentialAction":[{"@type":"ReadAction","target":["https:\/\/perle-in.com\/produit\/porte-documents-a5-recycle-certifie-rcs-andean\/"]}]},{"@type":"ImageObject","inLanguage":"en-CA","@id":"https:\/\/perle-in.com\/produit\/porte-documents-a5-recycle-certifie-rcs-andean\/#primaryimage","url":"https:\/\/perle-in.com\/wp-content\/uploads\/2025\/10\/10799382-1.jpg","contentUrl":"https:\/\/perle-in.com\/wp-content\/uploads\/2025\/10\/10799382-1.jpg","width":1600,"height":1600},{"@type":"BreadcrumbList","@id":"https:\/\/perle-in.com\/produit\/porte-documents-a5-recycle-certifie-rcs-andean\/#breadcrumb","itemListElement":[{"@type":"ListItem","position":1,"name":"Accueil","item":"https:\/\/perle-in.com\/"},{"@type":"ListItem","position":2,"name":"Boutique","item":"https:\/\/perle-in.com\/boutique\/"},{"@type":"ListItem","position":3,"name":"Porte-documents A5 recycl\u00e9 certifi\u00e9 RCS Andean"}]},{"@type":"WebSite","@id":"https:\/\/perle-in.com\/#website","url":"https:\/\/perle-in.com\/","name":"PERLE IN","description":"","publisher":{"@id":"https:\/\/perle-in.com\/#organization"},"potentialAction":[{"@type":"SearchAction","target":{"@type":"EntryPoint","urlTemplate":"https:\/\/perle-in.com\/?s={search_term_string}"},"query-input":{"@type":"PropertyValueSpecification","valueRequired":true,"valueName":"search_term_string"}}],"inLanguage":"en-CA"},{"@type":"Organization","@id":"https:\/\/perle-in.com\/#organization","name":"PERLE IN","url":"https:\/\/perle-in.com\/","logo":{"@type":"ImageObject","inLanguage":"en-CA","@id":"https:\/\/perle-in.com\/#\/schema\/logo\/image\/","url":"https:\/\/perle-in.com\/wp-content\/uploads\/2022\/12\/LOGO-PERLE-IN-COULEUR@3x.webp","contentUrl":"https:\/\/perle-in.com\/wp-content\/uploads\/2022\/12\/LOGO-PERLE-IN-COULEUR@3x.webp","width":1600,"height":490,"caption":"PERLE IN"},"image":{"@id":"https:\/\/perle-in.com\/#\/schema\/logo\/image\/"}}]}},"jetpack_sharing_enabled":true,"_links":{"self":[{"href":"https:\/\/perle-in.com\/en\/wp-json\/wp\/v2\/product\/569319","targetHints":{"allow":["GET"]}}],"collection":[{"href":"https:\/\/perle-in.com\/en\/wp-json\/wp\/v2\/product"}],"about":[{"href":"https:\/\/perle-in.com\/en\/wp-json\/wp\/v2\/types\/product"}],"version-history":[{"count":0,"href":"https:\/\/perle-in.com\/en\/wp-json\/wp\/v2\/product\/569319\/revisions"}],"wp:featuredmedia":[{"embeddable":true,"href":"https:\/\/perle-in.com\/en\/wp-json\/wp\/v2\/media\/569311"}],"wp:attachment":[{"href":"https:\/\/perle-in.com\/en\/wp-json\/wp\/v2\/media?parent=569319"}],"wp:term":[{"taxonomy":"product_brand","embeddable":true,"href":"https:\/\/perle-in.com\/en\/wp-json\/wp\/v2\/product_brand?post=569319"},{"taxonomy":"product_cat","embeddable":true,"href":"https:\/\/perle-in.com\/en\/wp-json\/wp\/v2\/product_cat?post=569319"},{"taxonomy":"product_tag","embeddable":true,"href":"https:\/\/perle-in.com\/en\/wp-json\/wp\/v2\/product_tag?post=569319"}],"curies":[{"name":"wp","href":"https:\/\/api.w.org\/{rel}","templated":true}]}}

Porte-documents A5 recyclé certifié RCS Andean

<p>Le portfolio A5 Andean est en partie fabriqué à partir de polyester recyclé post-consommation certifié RCS, offrant une alternative plus durable en réduisant la dépendance aux matériaux vierges. Conçu avec une élégante couverture rigide grise aux coins arrondis et à la technologie de soudure de précision, il est sécurisé par une fermeture magnétique accentuée par un détail raffiné en bois de noyer, ajoutant une touche moderne et sophistiquée. À l’intérieur, vous trouverez un carnet à couverture souple amovible composé de 64 feuilles lignées de couleur crème, fabriquées à partir de papier 80 g/m² issu de sources responsables. Présenté dans une pochette en papier de couleur kraft.</p>

<!-- This site is optimized with the Yoast SEO plugin v27.4 - https://yoast.com/product/yoast-seo-wordpress/ -->
<title>Porte-documents A5 recyclé certifié RCS Andean - PERLE IN</title>
<meta name="robots" content="noindex, follow, max-snippet:-1, max-image-preview:large, max-video-preview:-1" />
<meta property="og:locale" content="en_US" />
<meta property="og:type" content="article" />
<meta property="og:title" content="Porte-documents A5 recyclé certifié RCS Andean - PERLE IN" />
<meta property="og:description" content="Le portfolio A5 Andean est en partie fabriqué à partir de polyester recyclé post-consommation certifié RCS, offrant une alternative plus durable en réduisant la dépendance aux matériaux vierges. Conçu avec une élégante couverture rigide grise aux coins arrondis et à la technologie de soudure de précision, il est sécurisé par une fermeture magnétique accentuée par un détail raffiné en bois de noyer, ajoutant une touche moderne et sophistiquée. À l’intérieur, vous trouverez un carnet à couverture souple amovible composé de 64 feuilles lignées de couleur crème, fabriquées à partir de papier 80 g/m² issu de sources responsables. Présenté dans une pochette en papier de couleur kraft." />
<meta property="og:url" content="https://perle-in.com/en/product/porte-documents-a5-recycle-certifie-rcs-andean/" />
<meta property="og:site_name" content="PERLE IN" />
<meta property="article:modified_time" content="2025-10-15T21:56:22+00:00" />
<meta property="og:image" content="https://perle-in.com/wp-content/uploads/2025/10/10799382-1.jpg" />
	<meta property="og:image:width" content="1600" />
	<meta property="og:image:height" content="1600" />
	<meta property="og:image:type" content="image/jpeg" />
<meta name="twitter:card" content="summary_large_image" />
<script type="application/ld+json" class="yoast-schema-graph">{"@context":"https:\/\/schema.org","@graph":[{"@type":"WebPage","@id":"https:\/\/perle-in.com\/produit\/porte-documents-a5-recycle-certifie-rcs-andean\/","url":"https:\/\/perle-in.com\/produit\/porte-documents-a5-recycle-certifie-rcs-andean\/","name":"Porte-documents A5 recyclé certifié RCS Andean - PERLE IN","isPartOf":{"@id":"https:\/\/perle-in.com\/#website"},"primaryImageOfPage":{"@id":"https:\/\/perle-in.com\/produit\/porte-documents-a5-recycle-certifie-rcs-andean\/#primaryimage"},"image":{"@id":"https:\/\/perle-in.com\/produit\/porte-documents-a5-recycle-certifie-rcs-andean\/#primaryimage"},"thumbnailUrl":"https:\/\/perle-in.com\/wp-content\/uploads\/2025\/10\/10799382-1.jpg","datePublished":"2025-10-15T21:56:20+00:00","dateModified":"2025-10-15T21:56:22+00:00","breadcrumb":{"@id":"https:\/\/perle-in.com\/produit\/porte-documents-a5-recycle-certifie-rcs-andean\/#breadcrumb"},"inLanguage":"en-CA","potentialAction":[{"@type":"ReadAction","target":["https:\/\/perle-in.com\/produit\/porte-documents-a5-recycle-certifie-rcs-andean\/"]}]},{"@type":"ImageObject","inLanguage":"en-CA","@id":"https:\/\/perle-in.com\/produit\/porte-documents-a5-recycle-certifie-rcs-andean\/#primaryimage","url":"https:\/\/perle-in.com\/wp-content\/uploads\/2025\/10\/10799382-1.jpg","contentUrl":"https:\/\/perle-in.com\/wp-content\/uploads\/2025\/10\/10799382-1.jpg","width":1600,"height":1600},{"@type":"BreadcrumbList","@id":"https:\/\/perle-in.com\/produit\/porte-documents-a5-recycle-certifie-rcs-andean\/#breadcrumb","itemListElement":[{"@type":"ListItem","position":1,"name":"Accueil","item":"https:\/\/perle-in.com\/"},{"@type":"ListItem","position":2,"name":"Boutique","item":"https:\/\/perle-in.com\/boutique\/"},{"@type":"ListItem","position":3,"name":"Porte-documents A5 recyclé certifié RCS Andean"}]},{"@type":"WebSite","@id":"https:\/\/perle-in.com\/#website","url":"https:\/\/perle-in.com\/","name":"PERLE IN","description":"","publisher":{"@id":"https:\/\/perle-in.com\/#organization"},"potentialAction":[{"@type":"SearchAction","target":{"@type":"EntryPoint","urlTemplate":"https:\/\/perle-in.com\/?s={search_term_string}"},"query-input":{"@type":"PropertyValueSpecification","valueRequired":true,"valueName":"search_term_string"}}],"inLanguage":"en-CA"},{"@type":"Organization","@id":"https:\/\/perle-in.com\/#organization","name":"PERLE IN","url":"https:\/\/perle-in.com\/","logo":{"@type":"ImageObject","inLanguage":"en-CA","@id":"https:\/\/perle-in.com\/#\/schema\/logo\/image\/","url":"https:\/\/perle-in.com\/wp-content\/uploads\/2022\/12\/LOGO-PERLE-IN-COULEUR@3x.webp","contentUrl":"https:\/\/perle-in.com\/wp-content\/uploads\/2022\/12\/LOGO-PERLE-IN-COULEUR@3x.webp","width":1600,"height":490,"caption":"PERLE IN"},"image":{"@id":"https:\/\/perle-in.com\/#\/schema\/logo\/image\/"}}]}</script>
<!-- / Yoast SEO plugin. -->

Porte-documents A5 recyclé certifié RCS Andean - PERLE IN

Le portfolio A5 Andean est en partie fabriqué à partir de polyester recyclé post-consommation certifié RCS, offrant une alternative plus durable en réduisant la dépendance aux matériaux vierges. Conçu avec une élégante couverture rigide grise aux coins arrondis et à la technologie de soudure de précision, il est sécurisé par une fermeture magnétique accentuée par un détail raffiné en bois de noyer, ajoutant une touche moderne et sophistiquée. À l’intérieur, vous trouverez un carnet à couverture souple amovible composé de 64 feuilles lignées de couleur crème, fabriquées à partir de papier 80 g/m² issu de sources responsables. Présenté dans une pochette en papier de couleur kraft.
