{"id":565189,"date":"2025-10-15T19:31:47","date_gmt":"2025-10-15T17:31:47","guid":{"rendered":"https:\/\/perle-in.com\/produit\/agenda-l-hebdomadaire-non-date-moleskine-a-couverture-rigide\/"},"modified":"2025-10-15T19:31:48","modified_gmt":"2025-10-15T17:31:48","slug":"agenda-l-hebdomadaire-non-date-moleskine-a-couverture-rigide","status":"publish","type":"product","link":"https:\/\/perle-in.com\/en\/product\/agenda-l-hebdomadaire-non-date-moleskine-a-couverture-rigide\/","title":{"rendered":"Agenda L hebdomadaire non dat\u00e9 Moleskine \u00e0 couverture rigide"},"content":{"rendered":"","protected":false},"excerpt":{"rendered":"<p>L&#8217;agenda non dat\u00e9 Moleskine \u00e0 couverture rigide peut \u00eatre utilis\u00e9 \u00e0 n&#8217;importe quel moment de l&#8217;ann\u00e9e. Un excellent choix pour tous ceux qui recherchent un outil de planification polyvalent et durable. Les espaces r\u00e9serv\u00e9s au mois, \u00e0 la semaine et \u00e0 la date du jour sont vierges, ce qui offre plus de souplesse et de libert\u00e9 qu&#8217;un agenda dat\u00e9. En remplissant les dates vous-m\u00eame, vous \u00e9vitez les blancs et n&#8217;utilisez que les pages dont vous avez besoin. Comprend 12\u00a0intercalaires mensuels personnalisables, cinq semaines non dat\u00e9es par mois, une fermeture \u00e9lastique avec marque-page assorti, un papier 70\u00a0g\/m2 sans acide de couleur ivoire et une pochette int\u00e9rieure extensible.<\/p>","protected":false},"featured_media":565170,"template":"","meta":{"_eb_attr":""},"product_brand":[],"product_cat":[587,4196],"product_tag":[3706,3708,1542],"class_list":{"0":"post-565189","1":"product","2":"type-product","3":"status-publish","4":"has-post-thumbnail","6":"product_cat-bloc-notes-couverture-rigide","7":"product_cat-blocs-notes-et-papeterie-personnalisee","8":"product_tag-agenda","9":"product_tag-calendrier","10":"product_tag-moleskine","11":"pa_couleurs-noir","12":"pa_marque-moleskine","14":"first","15":"instock","16":"shipping-taxable","17":"purchasable","18":"product-type-variable"},"yoast_head":"<!-- This site is optimized with the Yoast SEO plugin v27.4 - https:\/\/yoast.com\/product\/yoast-seo-wordpress\/ -->\n<title>Agenda L hebdomadaire non dat\u00e9 Moleskine \u00e0 couverture rigide - PERLE IN<\/title>\n<meta name=\"robots\" content=\"noindex, follow, max-snippet:-1, max-image-preview:large, max-video-preview:-1\" \/>\n<meta property=\"og:locale\" content=\"en_US\" \/>\n<meta property=\"og:type\" content=\"article\" \/>\n<meta property=\"og:title\" content=\"Agenda L hebdomadaire non dat\u00e9 Moleskine \u00e0 couverture rigide - PERLE IN\" \/>\n<meta property=\"og:description\" content=\"L&#039;agenda non dat\u00e9 Moleskine \u00e0 couverture rigide peut \u00eatre utilis\u00e9 \u00e0 n&#039;importe quel moment de l&#039;ann\u00e9e. Un excellent choix pour tous ceux qui recherchent un outil de planification polyvalent et durable. Les espaces r\u00e9serv\u00e9s au mois, \u00e0 la semaine et \u00e0 la date du jour sont vierges, ce qui offre plus de souplesse et de libert\u00e9 qu&#039;un agenda dat\u00e9. En remplissant les dates vous-m\u00eame, vous \u00e9vitez les blancs et n&#039;utilisez que les pages dont vous avez besoin. Comprend 12\u00a0intercalaires mensuels personnalisables, cinq semaines non dat\u00e9es par mois, une fermeture \u00e9lastique avec marque-page assorti, un papier 70\u00a0g\/m2 sans acide de couleur ivoire et une pochette int\u00e9rieure extensible.\" \/>\n<meta property=\"og:url\" content=\"https:\/\/perle-in.com\/en\/product\/agenda-l-hebdomadaire-non-date-moleskine-a-couverture-rigide\/\" \/>\n<meta property=\"og:site_name\" content=\"PERLE IN\" \/>\n<meta property=\"article:modified_time\" content=\"2025-10-15T17:31:48+00:00\" \/>\n<meta property=\"og:image\" content=\"https:\/\/perle-in.com\/wp-content\/uploads\/2025\/10\/10795290-1.jpg\" \/>\n\t<meta property=\"og:image:width\" content=\"1600\" \/>\n\t<meta property=\"og:image:height\" content=\"1600\" \/>\n\t<meta property=\"og:image:type\" content=\"image\/jpeg\" \/>\n<meta name=\"twitter:card\" content=\"summary_large_image\" \/>\n<script type=\"application\/ld+json\" class=\"yoast-schema-graph\">{\"@context\":\"https:\\\/\\\/schema.org\",\"@graph\":[{\"@type\":\"WebPage\",\"@id\":\"https:\\\/\\\/perle-in.com\\\/produit\\\/agenda-l-hebdomadaire-non-date-moleskine-a-couverture-rigide\\\/\",\"url\":\"https:\\\/\\\/perle-in.com\\\/produit\\\/agenda-l-hebdomadaire-non-date-moleskine-a-couverture-rigide\\\/\",\"name\":\"Agenda L hebdomadaire non dat\u00e9 Moleskine \u00e0 couverture rigide - PERLE IN\",\"isPartOf\":{\"@id\":\"https:\\\/\\\/perle-in.com\\\/#website\"},\"primaryImageOfPage\":{\"@id\":\"https:\\\/\\\/perle-in.com\\\/produit\\\/agenda-l-hebdomadaire-non-date-moleskine-a-couverture-rigide\\\/#primaryimage\"},\"image\":{\"@id\":\"https:\\\/\\\/perle-in.com\\\/produit\\\/agenda-l-hebdomadaire-non-date-moleskine-a-couverture-rigide\\\/#primaryimage\"},\"thumbnailUrl\":\"https:\\\/\\\/perle-in.com\\\/wp-content\\\/uploads\\\/2025\\\/10\\\/10795290-1.jpg\",\"datePublished\":\"2025-10-15T17:31:47+00:00\",\"dateModified\":\"2025-10-15T17:31:48+00:00\",\"breadcrumb\":{\"@id\":\"https:\\\/\\\/perle-in.com\\\/produit\\\/agenda-l-hebdomadaire-non-date-moleskine-a-couverture-rigide\\\/#breadcrumb\"},\"inLanguage\":\"en-CA\",\"potentialAction\":[{\"@type\":\"ReadAction\",\"target\":[\"https:\\\/\\\/perle-in.com\\\/produit\\\/agenda-l-hebdomadaire-non-date-moleskine-a-couverture-rigide\\\/\"]}]},{\"@type\":\"ImageObject\",\"inLanguage\":\"en-CA\",\"@id\":\"https:\\\/\\\/perle-in.com\\\/produit\\\/agenda-l-hebdomadaire-non-date-moleskine-a-couverture-rigide\\\/#primaryimage\",\"url\":\"https:\\\/\\\/perle-in.com\\\/wp-content\\\/uploads\\\/2025\\\/10\\\/10795290-1.jpg\",\"contentUrl\":\"https:\\\/\\\/perle-in.com\\\/wp-content\\\/uploads\\\/2025\\\/10\\\/10795290-1.jpg\",\"width\":1600,\"height\":1600},{\"@type\":\"BreadcrumbList\",\"@id\":\"https:\\\/\\\/perle-in.com\\\/produit\\\/agenda-l-hebdomadaire-non-date-moleskine-a-couverture-rigide\\\/#breadcrumb\",\"itemListElement\":[{\"@type\":\"ListItem\",\"position\":1,\"name\":\"Accueil\",\"item\":\"https:\\\/\\\/perle-in.com\\\/\"},{\"@type\":\"ListItem\",\"position\":2,\"name\":\"Boutique\",\"item\":\"https:\\\/\\\/perle-in.com\\\/boutique\\\/\"},{\"@type\":\"ListItem\",\"position\":3,\"name\":\"Agenda L hebdomadaire non dat\u00e9 Moleskine \u00e0 couverture rigide\"}]},{\"@type\":\"WebSite\",\"@id\":\"https:\\\/\\\/perle-in.com\\\/#website\",\"url\":\"https:\\\/\\\/perle-in.com\\\/\",\"name\":\"PERLE IN\",\"description\":\"\",\"publisher\":{\"@id\":\"https:\\\/\\\/perle-in.com\\\/#organization\"},\"potentialAction\":[{\"@type\":\"SearchAction\",\"target\":{\"@type\":\"EntryPoint\",\"urlTemplate\":\"https:\\\/\\\/perle-in.com\\\/?s={search_term_string}\"},\"query-input\":{\"@type\":\"PropertyValueSpecification\",\"valueRequired\":true,\"valueName\":\"search_term_string\"}}],\"inLanguage\":\"en-CA\"},{\"@type\":\"Organization\",\"@id\":\"https:\\\/\\\/perle-in.com\\\/#organization\",\"name\":\"PERLE IN\",\"url\":\"https:\\\/\\\/perle-in.com\\\/\",\"logo\":{\"@type\":\"ImageObject\",\"inLanguage\":\"en-CA\",\"@id\":\"https:\\\/\\\/perle-in.com\\\/#\\\/schema\\\/logo\\\/image\\\/\",\"url\":\"https:\\\/\\\/perle-in.com\\\/wp-content\\\/uploads\\\/2022\\\/12\\\/LOGO-PERLE-IN-COULEUR@3x.webp\",\"contentUrl\":\"https:\\\/\\\/perle-in.com\\\/wp-content\\\/uploads\\\/2022\\\/12\\\/LOGO-PERLE-IN-COULEUR@3x.webp\",\"width\":1600,\"height\":490,\"caption\":\"PERLE IN\"},\"image\":{\"@id\":\"https:\\\/\\\/perle-in.com\\\/#\\\/schema\\\/logo\\\/image\\\/\"}}]}<\/script>\n<!-- \/ Yoast SEO plugin. -->","yoast_head_json":{"title":"Agenda L hebdomadaire non dat\u00e9 Moleskine \u00e0 couverture rigide - PERLE IN","robots":{"index":"noindex","follow":"follow","max-snippet":"max-snippet:-1","max-image-preview":"max-image-preview:large","max-video-preview":"max-video-preview:-1"},"og_locale":"en_US","og_type":"article","og_title":"Agenda L hebdomadaire non dat\u00e9 Moleskine \u00e0 couverture rigide - PERLE IN","og_description":"L'agenda non dat\u00e9 Moleskine \u00e0 couverture rigide peut \u00eatre utilis\u00e9 \u00e0 n'importe quel moment de l'ann\u00e9e. Un excellent choix pour tous ceux qui recherchent un outil de planification polyvalent et durable. Les espaces r\u00e9serv\u00e9s au mois, \u00e0 la semaine et \u00e0 la date du jour sont vierges, ce qui offre plus de souplesse et de libert\u00e9 qu'un agenda dat\u00e9. En remplissant les dates vous-m\u00eame, vous \u00e9vitez les blancs et n'utilisez que les pages dont vous avez besoin. Comprend 12\u00a0intercalaires mensuels personnalisables, cinq semaines non dat\u00e9es par mois, une fermeture \u00e9lastique avec marque-page assorti, un papier 70\u00a0g\/m2 sans acide de couleur ivoire et une pochette int\u00e9rieure extensible.","og_url":"https:\/\/perle-in.com\/en\/product\/agenda-l-hebdomadaire-non-date-moleskine-a-couverture-rigide\/","og_site_name":"PERLE IN","article_modified_time":"2025-10-15T17:31:48+00:00","og_image":[{"width":1600,"height":1600,"url":"https:\/\/perle-in.com\/wp-content\/uploads\/2025\/10\/10795290-1.jpg","type":"image\/jpeg"}],"twitter_card":"summary_large_image","schema":{"@context":"https:\/\/schema.org","@graph":[{"@type":"WebPage","@id":"https:\/\/perle-in.com\/produit\/agenda-l-hebdomadaire-non-date-moleskine-a-couverture-rigide\/","url":"https:\/\/perle-in.com\/produit\/agenda-l-hebdomadaire-non-date-moleskine-a-couverture-rigide\/","name":"Agenda L hebdomadaire non dat\u00e9 Moleskine \u00e0 couverture rigide - PERLE IN","isPartOf":{"@id":"https:\/\/perle-in.com\/#website"},"primaryImageOfPage":{"@id":"https:\/\/perle-in.com\/produit\/agenda-l-hebdomadaire-non-date-moleskine-a-couverture-rigide\/#primaryimage"},"image":{"@id":"https:\/\/perle-in.com\/produit\/agenda-l-hebdomadaire-non-date-moleskine-a-couverture-rigide\/#primaryimage"},"thumbnailUrl":"https:\/\/perle-in.com\/wp-content\/uploads\/2025\/10\/10795290-1.jpg","datePublished":"2025-10-15T17:31:47+00:00","dateModified":"2025-10-15T17:31:48+00:00","breadcrumb":{"@id":"https:\/\/perle-in.com\/produit\/agenda-l-hebdomadaire-non-date-moleskine-a-couverture-rigide\/#breadcrumb"},"inLanguage":"en-CA","potentialAction":[{"@type":"ReadAction","target":["https:\/\/perle-in.com\/produit\/agenda-l-hebdomadaire-non-date-moleskine-a-couverture-rigide\/"]}]},{"@type":"ImageObject","inLanguage":"en-CA","@id":"https:\/\/perle-in.com\/produit\/agenda-l-hebdomadaire-non-date-moleskine-a-couverture-rigide\/#primaryimage","url":"https:\/\/perle-in.com\/wp-content\/uploads\/2025\/10\/10795290-1.jpg","contentUrl":"https:\/\/perle-in.com\/wp-content\/uploads\/2025\/10\/10795290-1.jpg","width":1600,"height":1600},{"@type":"BreadcrumbList","@id":"https:\/\/perle-in.com\/produit\/agenda-l-hebdomadaire-non-date-moleskine-a-couverture-rigide\/#breadcrumb","itemListElement":[{"@type":"ListItem","position":1,"name":"Accueil","item":"https:\/\/perle-in.com\/"},{"@type":"ListItem","position":2,"name":"Boutique","item":"https:\/\/perle-in.com\/boutique\/"},{"@type":"ListItem","position":3,"name":"Agenda L hebdomadaire non dat\u00e9 Moleskine \u00e0 couverture rigide"}]},{"@type":"WebSite","@id":"https:\/\/perle-in.com\/#website","url":"https:\/\/perle-in.com\/","name":"PERLE IN","description":"","publisher":{"@id":"https:\/\/perle-in.com\/#organization"},"potentialAction":[{"@type":"SearchAction","target":{"@type":"EntryPoint","urlTemplate":"https:\/\/perle-in.com\/?s={search_term_string}"},"query-input":{"@type":"PropertyValueSpecification","valueRequired":true,"valueName":"search_term_string"}}],"inLanguage":"en-CA"},{"@type":"Organization","@id":"https:\/\/perle-in.com\/#organization","name":"PERLE IN","url":"https:\/\/perle-in.com\/","logo":{"@type":"ImageObject","inLanguage":"en-CA","@id":"https:\/\/perle-in.com\/#\/schema\/logo\/image\/","url":"https:\/\/perle-in.com\/wp-content\/uploads\/2022\/12\/LOGO-PERLE-IN-COULEUR@3x.webp","contentUrl":"https:\/\/perle-in.com\/wp-content\/uploads\/2022\/12\/LOGO-PERLE-IN-COULEUR@3x.webp","width":1600,"height":490,"caption":"PERLE IN"},"image":{"@id":"https:\/\/perle-in.com\/#\/schema\/logo\/image\/"}}]}},"jetpack_sharing_enabled":true,"_links":{"self":[{"href":"https:\/\/perle-in.com\/en\/wp-json\/wp\/v2\/product\/565189","targetHints":{"allow":["GET"]}}],"collection":[{"href":"https:\/\/perle-in.com\/en\/wp-json\/wp\/v2\/product"}],"about":[{"href":"https:\/\/perle-in.com\/en\/wp-json\/wp\/v2\/types\/product"}],"version-history":[{"count":0,"href":"https:\/\/perle-in.com\/en\/wp-json\/wp\/v2\/product\/565189\/revisions"}],"wp:featuredmedia":[{"embeddable":true,"href":"https:\/\/perle-in.com\/en\/wp-json\/wp\/v2\/media\/565170"}],"wp:attachment":[{"href":"https:\/\/perle-in.com\/en\/wp-json\/wp\/v2\/media?parent=565189"}],"wp:term":[{"taxonomy":"product_brand","embeddable":true,"href":"https:\/\/perle-in.com\/en\/wp-json\/wp\/v2\/product_brand?post=565189"},{"taxonomy":"product_cat","embeddable":true,"href":"https:\/\/perle-in.com\/en\/wp-json\/wp\/v2\/product_cat?post=565189"},{"taxonomy":"product_tag","embeddable":true,"href":"https:\/\/perle-in.com\/en\/wp-json\/wp\/v2\/product_tag?post=565189"}],"curies":[{"name":"wp","href":"https:\/\/api.w.org\/{rel}","templated":true}]}}

Agenda L hebdomadaire non daté Moleskine à couverture rigide

<p>L&#8217;agenda non daté Moleskine à couverture rigide peut être utilisé à n&#8217;importe quel moment de l&#8217;année. Un excellent choix pour tous ceux qui recherchent un outil de planification polyvalent et durable. Les espaces réservés au mois, à la semaine et à la date du jour sont vierges, ce qui offre plus de souplesse et de liberté qu&#8217;un agenda daté. En remplissant les dates vous-même, vous évitez les blancs et n&#8217;utilisez que les pages dont vous avez besoin. Comprend 12 intercalaires mensuels personnalisables, cinq semaines non datées par mois, une fermeture élastique avec marque-page assorti, un papier 70 g/m2 sans acide de couleur ivoire et une pochette intérieure extensible.</p>

<!-- This site is optimized with the Yoast SEO plugin v27.4 - https://yoast.com/product/yoast-seo-wordpress/ -->
<title>Agenda L hebdomadaire non daté Moleskine à couverture rigide - PERLE IN</title>
<meta name="robots" content="noindex, follow, max-snippet:-1, max-image-preview:large, max-video-preview:-1" />
<meta property="og:locale" content="en_US" />
<meta property="og:type" content="article" />
<meta property="og:title" content="Agenda L hebdomadaire non daté Moleskine à couverture rigide - PERLE IN" />
<meta property="og:description" content="L&#039;agenda non daté Moleskine à couverture rigide peut être utilisé à n&#039;importe quel moment de l&#039;année. Un excellent choix pour tous ceux qui recherchent un outil de planification polyvalent et durable. Les espaces réservés au mois, à la semaine et à la date du jour sont vierges, ce qui offre plus de souplesse et de liberté qu&#039;un agenda daté. En remplissant les dates vous-même, vous évitez les blancs et n&#039;utilisez que les pages dont vous avez besoin. Comprend 12 intercalaires mensuels personnalisables, cinq semaines non datées par mois, une fermeture élastique avec marque-page assorti, un papier 70 g/m2 sans acide de couleur ivoire et une pochette intérieure extensible." />
<meta property="og:url" content="https://perle-in.com/en/product/agenda-l-hebdomadaire-non-date-moleskine-a-couverture-rigide/" />
<meta property="og:site_name" content="PERLE IN" />
<meta property="article:modified_time" content="2025-10-15T17:31:48+00:00" />
<meta property="og:image" content="https://perle-in.com/wp-content/uploads/2025/10/10795290-1.jpg" />
	<meta property="og:image:width" content="1600" />
	<meta property="og:image:height" content="1600" />
	<meta property="og:image:type" content="image/jpeg" />
<meta name="twitter:card" content="summary_large_image" />
<script type="application/ld+json" class="yoast-schema-graph">{"@context":"https:\/\/schema.org","@graph":[{"@type":"WebPage","@id":"https:\/\/perle-in.com\/produit\/agenda-l-hebdomadaire-non-date-moleskine-a-couverture-rigide\/","url":"https:\/\/perle-in.com\/produit\/agenda-l-hebdomadaire-non-date-moleskine-a-couverture-rigide\/","name":"Agenda L hebdomadaire non daté Moleskine à couverture rigide - PERLE IN","isPartOf":{"@id":"https:\/\/perle-in.com\/#website"},"primaryImageOfPage":{"@id":"https:\/\/perle-in.com\/produit\/agenda-l-hebdomadaire-non-date-moleskine-a-couverture-rigide\/#primaryimage"},"image":{"@id":"https:\/\/perle-in.com\/produit\/agenda-l-hebdomadaire-non-date-moleskine-a-couverture-rigide\/#primaryimage"},"thumbnailUrl":"https:\/\/perle-in.com\/wp-content\/uploads\/2025\/10\/10795290-1.jpg","datePublished":"2025-10-15T17:31:47+00:00","dateModified":"2025-10-15T17:31:48+00:00","breadcrumb":{"@id":"https:\/\/perle-in.com\/produit\/agenda-l-hebdomadaire-non-date-moleskine-a-couverture-rigide\/#breadcrumb"},"inLanguage":"en-CA","potentialAction":[{"@type":"ReadAction","target":["https:\/\/perle-in.com\/produit\/agenda-l-hebdomadaire-non-date-moleskine-a-couverture-rigide\/"]}]},{"@type":"ImageObject","inLanguage":"en-CA","@id":"https:\/\/perle-in.com\/produit\/agenda-l-hebdomadaire-non-date-moleskine-a-couverture-rigide\/#primaryimage","url":"https:\/\/perle-in.com\/wp-content\/uploads\/2025\/10\/10795290-1.jpg","contentUrl":"https:\/\/perle-in.com\/wp-content\/uploads\/2025\/10\/10795290-1.jpg","width":1600,"height":1600},{"@type":"BreadcrumbList","@id":"https:\/\/perle-in.com\/produit\/agenda-l-hebdomadaire-non-date-moleskine-a-couverture-rigide\/#breadcrumb","itemListElement":[{"@type":"ListItem","position":1,"name":"Accueil","item":"https:\/\/perle-in.com\/"},{"@type":"ListItem","position":2,"name":"Boutique","item":"https:\/\/perle-in.com\/boutique\/"},{"@type":"ListItem","position":3,"name":"Agenda L hebdomadaire non daté Moleskine à couverture rigide"}]},{"@type":"WebSite","@id":"https:\/\/perle-in.com\/#website","url":"https:\/\/perle-in.com\/","name":"PERLE IN","description":"","publisher":{"@id":"https:\/\/perle-in.com\/#organization"},"potentialAction":[{"@type":"SearchAction","target":{"@type":"EntryPoint","urlTemplate":"https:\/\/perle-in.com\/?s={search_term_string}"},"query-input":{"@type":"PropertyValueSpecification","valueRequired":true,"valueName":"search_term_string"}}],"inLanguage":"en-CA"},{"@type":"Organization","@id":"https:\/\/perle-in.com\/#organization","name":"PERLE IN","url":"https:\/\/perle-in.com\/","logo":{"@type":"ImageObject","inLanguage":"en-CA","@id":"https:\/\/perle-in.com\/#\/schema\/logo\/image\/","url":"https:\/\/perle-in.com\/wp-content\/uploads\/2022\/12\/LOGO-PERLE-IN-COULEUR@3x.webp","contentUrl":"https:\/\/perle-in.com\/wp-content\/uploads\/2022\/12\/LOGO-PERLE-IN-COULEUR@3x.webp","width":1600,"height":490,"caption":"PERLE IN"},"image":{"@id":"https:\/\/perle-in.com\/#\/schema\/logo\/image\/"}}]}</script>
<!-- / Yoast SEO plugin. -->

Agenda L hebdomadaire non daté Moleskine à couverture rigide - PERLE IN

L'agenda non daté Moleskine à couverture rigide peut être utilisé à n'importe quel moment de l'année. Un excellent choix pour tous ceux qui recherchent un outil de planification polyvalent et durable. Les espaces réservés au mois, à la semaine et à la date du jour sont vierges, ce qui offre plus de souplesse et de liberté qu'un agenda daté. En remplissant les dates vous-même, vous évitez les blancs et n'utilisez que les pages dont vous avez besoin. Comprend 12 intercalaires mensuels personnalisables, cinq semaines non datées par mois, une fermeture élastique avec marque-page assorti, un papier 70 g/m2 sans acide de couleur ivoire et une pochette intérieure extensible.
