{"id":564956,"date":"2025-10-15T18:59:28","date_gmt":"2025-10-15T16:59:28","guid":{"rendered":"https:\/\/perle-in.com\/produit\/cadre-photo-numerique-10-prixton-prado-frameo-avec-wi-fi\/"},"modified":"2025-10-15T18:59:30","modified_gmt":"2025-10-15T16:59:30","slug":"cadre-photo-numerique-10-prixton-prado-frameo-avec-wi-fi","status":"publish","type":"product","link":"https:\/\/perle-in.com\/en\/product\/cadre-photo-numerique-10-prixton-prado-frameo-avec-wi-fi\/","title":{"rendered":"Cadre photo num\u00e9rique 10&#8243; Prixton Prado Frameo avec Wi-Fi"},"content":{"rendered":"","protected":false},"excerpt":{"rendered":"<p>Le cadre photo num\u00e9rique Prado re\u00e7oit des photos et des vid\u00e9os envoy\u00e9es via des t\u00e9l\u00e9phones mobiles via l&#8217;application \u00ab\u00a0Frameo\u00a0\u00bb. Vous pouvez ajouter des messages \u00e0 la photo lorsqu&#8217;elle est transf\u00e9r\u00e9e de l&#8217;appareil au cadre. Permet d&#8217;importer des photos \u00e0 partir d&#8217;une carte microSD ou via USB. Il a une vitesse r\u00e9glable et diff\u00e9rents modes d&#8217;affichage de l&#8217;image\u00a0: diaporama, pr\u00e9visualisation, zoom et fonction de rotation. En outre, il a deux trous pour l&#8217;accrocher au mur. \u00c9cran IPS 10&#8243; avec r\u00e9solution 1\u00a0280 x 800 (prend en charge la vid\u00e9o Full HD). 1\u00a0Go de RAM \/ m\u00e9moire interne de 16\u00a0Go. Haut-parleurs 2\u00a0x\u00a02\u00a0W. Application Frameo pr\u00e9install\u00e9e. Entr\u00e9es\u00a0: Mini USB OTG, carte SD\/MMC\/MS.<\/p>","protected":false},"featured_media":564950,"template":"","meta":{"_eb_attr":""},"product_brand":[],"product_cat":[460,150],"product_tag":[],"class_list":{"0":"post-564956","1":"product","2":"type-product","3":"status-publish","4":"has-post-thumbnail","6":"product_cat-accessoires-pour-la-maison","7":"product_cat-maison-et-cuisine","8":"pa_couleurs-blanc","9":"pa_couleurs-noir","11":"first","12":"instock","13":"shipping-taxable","14":"purchasable","15":"product-type-variable"},"yoast_head":"<!-- This site is optimized with the Yoast SEO plugin v27.4 - https:\/\/yoast.com\/product\/yoast-seo-wordpress\/ -->\n<title>Cadre photo num\u00e9rique 10&quot; Prixton Prado Frameo avec Wi-Fi - PERLE IN<\/title>\n<meta name=\"robots\" content=\"noindex, follow, max-snippet:-1, max-image-preview:large, max-video-preview:-1\" \/>\n<meta property=\"og:locale\" content=\"en_US\" \/>\n<meta property=\"og:type\" content=\"article\" \/>\n<meta property=\"og:title\" content=\"Cadre photo num\u00e9rique 10&quot; Prixton Prado Frameo avec Wi-Fi - PERLE IN\" \/>\n<meta property=\"og:description\" content=\"Le cadre photo num\u00e9rique Prado re\u00e7oit des photos et des vid\u00e9os envoy\u00e9es via des t\u00e9l\u00e9phones mobiles via l&#039;application \u00ab\u00a0Frameo\u00a0\u00bb. Vous pouvez ajouter des messages \u00e0 la photo lorsqu&#039;elle est transf\u00e9r\u00e9e de l&#039;appareil au cadre. Permet d&#039;importer des photos \u00e0 partir d&#039;une carte microSD ou via USB. Il a une vitesse r\u00e9glable et diff\u00e9rents modes d&#039;affichage de l&#039;image\u00a0: diaporama, pr\u00e9visualisation, zoom et fonction de rotation. En outre, il a deux trous pour l&#039;accrocher au mur. \u00c9cran IPS 10&quot; avec r\u00e9solution 1\u00a0280 x 800 (prend en charge la vid\u00e9o Full HD). 1\u00a0Go de RAM \/ m\u00e9moire interne de 16\u00a0Go. Haut-parleurs 2\u00a0x\u00a02\u00a0W. Application Frameo pr\u00e9install\u00e9e. Entr\u00e9es\u00a0: Mini USB OTG, carte SD\/MMC\/MS.\" \/>\n<meta property=\"og:url\" content=\"https:\/\/perle-in.com\/en\/product\/cadre-photo-numerique-10-prixton-prado-frameo-avec-wi-fi\/\" \/>\n<meta property=\"og:site_name\" content=\"PERLE IN\" \/>\n<meta property=\"article:modified_time\" content=\"2025-10-15T16:59:30+00:00\" \/>\n<meta property=\"og:image\" content=\"https:\/\/perle-in.com\/wp-content\/uploads\/2025\/10\/2PA13001-1.jpg\" \/>\n\t<meta property=\"og:image:width\" content=\"1600\" \/>\n\t<meta property=\"og:image:height\" content=\"1600\" \/>\n\t<meta property=\"og:image:type\" content=\"image\/jpeg\" \/>\n<meta name=\"twitter:card\" content=\"summary_large_image\" \/>\n<script type=\"application\/ld+json\" class=\"yoast-schema-graph\">{\"@context\":\"https:\\\/\\\/schema.org\",\"@graph\":[{\"@type\":\"WebPage\",\"@id\":\"https:\\\/\\\/perle-in.com\\\/produit\\\/cadre-photo-numerique-10-prixton-prado-frameo-avec-wi-fi\\\/\",\"url\":\"https:\\\/\\\/perle-in.com\\\/produit\\\/cadre-photo-numerique-10-prixton-prado-frameo-avec-wi-fi\\\/\",\"name\":\"Cadre photo num\u00e9rique 10\\\" Prixton Prado Frameo avec Wi-Fi - PERLE IN\",\"isPartOf\":{\"@id\":\"https:\\\/\\\/perle-in.com\\\/#website\"},\"primaryImageOfPage\":{\"@id\":\"https:\\\/\\\/perle-in.com\\\/produit\\\/cadre-photo-numerique-10-prixton-prado-frameo-avec-wi-fi\\\/#primaryimage\"},\"image\":{\"@id\":\"https:\\\/\\\/perle-in.com\\\/produit\\\/cadre-photo-numerique-10-prixton-prado-frameo-avec-wi-fi\\\/#primaryimage\"},\"thumbnailUrl\":\"https:\\\/\\\/perle-in.com\\\/wp-content\\\/uploads\\\/2025\\\/10\\\/2PA13001-1.jpg\",\"datePublished\":\"2025-10-15T16:59:28+00:00\",\"dateModified\":\"2025-10-15T16:59:30+00:00\",\"breadcrumb\":{\"@id\":\"https:\\\/\\\/perle-in.com\\\/produit\\\/cadre-photo-numerique-10-prixton-prado-frameo-avec-wi-fi\\\/#breadcrumb\"},\"inLanguage\":\"en-CA\",\"potentialAction\":[{\"@type\":\"ReadAction\",\"target\":[\"https:\\\/\\\/perle-in.com\\\/produit\\\/cadre-photo-numerique-10-prixton-prado-frameo-avec-wi-fi\\\/\"]}]},{\"@type\":\"ImageObject\",\"inLanguage\":\"en-CA\",\"@id\":\"https:\\\/\\\/perle-in.com\\\/produit\\\/cadre-photo-numerique-10-prixton-prado-frameo-avec-wi-fi\\\/#primaryimage\",\"url\":\"https:\\\/\\\/perle-in.com\\\/wp-content\\\/uploads\\\/2025\\\/10\\\/2PA13001-1.jpg\",\"contentUrl\":\"https:\\\/\\\/perle-in.com\\\/wp-content\\\/uploads\\\/2025\\\/10\\\/2PA13001-1.jpg\",\"width\":1600,\"height\":1600},{\"@type\":\"BreadcrumbList\",\"@id\":\"https:\\\/\\\/perle-in.com\\\/produit\\\/cadre-photo-numerique-10-prixton-prado-frameo-avec-wi-fi\\\/#breadcrumb\",\"itemListElement\":[{\"@type\":\"ListItem\",\"position\":1,\"name\":\"Accueil\",\"item\":\"https:\\\/\\\/perle-in.com\\\/\"},{\"@type\":\"ListItem\",\"position\":2,\"name\":\"Boutique\",\"item\":\"https:\\\/\\\/perle-in.com\\\/boutique\\\/\"},{\"@type\":\"ListItem\",\"position\":3,\"name\":\"Cadre photo num\u00e9rique 10&#8243; Prixton Prado Frameo avec Wi-Fi\"}]},{\"@type\":\"WebSite\",\"@id\":\"https:\\\/\\\/perle-in.com\\\/#website\",\"url\":\"https:\\\/\\\/perle-in.com\\\/\",\"name\":\"PERLE IN\",\"description\":\"\",\"publisher\":{\"@id\":\"https:\\\/\\\/perle-in.com\\\/#organization\"},\"potentialAction\":[{\"@type\":\"SearchAction\",\"target\":{\"@type\":\"EntryPoint\",\"urlTemplate\":\"https:\\\/\\\/perle-in.com\\\/?s={search_term_string}\"},\"query-input\":{\"@type\":\"PropertyValueSpecification\",\"valueRequired\":true,\"valueName\":\"search_term_string\"}}],\"inLanguage\":\"en-CA\"},{\"@type\":\"Organization\",\"@id\":\"https:\\\/\\\/perle-in.com\\\/#organization\",\"name\":\"PERLE IN\",\"url\":\"https:\\\/\\\/perle-in.com\\\/\",\"logo\":{\"@type\":\"ImageObject\",\"inLanguage\":\"en-CA\",\"@id\":\"https:\\\/\\\/perle-in.com\\\/#\\\/schema\\\/logo\\\/image\\\/\",\"url\":\"https:\\\/\\\/perle-in.com\\\/wp-content\\\/uploads\\\/2022\\\/12\\\/LOGO-PERLE-IN-COULEUR@3x.webp\",\"contentUrl\":\"https:\\\/\\\/perle-in.com\\\/wp-content\\\/uploads\\\/2022\\\/12\\\/LOGO-PERLE-IN-COULEUR@3x.webp\",\"width\":1600,\"height\":490,\"caption\":\"PERLE IN\"},\"image\":{\"@id\":\"https:\\\/\\\/perle-in.com\\\/#\\\/schema\\\/logo\\\/image\\\/\"}}]}<\/script>\n<!-- \/ Yoast SEO plugin. -->","yoast_head_json":{"title":"Cadre photo num\u00e9rique 10\" Prixton Prado Frameo avec Wi-Fi - PERLE IN","robots":{"index":"noindex","follow":"follow","max-snippet":"max-snippet:-1","max-image-preview":"max-image-preview:large","max-video-preview":"max-video-preview:-1"},"og_locale":"en_US","og_type":"article","og_title":"Cadre photo num\u00e9rique 10\" Prixton Prado Frameo avec Wi-Fi - PERLE IN","og_description":"Le cadre photo num\u00e9rique Prado re\u00e7oit des photos et des vid\u00e9os envoy\u00e9es via des t\u00e9l\u00e9phones mobiles via l'application \u00ab\u00a0Frameo\u00a0\u00bb. Vous pouvez ajouter des messages \u00e0 la photo lorsqu'elle est transf\u00e9r\u00e9e de l'appareil au cadre. Permet d'importer des photos \u00e0 partir d'une carte microSD ou via USB. Il a une vitesse r\u00e9glable et diff\u00e9rents modes d'affichage de l'image\u00a0: diaporama, pr\u00e9visualisation, zoom et fonction de rotation. En outre, il a deux trous pour l'accrocher au mur. \u00c9cran IPS 10\" avec r\u00e9solution 1\u00a0280 x 800 (prend en charge la vid\u00e9o Full HD). 1\u00a0Go de RAM \/ m\u00e9moire interne de 16\u00a0Go. Haut-parleurs 2\u00a0x\u00a02\u00a0W. Application Frameo pr\u00e9install\u00e9e. Entr\u00e9es\u00a0: Mini USB OTG, carte SD\/MMC\/MS.","og_url":"https:\/\/perle-in.com\/en\/product\/cadre-photo-numerique-10-prixton-prado-frameo-avec-wi-fi\/","og_site_name":"PERLE IN","article_modified_time":"2025-10-15T16:59:30+00:00","og_image":[{"width":1600,"height":1600,"url":"https:\/\/perle-in.com\/wp-content\/uploads\/2025\/10\/2PA13001-1.jpg","type":"image\/jpeg"}],"twitter_card":"summary_large_image","schema":{"@context":"https:\/\/schema.org","@graph":[{"@type":"WebPage","@id":"https:\/\/perle-in.com\/produit\/cadre-photo-numerique-10-prixton-prado-frameo-avec-wi-fi\/","url":"https:\/\/perle-in.com\/produit\/cadre-photo-numerique-10-prixton-prado-frameo-avec-wi-fi\/","name":"Cadre photo num\u00e9rique 10\" Prixton Prado Frameo avec Wi-Fi - PERLE IN","isPartOf":{"@id":"https:\/\/perle-in.com\/#website"},"primaryImageOfPage":{"@id":"https:\/\/perle-in.com\/produit\/cadre-photo-numerique-10-prixton-prado-frameo-avec-wi-fi\/#primaryimage"},"image":{"@id":"https:\/\/perle-in.com\/produit\/cadre-photo-numerique-10-prixton-prado-frameo-avec-wi-fi\/#primaryimage"},"thumbnailUrl":"https:\/\/perle-in.com\/wp-content\/uploads\/2025\/10\/2PA13001-1.jpg","datePublished":"2025-10-15T16:59:28+00:00","dateModified":"2025-10-15T16:59:30+00:00","breadcrumb":{"@id":"https:\/\/perle-in.com\/produit\/cadre-photo-numerique-10-prixton-prado-frameo-avec-wi-fi\/#breadcrumb"},"inLanguage":"en-CA","potentialAction":[{"@type":"ReadAction","target":["https:\/\/perle-in.com\/produit\/cadre-photo-numerique-10-prixton-prado-frameo-avec-wi-fi\/"]}]},{"@type":"ImageObject","inLanguage":"en-CA","@id":"https:\/\/perle-in.com\/produit\/cadre-photo-numerique-10-prixton-prado-frameo-avec-wi-fi\/#primaryimage","url":"https:\/\/perle-in.com\/wp-content\/uploads\/2025\/10\/2PA13001-1.jpg","contentUrl":"https:\/\/perle-in.com\/wp-content\/uploads\/2025\/10\/2PA13001-1.jpg","width":1600,"height":1600},{"@type":"BreadcrumbList","@id":"https:\/\/perle-in.com\/produit\/cadre-photo-numerique-10-prixton-prado-frameo-avec-wi-fi\/#breadcrumb","itemListElement":[{"@type":"ListItem","position":1,"name":"Accueil","item":"https:\/\/perle-in.com\/"},{"@type":"ListItem","position":2,"name":"Boutique","item":"https:\/\/perle-in.com\/boutique\/"},{"@type":"ListItem","position":3,"name":"Cadre photo num\u00e9rique 10&#8243; Prixton Prado Frameo avec Wi-Fi"}]},{"@type":"WebSite","@id":"https:\/\/perle-in.com\/#website","url":"https:\/\/perle-in.com\/","name":"PERLE IN","description":"","publisher":{"@id":"https:\/\/perle-in.com\/#organization"},"potentialAction":[{"@type":"SearchAction","target":{"@type":"EntryPoint","urlTemplate":"https:\/\/perle-in.com\/?s={search_term_string}"},"query-input":{"@type":"PropertyValueSpecification","valueRequired":true,"valueName":"search_term_string"}}],"inLanguage":"en-CA"},{"@type":"Organization","@id":"https:\/\/perle-in.com\/#organization","name":"PERLE IN","url":"https:\/\/perle-in.com\/","logo":{"@type":"ImageObject","inLanguage":"en-CA","@id":"https:\/\/perle-in.com\/#\/schema\/logo\/image\/","url":"https:\/\/perle-in.com\/wp-content\/uploads\/2022\/12\/LOGO-PERLE-IN-COULEUR@3x.webp","contentUrl":"https:\/\/perle-in.com\/wp-content\/uploads\/2022\/12\/LOGO-PERLE-IN-COULEUR@3x.webp","width":1600,"height":490,"caption":"PERLE IN"},"image":{"@id":"https:\/\/perle-in.com\/#\/schema\/logo\/image\/"}}]}},"jetpack_sharing_enabled":true,"_links":{"self":[{"href":"https:\/\/perle-in.com\/en\/wp-json\/wp\/v2\/product\/564956","targetHints":{"allow":["GET"]}}],"collection":[{"href":"https:\/\/perle-in.com\/en\/wp-json\/wp\/v2\/product"}],"about":[{"href":"https:\/\/perle-in.com\/en\/wp-json\/wp\/v2\/types\/product"}],"version-history":[{"count":0,"href":"https:\/\/perle-in.com\/en\/wp-json\/wp\/v2\/product\/564956\/revisions"}],"wp:featuredmedia":[{"embeddable":true,"href":"https:\/\/perle-in.com\/en\/wp-json\/wp\/v2\/media\/564950"}],"wp:attachment":[{"href":"https:\/\/perle-in.com\/en\/wp-json\/wp\/v2\/media?parent=564956"}],"wp:term":[{"taxonomy":"product_brand","embeddable":true,"href":"https:\/\/perle-in.com\/en\/wp-json\/wp\/v2\/product_brand?post=564956"},{"taxonomy":"product_cat","embeddable":true,"href":"https:\/\/perle-in.com\/en\/wp-json\/wp\/v2\/product_cat?post=564956"},{"taxonomy":"product_tag","embeddable":true,"href":"https:\/\/perle-in.com\/en\/wp-json\/wp\/v2\/product_tag?post=564956"}],"curies":[{"name":"wp","href":"https:\/\/api.w.org\/{rel}","templated":true}]}}

Cadre photo numérique 10&#8243; Prixton Prado Frameo avec Wi-Fi

<p>Le cadre photo numérique Prado reçoit des photos et des vidéos envoyées via des téléphones mobiles via l&#8217;application « Frameo ». Vous pouvez ajouter des messages à la photo lorsqu&#8217;elle est transférée de l&#8217;appareil au cadre. Permet d&#8217;importer des photos à partir d&#8217;une carte microSD ou via USB. Il a une vitesse réglable et différents modes d&#8217;affichage de l&#8217;image : diaporama, prévisualisation, zoom et fonction de rotation. En outre, il a deux trous pour l&#8217;accrocher au mur. Écran IPS 10&#8243; avec résolution 1 280 x 800 (prend en charge la vidéo Full HD). 1 Go de RAM / mémoire interne de 16 Go. Haut-parleurs 2 x 2 W. Application Frameo préinstallée. Entrées : Mini USB OTG, carte SD/MMC/MS.</p>

<!-- This site is optimized with the Yoast SEO plugin v27.4 - https://yoast.com/product/yoast-seo-wordpress/ -->
<title>Cadre photo numérique 10&quot; Prixton Prado Frameo avec Wi-Fi - PERLE IN</title>
<meta name="robots" content="noindex, follow, max-snippet:-1, max-image-preview:large, max-video-preview:-1" />
<meta property="og:locale" content="en_US" />
<meta property="og:type" content="article" />
<meta property="og:title" content="Cadre photo numérique 10&quot; Prixton Prado Frameo avec Wi-Fi - PERLE IN" />
<meta property="og:description" content="Le cadre photo numérique Prado reçoit des photos et des vidéos envoyées via des téléphones mobiles via l&#039;application « Frameo ». Vous pouvez ajouter des messages à la photo lorsqu&#039;elle est transférée de l&#039;appareil au cadre. Permet d&#039;importer des photos à partir d&#039;une carte microSD ou via USB. Il a une vitesse réglable et différents modes d&#039;affichage de l&#039;image : diaporama, prévisualisation, zoom et fonction de rotation. En outre, il a deux trous pour l&#039;accrocher au mur. Écran IPS 10&quot; avec résolution 1 280 x 800 (prend en charge la vidéo Full HD). 1 Go de RAM / mémoire interne de 16 Go. Haut-parleurs 2 x 2 W. Application Frameo préinstallée. Entrées : Mini USB OTG, carte SD/MMC/MS." />
<meta property="og:url" content="https://perle-in.com/en/product/cadre-photo-numerique-10-prixton-prado-frameo-avec-wi-fi/" />
<meta property="og:site_name" content="PERLE IN" />
<meta property="article:modified_time" content="2025-10-15T16:59:30+00:00" />
<meta property="og:image" content="https://perle-in.com/wp-content/uploads/2025/10/2PA13001-1.jpg" />
	<meta property="og:image:width" content="1600" />
	<meta property="og:image:height" content="1600" />
	<meta property="og:image:type" content="image/jpeg" />
<meta name="twitter:card" content="summary_large_image" />
<script type="application/ld+json" class="yoast-schema-graph">{"@context":"https:\/\/schema.org","@graph":[{"@type":"WebPage","@id":"https:\/\/perle-in.com\/produit\/cadre-photo-numerique-10-prixton-prado-frameo-avec-wi-fi\/","url":"https:\/\/perle-in.com\/produit\/cadre-photo-numerique-10-prixton-prado-frameo-avec-wi-fi\/","name":"Cadre photo numérique 10\" Prixton Prado Frameo avec Wi-Fi - PERLE IN","isPartOf":{"@id":"https:\/\/perle-in.com\/#website"},"primaryImageOfPage":{"@id":"https:\/\/perle-in.com\/produit\/cadre-photo-numerique-10-prixton-prado-frameo-avec-wi-fi\/#primaryimage"},"image":{"@id":"https:\/\/perle-in.com\/produit\/cadre-photo-numerique-10-prixton-prado-frameo-avec-wi-fi\/#primaryimage"},"thumbnailUrl":"https:\/\/perle-in.com\/wp-content\/uploads\/2025\/10\/2PA13001-1.jpg","datePublished":"2025-10-15T16:59:28+00:00","dateModified":"2025-10-15T16:59:30+00:00","breadcrumb":{"@id":"https:\/\/perle-in.com\/produit\/cadre-photo-numerique-10-prixton-prado-frameo-avec-wi-fi\/#breadcrumb"},"inLanguage":"en-CA","potentialAction":[{"@type":"ReadAction","target":["https:\/\/perle-in.com\/produit\/cadre-photo-numerique-10-prixton-prado-frameo-avec-wi-fi\/"]}]},{"@type":"ImageObject","inLanguage":"en-CA","@id":"https:\/\/perle-in.com\/produit\/cadre-photo-numerique-10-prixton-prado-frameo-avec-wi-fi\/#primaryimage","url":"https:\/\/perle-in.com\/wp-content\/uploads\/2025\/10\/2PA13001-1.jpg","contentUrl":"https:\/\/perle-in.com\/wp-content\/uploads\/2025\/10\/2PA13001-1.jpg","width":1600,"height":1600},{"@type":"BreadcrumbList","@id":"https:\/\/perle-in.com\/produit\/cadre-photo-numerique-10-prixton-prado-frameo-avec-wi-fi\/#breadcrumb","itemListElement":[{"@type":"ListItem","position":1,"name":"Accueil","item":"https:\/\/perle-in.com\/"},{"@type":"ListItem","position":2,"name":"Boutique","item":"https:\/\/perle-in.com\/boutique\/"},{"@type":"ListItem","position":3,"name":"Cadre photo numérique 10&#8243; Prixton Prado Frameo avec Wi-Fi"}]},{"@type":"WebSite","@id":"https:\/\/perle-in.com\/#website","url":"https:\/\/perle-in.com\/","name":"PERLE IN","description":"","publisher":{"@id":"https:\/\/perle-in.com\/#organization"},"potentialAction":[{"@type":"SearchAction","target":{"@type":"EntryPoint","urlTemplate":"https:\/\/perle-in.com\/?s={search_term_string}"},"query-input":{"@type":"PropertyValueSpecification","valueRequired":true,"valueName":"search_term_string"}}],"inLanguage":"en-CA"},{"@type":"Organization","@id":"https:\/\/perle-in.com\/#organization","name":"PERLE IN","url":"https:\/\/perle-in.com\/","logo":{"@type":"ImageObject","inLanguage":"en-CA","@id":"https:\/\/perle-in.com\/#\/schema\/logo\/image\/","url":"https:\/\/perle-in.com\/wp-content\/uploads\/2022\/12\/LOGO-PERLE-IN-COULEUR@3x.webp","contentUrl":"https:\/\/perle-in.com\/wp-content\/uploads\/2022\/12\/LOGO-PERLE-IN-COULEUR@3x.webp","width":1600,"height":490,"caption":"PERLE IN"},"image":{"@id":"https:\/\/perle-in.com\/#\/schema\/logo\/image\/"}}]}</script>
<!-- / Yoast SEO plugin. -->

Cadre photo numérique 10" Prixton Prado Frameo avec Wi-Fi - PERLE IN

Le cadre photo numérique Prado reçoit des photos et des vidéos envoyées via des téléphones mobiles via l'application « Frameo ». Vous pouvez ajouter des messages à la photo lorsqu'elle est transférée de l'appareil au cadre. Permet d'importer des photos à partir d'une carte microSD ou via USB. Il a une vitesse réglable et différents modes d'affichage de l'image : diaporama, prévisualisation, zoom et fonction de rotation. En outre, il a deux trous pour l'accrocher au mur. Écran IPS 10" avec résolution 1 280 x 800 (prend en charge la vidéo Full HD). 1 Go de RAM / mémoire interne de 16 Go. Haut-parleurs 2 x 2 W. Application Frameo préinstallée. Entrées : Mini USB OTG, carte SD/MMC/MS.
