{"id":564053,"date":"2025-10-15T16:53:39","date_gmt":"2025-10-15T14:53:39","guid":{"rendered":"https:\/\/perle-in.com\/produit\/tasse-pour-machine-a-cafe-mepal-de-165-ml\/"},"modified":"2025-10-15T16:53:41","modified_gmt":"2025-10-15T14:53:41","slug":"tasse-pour-machine-a-cafe-mepal-de-165-ml","status":"publish","type":"product","link":"https:\/\/perle-in.com\/en\/product\/tasse-pour-machine-a-cafe-mepal-de-165-ml\/","title":{"rendered":"Tasse pour machine \u00e0 caf\u00e9 Mepal de 165\u00a0ml"},"content":{"rendered":"","protected":false},"excerpt":{"rendered":"<p>Tasse pour machine \u00e0 caf\u00e9 d&#8217;une capacit\u00e9 de 165\u00a0ml, id\u00e9al pour les entreprises et autres organisations. Dans de nombreux pays, les gobelets jetables ne sont plus autoris\u00e9s, ce qui fait de cette tasse une alternative r\u00e9utilisable parfaite. La tasse est empilable et passe au lave-vaisselle.<\/p>","protected":false},"featured_media":564032,"template":"","meta":{"_eb_attr":""},"product_brand":[],"product_cat":[173],"product_tag":[225,2727,190,230],"class_list":{"0":"post-564053","1":"product","2":"type-product","3":"status-publish","4":"has-post-thumbnail","6":"product_cat-drinkware","7":"product_tag-cafe","8":"product_tag-mepal","9":"product_tag-mug","10":"product_tag-tasse","11":"pa_couleurs-blanc","12":"pa_green-points-2680","13":"pa_marque-mepal","14":"pa_pays-d-origine-pays-bas","16":"first","17":"outofstock","18":"shipping-taxable","19":"purchasable","20":"product-type-variable"},"yoast_head":"<!-- This site is optimized with the Yoast SEO plugin v27.4 - https:\/\/yoast.com\/product\/yoast-seo-wordpress\/ -->\n<title>Tasse pour machine \u00e0 caf\u00e9 Mepal de 165\u00a0ml - PERLE IN<\/title>\n<meta name=\"robots\" content=\"noindex, follow, max-snippet:-1, max-image-preview:large, max-video-preview:-1\" \/>\n<meta property=\"og:locale\" content=\"en_US\" \/>\n<meta property=\"og:type\" content=\"article\" \/>\n<meta property=\"og:title\" content=\"Tasse pour machine \u00e0 caf\u00e9 Mepal de 165\u00a0ml - PERLE IN\" \/>\n<meta property=\"og:description\" content=\"Tasse pour machine \u00e0 caf\u00e9 d&#039;une capacit\u00e9 de 165\u00a0ml, id\u00e9al pour les entreprises et autres organisations. Dans de nombreux pays, les gobelets jetables ne sont plus autoris\u00e9s, ce qui fait de cette tasse une alternative r\u00e9utilisable parfaite. La tasse est empilable et passe au lave-vaisselle.\" \/>\n<meta property=\"og:url\" content=\"https:\/\/perle-in.com\/en\/product\/tasse-pour-machine-a-cafe-mepal-de-165-ml\/\" \/>\n<meta property=\"og:site_name\" content=\"PERLE IN\" \/>\n<meta property=\"article:modified_time\" content=\"2025-10-15T14:53:41+00:00\" \/>\n<meta property=\"og:image\" content=\"https:\/\/perle-in.com\/wp-content\/uploads\/2025\/10\/10081401-1.jpg\" \/>\n\t<meta property=\"og:image:width\" content=\"1600\" \/>\n\t<meta property=\"og:image:height\" content=\"1600\" \/>\n\t<meta property=\"og:image:type\" content=\"image\/jpeg\" \/>\n<meta name=\"twitter:card\" content=\"summary_large_image\" \/>\n<script type=\"application\/ld+json\" class=\"yoast-schema-graph\">{\"@context\":\"https:\\\/\\\/schema.org\",\"@graph\":[{\"@type\":\"WebPage\",\"@id\":\"https:\\\/\\\/perle-in.com\\\/produit\\\/tasse-pour-machine-a-cafe-mepal-de-165-ml\\\/\",\"url\":\"https:\\\/\\\/perle-in.com\\\/produit\\\/tasse-pour-machine-a-cafe-mepal-de-165-ml\\\/\",\"name\":\"Tasse pour machine \u00e0 caf\u00e9 Mepal de 165\u00a0ml - PERLE IN\",\"isPartOf\":{\"@id\":\"https:\\\/\\\/perle-in.com\\\/#website\"},\"primaryImageOfPage\":{\"@id\":\"https:\\\/\\\/perle-in.com\\\/produit\\\/tasse-pour-machine-a-cafe-mepal-de-165-ml\\\/#primaryimage\"},\"image\":{\"@id\":\"https:\\\/\\\/perle-in.com\\\/produit\\\/tasse-pour-machine-a-cafe-mepal-de-165-ml\\\/#primaryimage\"},\"thumbnailUrl\":\"https:\\\/\\\/perle-in.com\\\/wp-content\\\/uploads\\\/2025\\\/10\\\/10081401-1.jpg\",\"datePublished\":\"2025-10-15T14:53:39+00:00\",\"dateModified\":\"2025-10-15T14:53:41+00:00\",\"breadcrumb\":{\"@id\":\"https:\\\/\\\/perle-in.com\\\/produit\\\/tasse-pour-machine-a-cafe-mepal-de-165-ml\\\/#breadcrumb\"},\"inLanguage\":\"en-CA\",\"potentialAction\":[{\"@type\":\"ReadAction\",\"target\":[\"https:\\\/\\\/perle-in.com\\\/produit\\\/tasse-pour-machine-a-cafe-mepal-de-165-ml\\\/\"]}]},{\"@type\":\"ImageObject\",\"inLanguage\":\"en-CA\",\"@id\":\"https:\\\/\\\/perle-in.com\\\/produit\\\/tasse-pour-machine-a-cafe-mepal-de-165-ml\\\/#primaryimage\",\"url\":\"https:\\\/\\\/perle-in.com\\\/wp-content\\\/uploads\\\/2025\\\/10\\\/10081401-1.jpg\",\"contentUrl\":\"https:\\\/\\\/perle-in.com\\\/wp-content\\\/uploads\\\/2025\\\/10\\\/10081401-1.jpg\",\"width\":1600,\"height\":1600},{\"@type\":\"BreadcrumbList\",\"@id\":\"https:\\\/\\\/perle-in.com\\\/produit\\\/tasse-pour-machine-a-cafe-mepal-de-165-ml\\\/#breadcrumb\",\"itemListElement\":[{\"@type\":\"ListItem\",\"position\":1,\"name\":\"Accueil\",\"item\":\"https:\\\/\\\/perle-in.com\\\/\"},{\"@type\":\"ListItem\",\"position\":2,\"name\":\"Boutique\",\"item\":\"https:\\\/\\\/perle-in.com\\\/boutique\\\/\"},{\"@type\":\"ListItem\",\"position\":3,\"name\":\"Tasse pour machine \u00e0 caf\u00e9 Mepal de 165\u00a0ml\"}]},{\"@type\":\"WebSite\",\"@id\":\"https:\\\/\\\/perle-in.com\\\/#website\",\"url\":\"https:\\\/\\\/perle-in.com\\\/\",\"name\":\"PERLE IN\",\"description\":\"\",\"publisher\":{\"@id\":\"https:\\\/\\\/perle-in.com\\\/#organization\"},\"potentialAction\":[{\"@type\":\"SearchAction\",\"target\":{\"@type\":\"EntryPoint\",\"urlTemplate\":\"https:\\\/\\\/perle-in.com\\\/?s={search_term_string}\"},\"query-input\":{\"@type\":\"PropertyValueSpecification\",\"valueRequired\":true,\"valueName\":\"search_term_string\"}}],\"inLanguage\":\"en-CA\"},{\"@type\":\"Organization\",\"@id\":\"https:\\\/\\\/perle-in.com\\\/#organization\",\"name\":\"PERLE IN\",\"url\":\"https:\\\/\\\/perle-in.com\\\/\",\"logo\":{\"@type\":\"ImageObject\",\"inLanguage\":\"en-CA\",\"@id\":\"https:\\\/\\\/perle-in.com\\\/#\\\/schema\\\/logo\\\/image\\\/\",\"url\":\"https:\\\/\\\/perle-in.com\\\/wp-content\\\/uploads\\\/2022\\\/12\\\/LOGO-PERLE-IN-COULEUR@3x.webp\",\"contentUrl\":\"https:\\\/\\\/perle-in.com\\\/wp-content\\\/uploads\\\/2022\\\/12\\\/LOGO-PERLE-IN-COULEUR@3x.webp\",\"width\":1600,\"height\":490,\"caption\":\"PERLE IN\"},\"image\":{\"@id\":\"https:\\\/\\\/perle-in.com\\\/#\\\/schema\\\/logo\\\/image\\\/\"}}]}<\/script>\n<!-- \/ Yoast SEO plugin. -->","yoast_head_json":{"title":"Tasse pour machine \u00e0 caf\u00e9 Mepal de 165\u00a0ml - PERLE IN","robots":{"index":"noindex","follow":"follow","max-snippet":"max-snippet:-1","max-image-preview":"max-image-preview:large","max-video-preview":"max-video-preview:-1"},"og_locale":"en_US","og_type":"article","og_title":"Tasse pour machine \u00e0 caf\u00e9 Mepal de 165\u00a0ml - PERLE IN","og_description":"Tasse pour machine \u00e0 caf\u00e9 d'une capacit\u00e9 de 165\u00a0ml, id\u00e9al pour les entreprises et autres organisations. Dans de nombreux pays, les gobelets jetables ne sont plus autoris\u00e9s, ce qui fait de cette tasse une alternative r\u00e9utilisable parfaite. La tasse est empilable et passe au lave-vaisselle.","og_url":"https:\/\/perle-in.com\/en\/product\/tasse-pour-machine-a-cafe-mepal-de-165-ml\/","og_site_name":"PERLE IN","article_modified_time":"2025-10-15T14:53:41+00:00","og_image":[{"width":1600,"height":1600,"url":"https:\/\/perle-in.com\/wp-content\/uploads\/2025\/10\/10081401-1.jpg","type":"image\/jpeg"}],"twitter_card":"summary_large_image","schema":{"@context":"https:\/\/schema.org","@graph":[{"@type":"WebPage","@id":"https:\/\/perle-in.com\/produit\/tasse-pour-machine-a-cafe-mepal-de-165-ml\/","url":"https:\/\/perle-in.com\/produit\/tasse-pour-machine-a-cafe-mepal-de-165-ml\/","name":"Tasse pour machine \u00e0 caf\u00e9 Mepal de 165\u00a0ml - PERLE IN","isPartOf":{"@id":"https:\/\/perle-in.com\/#website"},"primaryImageOfPage":{"@id":"https:\/\/perle-in.com\/produit\/tasse-pour-machine-a-cafe-mepal-de-165-ml\/#primaryimage"},"image":{"@id":"https:\/\/perle-in.com\/produit\/tasse-pour-machine-a-cafe-mepal-de-165-ml\/#primaryimage"},"thumbnailUrl":"https:\/\/perle-in.com\/wp-content\/uploads\/2025\/10\/10081401-1.jpg","datePublished":"2025-10-15T14:53:39+00:00","dateModified":"2025-10-15T14:53:41+00:00","breadcrumb":{"@id":"https:\/\/perle-in.com\/produit\/tasse-pour-machine-a-cafe-mepal-de-165-ml\/#breadcrumb"},"inLanguage":"en-CA","potentialAction":[{"@type":"ReadAction","target":["https:\/\/perle-in.com\/produit\/tasse-pour-machine-a-cafe-mepal-de-165-ml\/"]}]},{"@type":"ImageObject","inLanguage":"en-CA","@id":"https:\/\/perle-in.com\/produit\/tasse-pour-machine-a-cafe-mepal-de-165-ml\/#primaryimage","url":"https:\/\/perle-in.com\/wp-content\/uploads\/2025\/10\/10081401-1.jpg","contentUrl":"https:\/\/perle-in.com\/wp-content\/uploads\/2025\/10\/10081401-1.jpg","width":1600,"height":1600},{"@type":"BreadcrumbList","@id":"https:\/\/perle-in.com\/produit\/tasse-pour-machine-a-cafe-mepal-de-165-ml\/#breadcrumb","itemListElement":[{"@type":"ListItem","position":1,"name":"Accueil","item":"https:\/\/perle-in.com\/"},{"@type":"ListItem","position":2,"name":"Boutique","item":"https:\/\/perle-in.com\/boutique\/"},{"@type":"ListItem","position":3,"name":"Tasse pour machine \u00e0 caf\u00e9 Mepal de 165\u00a0ml"}]},{"@type":"WebSite","@id":"https:\/\/perle-in.com\/#website","url":"https:\/\/perle-in.com\/","name":"PERLE IN","description":"","publisher":{"@id":"https:\/\/perle-in.com\/#organization"},"potentialAction":[{"@type":"SearchAction","target":{"@type":"EntryPoint","urlTemplate":"https:\/\/perle-in.com\/?s={search_term_string}"},"query-input":{"@type":"PropertyValueSpecification","valueRequired":true,"valueName":"search_term_string"}}],"inLanguage":"en-CA"},{"@type":"Organization","@id":"https:\/\/perle-in.com\/#organization","name":"PERLE IN","url":"https:\/\/perle-in.com\/","logo":{"@type":"ImageObject","inLanguage":"en-CA","@id":"https:\/\/perle-in.com\/#\/schema\/logo\/image\/","url":"https:\/\/perle-in.com\/wp-content\/uploads\/2022\/12\/LOGO-PERLE-IN-COULEUR@3x.webp","contentUrl":"https:\/\/perle-in.com\/wp-content\/uploads\/2022\/12\/LOGO-PERLE-IN-COULEUR@3x.webp","width":1600,"height":490,"caption":"PERLE IN"},"image":{"@id":"https:\/\/perle-in.com\/#\/schema\/logo\/image\/"}}]}},"jetpack_sharing_enabled":true,"_links":{"self":[{"href":"https:\/\/perle-in.com\/en\/wp-json\/wp\/v2\/product\/564053","targetHints":{"allow":["GET"]}}],"collection":[{"href":"https:\/\/perle-in.com\/en\/wp-json\/wp\/v2\/product"}],"about":[{"href":"https:\/\/perle-in.com\/en\/wp-json\/wp\/v2\/types\/product"}],"version-history":[{"count":0,"href":"https:\/\/perle-in.com\/en\/wp-json\/wp\/v2\/product\/564053\/revisions"}],"wp:featuredmedia":[{"embeddable":true,"href":"https:\/\/perle-in.com\/en\/wp-json\/wp\/v2\/media\/564032"}],"wp:attachment":[{"href":"https:\/\/perle-in.com\/en\/wp-json\/wp\/v2\/media?parent=564053"}],"wp:term":[{"taxonomy":"product_brand","embeddable":true,"href":"https:\/\/perle-in.com\/en\/wp-json\/wp\/v2\/product_brand?post=564053"},{"taxonomy":"product_cat","embeddable":true,"href":"https:\/\/perle-in.com\/en\/wp-json\/wp\/v2\/product_cat?post=564053"},{"taxonomy":"product_tag","embeddable":true,"href":"https:\/\/perle-in.com\/en\/wp-json\/wp\/v2\/product_tag?post=564053"}],"curies":[{"name":"wp","href":"https:\/\/api.w.org\/{rel}","templated":true}]}}

Tasse pour machine à café Mepal de 165 ml

<p>Tasse pour machine à café d&#8217;une capacité de 165 ml, idéal pour les entreprises et autres organisations. Dans de nombreux pays, les gobelets jetables ne sont plus autorisés, ce qui fait de cette tasse une alternative réutilisable parfaite. La tasse est empilable et passe au lave-vaisselle.</p>

<!-- This site is optimized with the Yoast SEO plugin v27.4 - https://yoast.com/product/yoast-seo-wordpress/ -->
<title>Tasse pour machine à café Mepal de 165 ml - PERLE IN</title>
<meta name="robots" content="noindex, follow, max-snippet:-1, max-image-preview:large, max-video-preview:-1" />
<meta property="og:locale" content="en_US" />
<meta property="og:type" content="article" />
<meta property="og:title" content="Tasse pour machine à café Mepal de 165 ml - PERLE IN" />
<meta property="og:description" content="Tasse pour machine à café d&#039;une capacité de 165 ml, idéal pour les entreprises et autres organisations. Dans de nombreux pays, les gobelets jetables ne sont plus autorisés, ce qui fait de cette tasse une alternative réutilisable parfaite. La tasse est empilable et passe au lave-vaisselle." />
<meta property="og:url" content="https://perle-in.com/en/product/tasse-pour-machine-a-cafe-mepal-de-165-ml/" />
<meta property="og:site_name" content="PERLE IN" />
<meta property="article:modified_time" content="2025-10-15T14:53:41+00:00" />
<meta property="og:image" content="https://perle-in.com/wp-content/uploads/2025/10/10081401-1.jpg" />
	<meta property="og:image:width" content="1600" />
	<meta property="og:image:height" content="1600" />
	<meta property="og:image:type" content="image/jpeg" />
<meta name="twitter:card" content="summary_large_image" />
<script type="application/ld+json" class="yoast-schema-graph">{"@context":"https:\/\/schema.org","@graph":[{"@type":"WebPage","@id":"https:\/\/perle-in.com\/produit\/tasse-pour-machine-a-cafe-mepal-de-165-ml\/","url":"https:\/\/perle-in.com\/produit\/tasse-pour-machine-a-cafe-mepal-de-165-ml\/","name":"Tasse pour machine à café Mepal de 165 ml - PERLE IN","isPartOf":{"@id":"https:\/\/perle-in.com\/#website"},"primaryImageOfPage":{"@id":"https:\/\/perle-in.com\/produit\/tasse-pour-machine-a-cafe-mepal-de-165-ml\/#primaryimage"},"image":{"@id":"https:\/\/perle-in.com\/produit\/tasse-pour-machine-a-cafe-mepal-de-165-ml\/#primaryimage"},"thumbnailUrl":"https:\/\/perle-in.com\/wp-content\/uploads\/2025\/10\/10081401-1.jpg","datePublished":"2025-10-15T14:53:39+00:00","dateModified":"2025-10-15T14:53:41+00:00","breadcrumb":{"@id":"https:\/\/perle-in.com\/produit\/tasse-pour-machine-a-cafe-mepal-de-165-ml\/#breadcrumb"},"inLanguage":"en-CA","potentialAction":[{"@type":"ReadAction","target":["https:\/\/perle-in.com\/produit\/tasse-pour-machine-a-cafe-mepal-de-165-ml\/"]}]},{"@type":"ImageObject","inLanguage":"en-CA","@id":"https:\/\/perle-in.com\/produit\/tasse-pour-machine-a-cafe-mepal-de-165-ml\/#primaryimage","url":"https:\/\/perle-in.com\/wp-content\/uploads\/2025\/10\/10081401-1.jpg","contentUrl":"https:\/\/perle-in.com\/wp-content\/uploads\/2025\/10\/10081401-1.jpg","width":1600,"height":1600},{"@type":"BreadcrumbList","@id":"https:\/\/perle-in.com\/produit\/tasse-pour-machine-a-cafe-mepal-de-165-ml\/#breadcrumb","itemListElement":[{"@type":"ListItem","position":1,"name":"Accueil","item":"https:\/\/perle-in.com\/"},{"@type":"ListItem","position":2,"name":"Boutique","item":"https:\/\/perle-in.com\/boutique\/"},{"@type":"ListItem","position":3,"name":"Tasse pour machine à café Mepal de 165 ml"}]},{"@type":"WebSite","@id":"https:\/\/perle-in.com\/#website","url":"https:\/\/perle-in.com\/","name":"PERLE IN","description":"","publisher":{"@id":"https:\/\/perle-in.com\/#organization"},"potentialAction":[{"@type":"SearchAction","target":{"@type":"EntryPoint","urlTemplate":"https:\/\/perle-in.com\/?s={search_term_string}"},"query-input":{"@type":"PropertyValueSpecification","valueRequired":true,"valueName":"search_term_string"}}],"inLanguage":"en-CA"},{"@type":"Organization","@id":"https:\/\/perle-in.com\/#organization","name":"PERLE IN","url":"https:\/\/perle-in.com\/","logo":{"@type":"ImageObject","inLanguage":"en-CA","@id":"https:\/\/perle-in.com\/#\/schema\/logo\/image\/","url":"https:\/\/perle-in.com\/wp-content\/uploads\/2022\/12\/LOGO-PERLE-IN-COULEUR@3x.webp","contentUrl":"https:\/\/perle-in.com\/wp-content\/uploads\/2022\/12\/LOGO-PERLE-IN-COULEUR@3x.webp","width":1600,"height":490,"caption":"PERLE IN"},"image":{"@id":"https:\/\/perle-in.com\/#\/schema\/logo\/image\/"}}]}</script>
<!-- / Yoast SEO plugin. -->

Tasse pour machine à café Mepal de 165 ml - PERLE IN

Tasse pour machine à café d'une capacité de 165 ml, idéal pour les entreprises et autres organisations. Dans de nombreux pays, les gobelets jetables ne sont plus autorisés, ce qui fait de cette tasse une alternative réutilisable parfaite. La tasse est empilable et passe au lave-vaisselle.
