{"id":563983,"date":"2025-10-15T16:43:41","date_gmt":"2025-10-15T14:43:41","guid":{"rendered":"https:\/\/perle-in.com\/produit\/bouteille-deau-mepal-vita-de-700-ml\/"},"modified":"2025-10-15T16:43:43","modified_gmt":"2025-10-15T14:43:43","slug":"bouteille-deau-mepal-vita-de-700-ml","status":"publish","type":"product","link":"https:\/\/perle-in.com\/en\/product\/bouteille-deau-mepal-vita-de-700-ml\/","title":{"rendered":"Bouteille d&#8217;eau Mepal Vita de 700\u00a0ml"},"content":{"rendered":"","protected":false},"excerpt":{"rendered":"<p>La bouteille d&#8217;eau Vita de 700\u00a0ml garantit la durabilit\u00e9 et la fra\u00eecheur de vos boissons. Sa technologie anti-fuite et ses deux ouvertures garantissent une exp\u00e9rience sans d\u00e9versement, parfaite pour l&#8217;hydratation en d\u00e9placement. Le bouchon tombant sans effort sur le bord du verre, le nettoyage au lave-vaisselle est un jeu d&#8217;enfant. Restez hydrat\u00e9 avec style gr\u00e2ce \u00e0 la bouteille d&#8217;eau Vita, que vous alliez \u00e0 la salle de sport ou que vous pratiquiez des activit\u00e9s de loisir. Sans bisph\u00e9nol A. Lorsqu&#8217;elle est utilis\u00e9e pour des boissons gazeuses, \u00e9vitez de remplir la bouteille \u00e0 ras bord.<\/p>","protected":false},"featured_media":563975,"template":"","meta":{"_eb_attr":""},"product_brand":[],"product_cat":[174,173],"product_tag":[315,275,175,274,2727],"class_list":{"0":"post-563983","1":"product","2":"type-product","3":"status-publish","4":"has-post-thumbnail","6":"product_cat-bouteilles-deau","7":"product_cat-drinkware","8":"product_tag-boisson","9":"product_tag-boissons","10":"product_tag-bouteille","11":"product_tag-eau","12":"product_tag-mepal","13":"pa_couleurs-charbon","14":"pa_couleurs-sauge","15":"pa_green-points-2680","16":"pa_marque-mepal","17":"pa_matiere-90-plastique-pp-et-10-tritan","18":"pa_pays-d-origine-pays-bas","20":"first","21":"instock","22":"shipping-taxable","23":"purchasable","24":"product-type-variable"},"yoast_head":"<!-- This site is optimized with the Yoast SEO plugin v27.4 - https:\/\/yoast.com\/product\/yoast-seo-wordpress\/ -->\n<title>Bouteille d&#039;eau Mepal Vita de 700\u00a0ml - PERLE IN<\/title>\n<meta name=\"robots\" content=\"noindex, follow, max-snippet:-1, max-image-preview:large, max-video-preview:-1\" \/>\n<meta property=\"og:locale\" content=\"en_US\" \/>\n<meta property=\"og:type\" content=\"article\" \/>\n<meta property=\"og:title\" content=\"Bouteille d&#039;eau Mepal Vita de 700\u00a0ml - PERLE IN\" \/>\n<meta property=\"og:description\" content=\"La bouteille d&#039;eau Vita de 700\u00a0ml garantit la durabilit\u00e9 et la fra\u00eecheur de vos boissons. Sa technologie anti-fuite et ses deux ouvertures garantissent une exp\u00e9rience sans d\u00e9versement, parfaite pour l&#039;hydratation en d\u00e9placement. Le bouchon tombant sans effort sur le bord du verre, le nettoyage au lave-vaisselle est un jeu d&#039;enfant. Restez hydrat\u00e9 avec style gr\u00e2ce \u00e0 la bouteille d&#039;eau Vita, que vous alliez \u00e0 la salle de sport ou que vous pratiquiez des activit\u00e9s de loisir. Sans bisph\u00e9nol A. Lorsqu&#039;elle est utilis\u00e9e pour des boissons gazeuses, \u00e9vitez de remplir la bouteille \u00e0 ras bord.\" \/>\n<meta property=\"og:url\" content=\"https:\/\/perle-in.com\/en\/product\/bouteille-deau-mepal-vita-de-700-ml\/\" \/>\n<meta property=\"og:site_name\" content=\"PERLE IN\" \/>\n<meta property=\"article:modified_time\" content=\"2025-10-15T14:43:43+00:00\" \/>\n<meta property=\"og:image\" content=\"https:\/\/perle-in.com\/wp-content\/uploads\/2025\/10\/10081262-1.jpg\" \/>\n\t<meta property=\"og:image:width\" content=\"1600\" \/>\n\t<meta property=\"og:image:height\" content=\"1600\" \/>\n\t<meta property=\"og:image:type\" content=\"image\/jpeg\" \/>\n<meta name=\"twitter:card\" content=\"summary_large_image\" \/>\n<script type=\"application\/ld+json\" class=\"yoast-schema-graph\">{\"@context\":\"https:\\\/\\\/schema.org\",\"@graph\":[{\"@type\":\"WebPage\",\"@id\":\"https:\\\/\\\/perle-in.com\\\/produit\\\/bouteille-deau-mepal-vita-de-700-ml\\\/\",\"url\":\"https:\\\/\\\/perle-in.com\\\/produit\\\/bouteille-deau-mepal-vita-de-700-ml\\\/\",\"name\":\"Bouteille d'eau Mepal Vita de 700\u00a0ml - PERLE IN\",\"isPartOf\":{\"@id\":\"https:\\\/\\\/perle-in.com\\\/#website\"},\"primaryImageOfPage\":{\"@id\":\"https:\\\/\\\/perle-in.com\\\/produit\\\/bouteille-deau-mepal-vita-de-700-ml\\\/#primaryimage\"},\"image\":{\"@id\":\"https:\\\/\\\/perle-in.com\\\/produit\\\/bouteille-deau-mepal-vita-de-700-ml\\\/#primaryimage\"},\"thumbnailUrl\":\"https:\\\/\\\/perle-in.com\\\/wp-content\\\/uploads\\\/2025\\\/10\\\/10081262-1.jpg\",\"datePublished\":\"2025-10-15T14:43:41+00:00\",\"dateModified\":\"2025-10-15T14:43:43+00:00\",\"breadcrumb\":{\"@id\":\"https:\\\/\\\/perle-in.com\\\/produit\\\/bouteille-deau-mepal-vita-de-700-ml\\\/#breadcrumb\"},\"inLanguage\":\"en-CA\",\"potentialAction\":[{\"@type\":\"ReadAction\",\"target\":[\"https:\\\/\\\/perle-in.com\\\/produit\\\/bouteille-deau-mepal-vita-de-700-ml\\\/\"]}]},{\"@type\":\"ImageObject\",\"inLanguage\":\"en-CA\",\"@id\":\"https:\\\/\\\/perle-in.com\\\/produit\\\/bouteille-deau-mepal-vita-de-700-ml\\\/#primaryimage\",\"url\":\"https:\\\/\\\/perle-in.com\\\/wp-content\\\/uploads\\\/2025\\\/10\\\/10081262-1.jpg\",\"contentUrl\":\"https:\\\/\\\/perle-in.com\\\/wp-content\\\/uploads\\\/2025\\\/10\\\/10081262-1.jpg\",\"width\":1600,\"height\":1600},{\"@type\":\"BreadcrumbList\",\"@id\":\"https:\\\/\\\/perle-in.com\\\/produit\\\/bouteille-deau-mepal-vita-de-700-ml\\\/#breadcrumb\",\"itemListElement\":[{\"@type\":\"ListItem\",\"position\":1,\"name\":\"Accueil\",\"item\":\"https:\\\/\\\/perle-in.com\\\/\"},{\"@type\":\"ListItem\",\"position\":2,\"name\":\"Boutique\",\"item\":\"https:\\\/\\\/perle-in.com\\\/boutique\\\/\"},{\"@type\":\"ListItem\",\"position\":3,\"name\":\"Bouteille d&#8217;eau Mepal Vita de 700\u00a0ml\"}]},{\"@type\":\"WebSite\",\"@id\":\"https:\\\/\\\/perle-in.com\\\/#website\",\"url\":\"https:\\\/\\\/perle-in.com\\\/\",\"name\":\"PERLE IN\",\"description\":\"\",\"publisher\":{\"@id\":\"https:\\\/\\\/perle-in.com\\\/#organization\"},\"potentialAction\":[{\"@type\":\"SearchAction\",\"target\":{\"@type\":\"EntryPoint\",\"urlTemplate\":\"https:\\\/\\\/perle-in.com\\\/?s={search_term_string}\"},\"query-input\":{\"@type\":\"PropertyValueSpecification\",\"valueRequired\":true,\"valueName\":\"search_term_string\"}}],\"inLanguage\":\"en-CA\"},{\"@type\":\"Organization\",\"@id\":\"https:\\\/\\\/perle-in.com\\\/#organization\",\"name\":\"PERLE IN\",\"url\":\"https:\\\/\\\/perle-in.com\\\/\",\"logo\":{\"@type\":\"ImageObject\",\"inLanguage\":\"en-CA\",\"@id\":\"https:\\\/\\\/perle-in.com\\\/#\\\/schema\\\/logo\\\/image\\\/\",\"url\":\"https:\\\/\\\/perle-in.com\\\/wp-content\\\/uploads\\\/2022\\\/12\\\/LOGO-PERLE-IN-COULEUR@3x.webp\",\"contentUrl\":\"https:\\\/\\\/perle-in.com\\\/wp-content\\\/uploads\\\/2022\\\/12\\\/LOGO-PERLE-IN-COULEUR@3x.webp\",\"width\":1600,\"height\":490,\"caption\":\"PERLE IN\"},\"image\":{\"@id\":\"https:\\\/\\\/perle-in.com\\\/#\\\/schema\\\/logo\\\/image\\\/\"}}]}<\/script>\n<!-- \/ Yoast SEO plugin. -->","yoast_head_json":{"title":"Bouteille d'eau Mepal Vita de 700\u00a0ml - PERLE IN","robots":{"index":"noindex","follow":"follow","max-snippet":"max-snippet:-1","max-image-preview":"max-image-preview:large","max-video-preview":"max-video-preview:-1"},"og_locale":"en_US","og_type":"article","og_title":"Bouteille d'eau Mepal Vita de 700\u00a0ml - PERLE IN","og_description":"La bouteille d'eau Vita de 700\u00a0ml garantit la durabilit\u00e9 et la fra\u00eecheur de vos boissons. Sa technologie anti-fuite et ses deux ouvertures garantissent une exp\u00e9rience sans d\u00e9versement, parfaite pour l'hydratation en d\u00e9placement. Le bouchon tombant sans effort sur le bord du verre, le nettoyage au lave-vaisselle est un jeu d'enfant. Restez hydrat\u00e9 avec style gr\u00e2ce \u00e0 la bouteille d'eau Vita, que vous alliez \u00e0 la salle de sport ou que vous pratiquiez des activit\u00e9s de loisir. Sans bisph\u00e9nol A. Lorsqu'elle est utilis\u00e9e pour des boissons gazeuses, \u00e9vitez de remplir la bouteille \u00e0 ras bord.","og_url":"https:\/\/perle-in.com\/en\/product\/bouteille-deau-mepal-vita-de-700-ml\/","og_site_name":"PERLE IN","article_modified_time":"2025-10-15T14:43:43+00:00","og_image":[{"width":1600,"height":1600,"url":"https:\/\/perle-in.com\/wp-content\/uploads\/2025\/10\/10081262-1.jpg","type":"image\/jpeg"}],"twitter_card":"summary_large_image","schema":{"@context":"https:\/\/schema.org","@graph":[{"@type":"WebPage","@id":"https:\/\/perle-in.com\/produit\/bouteille-deau-mepal-vita-de-700-ml\/","url":"https:\/\/perle-in.com\/produit\/bouteille-deau-mepal-vita-de-700-ml\/","name":"Bouteille d'eau Mepal Vita de 700\u00a0ml - PERLE IN","isPartOf":{"@id":"https:\/\/perle-in.com\/#website"},"primaryImageOfPage":{"@id":"https:\/\/perle-in.com\/produit\/bouteille-deau-mepal-vita-de-700-ml\/#primaryimage"},"image":{"@id":"https:\/\/perle-in.com\/produit\/bouteille-deau-mepal-vita-de-700-ml\/#primaryimage"},"thumbnailUrl":"https:\/\/perle-in.com\/wp-content\/uploads\/2025\/10\/10081262-1.jpg","datePublished":"2025-10-15T14:43:41+00:00","dateModified":"2025-10-15T14:43:43+00:00","breadcrumb":{"@id":"https:\/\/perle-in.com\/produit\/bouteille-deau-mepal-vita-de-700-ml\/#breadcrumb"},"inLanguage":"en-CA","potentialAction":[{"@type":"ReadAction","target":["https:\/\/perle-in.com\/produit\/bouteille-deau-mepal-vita-de-700-ml\/"]}]},{"@type":"ImageObject","inLanguage":"en-CA","@id":"https:\/\/perle-in.com\/produit\/bouteille-deau-mepal-vita-de-700-ml\/#primaryimage","url":"https:\/\/perle-in.com\/wp-content\/uploads\/2025\/10\/10081262-1.jpg","contentUrl":"https:\/\/perle-in.com\/wp-content\/uploads\/2025\/10\/10081262-1.jpg","width":1600,"height":1600},{"@type":"BreadcrumbList","@id":"https:\/\/perle-in.com\/produit\/bouteille-deau-mepal-vita-de-700-ml\/#breadcrumb","itemListElement":[{"@type":"ListItem","position":1,"name":"Accueil","item":"https:\/\/perle-in.com\/"},{"@type":"ListItem","position":2,"name":"Boutique","item":"https:\/\/perle-in.com\/boutique\/"},{"@type":"ListItem","position":3,"name":"Bouteille d&#8217;eau Mepal Vita de 700\u00a0ml"}]},{"@type":"WebSite","@id":"https:\/\/perle-in.com\/#website","url":"https:\/\/perle-in.com\/","name":"PERLE IN","description":"","publisher":{"@id":"https:\/\/perle-in.com\/#organization"},"potentialAction":[{"@type":"SearchAction","target":{"@type":"EntryPoint","urlTemplate":"https:\/\/perle-in.com\/?s={search_term_string}"},"query-input":{"@type":"PropertyValueSpecification","valueRequired":true,"valueName":"search_term_string"}}],"inLanguage":"en-CA"},{"@type":"Organization","@id":"https:\/\/perle-in.com\/#organization","name":"PERLE IN","url":"https:\/\/perle-in.com\/","logo":{"@type":"ImageObject","inLanguage":"en-CA","@id":"https:\/\/perle-in.com\/#\/schema\/logo\/image\/","url":"https:\/\/perle-in.com\/wp-content\/uploads\/2022\/12\/LOGO-PERLE-IN-COULEUR@3x.webp","contentUrl":"https:\/\/perle-in.com\/wp-content\/uploads\/2022\/12\/LOGO-PERLE-IN-COULEUR@3x.webp","width":1600,"height":490,"caption":"PERLE IN"},"image":{"@id":"https:\/\/perle-in.com\/#\/schema\/logo\/image\/"}}]}},"jetpack_sharing_enabled":true,"_links":{"self":[{"href":"https:\/\/perle-in.com\/en\/wp-json\/wp\/v2\/product\/563983","targetHints":{"allow":["GET"]}}],"collection":[{"href":"https:\/\/perle-in.com\/en\/wp-json\/wp\/v2\/product"}],"about":[{"href":"https:\/\/perle-in.com\/en\/wp-json\/wp\/v2\/types\/product"}],"version-history":[{"count":0,"href":"https:\/\/perle-in.com\/en\/wp-json\/wp\/v2\/product\/563983\/revisions"}],"wp:featuredmedia":[{"embeddable":true,"href":"https:\/\/perle-in.com\/en\/wp-json\/wp\/v2\/media\/563975"}],"wp:attachment":[{"href":"https:\/\/perle-in.com\/en\/wp-json\/wp\/v2\/media?parent=563983"}],"wp:term":[{"taxonomy":"product_brand","embeddable":true,"href":"https:\/\/perle-in.com\/en\/wp-json\/wp\/v2\/product_brand?post=563983"},{"taxonomy":"product_cat","embeddable":true,"href":"https:\/\/perle-in.com\/en\/wp-json\/wp\/v2\/product_cat?post=563983"},{"taxonomy":"product_tag","embeddable":true,"href":"https:\/\/perle-in.com\/en\/wp-json\/wp\/v2\/product_tag?post=563983"}],"curies":[{"name":"wp","href":"https:\/\/api.w.org\/{rel}","templated":true}]}}

<p>La bouteille d&#8217;eau Vita de 700 ml garantit la durabilité et la fraîcheur de vos boissons. Sa technologie anti-fuite et ses deux ouvertures garantissent une expérience sans déversement, parfaite pour l&#8217;hydratation en déplacement. Le bouchon tombant sans effort sur le bord du verre, le nettoyage au lave-vaisselle est un jeu d&#8217;enfant. Restez hydraté avec style grâce à la bouteille d&#8217;eau Vita, que vous alliez à la salle de sport ou que vous pratiquiez des activités de loisir. Sans bisphénol A. Lorsqu&#8217;elle est utilisée pour des boissons gazeuses, évitez de remplir la bouteille à ras bord.</p>

<!-- This site is optimized with the Yoast SEO plugin v27.4 - https://yoast.com/product/yoast-seo-wordpress/ -->
<title>Bouteille d&#039;eau Mepal Vita de 700 ml - PERLE IN</title>
<meta name="robots" content="noindex, follow, max-snippet:-1, max-image-preview:large, max-video-preview:-1" />
<meta property="og:locale" content="en_US" />
<meta property="og:type" content="article" />
<meta property="og:title" content="Bouteille d&#039;eau Mepal Vita de 700 ml - PERLE IN" />
<meta property="og:description" content="La bouteille d&#039;eau Vita de 700 ml garantit la durabilité et la fraîcheur de vos boissons. Sa technologie anti-fuite et ses deux ouvertures garantissent une expérience sans déversement, parfaite pour l&#039;hydratation en déplacement. Le bouchon tombant sans effort sur le bord du verre, le nettoyage au lave-vaisselle est un jeu d&#039;enfant. Restez hydraté avec style grâce à la bouteille d&#039;eau Vita, que vous alliez à la salle de sport ou que vous pratiquiez des activités de loisir. Sans bisphénol A. Lorsqu&#039;elle est utilisée pour des boissons gazeuses, évitez de remplir la bouteille à ras bord." />
<meta property="og:url" content="https://perle-in.com/en/product/bouteille-deau-mepal-vita-de-700-ml/" />
<meta property="og:site_name" content="PERLE IN" />
<meta property="article:modified_time" content="2025-10-15T14:43:43+00:00" />
<meta property="og:image" content="https://perle-in.com/wp-content/uploads/2025/10/10081262-1.jpg" />
	<meta property="og:image:width" content="1600" />
	<meta property="og:image:height" content="1600" />
	<meta property="og:image:type" content="image/jpeg" />
<meta name="twitter:card" content="summary_large_image" />
<script type="application/ld+json" class="yoast-schema-graph">{"@context":"https:\/\/schema.org","@graph":[{"@type":"WebPage","@id":"https:\/\/perle-in.com\/produit\/bouteille-deau-mepal-vita-de-700-ml\/","url":"https:\/\/perle-in.com\/produit\/bouteille-deau-mepal-vita-de-700-ml\/","name":"Bouteille d'eau Mepal Vita de 700 ml - PERLE IN","isPartOf":{"@id":"https:\/\/perle-in.com\/#website"},"primaryImageOfPage":{"@id":"https:\/\/perle-in.com\/produit\/bouteille-deau-mepal-vita-de-700-ml\/#primaryimage"},"image":{"@id":"https:\/\/perle-in.com\/produit\/bouteille-deau-mepal-vita-de-700-ml\/#primaryimage"},"thumbnailUrl":"https:\/\/perle-in.com\/wp-content\/uploads\/2025\/10\/10081262-1.jpg","datePublished":"2025-10-15T14:43:41+00:00","dateModified":"2025-10-15T14:43:43+00:00","breadcrumb":{"@id":"https:\/\/perle-in.com\/produit\/bouteille-deau-mepal-vita-de-700-ml\/#breadcrumb"},"inLanguage":"en-CA","potentialAction":[{"@type":"ReadAction","target":["https:\/\/perle-in.com\/produit\/bouteille-deau-mepal-vita-de-700-ml\/"]}]},{"@type":"ImageObject","inLanguage":"en-CA","@id":"https:\/\/perle-in.com\/produit\/bouteille-deau-mepal-vita-de-700-ml\/#primaryimage","url":"https:\/\/perle-in.com\/wp-content\/uploads\/2025\/10\/10081262-1.jpg","contentUrl":"https:\/\/perle-in.com\/wp-content\/uploads\/2025\/10\/10081262-1.jpg","width":1600,"height":1600},{"@type":"BreadcrumbList","@id":"https:\/\/perle-in.com\/produit\/bouteille-deau-mepal-vita-de-700-ml\/#breadcrumb","itemListElement":[{"@type":"ListItem","position":1,"name":"Accueil","item":"https:\/\/perle-in.com\/"},{"@type":"ListItem","position":2,"name":"Boutique","item":"https:\/\/perle-in.com\/boutique\/"},{"@type":"ListItem","position":3,"name":"Bouteille d&#8217;eau Mepal Vita de 700 ml"}]},{"@type":"WebSite","@id":"https:\/\/perle-in.com\/#website","url":"https:\/\/perle-in.com\/","name":"PERLE IN","description":"","publisher":{"@id":"https:\/\/perle-in.com\/#organization"},"potentialAction":[{"@type":"SearchAction","target":{"@type":"EntryPoint","urlTemplate":"https:\/\/perle-in.com\/?s={search_term_string}"},"query-input":{"@type":"PropertyValueSpecification","valueRequired":true,"valueName":"search_term_string"}}],"inLanguage":"en-CA"},{"@type":"Organization","@id":"https:\/\/perle-in.com\/#organization","name":"PERLE IN","url":"https:\/\/perle-in.com\/","logo":{"@type":"ImageObject","inLanguage":"en-CA","@id":"https:\/\/perle-in.com\/#\/schema\/logo\/image\/","url":"https:\/\/perle-in.com\/wp-content\/uploads\/2022\/12\/LOGO-PERLE-IN-COULEUR@3x.webp","contentUrl":"https:\/\/perle-in.com\/wp-content\/uploads\/2022\/12\/LOGO-PERLE-IN-COULEUR@3x.webp","width":1600,"height":490,"caption":"PERLE IN"},"image":{"@id":"https:\/\/perle-in.com\/#\/schema\/logo\/image\/"}}]}</script>
<!-- / Yoast SEO plugin. -->

La bouteille d'eau Vita de 700 ml garantit la durabilité et la fraîcheur de vos boissons. Sa technologie anti-fuite et ses deux ouvertures garantissent une expérience sans déversement, parfaite pour l'hydratation en déplacement. Le bouchon tombant sans effort sur le bord du verre, le nettoyage au lave-vaisselle est un jeu d'enfant. Restez hydraté avec style grâce à la bouteille d'eau Vita, que vous alliez à la salle de sport ou que vous pratiquiez des activités de loisir. Sans bisphénol A. Lorsqu'elle est utilisée pour des boissons gazeuses, évitez de remplir la bouteille à ras bord.
