{"id":563416,"date":"2025-10-15T15:32:34","date_gmt":"2025-10-15T13:32:34","guid":{"rendered":"https:\/\/perle-in.com\/produit\/tasse-a-espresso-empilable-olympia-de-130-ml-avec-fond-en-argile\/"},"modified":"2025-10-19T05:49:06","modified_gmt":"2025-10-19T03:49:06","slug":"tasse-a-espresso-empilable-olympia-de-130-ml-avec-fond-en-argile","status":"publish","type":"product","link":"https:\/\/perle-in.com\/en\/product\/tasse-a-espresso-empilable-olympia-de-130-ml-avec-fond-en-argile\/","title":{"rendered":"Tasse \u00e0 espresso empilable Olympia de 130\u00a0ml avec fond en argile"},"content":{"rendered":"","protected":false},"excerpt":{"rendered":"<p>La tasse \u00e0 espresso Olympia est empilable, peu encombrante et a une capacit\u00e9 de 130\u00a0ml. Finition mate. Pr\u00e9sent\u00e9e dans un coffret cadeau en carton recycl\u00e9.<\/p>","protected":false},"featured_media":563407,"template":"","meta":{"_eb_attr":""},"product_brand":[],"product_cat":[173,222],"product_tag":[225,965,190,230,1736],"class_list":{"0":"post-563416","1":"product","2":"type-product","3":"status-publish","4":"has-post-thumbnail","6":"product_cat-drinkware","7":"product_cat-mugs-standard","8":"product_tag-cafe","9":"product_tag-espresso","10":"product_tag-mug","11":"product_tag-tasse","12":"product_tag-tasses","13":"pa_couleurs-blanc","14":"pa_couleurs-gris","15":"pa_couleurs-marine","16":"pa_couleurs-orange","17":"pa_green-points-1692","19":"first","20":"instock","21":"shipping-taxable","22":"purchasable","23":"product-type-variable"},"yoast_head":"<!-- This site is optimized with the Yoast SEO plugin v27.4 - https:\/\/yoast.com\/product\/yoast-seo-wordpress\/ -->\n<title>Tasse \u00e0 espresso empilable Olympia de 130\u00a0ml avec fond en argile - PERLE IN<\/title>\n<meta name=\"robots\" content=\"noindex, follow, max-snippet:-1, max-image-preview:large, max-video-preview:-1\" \/>\n<meta property=\"og:locale\" content=\"en_US\" \/>\n<meta property=\"og:type\" content=\"article\" \/>\n<meta property=\"og:title\" content=\"Tasse \u00e0 espresso empilable Olympia de 130\u00a0ml avec fond en argile - PERLE IN\" \/>\n<meta property=\"og:description\" content=\"La tasse \u00e0 espresso Olympia est empilable, peu encombrante et a une capacit\u00e9 de 130\u00a0ml. Finition mate. Pr\u00e9sent\u00e9e dans un coffret cadeau en carton recycl\u00e9.\" \/>\n<meta property=\"og:url\" content=\"https:\/\/perle-in.com\/en\/product\/tasse-a-espresso-empilable-olympia-de-130-ml-avec-fond-en-argile\/\" \/>\n<meta property=\"og:site_name\" content=\"PERLE IN\" \/>\n<meta property=\"article:modified_time\" content=\"2025-10-19T03:49:06+00:00\" \/>\n<meta property=\"og:image\" content=\"https:\/\/perle-in.com\/wp-content\/uploads\/2025\/10\/10080501-1.jpg\" \/>\n\t<meta property=\"og:image:width\" content=\"1600\" \/>\n\t<meta property=\"og:image:height\" content=\"1600\" \/>\n\t<meta property=\"og:image:type\" content=\"image\/jpeg\" \/>\n<meta name=\"twitter:card\" content=\"summary_large_image\" \/>\n<script type=\"application\/ld+json\" class=\"yoast-schema-graph\">{\"@context\":\"https:\\\/\\\/schema.org\",\"@graph\":[{\"@type\":\"WebPage\",\"@id\":\"https:\\\/\\\/perle-in.com\\\/produit\\\/tasse-a-espresso-empilable-olympia-de-130-ml-avec-fond-en-argile\\\/\",\"url\":\"https:\\\/\\\/perle-in.com\\\/produit\\\/tasse-a-espresso-empilable-olympia-de-130-ml-avec-fond-en-argile\\\/\",\"name\":\"Tasse \u00e0 espresso empilable Olympia de 130\u00a0ml avec fond en argile - PERLE IN\",\"isPartOf\":{\"@id\":\"https:\\\/\\\/perle-in.com\\\/#website\"},\"primaryImageOfPage\":{\"@id\":\"https:\\\/\\\/perle-in.com\\\/produit\\\/tasse-a-espresso-empilable-olympia-de-130-ml-avec-fond-en-argile\\\/#primaryimage\"},\"image\":{\"@id\":\"https:\\\/\\\/perle-in.com\\\/produit\\\/tasse-a-espresso-empilable-olympia-de-130-ml-avec-fond-en-argile\\\/#primaryimage\"},\"thumbnailUrl\":\"https:\\\/\\\/perle-in.com\\\/wp-content\\\/uploads\\\/2025\\\/10\\\/10080501-1.jpg\",\"datePublished\":\"2025-10-15T13:32:34+00:00\",\"dateModified\":\"2025-10-19T03:49:06+00:00\",\"breadcrumb\":{\"@id\":\"https:\\\/\\\/perle-in.com\\\/produit\\\/tasse-a-espresso-empilable-olympia-de-130-ml-avec-fond-en-argile\\\/#breadcrumb\"},\"inLanguage\":\"en-CA\",\"potentialAction\":[{\"@type\":\"ReadAction\",\"target\":[\"https:\\\/\\\/perle-in.com\\\/produit\\\/tasse-a-espresso-empilable-olympia-de-130-ml-avec-fond-en-argile\\\/\"]}]},{\"@type\":\"ImageObject\",\"inLanguage\":\"en-CA\",\"@id\":\"https:\\\/\\\/perle-in.com\\\/produit\\\/tasse-a-espresso-empilable-olympia-de-130-ml-avec-fond-en-argile\\\/#primaryimage\",\"url\":\"https:\\\/\\\/perle-in.com\\\/wp-content\\\/uploads\\\/2025\\\/10\\\/10080501-1.jpg\",\"contentUrl\":\"https:\\\/\\\/perle-in.com\\\/wp-content\\\/uploads\\\/2025\\\/10\\\/10080501-1.jpg\",\"width\":1600,\"height\":1600},{\"@type\":\"BreadcrumbList\",\"@id\":\"https:\\\/\\\/perle-in.com\\\/produit\\\/tasse-a-espresso-empilable-olympia-de-130-ml-avec-fond-en-argile\\\/#breadcrumb\",\"itemListElement\":[{\"@type\":\"ListItem\",\"position\":1,\"name\":\"Accueil\",\"item\":\"https:\\\/\\\/perle-in.com\\\/\"},{\"@type\":\"ListItem\",\"position\":2,\"name\":\"Boutique\",\"item\":\"https:\\\/\\\/perle-in.com\\\/boutique\\\/\"},{\"@type\":\"ListItem\",\"position\":3,\"name\":\"Tasse \u00e0 espresso empilable Olympia de 130\u00a0ml avec fond en argile\"}]},{\"@type\":\"WebSite\",\"@id\":\"https:\\\/\\\/perle-in.com\\\/#website\",\"url\":\"https:\\\/\\\/perle-in.com\\\/\",\"name\":\"PERLE IN\",\"description\":\"\",\"publisher\":{\"@id\":\"https:\\\/\\\/perle-in.com\\\/#organization\"},\"potentialAction\":[{\"@type\":\"SearchAction\",\"target\":{\"@type\":\"EntryPoint\",\"urlTemplate\":\"https:\\\/\\\/perle-in.com\\\/?s={search_term_string}\"},\"query-input\":{\"@type\":\"PropertyValueSpecification\",\"valueRequired\":true,\"valueName\":\"search_term_string\"}}],\"inLanguage\":\"en-CA\"},{\"@type\":\"Organization\",\"@id\":\"https:\\\/\\\/perle-in.com\\\/#organization\",\"name\":\"PERLE IN\",\"url\":\"https:\\\/\\\/perle-in.com\\\/\",\"logo\":{\"@type\":\"ImageObject\",\"inLanguage\":\"en-CA\",\"@id\":\"https:\\\/\\\/perle-in.com\\\/#\\\/schema\\\/logo\\\/image\\\/\",\"url\":\"https:\\\/\\\/perle-in.com\\\/wp-content\\\/uploads\\\/2022\\\/12\\\/LOGO-PERLE-IN-COULEUR@3x.webp\",\"contentUrl\":\"https:\\\/\\\/perle-in.com\\\/wp-content\\\/uploads\\\/2022\\\/12\\\/LOGO-PERLE-IN-COULEUR@3x.webp\",\"width\":1600,\"height\":490,\"caption\":\"PERLE IN\"},\"image\":{\"@id\":\"https:\\\/\\\/perle-in.com\\\/#\\\/schema\\\/logo\\\/image\\\/\"}}]}<\/script>\n<!-- \/ Yoast SEO plugin. -->","yoast_head_json":{"title":"Tasse \u00e0 espresso empilable Olympia de 130\u00a0ml avec fond en argile - PERLE IN","robots":{"index":"noindex","follow":"follow","max-snippet":"max-snippet:-1","max-image-preview":"max-image-preview:large","max-video-preview":"max-video-preview:-1"},"og_locale":"en_US","og_type":"article","og_title":"Tasse \u00e0 espresso empilable Olympia de 130\u00a0ml avec fond en argile - PERLE IN","og_description":"La tasse \u00e0 espresso Olympia est empilable, peu encombrante et a une capacit\u00e9 de 130\u00a0ml. Finition mate. Pr\u00e9sent\u00e9e dans un coffret cadeau en carton recycl\u00e9.","og_url":"https:\/\/perle-in.com\/en\/product\/tasse-a-espresso-empilable-olympia-de-130-ml-avec-fond-en-argile\/","og_site_name":"PERLE IN","article_modified_time":"2025-10-19T03:49:06+00:00","og_image":[{"width":1600,"height":1600,"url":"https:\/\/perle-in.com\/wp-content\/uploads\/2025\/10\/10080501-1.jpg","type":"image\/jpeg"}],"twitter_card":"summary_large_image","schema":{"@context":"https:\/\/schema.org","@graph":[{"@type":"WebPage","@id":"https:\/\/perle-in.com\/produit\/tasse-a-espresso-empilable-olympia-de-130-ml-avec-fond-en-argile\/","url":"https:\/\/perle-in.com\/produit\/tasse-a-espresso-empilable-olympia-de-130-ml-avec-fond-en-argile\/","name":"Tasse \u00e0 espresso empilable Olympia de 130\u00a0ml avec fond en argile - PERLE IN","isPartOf":{"@id":"https:\/\/perle-in.com\/#website"},"primaryImageOfPage":{"@id":"https:\/\/perle-in.com\/produit\/tasse-a-espresso-empilable-olympia-de-130-ml-avec-fond-en-argile\/#primaryimage"},"image":{"@id":"https:\/\/perle-in.com\/produit\/tasse-a-espresso-empilable-olympia-de-130-ml-avec-fond-en-argile\/#primaryimage"},"thumbnailUrl":"https:\/\/perle-in.com\/wp-content\/uploads\/2025\/10\/10080501-1.jpg","datePublished":"2025-10-15T13:32:34+00:00","dateModified":"2025-10-19T03:49:06+00:00","breadcrumb":{"@id":"https:\/\/perle-in.com\/produit\/tasse-a-espresso-empilable-olympia-de-130-ml-avec-fond-en-argile\/#breadcrumb"},"inLanguage":"en-CA","potentialAction":[{"@type":"ReadAction","target":["https:\/\/perle-in.com\/produit\/tasse-a-espresso-empilable-olympia-de-130-ml-avec-fond-en-argile\/"]}]},{"@type":"ImageObject","inLanguage":"en-CA","@id":"https:\/\/perle-in.com\/produit\/tasse-a-espresso-empilable-olympia-de-130-ml-avec-fond-en-argile\/#primaryimage","url":"https:\/\/perle-in.com\/wp-content\/uploads\/2025\/10\/10080501-1.jpg","contentUrl":"https:\/\/perle-in.com\/wp-content\/uploads\/2025\/10\/10080501-1.jpg","width":1600,"height":1600},{"@type":"BreadcrumbList","@id":"https:\/\/perle-in.com\/produit\/tasse-a-espresso-empilable-olympia-de-130-ml-avec-fond-en-argile\/#breadcrumb","itemListElement":[{"@type":"ListItem","position":1,"name":"Accueil","item":"https:\/\/perle-in.com\/"},{"@type":"ListItem","position":2,"name":"Boutique","item":"https:\/\/perle-in.com\/boutique\/"},{"@type":"ListItem","position":3,"name":"Tasse \u00e0 espresso empilable Olympia de 130\u00a0ml avec fond en argile"}]},{"@type":"WebSite","@id":"https:\/\/perle-in.com\/#website","url":"https:\/\/perle-in.com\/","name":"PERLE IN","description":"","publisher":{"@id":"https:\/\/perle-in.com\/#organization"},"potentialAction":[{"@type":"SearchAction","target":{"@type":"EntryPoint","urlTemplate":"https:\/\/perle-in.com\/?s={search_term_string}"},"query-input":{"@type":"PropertyValueSpecification","valueRequired":true,"valueName":"search_term_string"}}],"inLanguage":"en-CA"},{"@type":"Organization","@id":"https:\/\/perle-in.com\/#organization","name":"PERLE IN","url":"https:\/\/perle-in.com\/","logo":{"@type":"ImageObject","inLanguage":"en-CA","@id":"https:\/\/perle-in.com\/#\/schema\/logo\/image\/","url":"https:\/\/perle-in.com\/wp-content\/uploads\/2022\/12\/LOGO-PERLE-IN-COULEUR@3x.webp","contentUrl":"https:\/\/perle-in.com\/wp-content\/uploads\/2022\/12\/LOGO-PERLE-IN-COULEUR@3x.webp","width":1600,"height":490,"caption":"PERLE IN"},"image":{"@id":"https:\/\/perle-in.com\/#\/schema\/logo\/image\/"}}]}},"jetpack_sharing_enabled":true,"_links":{"self":[{"href":"https:\/\/perle-in.com\/en\/wp-json\/wp\/v2\/product\/563416","targetHints":{"allow":["GET"]}}],"collection":[{"href":"https:\/\/perle-in.com\/en\/wp-json\/wp\/v2\/product"}],"about":[{"href":"https:\/\/perle-in.com\/en\/wp-json\/wp\/v2\/types\/product"}],"version-history":[{"count":0,"href":"https:\/\/perle-in.com\/en\/wp-json\/wp\/v2\/product\/563416\/revisions"}],"wp:featuredmedia":[{"embeddable":true,"href":"https:\/\/perle-in.com\/en\/wp-json\/wp\/v2\/media\/563407"}],"wp:attachment":[{"href":"https:\/\/perle-in.com\/en\/wp-json\/wp\/v2\/media?parent=563416"}],"wp:term":[{"taxonomy":"product_brand","embeddable":true,"href":"https:\/\/perle-in.com\/en\/wp-json\/wp\/v2\/product_brand?post=563416"},{"taxonomy":"product_cat","embeddable":true,"href":"https:\/\/perle-in.com\/en\/wp-json\/wp\/v2\/product_cat?post=563416"},{"taxonomy":"product_tag","embeddable":true,"href":"https:\/\/perle-in.com\/en\/wp-json\/wp\/v2\/product_tag?post=563416"}],"curies":[{"name":"wp","href":"https:\/\/api.w.org\/{rel}","templated":true}]}}

Tasse à espresso empilable Olympia de 130 ml avec fond en argile

<p>La tasse à espresso Olympia est empilable, peu encombrante et a une capacité de 130 ml. Finition mate. Présentée dans un coffret cadeau en carton recyclé.</p>

<!-- This site is optimized with the Yoast SEO plugin v27.4 - https://yoast.com/product/yoast-seo-wordpress/ -->
<title>Tasse à espresso empilable Olympia de 130 ml avec fond en argile - PERLE IN</title>
<meta name="robots" content="noindex, follow, max-snippet:-1, max-image-preview:large, max-video-preview:-1" />
<meta property="og:locale" content="en_US" />
<meta property="og:type" content="article" />
<meta property="og:title" content="Tasse à espresso empilable Olympia de 130 ml avec fond en argile - PERLE IN" />
<meta property="og:description" content="La tasse à espresso Olympia est empilable, peu encombrante et a une capacité de 130 ml. Finition mate. Présentée dans un coffret cadeau en carton recyclé." />
<meta property="og:url" content="https://perle-in.com/en/product/tasse-a-espresso-empilable-olympia-de-130-ml-avec-fond-en-argile/" />
<meta property="og:site_name" content="PERLE IN" />
<meta property="article:modified_time" content="2025-10-19T03:49:06+00:00" />
<meta property="og:image" content="https://perle-in.com/wp-content/uploads/2025/10/10080501-1.jpg" />
	<meta property="og:image:width" content="1600" />
	<meta property="og:image:height" content="1600" />
	<meta property="og:image:type" content="image/jpeg" />
<meta name="twitter:card" content="summary_large_image" />
<script type="application/ld+json" class="yoast-schema-graph">{"@context":"https:\/\/schema.org","@graph":[{"@type":"WebPage","@id":"https:\/\/perle-in.com\/produit\/tasse-a-espresso-empilable-olympia-de-130-ml-avec-fond-en-argile\/","url":"https:\/\/perle-in.com\/produit\/tasse-a-espresso-empilable-olympia-de-130-ml-avec-fond-en-argile\/","name":"Tasse à espresso empilable Olympia de 130 ml avec fond en argile - PERLE IN","isPartOf":{"@id":"https:\/\/perle-in.com\/#website"},"primaryImageOfPage":{"@id":"https:\/\/perle-in.com\/produit\/tasse-a-espresso-empilable-olympia-de-130-ml-avec-fond-en-argile\/#primaryimage"},"image":{"@id":"https:\/\/perle-in.com\/produit\/tasse-a-espresso-empilable-olympia-de-130-ml-avec-fond-en-argile\/#primaryimage"},"thumbnailUrl":"https:\/\/perle-in.com\/wp-content\/uploads\/2025\/10\/10080501-1.jpg","datePublished":"2025-10-15T13:32:34+00:00","dateModified":"2025-10-19T03:49:06+00:00","breadcrumb":{"@id":"https:\/\/perle-in.com\/produit\/tasse-a-espresso-empilable-olympia-de-130-ml-avec-fond-en-argile\/#breadcrumb"},"inLanguage":"en-CA","potentialAction":[{"@type":"ReadAction","target":["https:\/\/perle-in.com\/produit\/tasse-a-espresso-empilable-olympia-de-130-ml-avec-fond-en-argile\/"]}]},{"@type":"ImageObject","inLanguage":"en-CA","@id":"https:\/\/perle-in.com\/produit\/tasse-a-espresso-empilable-olympia-de-130-ml-avec-fond-en-argile\/#primaryimage","url":"https:\/\/perle-in.com\/wp-content\/uploads\/2025\/10\/10080501-1.jpg","contentUrl":"https:\/\/perle-in.com\/wp-content\/uploads\/2025\/10\/10080501-1.jpg","width":1600,"height":1600},{"@type":"BreadcrumbList","@id":"https:\/\/perle-in.com\/produit\/tasse-a-espresso-empilable-olympia-de-130-ml-avec-fond-en-argile\/#breadcrumb","itemListElement":[{"@type":"ListItem","position":1,"name":"Accueil","item":"https:\/\/perle-in.com\/"},{"@type":"ListItem","position":2,"name":"Boutique","item":"https:\/\/perle-in.com\/boutique\/"},{"@type":"ListItem","position":3,"name":"Tasse à espresso empilable Olympia de 130 ml avec fond en argile"}]},{"@type":"WebSite","@id":"https:\/\/perle-in.com\/#website","url":"https:\/\/perle-in.com\/","name":"PERLE IN","description":"","publisher":{"@id":"https:\/\/perle-in.com\/#organization"},"potentialAction":[{"@type":"SearchAction","target":{"@type":"EntryPoint","urlTemplate":"https:\/\/perle-in.com\/?s={search_term_string}"},"query-input":{"@type":"PropertyValueSpecification","valueRequired":true,"valueName":"search_term_string"}}],"inLanguage":"en-CA"},{"@type":"Organization","@id":"https:\/\/perle-in.com\/#organization","name":"PERLE IN","url":"https:\/\/perle-in.com\/","logo":{"@type":"ImageObject","inLanguage":"en-CA","@id":"https:\/\/perle-in.com\/#\/schema\/logo\/image\/","url":"https:\/\/perle-in.com\/wp-content\/uploads\/2022\/12\/LOGO-PERLE-IN-COULEUR@3x.webp","contentUrl":"https:\/\/perle-in.com\/wp-content\/uploads\/2022\/12\/LOGO-PERLE-IN-COULEUR@3x.webp","width":1600,"height":490,"caption":"PERLE IN"},"image":{"@id":"https:\/\/perle-in.com\/#\/schema\/logo\/image\/"}}]}</script>
<!-- / Yoast SEO plugin. -->

Tasse à espresso empilable Olympia de 130 ml avec fond en argile - PERLE IN

La tasse à espresso Olympia est empilable, peu encombrante et a une capacité de 130 ml. Finition mate. Présentée dans un coffret cadeau en carton recyclé.
