{"id":563107,"date":"2025-10-15T14:58:31","date_gmt":"2025-10-15T12:58:31","guid":{"rendered":"https:\/\/perle-in.com\/produit\/polaire-sherpa-recyclee-unisexe-evans\/"},"modified":"2025-10-19T05:48:51","modified_gmt":"2025-10-19T03:48:51","slug":"polaire-sherpa-recyclee-unisexe-evans","status":"publish","type":"product","link":"https:\/\/perle-in.com\/en\/product\/polaire-sherpa-recyclee-unisexe-evans\/","title":{"rendered":"Polaire sherpa recycl\u00e9e unisexe Evans"},"content":{"rendered":"","protected":false},"excerpt":{"rendered":"<p>La polaire sherpa Evans est fabriqu\u00e9e en polyester recycl\u00e9 certifi\u00e9 GRS, avec un tissu contrastant en nylon 100\u00a0% recycl\u00e9 certifi\u00e9 GRS qui ajoute une touche de modernit\u00e9 tout en r\u00e9duisant l&#8217;impact sur l&#8217;environnement. Cette veste polaire pr\u00e9sente une coupe l\u00e9g\u00e8rement oversize pour un look d\u00e9contract\u00e9. La fermeture centrale quart de zip et la capuche offrent une protection personnalisable en fonction des conditions m\u00e9t\u00e9orologiques. Que vous pr\u00e9f\u00e9riez explorer la nature ou vous pr\u00e9lasser \u00e0 la maison, la collection unisexe Evans allie confort in\u00e9gal\u00e9 et style moderne.<\/p>","protected":false},"featured_media":563093,"template":"","meta":{"_eb_attr":""},"product_brand":[],"product_cat":[1252,1024],"product_tag":[837,2654,154,836,3580,2548],"class_list":{"0":"post-563107","1":"product","2":"type-product","3":"status-publish","4":"has-post-thumbnail","6":"product_cat-polaires","7":"product_cat-vetements","8":"product_tag-durable","9":"product_tag-grs","10":"product_tag-polaire","11":"product_tag-recycle","12":"product_tag-sherpa","13":"product_tag-veste","14":"pa_couleurs-noir","15":"pa_green-points-2847","16":"pa_marque-elevate-nxt","17":"pa_matiere-sherpa-polyester-recycle-370-g-m2","18":"pa_pays-d-origine-bengladesh","19":"pa_taille-3xl","20":"pa_taille-l","21":"pa_taille-m","22":"pa_taille-s","23":"pa_taille-xl","24":"pa_taille-xs","25":"pa_taille-xxl","26":"pa_taille-xxs","28":"first","29":"instock","30":"shipping-taxable","31":"purchasable","32":"product-type-variable"},"yoast_head":"<!-- This site is optimized with the Yoast SEO plugin v27.4 - https:\/\/yoast.com\/product\/yoast-seo-wordpress\/ -->\n<title>Polaire sherpa recycl\u00e9e unisexe Evans - PERLE IN<\/title>\n<meta name=\"robots\" content=\"noindex, follow, max-snippet:-1, max-image-preview:large, max-video-preview:-1\" \/>\n<meta property=\"og:locale\" content=\"en_US\" \/>\n<meta property=\"og:type\" content=\"article\" \/>\n<meta property=\"og:title\" content=\"Polaire sherpa recycl\u00e9e unisexe Evans - PERLE IN\" \/>\n<meta property=\"og:description\" content=\"La polaire sherpa Evans est fabriqu\u00e9e en polyester recycl\u00e9 certifi\u00e9 GRS, avec un tissu contrastant en nylon 100\u00a0% recycl\u00e9 certifi\u00e9 GRS qui ajoute une touche de modernit\u00e9 tout en r\u00e9duisant l&#039;impact sur l&#039;environnement. Cette veste polaire pr\u00e9sente une coupe l\u00e9g\u00e8rement oversize pour un look d\u00e9contract\u00e9. La fermeture centrale quart de zip et la capuche offrent une protection personnalisable en fonction des conditions m\u00e9t\u00e9orologiques. Que vous pr\u00e9f\u00e9riez explorer la nature ou vous pr\u00e9lasser \u00e0 la maison, la collection unisexe Evans allie confort in\u00e9gal\u00e9 et style moderne.\" \/>\n<meta property=\"og:url\" content=\"https:\/\/perle-in.com\/en\/product\/polaire-sherpa-recyclee-unisexe-evans\/\" \/>\n<meta property=\"og:site_name\" content=\"PERLE IN\" \/>\n<meta property=\"article:modified_time\" content=\"2025-10-19T03:48:51+00:00\" \/>\n<meta property=\"og:image\" content=\"https:\/\/perle-in.com\/wp-content\/uploads\/2025\/10\/3947690-1.jpg\" \/>\n\t<meta property=\"og:image:width\" content=\"1600\" \/>\n\t<meta property=\"og:image:height\" content=\"1600\" \/>\n\t<meta property=\"og:image:type\" content=\"image\/jpeg\" \/>\n<meta name=\"twitter:card\" content=\"summary_large_image\" \/>\n<script type=\"application\/ld+json\" class=\"yoast-schema-graph\">{\"@context\":\"https:\\\/\\\/schema.org\",\"@graph\":[{\"@type\":\"WebPage\",\"@id\":\"https:\\\/\\\/perle-in.com\\\/produit\\\/polaire-sherpa-recyclee-unisexe-evans\\\/\",\"url\":\"https:\\\/\\\/perle-in.com\\\/produit\\\/polaire-sherpa-recyclee-unisexe-evans\\\/\",\"name\":\"Polaire sherpa recycl\u00e9e unisexe Evans - PERLE IN\",\"isPartOf\":{\"@id\":\"https:\\\/\\\/perle-in.com\\\/#website\"},\"primaryImageOfPage\":{\"@id\":\"https:\\\/\\\/perle-in.com\\\/produit\\\/polaire-sherpa-recyclee-unisexe-evans\\\/#primaryimage\"},\"image\":{\"@id\":\"https:\\\/\\\/perle-in.com\\\/produit\\\/polaire-sherpa-recyclee-unisexe-evans\\\/#primaryimage\"},\"thumbnailUrl\":\"https:\\\/\\\/perle-in.com\\\/wp-content\\\/uploads\\\/2025\\\/10\\\/3947690-1.jpg\",\"datePublished\":\"2025-10-15T12:58:31+00:00\",\"dateModified\":\"2025-10-19T03:48:51+00:00\",\"breadcrumb\":{\"@id\":\"https:\\\/\\\/perle-in.com\\\/produit\\\/polaire-sherpa-recyclee-unisexe-evans\\\/#breadcrumb\"},\"inLanguage\":\"en-CA\",\"potentialAction\":[{\"@type\":\"ReadAction\",\"target\":[\"https:\\\/\\\/perle-in.com\\\/produit\\\/polaire-sherpa-recyclee-unisexe-evans\\\/\"]}]},{\"@type\":\"ImageObject\",\"inLanguage\":\"en-CA\",\"@id\":\"https:\\\/\\\/perle-in.com\\\/produit\\\/polaire-sherpa-recyclee-unisexe-evans\\\/#primaryimage\",\"url\":\"https:\\\/\\\/perle-in.com\\\/wp-content\\\/uploads\\\/2025\\\/10\\\/3947690-1.jpg\",\"contentUrl\":\"https:\\\/\\\/perle-in.com\\\/wp-content\\\/uploads\\\/2025\\\/10\\\/3947690-1.jpg\",\"width\":1600,\"height\":1600},{\"@type\":\"BreadcrumbList\",\"@id\":\"https:\\\/\\\/perle-in.com\\\/produit\\\/polaire-sherpa-recyclee-unisexe-evans\\\/#breadcrumb\",\"itemListElement\":[{\"@type\":\"ListItem\",\"position\":1,\"name\":\"Accueil\",\"item\":\"https:\\\/\\\/perle-in.com\\\/\"},{\"@type\":\"ListItem\",\"position\":2,\"name\":\"Boutique\",\"item\":\"https:\\\/\\\/perle-in.com\\\/boutique\\\/\"},{\"@type\":\"ListItem\",\"position\":3,\"name\":\"Polaire sherpa recycl\u00e9e unisexe Evans\"}]},{\"@type\":\"WebSite\",\"@id\":\"https:\\\/\\\/perle-in.com\\\/#website\",\"url\":\"https:\\\/\\\/perle-in.com\\\/\",\"name\":\"PERLE IN\",\"description\":\"\",\"publisher\":{\"@id\":\"https:\\\/\\\/perle-in.com\\\/#organization\"},\"potentialAction\":[{\"@type\":\"SearchAction\",\"target\":{\"@type\":\"EntryPoint\",\"urlTemplate\":\"https:\\\/\\\/perle-in.com\\\/?s={search_term_string}\"},\"query-input\":{\"@type\":\"PropertyValueSpecification\",\"valueRequired\":true,\"valueName\":\"search_term_string\"}}],\"inLanguage\":\"en-CA\"},{\"@type\":\"Organization\",\"@id\":\"https:\\\/\\\/perle-in.com\\\/#organization\",\"name\":\"PERLE IN\",\"url\":\"https:\\\/\\\/perle-in.com\\\/\",\"logo\":{\"@type\":\"ImageObject\",\"inLanguage\":\"en-CA\",\"@id\":\"https:\\\/\\\/perle-in.com\\\/#\\\/schema\\\/logo\\\/image\\\/\",\"url\":\"https:\\\/\\\/perle-in.com\\\/wp-content\\\/uploads\\\/2022\\\/12\\\/LOGO-PERLE-IN-COULEUR@3x.webp\",\"contentUrl\":\"https:\\\/\\\/perle-in.com\\\/wp-content\\\/uploads\\\/2022\\\/12\\\/LOGO-PERLE-IN-COULEUR@3x.webp\",\"width\":1600,\"height\":490,\"caption\":\"PERLE IN\"},\"image\":{\"@id\":\"https:\\\/\\\/perle-in.com\\\/#\\\/schema\\\/logo\\\/image\\\/\"}}]}<\/script>\n<!-- \/ Yoast SEO plugin. -->","yoast_head_json":{"title":"Polaire sherpa recycl\u00e9e unisexe Evans - PERLE IN","robots":{"index":"noindex","follow":"follow","max-snippet":"max-snippet:-1","max-image-preview":"max-image-preview:large","max-video-preview":"max-video-preview:-1"},"og_locale":"en_US","og_type":"article","og_title":"Polaire sherpa recycl\u00e9e unisexe Evans - PERLE IN","og_description":"La polaire sherpa Evans est fabriqu\u00e9e en polyester recycl\u00e9 certifi\u00e9 GRS, avec un tissu contrastant en nylon 100\u00a0% recycl\u00e9 certifi\u00e9 GRS qui ajoute une touche de modernit\u00e9 tout en r\u00e9duisant l'impact sur l'environnement. Cette veste polaire pr\u00e9sente une coupe l\u00e9g\u00e8rement oversize pour un look d\u00e9contract\u00e9. La fermeture centrale quart de zip et la capuche offrent une protection personnalisable en fonction des conditions m\u00e9t\u00e9orologiques. Que vous pr\u00e9f\u00e9riez explorer la nature ou vous pr\u00e9lasser \u00e0 la maison, la collection unisexe Evans allie confort in\u00e9gal\u00e9 et style moderne.","og_url":"https:\/\/perle-in.com\/en\/product\/polaire-sherpa-recyclee-unisexe-evans\/","og_site_name":"PERLE IN","article_modified_time":"2025-10-19T03:48:51+00:00","og_image":[{"width":1600,"height":1600,"url":"https:\/\/perle-in.com\/wp-content\/uploads\/2025\/10\/3947690-1.jpg","type":"image\/jpeg"}],"twitter_card":"summary_large_image","schema":{"@context":"https:\/\/schema.org","@graph":[{"@type":"WebPage","@id":"https:\/\/perle-in.com\/produit\/polaire-sherpa-recyclee-unisexe-evans\/","url":"https:\/\/perle-in.com\/produit\/polaire-sherpa-recyclee-unisexe-evans\/","name":"Polaire sherpa recycl\u00e9e unisexe Evans - PERLE IN","isPartOf":{"@id":"https:\/\/perle-in.com\/#website"},"primaryImageOfPage":{"@id":"https:\/\/perle-in.com\/produit\/polaire-sherpa-recyclee-unisexe-evans\/#primaryimage"},"image":{"@id":"https:\/\/perle-in.com\/produit\/polaire-sherpa-recyclee-unisexe-evans\/#primaryimage"},"thumbnailUrl":"https:\/\/perle-in.com\/wp-content\/uploads\/2025\/10\/3947690-1.jpg","datePublished":"2025-10-15T12:58:31+00:00","dateModified":"2025-10-19T03:48:51+00:00","breadcrumb":{"@id":"https:\/\/perle-in.com\/produit\/polaire-sherpa-recyclee-unisexe-evans\/#breadcrumb"},"inLanguage":"en-CA","potentialAction":[{"@type":"ReadAction","target":["https:\/\/perle-in.com\/produit\/polaire-sherpa-recyclee-unisexe-evans\/"]}]},{"@type":"ImageObject","inLanguage":"en-CA","@id":"https:\/\/perle-in.com\/produit\/polaire-sherpa-recyclee-unisexe-evans\/#primaryimage","url":"https:\/\/perle-in.com\/wp-content\/uploads\/2025\/10\/3947690-1.jpg","contentUrl":"https:\/\/perle-in.com\/wp-content\/uploads\/2025\/10\/3947690-1.jpg","width":1600,"height":1600},{"@type":"BreadcrumbList","@id":"https:\/\/perle-in.com\/produit\/polaire-sherpa-recyclee-unisexe-evans\/#breadcrumb","itemListElement":[{"@type":"ListItem","position":1,"name":"Accueil","item":"https:\/\/perle-in.com\/"},{"@type":"ListItem","position":2,"name":"Boutique","item":"https:\/\/perle-in.com\/boutique\/"},{"@type":"ListItem","position":3,"name":"Polaire sherpa recycl\u00e9e unisexe Evans"}]},{"@type":"WebSite","@id":"https:\/\/perle-in.com\/#website","url":"https:\/\/perle-in.com\/","name":"PERLE IN","description":"","publisher":{"@id":"https:\/\/perle-in.com\/#organization"},"potentialAction":[{"@type":"SearchAction","target":{"@type":"EntryPoint","urlTemplate":"https:\/\/perle-in.com\/?s={search_term_string}"},"query-input":{"@type":"PropertyValueSpecification","valueRequired":true,"valueName":"search_term_string"}}],"inLanguage":"en-CA"},{"@type":"Organization","@id":"https:\/\/perle-in.com\/#organization","name":"PERLE IN","url":"https:\/\/perle-in.com\/","logo":{"@type":"ImageObject","inLanguage":"en-CA","@id":"https:\/\/perle-in.com\/#\/schema\/logo\/image\/","url":"https:\/\/perle-in.com\/wp-content\/uploads\/2022\/12\/LOGO-PERLE-IN-COULEUR@3x.webp","contentUrl":"https:\/\/perle-in.com\/wp-content\/uploads\/2022\/12\/LOGO-PERLE-IN-COULEUR@3x.webp","width":1600,"height":490,"caption":"PERLE IN"},"image":{"@id":"https:\/\/perle-in.com\/#\/schema\/logo\/image\/"}}]}},"jetpack_sharing_enabled":true,"_links":{"self":[{"href":"https:\/\/perle-in.com\/en\/wp-json\/wp\/v2\/product\/563107","targetHints":{"allow":["GET"]}}],"collection":[{"href":"https:\/\/perle-in.com\/en\/wp-json\/wp\/v2\/product"}],"about":[{"href":"https:\/\/perle-in.com\/en\/wp-json\/wp\/v2\/types\/product"}],"version-history":[{"count":0,"href":"https:\/\/perle-in.com\/en\/wp-json\/wp\/v2\/product\/563107\/revisions"}],"wp:featuredmedia":[{"embeddable":true,"href":"https:\/\/perle-in.com\/en\/wp-json\/wp\/v2\/media\/563093"}],"wp:attachment":[{"href":"https:\/\/perle-in.com\/en\/wp-json\/wp\/v2\/media?parent=563107"}],"wp:term":[{"taxonomy":"product_brand","embeddable":true,"href":"https:\/\/perle-in.com\/en\/wp-json\/wp\/v2\/product_brand?post=563107"},{"taxonomy":"product_cat","embeddable":true,"href":"https:\/\/perle-in.com\/en\/wp-json\/wp\/v2\/product_cat?post=563107"},{"taxonomy":"product_tag","embeddable":true,"href":"https:\/\/perle-in.com\/en\/wp-json\/wp\/v2\/product_tag?post=563107"}],"curies":[{"name":"wp","href":"https:\/\/api.w.org\/{rel}","templated":true}]}}

Polaire sherpa recyclée unisexe Evans

<p>La polaire sherpa Evans est fabriquée en polyester recyclé certifié GRS, avec un tissu contrastant en nylon 100 % recyclé certifié GRS qui ajoute une touche de modernité tout en réduisant l&#8217;impact sur l&#8217;environnement. Cette veste polaire présente une coupe légèrement oversize pour un look décontracté. La fermeture centrale quart de zip et la capuche offrent une protection personnalisable en fonction des conditions météorologiques. Que vous préfériez explorer la nature ou vous prélasser à la maison, la collection unisexe Evans allie confort inégalé et style moderne.</p>

<!-- This site is optimized with the Yoast SEO plugin v27.4 - https://yoast.com/product/yoast-seo-wordpress/ -->
<title>Polaire sherpa recyclée unisexe Evans - PERLE IN</title>
<meta name="robots" content="noindex, follow, max-snippet:-1, max-image-preview:large, max-video-preview:-1" />
<meta property="og:locale" content="en_US" />
<meta property="og:type" content="article" />
<meta property="og:title" content="Polaire sherpa recyclée unisexe Evans - PERLE IN" />
<meta property="og:description" content="La polaire sherpa Evans est fabriquée en polyester recyclé certifié GRS, avec un tissu contrastant en nylon 100 % recyclé certifié GRS qui ajoute une touche de modernité tout en réduisant l&#039;impact sur l&#039;environnement. Cette veste polaire présente une coupe légèrement oversize pour un look décontracté. La fermeture centrale quart de zip et la capuche offrent une protection personnalisable en fonction des conditions météorologiques. Que vous préfériez explorer la nature ou vous prélasser à la maison, la collection unisexe Evans allie confort inégalé et style moderne." />
<meta property="og:url" content="https://perle-in.com/en/product/polaire-sherpa-recyclee-unisexe-evans/" />
<meta property="og:site_name" content="PERLE IN" />
<meta property="article:modified_time" content="2025-10-19T03:48:51+00:00" />
<meta property="og:image" content="https://perle-in.com/wp-content/uploads/2025/10/3947690-1.jpg" />
	<meta property="og:image:width" content="1600" />
	<meta property="og:image:height" content="1600" />
	<meta property="og:image:type" content="image/jpeg" />
<meta name="twitter:card" content="summary_large_image" />
<script type="application/ld+json" class="yoast-schema-graph">{"@context":"https:\/\/schema.org","@graph":[{"@type":"WebPage","@id":"https:\/\/perle-in.com\/produit\/polaire-sherpa-recyclee-unisexe-evans\/","url":"https:\/\/perle-in.com\/produit\/polaire-sherpa-recyclee-unisexe-evans\/","name":"Polaire sherpa recyclée unisexe Evans - PERLE IN","isPartOf":{"@id":"https:\/\/perle-in.com\/#website"},"primaryImageOfPage":{"@id":"https:\/\/perle-in.com\/produit\/polaire-sherpa-recyclee-unisexe-evans\/#primaryimage"},"image":{"@id":"https:\/\/perle-in.com\/produit\/polaire-sherpa-recyclee-unisexe-evans\/#primaryimage"},"thumbnailUrl":"https:\/\/perle-in.com\/wp-content\/uploads\/2025\/10\/3947690-1.jpg","datePublished":"2025-10-15T12:58:31+00:00","dateModified":"2025-10-19T03:48:51+00:00","breadcrumb":{"@id":"https:\/\/perle-in.com\/produit\/polaire-sherpa-recyclee-unisexe-evans\/#breadcrumb"},"inLanguage":"en-CA","potentialAction":[{"@type":"ReadAction","target":["https:\/\/perle-in.com\/produit\/polaire-sherpa-recyclee-unisexe-evans\/"]}]},{"@type":"ImageObject","inLanguage":"en-CA","@id":"https:\/\/perle-in.com\/produit\/polaire-sherpa-recyclee-unisexe-evans\/#primaryimage","url":"https:\/\/perle-in.com\/wp-content\/uploads\/2025\/10\/3947690-1.jpg","contentUrl":"https:\/\/perle-in.com\/wp-content\/uploads\/2025\/10\/3947690-1.jpg","width":1600,"height":1600},{"@type":"BreadcrumbList","@id":"https:\/\/perle-in.com\/produit\/polaire-sherpa-recyclee-unisexe-evans\/#breadcrumb","itemListElement":[{"@type":"ListItem","position":1,"name":"Accueil","item":"https:\/\/perle-in.com\/"},{"@type":"ListItem","position":2,"name":"Boutique","item":"https:\/\/perle-in.com\/boutique\/"},{"@type":"ListItem","position":3,"name":"Polaire sherpa recyclée unisexe Evans"}]},{"@type":"WebSite","@id":"https:\/\/perle-in.com\/#website","url":"https:\/\/perle-in.com\/","name":"PERLE IN","description":"","publisher":{"@id":"https:\/\/perle-in.com\/#organization"},"potentialAction":[{"@type":"SearchAction","target":{"@type":"EntryPoint","urlTemplate":"https:\/\/perle-in.com\/?s={search_term_string}"},"query-input":{"@type":"PropertyValueSpecification","valueRequired":true,"valueName":"search_term_string"}}],"inLanguage":"en-CA"},{"@type":"Organization","@id":"https:\/\/perle-in.com\/#organization","name":"PERLE IN","url":"https:\/\/perle-in.com\/","logo":{"@type":"ImageObject","inLanguage":"en-CA","@id":"https:\/\/perle-in.com\/#\/schema\/logo\/image\/","url":"https:\/\/perle-in.com\/wp-content\/uploads\/2022\/12\/LOGO-PERLE-IN-COULEUR@3x.webp","contentUrl":"https:\/\/perle-in.com\/wp-content\/uploads\/2022\/12\/LOGO-PERLE-IN-COULEUR@3x.webp","width":1600,"height":490,"caption":"PERLE IN"},"image":{"@id":"https:\/\/perle-in.com\/#\/schema\/logo\/image\/"}}]}</script>
<!-- / Yoast SEO plugin. -->

Polaire sherpa recyclée unisexe Evans - PERLE IN

La polaire sherpa Evans est fabriquée en polyester recyclé certifié GRS, avec un tissu contrastant en nylon 100 % recyclé certifié GRS qui ajoute une touche de modernité tout en réduisant l'impact sur l'environnement. Cette veste polaire présente une coupe légèrement oversize pour un look décontracté. La fermeture centrale quart de zip et la capuche offrent une protection personnalisable en fonction des conditions météorologiques. Que vous préfériez explorer la nature ou vous prélasser à la maison, la collection unisexe Evans allie confort inégalé et style moderne.
