{"id":562683,"date":"2025-10-15T14:20:32","date_gmt":"2025-10-15T12:20:32","guid":{"rendered":"https:\/\/perle-in.com\/produit\/thule-subterra-2-powershuttle-mini\/"},"modified":"2025-10-19T05:48:48","modified_gmt":"2025-10-19T03:48:48","slug":"thule-subterra-2-powershuttle-mini","status":"publish","type":"product","link":"https:\/\/perle-in.com\/en\/product\/thule-subterra-2-powershuttle-mini\/","title":{"rendered":"Thule Subterra\u00a02 PowerShuttle mini"},"content":{"rendered":"","protected":false},"excerpt":{"rendered":"<p>Le mini Thule Subterra Powershuttle offre un espace de rangement bien pens\u00e9 pour les chargeurs, cordons, adaptateurs, petits appareils \u00e9lectroniques, stylos et autres objets. Cet organiseur est dot\u00e9 de nombreuses poches polyvalentes et de boucles \u00e9lastiques, ainsi que d&#8217;un porte-cl\u00e9s pratique. Son design \u00e9pur\u00e9 permet d&#8217;acc\u00e9der facilement aux \u00e9l\u00e9ments essentiels lors des d\u00e9placements.<\/p>","protected":false},"featured_media":562676,"template":"","meta":{"_eb_attr":""},"product_brand":[],"product_cat":[1241,426,159],"product_tag":[3568,3569,1675,3567,432,282,3566,3072],"class_list":{"0":"post-562683","1":"product","2":"type-product","3":"status-publish","4":"has-post-thumbnail","6":"product_cat-accessoires-de-voyage-sport-et-loisirs","7":"product_cat-accessoires-de-voyage","8":"product_cat-sacs","9":"product_tag-organiseur","10":"product_tag-organiseurs","11":"product_tag-pochette","12":"product_tag-powershuttle","13":"product_tag-rangement","14":"product_tag-sac","15":"product_tag-subterra","16":"product_tag-thule","17":"pa_couleurs-noir","18":"pa_marque-thule","19":"pa_pays-d-origine-cambodge","21":"first","22":"instock","23":"shipping-taxable","24":"purchasable","25":"product-type-variable"},"yoast_head":"<!-- This site is optimized with the Yoast SEO plugin v27.4 - https:\/\/yoast.com\/product\/yoast-seo-wordpress\/ -->\n<title>Thule Subterra\u00a02 PowerShuttle mini - PERLE IN<\/title>\n<meta name=\"robots\" content=\"noindex, follow, max-snippet:-1, max-image-preview:large, max-video-preview:-1\" \/>\n<meta property=\"og:locale\" content=\"en_US\" \/>\n<meta property=\"og:type\" content=\"article\" \/>\n<meta property=\"og:title\" content=\"Thule Subterra\u00a02 PowerShuttle mini - PERLE IN\" \/>\n<meta property=\"og:description\" content=\"Le mini Thule Subterra Powershuttle offre un espace de rangement bien pens\u00e9 pour les chargeurs, cordons, adaptateurs, petits appareils \u00e9lectroniques, stylos et autres objets. Cet organiseur est dot\u00e9 de nombreuses poches polyvalentes et de boucles \u00e9lastiques, ainsi que d&#039;un porte-cl\u00e9s pratique. Son design \u00e9pur\u00e9 permet d&#039;acc\u00e9der facilement aux \u00e9l\u00e9ments essentiels lors des d\u00e9placements.\" \/>\n<meta property=\"og:url\" content=\"https:\/\/perle-in.com\/en\/product\/thule-subterra-2-powershuttle-mini\/\" \/>\n<meta property=\"og:site_name\" content=\"PERLE IN\" \/>\n<meta property=\"article:modified_time\" content=\"2025-10-19T03:48:48+00:00\" \/>\n<meta property=\"og:image\" content=\"https:\/\/perle-in.com\/wp-content\/uploads\/2025\/10\/12072990-1.jpg\" \/>\n\t<meta property=\"og:image:width\" content=\"1600\" \/>\n\t<meta property=\"og:image:height\" content=\"1600\" \/>\n\t<meta property=\"og:image:type\" content=\"image\/jpeg\" \/>\n<meta name=\"twitter:card\" content=\"summary_large_image\" \/>\n<script type=\"application\/ld+json\" class=\"yoast-schema-graph\">{\"@context\":\"https:\\\/\\\/schema.org\",\"@graph\":[{\"@type\":\"WebPage\",\"@id\":\"https:\\\/\\\/perle-in.com\\\/produit\\\/thule-subterra-2-powershuttle-mini\\\/\",\"url\":\"https:\\\/\\\/perle-in.com\\\/produit\\\/thule-subterra-2-powershuttle-mini\\\/\",\"name\":\"Thule Subterra\u00a02 PowerShuttle mini - PERLE IN\",\"isPartOf\":{\"@id\":\"https:\\\/\\\/perle-in.com\\\/#website\"},\"primaryImageOfPage\":{\"@id\":\"https:\\\/\\\/perle-in.com\\\/produit\\\/thule-subterra-2-powershuttle-mini\\\/#primaryimage\"},\"image\":{\"@id\":\"https:\\\/\\\/perle-in.com\\\/produit\\\/thule-subterra-2-powershuttle-mini\\\/#primaryimage\"},\"thumbnailUrl\":\"https:\\\/\\\/perle-in.com\\\/wp-content\\\/uploads\\\/2025\\\/10\\\/12072990-1.jpg\",\"datePublished\":\"2025-10-15T12:20:32+00:00\",\"dateModified\":\"2025-10-19T03:48:48+00:00\",\"breadcrumb\":{\"@id\":\"https:\\\/\\\/perle-in.com\\\/produit\\\/thule-subterra-2-powershuttle-mini\\\/#breadcrumb\"},\"inLanguage\":\"en-CA\",\"potentialAction\":[{\"@type\":\"ReadAction\",\"target\":[\"https:\\\/\\\/perle-in.com\\\/produit\\\/thule-subterra-2-powershuttle-mini\\\/\"]}]},{\"@type\":\"ImageObject\",\"inLanguage\":\"en-CA\",\"@id\":\"https:\\\/\\\/perle-in.com\\\/produit\\\/thule-subterra-2-powershuttle-mini\\\/#primaryimage\",\"url\":\"https:\\\/\\\/perle-in.com\\\/wp-content\\\/uploads\\\/2025\\\/10\\\/12072990-1.jpg\",\"contentUrl\":\"https:\\\/\\\/perle-in.com\\\/wp-content\\\/uploads\\\/2025\\\/10\\\/12072990-1.jpg\",\"width\":1600,\"height\":1600},{\"@type\":\"BreadcrumbList\",\"@id\":\"https:\\\/\\\/perle-in.com\\\/produit\\\/thule-subterra-2-powershuttle-mini\\\/#breadcrumb\",\"itemListElement\":[{\"@type\":\"ListItem\",\"position\":1,\"name\":\"Accueil\",\"item\":\"https:\\\/\\\/perle-in.com\\\/\"},{\"@type\":\"ListItem\",\"position\":2,\"name\":\"Boutique\",\"item\":\"https:\\\/\\\/perle-in.com\\\/boutique\\\/\"},{\"@type\":\"ListItem\",\"position\":3,\"name\":\"Thule Subterra\u00a02 PowerShuttle mini\"}]},{\"@type\":\"WebSite\",\"@id\":\"https:\\\/\\\/perle-in.com\\\/#website\",\"url\":\"https:\\\/\\\/perle-in.com\\\/\",\"name\":\"PERLE IN\",\"description\":\"\",\"publisher\":{\"@id\":\"https:\\\/\\\/perle-in.com\\\/#organization\"},\"potentialAction\":[{\"@type\":\"SearchAction\",\"target\":{\"@type\":\"EntryPoint\",\"urlTemplate\":\"https:\\\/\\\/perle-in.com\\\/?s={search_term_string}\"},\"query-input\":{\"@type\":\"PropertyValueSpecification\",\"valueRequired\":true,\"valueName\":\"search_term_string\"}}],\"inLanguage\":\"en-CA\"},{\"@type\":\"Organization\",\"@id\":\"https:\\\/\\\/perle-in.com\\\/#organization\",\"name\":\"PERLE IN\",\"url\":\"https:\\\/\\\/perle-in.com\\\/\",\"logo\":{\"@type\":\"ImageObject\",\"inLanguage\":\"en-CA\",\"@id\":\"https:\\\/\\\/perle-in.com\\\/#\\\/schema\\\/logo\\\/image\\\/\",\"url\":\"https:\\\/\\\/perle-in.com\\\/wp-content\\\/uploads\\\/2022\\\/12\\\/LOGO-PERLE-IN-COULEUR@3x.webp\",\"contentUrl\":\"https:\\\/\\\/perle-in.com\\\/wp-content\\\/uploads\\\/2022\\\/12\\\/LOGO-PERLE-IN-COULEUR@3x.webp\",\"width\":1600,\"height\":490,\"caption\":\"PERLE IN\"},\"image\":{\"@id\":\"https:\\\/\\\/perle-in.com\\\/#\\\/schema\\\/logo\\\/image\\\/\"}}]}<\/script>\n<!-- \/ Yoast SEO plugin. -->","yoast_head_json":{"title":"Thule Subterra\u00a02 PowerShuttle mini - PERLE IN","robots":{"index":"noindex","follow":"follow","max-snippet":"max-snippet:-1","max-image-preview":"max-image-preview:large","max-video-preview":"max-video-preview:-1"},"og_locale":"en_US","og_type":"article","og_title":"Thule Subterra\u00a02 PowerShuttle mini - PERLE IN","og_description":"Le mini Thule Subterra Powershuttle offre un espace de rangement bien pens\u00e9 pour les chargeurs, cordons, adaptateurs, petits appareils \u00e9lectroniques, stylos et autres objets. Cet organiseur est dot\u00e9 de nombreuses poches polyvalentes et de boucles \u00e9lastiques, ainsi que d'un porte-cl\u00e9s pratique. Son design \u00e9pur\u00e9 permet d'acc\u00e9der facilement aux \u00e9l\u00e9ments essentiels lors des d\u00e9placements.","og_url":"https:\/\/perle-in.com\/en\/product\/thule-subterra-2-powershuttle-mini\/","og_site_name":"PERLE IN","article_modified_time":"2025-10-19T03:48:48+00:00","og_image":[{"width":1600,"height":1600,"url":"https:\/\/perle-in.com\/wp-content\/uploads\/2025\/10\/12072990-1.jpg","type":"image\/jpeg"}],"twitter_card":"summary_large_image","schema":{"@context":"https:\/\/schema.org","@graph":[{"@type":"WebPage","@id":"https:\/\/perle-in.com\/produit\/thule-subterra-2-powershuttle-mini\/","url":"https:\/\/perle-in.com\/produit\/thule-subterra-2-powershuttle-mini\/","name":"Thule Subterra\u00a02 PowerShuttle mini - PERLE IN","isPartOf":{"@id":"https:\/\/perle-in.com\/#website"},"primaryImageOfPage":{"@id":"https:\/\/perle-in.com\/produit\/thule-subterra-2-powershuttle-mini\/#primaryimage"},"image":{"@id":"https:\/\/perle-in.com\/produit\/thule-subterra-2-powershuttle-mini\/#primaryimage"},"thumbnailUrl":"https:\/\/perle-in.com\/wp-content\/uploads\/2025\/10\/12072990-1.jpg","datePublished":"2025-10-15T12:20:32+00:00","dateModified":"2025-10-19T03:48:48+00:00","breadcrumb":{"@id":"https:\/\/perle-in.com\/produit\/thule-subterra-2-powershuttle-mini\/#breadcrumb"},"inLanguage":"en-CA","potentialAction":[{"@type":"ReadAction","target":["https:\/\/perle-in.com\/produit\/thule-subterra-2-powershuttle-mini\/"]}]},{"@type":"ImageObject","inLanguage":"en-CA","@id":"https:\/\/perle-in.com\/produit\/thule-subterra-2-powershuttle-mini\/#primaryimage","url":"https:\/\/perle-in.com\/wp-content\/uploads\/2025\/10\/12072990-1.jpg","contentUrl":"https:\/\/perle-in.com\/wp-content\/uploads\/2025\/10\/12072990-1.jpg","width":1600,"height":1600},{"@type":"BreadcrumbList","@id":"https:\/\/perle-in.com\/produit\/thule-subterra-2-powershuttle-mini\/#breadcrumb","itemListElement":[{"@type":"ListItem","position":1,"name":"Accueil","item":"https:\/\/perle-in.com\/"},{"@type":"ListItem","position":2,"name":"Boutique","item":"https:\/\/perle-in.com\/boutique\/"},{"@type":"ListItem","position":3,"name":"Thule Subterra\u00a02 PowerShuttle mini"}]},{"@type":"WebSite","@id":"https:\/\/perle-in.com\/#website","url":"https:\/\/perle-in.com\/","name":"PERLE IN","description":"","publisher":{"@id":"https:\/\/perle-in.com\/#organization"},"potentialAction":[{"@type":"SearchAction","target":{"@type":"EntryPoint","urlTemplate":"https:\/\/perle-in.com\/?s={search_term_string}"},"query-input":{"@type":"PropertyValueSpecification","valueRequired":true,"valueName":"search_term_string"}}],"inLanguage":"en-CA"},{"@type":"Organization","@id":"https:\/\/perle-in.com\/#organization","name":"PERLE IN","url":"https:\/\/perle-in.com\/","logo":{"@type":"ImageObject","inLanguage":"en-CA","@id":"https:\/\/perle-in.com\/#\/schema\/logo\/image\/","url":"https:\/\/perle-in.com\/wp-content\/uploads\/2022\/12\/LOGO-PERLE-IN-COULEUR@3x.webp","contentUrl":"https:\/\/perle-in.com\/wp-content\/uploads\/2022\/12\/LOGO-PERLE-IN-COULEUR@3x.webp","width":1600,"height":490,"caption":"PERLE IN"},"image":{"@id":"https:\/\/perle-in.com\/#\/schema\/logo\/image\/"}}]}},"jetpack_sharing_enabled":true,"_links":{"self":[{"href":"https:\/\/perle-in.com\/en\/wp-json\/wp\/v2\/product\/562683","targetHints":{"allow":["GET"]}}],"collection":[{"href":"https:\/\/perle-in.com\/en\/wp-json\/wp\/v2\/product"}],"about":[{"href":"https:\/\/perle-in.com\/en\/wp-json\/wp\/v2\/types\/product"}],"version-history":[{"count":0,"href":"https:\/\/perle-in.com\/en\/wp-json\/wp\/v2\/product\/562683\/revisions"}],"wp:featuredmedia":[{"embeddable":true,"href":"https:\/\/perle-in.com\/en\/wp-json\/wp\/v2\/media\/562676"}],"wp:attachment":[{"href":"https:\/\/perle-in.com\/en\/wp-json\/wp\/v2\/media?parent=562683"}],"wp:term":[{"taxonomy":"product_brand","embeddable":true,"href":"https:\/\/perle-in.com\/en\/wp-json\/wp\/v2\/product_brand?post=562683"},{"taxonomy":"product_cat","embeddable":true,"href":"https:\/\/perle-in.com\/en\/wp-json\/wp\/v2\/product_cat?post=562683"},{"taxonomy":"product_tag","embeddable":true,"href":"https:\/\/perle-in.com\/en\/wp-json\/wp\/v2\/product_tag?post=562683"}],"curies":[{"name":"wp","href":"https:\/\/api.w.org\/{rel}","templated":true}]}}

<p>Le mini Thule Subterra Powershuttle offre un espace de rangement bien pensé pour les chargeurs, cordons, adaptateurs, petits appareils électroniques, stylos et autres objets. Cet organiseur est doté de nombreuses poches polyvalentes et de boucles élastiques, ainsi que d&#8217;un porte-clés pratique. Son design épuré permet d&#8217;accéder facilement aux éléments essentiels lors des déplacements.</p>

<!-- This site is optimized with the Yoast SEO plugin v27.4 - https://yoast.com/product/yoast-seo-wordpress/ -->
<title>Thule Subterra 2 PowerShuttle mini - PERLE IN</title>
<meta name="robots" content="noindex, follow, max-snippet:-1, max-image-preview:large, max-video-preview:-1" />
<meta property="og:locale" content="en_US" />
<meta property="og:type" content="article" />
<meta property="og:title" content="Thule Subterra 2 PowerShuttle mini - PERLE IN" />
<meta property="og:description" content="Le mini Thule Subterra Powershuttle offre un espace de rangement bien pensé pour les chargeurs, cordons, adaptateurs, petits appareils électroniques, stylos et autres objets. Cet organiseur est doté de nombreuses poches polyvalentes et de boucles élastiques, ainsi que d&#039;un porte-clés pratique. Son design épuré permet d&#039;accéder facilement aux éléments essentiels lors des déplacements." />
<meta property="og:url" content="https://perle-in.com/en/product/thule-subterra-2-powershuttle-mini/" />
<meta property="og:site_name" content="PERLE IN" />
<meta property="article:modified_time" content="2025-10-19T03:48:48+00:00" />
<meta property="og:image" content="https://perle-in.com/wp-content/uploads/2025/10/12072990-1.jpg" />
	<meta property="og:image:width" content="1600" />
	<meta property="og:image:height" content="1600" />
	<meta property="og:image:type" content="image/jpeg" />
<meta name="twitter:card" content="summary_large_image" />
<script type="application/ld+json" class="yoast-schema-graph">{"@context":"https:\/\/schema.org","@graph":[{"@type":"WebPage","@id":"https:\/\/perle-in.com\/produit\/thule-subterra-2-powershuttle-mini\/","url":"https:\/\/perle-in.com\/produit\/thule-subterra-2-powershuttle-mini\/","name":"Thule Subterra 2 PowerShuttle mini - PERLE IN","isPartOf":{"@id":"https:\/\/perle-in.com\/#website"},"primaryImageOfPage":{"@id":"https:\/\/perle-in.com\/produit\/thule-subterra-2-powershuttle-mini\/#primaryimage"},"image":{"@id":"https:\/\/perle-in.com\/produit\/thule-subterra-2-powershuttle-mini\/#primaryimage"},"thumbnailUrl":"https:\/\/perle-in.com\/wp-content\/uploads\/2025\/10\/12072990-1.jpg","datePublished":"2025-10-15T12:20:32+00:00","dateModified":"2025-10-19T03:48:48+00:00","breadcrumb":{"@id":"https:\/\/perle-in.com\/produit\/thule-subterra-2-powershuttle-mini\/#breadcrumb"},"inLanguage":"en-CA","potentialAction":[{"@type":"ReadAction","target":["https:\/\/perle-in.com\/produit\/thule-subterra-2-powershuttle-mini\/"]}]},{"@type":"ImageObject","inLanguage":"en-CA","@id":"https:\/\/perle-in.com\/produit\/thule-subterra-2-powershuttle-mini\/#primaryimage","url":"https:\/\/perle-in.com\/wp-content\/uploads\/2025\/10\/12072990-1.jpg","contentUrl":"https:\/\/perle-in.com\/wp-content\/uploads\/2025\/10\/12072990-1.jpg","width":1600,"height":1600},{"@type":"BreadcrumbList","@id":"https:\/\/perle-in.com\/produit\/thule-subterra-2-powershuttle-mini\/#breadcrumb","itemListElement":[{"@type":"ListItem","position":1,"name":"Accueil","item":"https:\/\/perle-in.com\/"},{"@type":"ListItem","position":2,"name":"Boutique","item":"https:\/\/perle-in.com\/boutique\/"},{"@type":"ListItem","position":3,"name":"Thule Subterra 2 PowerShuttle mini"}]},{"@type":"WebSite","@id":"https:\/\/perle-in.com\/#website","url":"https:\/\/perle-in.com\/","name":"PERLE IN","description":"","publisher":{"@id":"https:\/\/perle-in.com\/#organization"},"potentialAction":[{"@type":"SearchAction","target":{"@type":"EntryPoint","urlTemplate":"https:\/\/perle-in.com\/?s={search_term_string}"},"query-input":{"@type":"PropertyValueSpecification","valueRequired":true,"valueName":"search_term_string"}}],"inLanguage":"en-CA"},{"@type":"Organization","@id":"https:\/\/perle-in.com\/#organization","name":"PERLE IN","url":"https:\/\/perle-in.com\/","logo":{"@type":"ImageObject","inLanguage":"en-CA","@id":"https:\/\/perle-in.com\/#\/schema\/logo\/image\/","url":"https:\/\/perle-in.com\/wp-content\/uploads\/2022\/12\/LOGO-PERLE-IN-COULEUR@3x.webp","contentUrl":"https:\/\/perle-in.com\/wp-content\/uploads\/2022\/12\/LOGO-PERLE-IN-COULEUR@3x.webp","width":1600,"height":490,"caption":"PERLE IN"},"image":{"@id":"https:\/\/perle-in.com\/#\/schema\/logo\/image\/"}}]}</script>
<!-- / Yoast SEO plugin. -->

Le mini Thule Subterra Powershuttle offre un espace de rangement bien pensé pour les chargeurs, cordons, adaptateurs, petits appareils électroniques, stylos et autres objets. Cet organiseur est doté de nombreuses poches polyvalentes et de boucles élastiques, ainsi que d'un porte-clés pratique. Son design épuré permet d'accéder facilement aux éléments essentiels lors des déplacements.
