{"id":562541,"date":"2025-10-15T14:07:08","date_gmt":"2025-10-15T12:07:08","guid":{"rendered":"https:\/\/perle-in.com\/produit\/sac-recycle-pour-ordinateur-portable-156-case-logic-invigo\/"},"modified":"2025-10-19T05:48:47","modified_gmt":"2025-10-19T03:48:47","slug":"sac-recycle-pour-ordinateur-portable-156-case-logic-invigo","status":"publish","type":"product","link":"https:\/\/perle-in.com\/en\/product\/sac-recycle-pour-ordinateur-portable-156-case-logic-invigo\/","title":{"rendered":"Sac recycl\u00e9 pour ordinateur portable 15,6&#8243; Case Logic Invigo"},"content":{"rendered":"","protected":false},"excerpt":{"rendered":"<p>Le sac pour ordinateur portable Case Logic Invigo offre un espace de rangement matelass\u00e9 pour l&#8217;ordinateur portable et la tablette, ainsi que d&#8217;autres caract\u00e9ristiques bien pens\u00e9es pour un usage quotidien. Le sac est fabriqu\u00e9 avec un ext\u00e9rieur en polyester 600D 100\u00a0% recycl\u00e9 et une doublure en polyester 150D. Comprend un compartiment matelass\u00e9 pour ordinateur portable de 15,6\u00a0pouces ainsi qu&#8217;une pochette pour tablette de 12,9\u00a0pouces. L&#8217;int\u00e9rieur comporte des poches d&#8217;organisation et, \u00e0 l&#8217;avant, une poche zipp\u00e9e pour les petits objets tels que les cl\u00e9s. La poche situ\u00e9e sur le panneau arri\u00e8re permet de garder \u00e0 port\u00e9e de main les objets essentiels tels que le passeport ou le portefeuille. Le sac est \u00e9galement dot\u00e9 d&#8217;une sangle permettant de l&#8217;attacher \u00e0 un bagage \u00e0 roulettes pour un voyage sans effort.<\/p>","protected":false},"featured_media":562433,"template":"","meta":{"_eb_attr":""},"product_brand":[],"product_cat":[159,1112],"product_tag":[1861,837,784,836,282,1189],"class_list":{"0":"post-562541","1":"product","2":"type-product","3":"status-publish","4":"has-post-thumbnail","6":"product_cat-sacs","7":"product_cat-sacs-pour-tablette-et-ordinateur-portable","8":"product_tag-case-logic","9":"product_tag-durable","10":"product_tag-ordinateur-portable","11":"product_tag-recycle","12":"product_tag-sac","13":"product_tag-tablette","14":"pa_couleurs-noir","15":"pa_marque-case-logic","16":"pa_pays-d-origine-cambodge","18":"first","19":"instock","20":"shipping-taxable","21":"purchasable","22":"product-type-variable"},"yoast_head":"<!-- This site is optimized with the Yoast SEO plugin v27.4 - https:\/\/yoast.com\/product\/yoast-seo-wordpress\/ -->\n<title>Sac recycl\u00e9 pour ordinateur portable 15,6&quot; Case Logic Invigo - PERLE IN<\/title>\n<meta name=\"robots\" content=\"noindex, follow, max-snippet:-1, max-image-preview:large, max-video-preview:-1\" \/>\n<meta property=\"og:locale\" content=\"en_US\" \/>\n<meta property=\"og:type\" content=\"article\" \/>\n<meta property=\"og:title\" content=\"Sac recycl\u00e9 pour ordinateur portable 15,6&quot; Case Logic Invigo - PERLE IN\" \/>\n<meta property=\"og:description\" content=\"Le sac pour ordinateur portable Case Logic Invigo offre un espace de rangement matelass\u00e9 pour l&#039;ordinateur portable et la tablette, ainsi que d&#039;autres caract\u00e9ristiques bien pens\u00e9es pour un usage quotidien. Le sac est fabriqu\u00e9 avec un ext\u00e9rieur en polyester 600D 100\u00a0% recycl\u00e9 et une doublure en polyester 150D. Comprend un compartiment matelass\u00e9 pour ordinateur portable de 15,6\u00a0pouces ainsi qu&#039;une pochette pour tablette de 12,9\u00a0pouces. L&#039;int\u00e9rieur comporte des poches d&#039;organisation et, \u00e0 l&#039;avant, une poche zipp\u00e9e pour les petits objets tels que les cl\u00e9s. La poche situ\u00e9e sur le panneau arri\u00e8re permet de garder \u00e0 port\u00e9e de main les objets essentiels tels que le passeport ou le portefeuille. Le sac est \u00e9galement dot\u00e9 d&#039;une sangle permettant de l&#039;attacher \u00e0 un bagage \u00e0 roulettes pour un voyage sans effort.\" \/>\n<meta property=\"og:url\" content=\"https:\/\/perle-in.com\/en\/product\/sac-recycle-pour-ordinateur-portable-156-case-logic-invigo\/\" \/>\n<meta property=\"og:site_name\" content=\"PERLE IN\" \/>\n<meta property=\"article:modified_time\" content=\"2025-10-19T03:48:47+00:00\" \/>\n<meta property=\"og:image\" content=\"https:\/\/perle-in.com\/wp-content\/uploads\/2025\/10\/12072490-1.jpg\" \/>\n\t<meta property=\"og:image:width\" content=\"1600\" \/>\n\t<meta property=\"og:image:height\" content=\"1600\" \/>\n\t<meta property=\"og:image:type\" content=\"image\/jpeg\" \/>\n<meta name=\"twitter:card\" content=\"summary_large_image\" \/>\n<script type=\"application\/ld+json\" class=\"yoast-schema-graph\">{\"@context\":\"https:\\\/\\\/schema.org\",\"@graph\":[{\"@type\":\"WebPage\",\"@id\":\"https:\\\/\\\/perle-in.com\\\/produit\\\/sac-recycle-pour-ordinateur-portable-156-case-logic-invigo\\\/\",\"url\":\"https:\\\/\\\/perle-in.com\\\/produit\\\/sac-recycle-pour-ordinateur-portable-156-case-logic-invigo\\\/\",\"name\":\"Sac recycl\u00e9 pour ordinateur portable 15,6\\\" Case Logic Invigo - PERLE IN\",\"isPartOf\":{\"@id\":\"https:\\\/\\\/perle-in.com\\\/#website\"},\"primaryImageOfPage\":{\"@id\":\"https:\\\/\\\/perle-in.com\\\/produit\\\/sac-recycle-pour-ordinateur-portable-156-case-logic-invigo\\\/#primaryimage\"},\"image\":{\"@id\":\"https:\\\/\\\/perle-in.com\\\/produit\\\/sac-recycle-pour-ordinateur-portable-156-case-logic-invigo\\\/#primaryimage\"},\"thumbnailUrl\":\"https:\\\/\\\/perle-in.com\\\/wp-content\\\/uploads\\\/2025\\\/10\\\/12072490-1.jpg\",\"datePublished\":\"2025-10-15T12:07:08+00:00\",\"dateModified\":\"2025-10-19T03:48:47+00:00\",\"breadcrumb\":{\"@id\":\"https:\\\/\\\/perle-in.com\\\/produit\\\/sac-recycle-pour-ordinateur-portable-156-case-logic-invigo\\\/#breadcrumb\"},\"inLanguage\":\"en-CA\",\"potentialAction\":[{\"@type\":\"ReadAction\",\"target\":[\"https:\\\/\\\/perle-in.com\\\/produit\\\/sac-recycle-pour-ordinateur-portable-156-case-logic-invigo\\\/\"]}]},{\"@type\":\"ImageObject\",\"inLanguage\":\"en-CA\",\"@id\":\"https:\\\/\\\/perle-in.com\\\/produit\\\/sac-recycle-pour-ordinateur-portable-156-case-logic-invigo\\\/#primaryimage\",\"url\":\"https:\\\/\\\/perle-in.com\\\/wp-content\\\/uploads\\\/2025\\\/10\\\/12072490-1.jpg\",\"contentUrl\":\"https:\\\/\\\/perle-in.com\\\/wp-content\\\/uploads\\\/2025\\\/10\\\/12072490-1.jpg\",\"width\":1600,\"height\":1600},{\"@type\":\"BreadcrumbList\",\"@id\":\"https:\\\/\\\/perle-in.com\\\/produit\\\/sac-recycle-pour-ordinateur-portable-156-case-logic-invigo\\\/#breadcrumb\",\"itemListElement\":[{\"@type\":\"ListItem\",\"position\":1,\"name\":\"Accueil\",\"item\":\"https:\\\/\\\/perle-in.com\\\/\"},{\"@type\":\"ListItem\",\"position\":2,\"name\":\"Boutique\",\"item\":\"https:\\\/\\\/perle-in.com\\\/boutique\\\/\"},{\"@type\":\"ListItem\",\"position\":3,\"name\":\"Sac recycl\u00e9 pour ordinateur portable 15,6&#8243; Case Logic Invigo\"}]},{\"@type\":\"WebSite\",\"@id\":\"https:\\\/\\\/perle-in.com\\\/#website\",\"url\":\"https:\\\/\\\/perle-in.com\\\/\",\"name\":\"PERLE IN\",\"description\":\"\",\"publisher\":{\"@id\":\"https:\\\/\\\/perle-in.com\\\/#organization\"},\"potentialAction\":[{\"@type\":\"SearchAction\",\"target\":{\"@type\":\"EntryPoint\",\"urlTemplate\":\"https:\\\/\\\/perle-in.com\\\/?s={search_term_string}\"},\"query-input\":{\"@type\":\"PropertyValueSpecification\",\"valueRequired\":true,\"valueName\":\"search_term_string\"}}],\"inLanguage\":\"en-CA\"},{\"@type\":\"Organization\",\"@id\":\"https:\\\/\\\/perle-in.com\\\/#organization\",\"name\":\"PERLE IN\",\"url\":\"https:\\\/\\\/perle-in.com\\\/\",\"logo\":{\"@type\":\"ImageObject\",\"inLanguage\":\"en-CA\",\"@id\":\"https:\\\/\\\/perle-in.com\\\/#\\\/schema\\\/logo\\\/image\\\/\",\"url\":\"https:\\\/\\\/perle-in.com\\\/wp-content\\\/uploads\\\/2022\\\/12\\\/LOGO-PERLE-IN-COULEUR@3x.webp\",\"contentUrl\":\"https:\\\/\\\/perle-in.com\\\/wp-content\\\/uploads\\\/2022\\\/12\\\/LOGO-PERLE-IN-COULEUR@3x.webp\",\"width\":1600,\"height\":490,\"caption\":\"PERLE IN\"},\"image\":{\"@id\":\"https:\\\/\\\/perle-in.com\\\/#\\\/schema\\\/logo\\\/image\\\/\"}}]}<\/script>\n<!-- \/ Yoast SEO plugin. -->","yoast_head_json":{"title":"Sac recycl\u00e9 pour ordinateur portable 15,6\" Case Logic Invigo - PERLE IN","robots":{"index":"noindex","follow":"follow","max-snippet":"max-snippet:-1","max-image-preview":"max-image-preview:large","max-video-preview":"max-video-preview:-1"},"og_locale":"en_US","og_type":"article","og_title":"Sac recycl\u00e9 pour ordinateur portable 15,6\" Case Logic Invigo - PERLE IN","og_description":"Le sac pour ordinateur portable Case Logic Invigo offre un espace de rangement matelass\u00e9 pour l'ordinateur portable et la tablette, ainsi que d'autres caract\u00e9ristiques bien pens\u00e9es pour un usage quotidien. Le sac est fabriqu\u00e9 avec un ext\u00e9rieur en polyester 600D 100\u00a0% recycl\u00e9 et une doublure en polyester 150D. Comprend un compartiment matelass\u00e9 pour ordinateur portable de 15,6\u00a0pouces ainsi qu'une pochette pour tablette de 12,9\u00a0pouces. L'int\u00e9rieur comporte des poches d'organisation et, \u00e0 l'avant, une poche zipp\u00e9e pour les petits objets tels que les cl\u00e9s. La poche situ\u00e9e sur le panneau arri\u00e8re permet de garder \u00e0 port\u00e9e de main les objets essentiels tels que le passeport ou le portefeuille. Le sac est \u00e9galement dot\u00e9 d'une sangle permettant de l'attacher \u00e0 un bagage \u00e0 roulettes pour un voyage sans effort.","og_url":"https:\/\/perle-in.com\/en\/product\/sac-recycle-pour-ordinateur-portable-156-case-logic-invigo\/","og_site_name":"PERLE IN","article_modified_time":"2025-10-19T03:48:47+00:00","og_image":[{"width":1600,"height":1600,"url":"https:\/\/perle-in.com\/wp-content\/uploads\/2025\/10\/12072490-1.jpg","type":"image\/jpeg"}],"twitter_card":"summary_large_image","schema":{"@context":"https:\/\/schema.org","@graph":[{"@type":"WebPage","@id":"https:\/\/perle-in.com\/produit\/sac-recycle-pour-ordinateur-portable-156-case-logic-invigo\/","url":"https:\/\/perle-in.com\/produit\/sac-recycle-pour-ordinateur-portable-156-case-logic-invigo\/","name":"Sac recycl\u00e9 pour ordinateur portable 15,6\" Case Logic Invigo - PERLE IN","isPartOf":{"@id":"https:\/\/perle-in.com\/#website"},"primaryImageOfPage":{"@id":"https:\/\/perle-in.com\/produit\/sac-recycle-pour-ordinateur-portable-156-case-logic-invigo\/#primaryimage"},"image":{"@id":"https:\/\/perle-in.com\/produit\/sac-recycle-pour-ordinateur-portable-156-case-logic-invigo\/#primaryimage"},"thumbnailUrl":"https:\/\/perle-in.com\/wp-content\/uploads\/2025\/10\/12072490-1.jpg","datePublished":"2025-10-15T12:07:08+00:00","dateModified":"2025-10-19T03:48:47+00:00","breadcrumb":{"@id":"https:\/\/perle-in.com\/produit\/sac-recycle-pour-ordinateur-portable-156-case-logic-invigo\/#breadcrumb"},"inLanguage":"en-CA","potentialAction":[{"@type":"ReadAction","target":["https:\/\/perle-in.com\/produit\/sac-recycle-pour-ordinateur-portable-156-case-logic-invigo\/"]}]},{"@type":"ImageObject","inLanguage":"en-CA","@id":"https:\/\/perle-in.com\/produit\/sac-recycle-pour-ordinateur-portable-156-case-logic-invigo\/#primaryimage","url":"https:\/\/perle-in.com\/wp-content\/uploads\/2025\/10\/12072490-1.jpg","contentUrl":"https:\/\/perle-in.com\/wp-content\/uploads\/2025\/10\/12072490-1.jpg","width":1600,"height":1600},{"@type":"BreadcrumbList","@id":"https:\/\/perle-in.com\/produit\/sac-recycle-pour-ordinateur-portable-156-case-logic-invigo\/#breadcrumb","itemListElement":[{"@type":"ListItem","position":1,"name":"Accueil","item":"https:\/\/perle-in.com\/"},{"@type":"ListItem","position":2,"name":"Boutique","item":"https:\/\/perle-in.com\/boutique\/"},{"@type":"ListItem","position":3,"name":"Sac recycl\u00e9 pour ordinateur portable 15,6&#8243; Case Logic Invigo"}]},{"@type":"WebSite","@id":"https:\/\/perle-in.com\/#website","url":"https:\/\/perle-in.com\/","name":"PERLE IN","description":"","publisher":{"@id":"https:\/\/perle-in.com\/#organization"},"potentialAction":[{"@type":"SearchAction","target":{"@type":"EntryPoint","urlTemplate":"https:\/\/perle-in.com\/?s={search_term_string}"},"query-input":{"@type":"PropertyValueSpecification","valueRequired":true,"valueName":"search_term_string"}}],"inLanguage":"en-CA"},{"@type":"Organization","@id":"https:\/\/perle-in.com\/#organization","name":"PERLE IN","url":"https:\/\/perle-in.com\/","logo":{"@type":"ImageObject","inLanguage":"en-CA","@id":"https:\/\/perle-in.com\/#\/schema\/logo\/image\/","url":"https:\/\/perle-in.com\/wp-content\/uploads\/2022\/12\/LOGO-PERLE-IN-COULEUR@3x.webp","contentUrl":"https:\/\/perle-in.com\/wp-content\/uploads\/2022\/12\/LOGO-PERLE-IN-COULEUR@3x.webp","width":1600,"height":490,"caption":"PERLE IN"},"image":{"@id":"https:\/\/perle-in.com\/#\/schema\/logo\/image\/"}}]}},"jetpack_sharing_enabled":true,"_links":{"self":[{"href":"https:\/\/perle-in.com\/en\/wp-json\/wp\/v2\/product\/562541","targetHints":{"allow":["GET"]}}],"collection":[{"href":"https:\/\/perle-in.com\/en\/wp-json\/wp\/v2\/product"}],"about":[{"href":"https:\/\/perle-in.com\/en\/wp-json\/wp\/v2\/types\/product"}],"version-history":[{"count":0,"href":"https:\/\/perle-in.com\/en\/wp-json\/wp\/v2\/product\/562541\/revisions"}],"wp:featuredmedia":[{"embeddable":true,"href":"https:\/\/perle-in.com\/en\/wp-json\/wp\/v2\/media\/562433"}],"wp:attachment":[{"href":"https:\/\/perle-in.com\/en\/wp-json\/wp\/v2\/media?parent=562541"}],"wp:term":[{"taxonomy":"product_brand","embeddable":true,"href":"https:\/\/perle-in.com\/en\/wp-json\/wp\/v2\/product_brand?post=562541"},{"taxonomy":"product_cat","embeddable":true,"href":"https:\/\/perle-in.com\/en\/wp-json\/wp\/v2\/product_cat?post=562541"},{"taxonomy":"product_tag","embeddable":true,"href":"https:\/\/perle-in.com\/en\/wp-json\/wp\/v2\/product_tag?post=562541"}],"curies":[{"name":"wp","href":"https:\/\/api.w.org\/{rel}","templated":true}]}}

Sac recyclé pour ordinateur portable 15,6&#8243; Case Logic Invigo

<p>Le sac pour ordinateur portable Case Logic Invigo offre un espace de rangement matelassé pour l&#8217;ordinateur portable et la tablette, ainsi que d&#8217;autres caractéristiques bien pensées pour un usage quotidien. Le sac est fabriqué avec un extérieur en polyester 600D 100 % recyclé et une doublure en polyester 150D. Comprend un compartiment matelassé pour ordinateur portable de 15,6 pouces ainsi qu&#8217;une pochette pour tablette de 12,9 pouces. L&#8217;intérieur comporte des poches d&#8217;organisation et, à l&#8217;avant, une poche zippée pour les petits objets tels que les clés. La poche située sur le panneau arrière permet de garder à portée de main les objets essentiels tels que le passeport ou le portefeuille. Le sac est également doté d&#8217;une sangle permettant de l&#8217;attacher à un bagage à roulettes pour un voyage sans effort.</p>

<!-- This site is optimized with the Yoast SEO plugin v27.4 - https://yoast.com/product/yoast-seo-wordpress/ -->
<title>Sac recyclé pour ordinateur portable 15,6&quot; Case Logic Invigo - PERLE IN</title>
<meta name="robots" content="noindex, follow, max-snippet:-1, max-image-preview:large, max-video-preview:-1" />
<meta property="og:locale" content="en_US" />
<meta property="og:type" content="article" />
<meta property="og:title" content="Sac recyclé pour ordinateur portable 15,6&quot; Case Logic Invigo - PERLE IN" />
<meta property="og:description" content="Le sac pour ordinateur portable Case Logic Invigo offre un espace de rangement matelassé pour l&#039;ordinateur portable et la tablette, ainsi que d&#039;autres caractéristiques bien pensées pour un usage quotidien. Le sac est fabriqué avec un extérieur en polyester 600D 100 % recyclé et une doublure en polyester 150D. Comprend un compartiment matelassé pour ordinateur portable de 15,6 pouces ainsi qu&#039;une pochette pour tablette de 12,9 pouces. L&#039;intérieur comporte des poches d&#039;organisation et, à l&#039;avant, une poche zippée pour les petits objets tels que les clés. La poche située sur le panneau arrière permet de garder à portée de main les objets essentiels tels que le passeport ou le portefeuille. Le sac est également doté d&#039;une sangle permettant de l&#039;attacher à un bagage à roulettes pour un voyage sans effort." />
<meta property="og:url" content="https://perle-in.com/en/product/sac-recycle-pour-ordinateur-portable-156-case-logic-invigo/" />
<meta property="og:site_name" content="PERLE IN" />
<meta property="article:modified_time" content="2025-10-19T03:48:47+00:00" />
<meta property="og:image" content="https://perle-in.com/wp-content/uploads/2025/10/12072490-1.jpg" />
	<meta property="og:image:width" content="1600" />
	<meta property="og:image:height" content="1600" />
	<meta property="og:image:type" content="image/jpeg" />
<meta name="twitter:card" content="summary_large_image" />
<script type="application/ld+json" class="yoast-schema-graph">{"@context":"https:\/\/schema.org","@graph":[{"@type":"WebPage","@id":"https:\/\/perle-in.com\/produit\/sac-recycle-pour-ordinateur-portable-156-case-logic-invigo\/","url":"https:\/\/perle-in.com\/produit\/sac-recycle-pour-ordinateur-portable-156-case-logic-invigo\/","name":"Sac recyclé pour ordinateur portable 15,6\" Case Logic Invigo - PERLE IN","isPartOf":{"@id":"https:\/\/perle-in.com\/#website"},"primaryImageOfPage":{"@id":"https:\/\/perle-in.com\/produit\/sac-recycle-pour-ordinateur-portable-156-case-logic-invigo\/#primaryimage"},"image":{"@id":"https:\/\/perle-in.com\/produit\/sac-recycle-pour-ordinateur-portable-156-case-logic-invigo\/#primaryimage"},"thumbnailUrl":"https:\/\/perle-in.com\/wp-content\/uploads\/2025\/10\/12072490-1.jpg","datePublished":"2025-10-15T12:07:08+00:00","dateModified":"2025-10-19T03:48:47+00:00","breadcrumb":{"@id":"https:\/\/perle-in.com\/produit\/sac-recycle-pour-ordinateur-portable-156-case-logic-invigo\/#breadcrumb"},"inLanguage":"en-CA","potentialAction":[{"@type":"ReadAction","target":["https:\/\/perle-in.com\/produit\/sac-recycle-pour-ordinateur-portable-156-case-logic-invigo\/"]}]},{"@type":"ImageObject","inLanguage":"en-CA","@id":"https:\/\/perle-in.com\/produit\/sac-recycle-pour-ordinateur-portable-156-case-logic-invigo\/#primaryimage","url":"https:\/\/perle-in.com\/wp-content\/uploads\/2025\/10\/12072490-1.jpg","contentUrl":"https:\/\/perle-in.com\/wp-content\/uploads\/2025\/10\/12072490-1.jpg","width":1600,"height":1600},{"@type":"BreadcrumbList","@id":"https:\/\/perle-in.com\/produit\/sac-recycle-pour-ordinateur-portable-156-case-logic-invigo\/#breadcrumb","itemListElement":[{"@type":"ListItem","position":1,"name":"Accueil","item":"https:\/\/perle-in.com\/"},{"@type":"ListItem","position":2,"name":"Boutique","item":"https:\/\/perle-in.com\/boutique\/"},{"@type":"ListItem","position":3,"name":"Sac recyclé pour ordinateur portable 15,6&#8243; Case Logic Invigo"}]},{"@type":"WebSite","@id":"https:\/\/perle-in.com\/#website","url":"https:\/\/perle-in.com\/","name":"PERLE IN","description":"","publisher":{"@id":"https:\/\/perle-in.com\/#organization"},"potentialAction":[{"@type":"SearchAction","target":{"@type":"EntryPoint","urlTemplate":"https:\/\/perle-in.com\/?s={search_term_string}"},"query-input":{"@type":"PropertyValueSpecification","valueRequired":true,"valueName":"search_term_string"}}],"inLanguage":"en-CA"},{"@type":"Organization","@id":"https:\/\/perle-in.com\/#organization","name":"PERLE IN","url":"https:\/\/perle-in.com\/","logo":{"@type":"ImageObject","inLanguage":"en-CA","@id":"https:\/\/perle-in.com\/#\/schema\/logo\/image\/","url":"https:\/\/perle-in.com\/wp-content\/uploads\/2022\/12\/LOGO-PERLE-IN-COULEUR@3x.webp","contentUrl":"https:\/\/perle-in.com\/wp-content\/uploads\/2022\/12\/LOGO-PERLE-IN-COULEUR@3x.webp","width":1600,"height":490,"caption":"PERLE IN"},"image":{"@id":"https:\/\/perle-in.com\/#\/schema\/logo\/image\/"}}]}</script>
<!-- / Yoast SEO plugin. -->

Sac recyclé pour ordinateur portable 15,6" Case Logic Invigo - PERLE IN

Le sac pour ordinateur portable Case Logic Invigo offre un espace de rangement matelassé pour l'ordinateur portable et la tablette, ainsi que d'autres caractéristiques bien pensées pour un usage quotidien. Le sac est fabriqué avec un extérieur en polyester 600D 100 % recyclé et une doublure en polyester 150D. Comprend un compartiment matelassé pour ordinateur portable de 15,6 pouces ainsi qu'une pochette pour tablette de 12,9 pouces. L'intérieur comporte des poches d'organisation et, à l'avant, une poche zippée pour les petits objets tels que les clés. La poche située sur le panneau arrière permet de garder à portée de main les objets essentiels tels que le passeport ou le portefeuille. Le sac est également doté d'une sangle permettant de l'attacher à un bagage à roulettes pour un voyage sans effort.
