{"id":562417,"date":"2025-10-15T13:47:36","date_gmt":"2025-10-15T11:47:36","guid":{"rendered":"https:\/\/perle-in.com\/produit\/sac-daccessoires-recycle-case-logic-invigo\/"},"modified":"2025-10-19T05:48:42","modified_gmt":"2025-10-19T03:48:42","slug":"sac-daccessoires-recycle-case-logic-invigo","status":"publish","type":"product","link":"https:\/\/perle-in.com\/en\/product\/sac-daccessoires-recycle-case-logic-invigo\/","title":{"rendered":"Sac d&#8217;accessoires recycl\u00e9 Case Logic Invigo"},"content":{"rendered":"","protected":false},"excerpt":{"rendered":"<p>Le sac d&#8217;accessoires Case Logic Invigo offre de la place pour les c\u00e2bles, les \u00e9couteurs, les adaptateurs et d&#8217;autres objets personnels. Il est parfait pour \u00eatre utilis\u00e9 dans un sac plus grand ou seul. Ce sac est fabriqu\u00e9 avec un ext\u00e9rieur en polyester 600D 100\u00a0% recycl\u00e9 et une doublure en polyester 150D. Il comprend une pochette pour stylo, une pochette zipp\u00e9e, une grande pochette \u00e0 glissi\u00e8re et des compartiments de rangement d\u00e9di\u00e9s aux objets plus volumineux tels que les \u00e9couteurs.<\/p>","protected":false},"featured_media":562407,"template":"","meta":{"_eb_attr":""},"product_brand":[],"product_cat":[1241,426,159],"product_tag":[2751,1861,432,282,3289,3201],"class_list":{"0":"post-562417","1":"product","2":"type-product","3":"status-publish","4":"has-post-thumbnail","6":"product_cat-accessoires-de-voyage-sport-et-loisirs","7":"product_cat-accessoires-de-voyage","8":"product_cat-sacs","9":"product_tag-accessoires","10":"product_tag-case-logic","11":"product_tag-rangement","12":"product_tag-sac","13":"product_tag-tech","14":"product_tag-technologie","15":"pa_couleurs-noir","16":"pa_marque-case-logic","17":"pa_pays-d-origine-cambodge","19":"first","20":"instock","21":"shipping-taxable","22":"purchasable","23":"product-type-variable"},"yoast_head":"<!-- This site is optimized with the Yoast SEO plugin v27.4 - https:\/\/yoast.com\/product\/yoast-seo-wordpress\/ -->\n<title>Sac d&#039;accessoires recycl\u00e9 Case Logic Invigo - PERLE IN<\/title>\n<meta name=\"robots\" content=\"noindex, follow, max-snippet:-1, max-image-preview:large, max-video-preview:-1\" \/>\n<meta property=\"og:locale\" content=\"en_US\" \/>\n<meta property=\"og:type\" content=\"article\" \/>\n<meta property=\"og:title\" content=\"Sac d&#039;accessoires recycl\u00e9 Case Logic Invigo - PERLE IN\" \/>\n<meta property=\"og:description\" content=\"Le sac d&#039;accessoires Case Logic Invigo offre de la place pour les c\u00e2bles, les \u00e9couteurs, les adaptateurs et d&#039;autres objets personnels. Il est parfait pour \u00eatre utilis\u00e9 dans un sac plus grand ou seul. Ce sac est fabriqu\u00e9 avec un ext\u00e9rieur en polyester 600D 100\u00a0% recycl\u00e9 et une doublure en polyester 150D. Il comprend une pochette pour stylo, une pochette zipp\u00e9e, une grande pochette \u00e0 glissi\u00e8re et des compartiments de rangement d\u00e9di\u00e9s aux objets plus volumineux tels que les \u00e9couteurs.\" \/>\n<meta property=\"og:url\" content=\"https:\/\/perle-in.com\/en\/product\/sac-daccessoires-recycle-case-logic-invigo\/\" \/>\n<meta property=\"og:site_name\" content=\"PERLE IN\" \/>\n<meta property=\"article:modified_time\" content=\"2025-10-19T03:48:42+00:00\" \/>\n<meta property=\"og:image\" content=\"https:\/\/perle-in.com\/wp-content\/uploads\/2025\/10\/12072290-1.jpg\" \/>\n\t<meta property=\"og:image:width\" content=\"1600\" \/>\n\t<meta property=\"og:image:height\" content=\"1600\" \/>\n\t<meta property=\"og:image:type\" content=\"image\/jpeg\" \/>\n<meta name=\"twitter:card\" content=\"summary_large_image\" \/>\n<script type=\"application\/ld+json\" class=\"yoast-schema-graph\">{\"@context\":\"https:\\\/\\\/schema.org\",\"@graph\":[{\"@type\":\"WebPage\",\"@id\":\"https:\\\/\\\/perle-in.com\\\/produit\\\/sac-daccessoires-recycle-case-logic-invigo\\\/\",\"url\":\"https:\\\/\\\/perle-in.com\\\/produit\\\/sac-daccessoires-recycle-case-logic-invigo\\\/\",\"name\":\"Sac d'accessoires recycl\u00e9 Case Logic Invigo - PERLE IN\",\"isPartOf\":{\"@id\":\"https:\\\/\\\/perle-in.com\\\/#website\"},\"primaryImageOfPage\":{\"@id\":\"https:\\\/\\\/perle-in.com\\\/produit\\\/sac-daccessoires-recycle-case-logic-invigo\\\/#primaryimage\"},\"image\":{\"@id\":\"https:\\\/\\\/perle-in.com\\\/produit\\\/sac-daccessoires-recycle-case-logic-invigo\\\/#primaryimage\"},\"thumbnailUrl\":\"https:\\\/\\\/perle-in.com\\\/wp-content\\\/uploads\\\/2025\\\/10\\\/12072290-1.jpg\",\"datePublished\":\"2025-10-15T11:47:36+00:00\",\"dateModified\":\"2025-10-19T03:48:42+00:00\",\"breadcrumb\":{\"@id\":\"https:\\\/\\\/perle-in.com\\\/produit\\\/sac-daccessoires-recycle-case-logic-invigo\\\/#breadcrumb\"},\"inLanguage\":\"en-CA\",\"potentialAction\":[{\"@type\":\"ReadAction\",\"target\":[\"https:\\\/\\\/perle-in.com\\\/produit\\\/sac-daccessoires-recycle-case-logic-invigo\\\/\"]}]},{\"@type\":\"ImageObject\",\"inLanguage\":\"en-CA\",\"@id\":\"https:\\\/\\\/perle-in.com\\\/produit\\\/sac-daccessoires-recycle-case-logic-invigo\\\/#primaryimage\",\"url\":\"https:\\\/\\\/perle-in.com\\\/wp-content\\\/uploads\\\/2025\\\/10\\\/12072290-1.jpg\",\"contentUrl\":\"https:\\\/\\\/perle-in.com\\\/wp-content\\\/uploads\\\/2025\\\/10\\\/12072290-1.jpg\",\"width\":1600,\"height\":1600},{\"@type\":\"BreadcrumbList\",\"@id\":\"https:\\\/\\\/perle-in.com\\\/produit\\\/sac-daccessoires-recycle-case-logic-invigo\\\/#breadcrumb\",\"itemListElement\":[{\"@type\":\"ListItem\",\"position\":1,\"name\":\"Accueil\",\"item\":\"https:\\\/\\\/perle-in.com\\\/\"},{\"@type\":\"ListItem\",\"position\":2,\"name\":\"Boutique\",\"item\":\"https:\\\/\\\/perle-in.com\\\/boutique\\\/\"},{\"@type\":\"ListItem\",\"position\":3,\"name\":\"Sac d&#8217;accessoires recycl\u00e9 Case Logic Invigo\"}]},{\"@type\":\"WebSite\",\"@id\":\"https:\\\/\\\/perle-in.com\\\/#website\",\"url\":\"https:\\\/\\\/perle-in.com\\\/\",\"name\":\"PERLE IN\",\"description\":\"\",\"publisher\":{\"@id\":\"https:\\\/\\\/perle-in.com\\\/#organization\"},\"potentialAction\":[{\"@type\":\"SearchAction\",\"target\":{\"@type\":\"EntryPoint\",\"urlTemplate\":\"https:\\\/\\\/perle-in.com\\\/?s={search_term_string}\"},\"query-input\":{\"@type\":\"PropertyValueSpecification\",\"valueRequired\":true,\"valueName\":\"search_term_string\"}}],\"inLanguage\":\"en-CA\"},{\"@type\":\"Organization\",\"@id\":\"https:\\\/\\\/perle-in.com\\\/#organization\",\"name\":\"PERLE IN\",\"url\":\"https:\\\/\\\/perle-in.com\\\/\",\"logo\":{\"@type\":\"ImageObject\",\"inLanguage\":\"en-CA\",\"@id\":\"https:\\\/\\\/perle-in.com\\\/#\\\/schema\\\/logo\\\/image\\\/\",\"url\":\"https:\\\/\\\/perle-in.com\\\/wp-content\\\/uploads\\\/2022\\\/12\\\/LOGO-PERLE-IN-COULEUR@3x.webp\",\"contentUrl\":\"https:\\\/\\\/perle-in.com\\\/wp-content\\\/uploads\\\/2022\\\/12\\\/LOGO-PERLE-IN-COULEUR@3x.webp\",\"width\":1600,\"height\":490,\"caption\":\"PERLE IN\"},\"image\":{\"@id\":\"https:\\\/\\\/perle-in.com\\\/#\\\/schema\\\/logo\\\/image\\\/\"}}]}<\/script>\n<!-- \/ Yoast SEO plugin. -->","yoast_head_json":{"title":"Sac d'accessoires recycl\u00e9 Case Logic Invigo - PERLE IN","robots":{"index":"noindex","follow":"follow","max-snippet":"max-snippet:-1","max-image-preview":"max-image-preview:large","max-video-preview":"max-video-preview:-1"},"og_locale":"en_US","og_type":"article","og_title":"Sac d'accessoires recycl\u00e9 Case Logic Invigo - PERLE IN","og_description":"Le sac d'accessoires Case Logic Invigo offre de la place pour les c\u00e2bles, les \u00e9couteurs, les adaptateurs et d'autres objets personnels. Il est parfait pour \u00eatre utilis\u00e9 dans un sac plus grand ou seul. Ce sac est fabriqu\u00e9 avec un ext\u00e9rieur en polyester 600D 100\u00a0% recycl\u00e9 et une doublure en polyester 150D. Il comprend une pochette pour stylo, une pochette zipp\u00e9e, une grande pochette \u00e0 glissi\u00e8re et des compartiments de rangement d\u00e9di\u00e9s aux objets plus volumineux tels que les \u00e9couteurs.","og_url":"https:\/\/perle-in.com\/en\/product\/sac-daccessoires-recycle-case-logic-invigo\/","og_site_name":"PERLE IN","article_modified_time":"2025-10-19T03:48:42+00:00","og_image":[{"width":1600,"height":1600,"url":"https:\/\/perle-in.com\/wp-content\/uploads\/2025\/10\/12072290-1.jpg","type":"image\/jpeg"}],"twitter_card":"summary_large_image","schema":{"@context":"https:\/\/schema.org","@graph":[{"@type":"WebPage","@id":"https:\/\/perle-in.com\/produit\/sac-daccessoires-recycle-case-logic-invigo\/","url":"https:\/\/perle-in.com\/produit\/sac-daccessoires-recycle-case-logic-invigo\/","name":"Sac d'accessoires recycl\u00e9 Case Logic Invigo - PERLE IN","isPartOf":{"@id":"https:\/\/perle-in.com\/#website"},"primaryImageOfPage":{"@id":"https:\/\/perle-in.com\/produit\/sac-daccessoires-recycle-case-logic-invigo\/#primaryimage"},"image":{"@id":"https:\/\/perle-in.com\/produit\/sac-daccessoires-recycle-case-logic-invigo\/#primaryimage"},"thumbnailUrl":"https:\/\/perle-in.com\/wp-content\/uploads\/2025\/10\/12072290-1.jpg","datePublished":"2025-10-15T11:47:36+00:00","dateModified":"2025-10-19T03:48:42+00:00","breadcrumb":{"@id":"https:\/\/perle-in.com\/produit\/sac-daccessoires-recycle-case-logic-invigo\/#breadcrumb"},"inLanguage":"en-CA","potentialAction":[{"@type":"ReadAction","target":["https:\/\/perle-in.com\/produit\/sac-daccessoires-recycle-case-logic-invigo\/"]}]},{"@type":"ImageObject","inLanguage":"en-CA","@id":"https:\/\/perle-in.com\/produit\/sac-daccessoires-recycle-case-logic-invigo\/#primaryimage","url":"https:\/\/perle-in.com\/wp-content\/uploads\/2025\/10\/12072290-1.jpg","contentUrl":"https:\/\/perle-in.com\/wp-content\/uploads\/2025\/10\/12072290-1.jpg","width":1600,"height":1600},{"@type":"BreadcrumbList","@id":"https:\/\/perle-in.com\/produit\/sac-daccessoires-recycle-case-logic-invigo\/#breadcrumb","itemListElement":[{"@type":"ListItem","position":1,"name":"Accueil","item":"https:\/\/perle-in.com\/"},{"@type":"ListItem","position":2,"name":"Boutique","item":"https:\/\/perle-in.com\/boutique\/"},{"@type":"ListItem","position":3,"name":"Sac d&#8217;accessoires recycl\u00e9 Case Logic Invigo"}]},{"@type":"WebSite","@id":"https:\/\/perle-in.com\/#website","url":"https:\/\/perle-in.com\/","name":"PERLE IN","description":"","publisher":{"@id":"https:\/\/perle-in.com\/#organization"},"potentialAction":[{"@type":"SearchAction","target":{"@type":"EntryPoint","urlTemplate":"https:\/\/perle-in.com\/?s={search_term_string}"},"query-input":{"@type":"PropertyValueSpecification","valueRequired":true,"valueName":"search_term_string"}}],"inLanguage":"en-CA"},{"@type":"Organization","@id":"https:\/\/perle-in.com\/#organization","name":"PERLE IN","url":"https:\/\/perle-in.com\/","logo":{"@type":"ImageObject","inLanguage":"en-CA","@id":"https:\/\/perle-in.com\/#\/schema\/logo\/image\/","url":"https:\/\/perle-in.com\/wp-content\/uploads\/2022\/12\/LOGO-PERLE-IN-COULEUR@3x.webp","contentUrl":"https:\/\/perle-in.com\/wp-content\/uploads\/2022\/12\/LOGO-PERLE-IN-COULEUR@3x.webp","width":1600,"height":490,"caption":"PERLE IN"},"image":{"@id":"https:\/\/perle-in.com\/#\/schema\/logo\/image\/"}}]}},"jetpack_sharing_enabled":true,"_links":{"self":[{"href":"https:\/\/perle-in.com\/en\/wp-json\/wp\/v2\/product\/562417","targetHints":{"allow":["GET"]}}],"collection":[{"href":"https:\/\/perle-in.com\/en\/wp-json\/wp\/v2\/product"}],"about":[{"href":"https:\/\/perle-in.com\/en\/wp-json\/wp\/v2\/types\/product"}],"version-history":[{"count":0,"href":"https:\/\/perle-in.com\/en\/wp-json\/wp\/v2\/product\/562417\/revisions"}],"wp:featuredmedia":[{"embeddable":true,"href":"https:\/\/perle-in.com\/en\/wp-json\/wp\/v2\/media\/562407"}],"wp:attachment":[{"href":"https:\/\/perle-in.com\/en\/wp-json\/wp\/v2\/media?parent=562417"}],"wp:term":[{"taxonomy":"product_brand","embeddable":true,"href":"https:\/\/perle-in.com\/en\/wp-json\/wp\/v2\/product_brand?post=562417"},{"taxonomy":"product_cat","embeddable":true,"href":"https:\/\/perle-in.com\/en\/wp-json\/wp\/v2\/product_cat?post=562417"},{"taxonomy":"product_tag","embeddable":true,"href":"https:\/\/perle-in.com\/en\/wp-json\/wp\/v2\/product_tag?post=562417"}],"curies":[{"name":"wp","href":"https:\/\/api.w.org\/{rel}","templated":true}]}}

Sac d&#8217;accessoires recyclé Case Logic Invigo

<p>Le sac d&#8217;accessoires Case Logic Invigo offre de la place pour les câbles, les écouteurs, les adaptateurs et d&#8217;autres objets personnels. Il est parfait pour être utilisé dans un sac plus grand ou seul. Ce sac est fabriqué avec un extérieur en polyester 600D 100 % recyclé et une doublure en polyester 150D. Il comprend une pochette pour stylo, une pochette zippée, une grande pochette à glissière et des compartiments de rangement dédiés aux objets plus volumineux tels que les écouteurs.</p>

<!-- This site is optimized with the Yoast SEO plugin v27.4 - https://yoast.com/product/yoast-seo-wordpress/ -->
<title>Sac d&#039;accessoires recyclé Case Logic Invigo - PERLE IN</title>
<meta name="robots" content="noindex, follow, max-snippet:-1, max-image-preview:large, max-video-preview:-1" />
<meta property="og:locale" content="en_US" />
<meta property="og:type" content="article" />
<meta property="og:title" content="Sac d&#039;accessoires recyclé Case Logic Invigo - PERLE IN" />
<meta property="og:description" content="Le sac d&#039;accessoires Case Logic Invigo offre de la place pour les câbles, les écouteurs, les adaptateurs et d&#039;autres objets personnels. Il est parfait pour être utilisé dans un sac plus grand ou seul. Ce sac est fabriqué avec un extérieur en polyester 600D 100 % recyclé et une doublure en polyester 150D. Il comprend une pochette pour stylo, une pochette zippée, une grande pochette à glissière et des compartiments de rangement dédiés aux objets plus volumineux tels que les écouteurs." />
<meta property="og:url" content="https://perle-in.com/en/product/sac-daccessoires-recycle-case-logic-invigo/" />
<meta property="og:site_name" content="PERLE IN" />
<meta property="article:modified_time" content="2025-10-19T03:48:42+00:00" />
<meta property="og:image" content="https://perle-in.com/wp-content/uploads/2025/10/12072290-1.jpg" />
	<meta property="og:image:width" content="1600" />
	<meta property="og:image:height" content="1600" />
	<meta property="og:image:type" content="image/jpeg" />
<meta name="twitter:card" content="summary_large_image" />
<script type="application/ld+json" class="yoast-schema-graph">{"@context":"https:\/\/schema.org","@graph":[{"@type":"WebPage","@id":"https:\/\/perle-in.com\/produit\/sac-daccessoires-recycle-case-logic-invigo\/","url":"https:\/\/perle-in.com\/produit\/sac-daccessoires-recycle-case-logic-invigo\/","name":"Sac d'accessoires recyclé Case Logic Invigo - PERLE IN","isPartOf":{"@id":"https:\/\/perle-in.com\/#website"},"primaryImageOfPage":{"@id":"https:\/\/perle-in.com\/produit\/sac-daccessoires-recycle-case-logic-invigo\/#primaryimage"},"image":{"@id":"https:\/\/perle-in.com\/produit\/sac-daccessoires-recycle-case-logic-invigo\/#primaryimage"},"thumbnailUrl":"https:\/\/perle-in.com\/wp-content\/uploads\/2025\/10\/12072290-1.jpg","datePublished":"2025-10-15T11:47:36+00:00","dateModified":"2025-10-19T03:48:42+00:00","breadcrumb":{"@id":"https:\/\/perle-in.com\/produit\/sac-daccessoires-recycle-case-logic-invigo\/#breadcrumb"},"inLanguage":"en-CA","potentialAction":[{"@type":"ReadAction","target":["https:\/\/perle-in.com\/produit\/sac-daccessoires-recycle-case-logic-invigo\/"]}]},{"@type":"ImageObject","inLanguage":"en-CA","@id":"https:\/\/perle-in.com\/produit\/sac-daccessoires-recycle-case-logic-invigo\/#primaryimage","url":"https:\/\/perle-in.com\/wp-content\/uploads\/2025\/10\/12072290-1.jpg","contentUrl":"https:\/\/perle-in.com\/wp-content\/uploads\/2025\/10\/12072290-1.jpg","width":1600,"height":1600},{"@type":"BreadcrumbList","@id":"https:\/\/perle-in.com\/produit\/sac-daccessoires-recycle-case-logic-invigo\/#breadcrumb","itemListElement":[{"@type":"ListItem","position":1,"name":"Accueil","item":"https:\/\/perle-in.com\/"},{"@type":"ListItem","position":2,"name":"Boutique","item":"https:\/\/perle-in.com\/boutique\/"},{"@type":"ListItem","position":3,"name":"Sac d&#8217;accessoires recyclé Case Logic Invigo"}]},{"@type":"WebSite","@id":"https:\/\/perle-in.com\/#website","url":"https:\/\/perle-in.com\/","name":"PERLE IN","description":"","publisher":{"@id":"https:\/\/perle-in.com\/#organization"},"potentialAction":[{"@type":"SearchAction","target":{"@type":"EntryPoint","urlTemplate":"https:\/\/perle-in.com\/?s={search_term_string}"},"query-input":{"@type":"PropertyValueSpecification","valueRequired":true,"valueName":"search_term_string"}}],"inLanguage":"en-CA"},{"@type":"Organization","@id":"https:\/\/perle-in.com\/#organization","name":"PERLE IN","url":"https:\/\/perle-in.com\/","logo":{"@type":"ImageObject","inLanguage":"en-CA","@id":"https:\/\/perle-in.com\/#\/schema\/logo\/image\/","url":"https:\/\/perle-in.com\/wp-content\/uploads\/2022\/12\/LOGO-PERLE-IN-COULEUR@3x.webp","contentUrl":"https:\/\/perle-in.com\/wp-content\/uploads\/2022\/12\/LOGO-PERLE-IN-COULEUR@3x.webp","width":1600,"height":490,"caption":"PERLE IN"},"image":{"@id":"https:\/\/perle-in.com\/#\/schema\/logo\/image\/"}}]}</script>
<!-- / Yoast SEO plugin. -->

Sac d'accessoires recyclé Case Logic Invigo - PERLE IN

Le sac d'accessoires Case Logic Invigo offre de la place pour les câbles, les écouteurs, les adaptateurs et d'autres objets personnels. Il est parfait pour être utilisé dans un sac plus grand ou seul. Ce sac est fabriqué avec un extérieur en polyester 600D 100 % recyclé et une doublure en polyester 150D. Il comprend une pochette pour stylo, une pochette zippée, une grande pochette à glissière et des compartiments de rangement dédiés aux objets plus volumineux tels que les écouteurs.
