{"id":562007,"date":"2025-10-15T13:01:34","date_gmt":"2025-10-15T11:01:34","guid":{"rendered":"https:\/\/perle-in.com\/produit\/polo-star-a-manches-courtes-pour-enfant\/"},"modified":"2025-10-19T05:48:39","modified_gmt":"2025-10-19T03:48:39","slug":"polo-star-a-manches-courtes-pour-enfant","status":"publish","type":"product","link":"https:\/\/perle-in.com\/en\/product\/polo-star-a-manches-courtes-pour-enfant\/","title":{"rendered":"Polo Star \u00e0 manches courtes pour enfant"},"content":{"rendered":"","protected":false},"excerpt":{"rendered":"<p>Polo \u00e0 manches courtes pour enfants. Coutures recouvertes renforc\u00e9es \u00e0 l&#8217;int\u00e9rieur du col. Poignets et col en c\u00f4te 1&#215;1. Coutures lat\u00e9rales. Patte de boutonnage \u00e0 3 boutons et fentes lat\u00e9rales. Poche optionnelle. \u00c9tiquette d\u00e9tachable. Le mannequin mesure 124 cm et porte la taille 5\/6.<\/p>","protected":false},"featured_media":559712,"template":"","meta":{"_eb_attr":""},"product_brand":[],"product_cat":[1256,1024],"product_tag":[2656,3466,2366,3467,3445],"class_list":{"0":"post-562007","1":"product","2":"type-product","3":"status-publish","4":"has-post-thumbnail","6":"product_cat-polos","7":"product_cat-vetements","8":"product_tag-polo","9":"product_tag-polo-shirt","10":"product_tag-polos","11":"product_tag-poloshirt","12":"product_tag-roly","13":"pa_couleurs-blanc","14":"pa_couleurs-bleu-ciel","15":"pa_couleurs-bleu-marine","16":"pa_couleurs-bleu-royal","17":"pa_couleurs-jaune","18":"pa_couleurs-noir","19":"pa_couleurs-rouge","20":"pa_couleurs-vert-tropical","21":"pa_genre-kids","22":"pa_marque-roly","23":"pa_matiere-maille-piquee-100-coton-200-g-m2","24":"pa_pays-d-origine-bengladesh","25":"pa_taille-11-12","26":"pa_taille-3-4","27":"pa_taille-5-6","28":"pa_taille-7-8","29":"pa_taille-9-10","31":"first","32":"instock","33":"shipping-taxable","34":"purchasable","35":"product-type-variable"},"yoast_head":"<!-- This site is optimized with the Yoast SEO plugin v27.4 - https:\/\/yoast.com\/product\/yoast-seo-wordpress\/ -->\n<title>Polo Star \u00e0 manches courtes pour enfant - PERLE IN<\/title>\n<meta name=\"robots\" content=\"noindex, follow, max-snippet:-1, max-image-preview:large, max-video-preview:-1\" \/>\n<meta property=\"og:locale\" content=\"en_US\" \/>\n<meta property=\"og:type\" content=\"article\" \/>\n<meta property=\"og:title\" content=\"Polo Star \u00e0 manches courtes pour enfant - PERLE IN\" \/>\n<meta property=\"og:description\" content=\"Polo \u00e0 manches courtes pour enfants. Coutures recouvertes renforc\u00e9es \u00e0 l&#039;int\u00e9rieur du col. Poignets et col en c\u00f4te 1x1. Coutures lat\u00e9rales. Patte de boutonnage \u00e0 3 boutons et fentes lat\u00e9rales. Poche optionnelle. \u00c9tiquette d\u00e9tachable. Le mannequin mesure 124 cm et porte la taille 5\/6.\" \/>\n<meta property=\"og:url\" content=\"https:\/\/perle-in.com\/en\/product\/polo-star-a-manches-courtes-pour-enfant\/\" \/>\n<meta property=\"og:site_name\" content=\"PERLE IN\" \/>\n<meta property=\"article:modified_time\" content=\"2025-10-19T03:48:39+00:00\" \/>\n<meta property=\"og:image\" content=\"https:\/\/perle-in.com\/wp-content\/uploads\/2025\/10\/K66381B-3.jpg\" \/>\n\t<meta property=\"og:image:width\" content=\"1600\" \/>\n\t<meta property=\"og:image:height\" content=\"1600\" \/>\n\t<meta property=\"og:image:type\" content=\"image\/jpeg\" \/>\n<meta name=\"twitter:card\" content=\"summary_large_image\" \/>\n<script type=\"application\/ld+json\" class=\"yoast-schema-graph\">{\"@context\":\"https:\\\/\\\/schema.org\",\"@graph\":[{\"@type\":\"WebPage\",\"@id\":\"https:\\\/\\\/perle-in.com\\\/produit\\\/polo-star-a-manches-courtes-pour-enfant\\\/\",\"url\":\"https:\\\/\\\/perle-in.com\\\/produit\\\/polo-star-a-manches-courtes-pour-enfant\\\/\",\"name\":\"Polo Star \u00e0 manches courtes pour enfant - PERLE IN\",\"isPartOf\":{\"@id\":\"https:\\\/\\\/perle-in.com\\\/#website\"},\"primaryImageOfPage\":{\"@id\":\"https:\\\/\\\/perle-in.com\\\/produit\\\/polo-star-a-manches-courtes-pour-enfant\\\/#primaryimage\"},\"image\":{\"@id\":\"https:\\\/\\\/perle-in.com\\\/produit\\\/polo-star-a-manches-courtes-pour-enfant\\\/#primaryimage\"},\"thumbnailUrl\":\"https:\\\/\\\/perle-in.com\\\/wp-content\\\/uploads\\\/2025\\\/10\\\/K66381B-3.jpg\",\"datePublished\":\"2025-10-15T11:01:34+00:00\",\"dateModified\":\"2025-10-19T03:48:39+00:00\",\"breadcrumb\":{\"@id\":\"https:\\\/\\\/perle-in.com\\\/produit\\\/polo-star-a-manches-courtes-pour-enfant\\\/#breadcrumb\"},\"inLanguage\":\"en-CA\",\"potentialAction\":[{\"@type\":\"ReadAction\",\"target\":[\"https:\\\/\\\/perle-in.com\\\/produit\\\/polo-star-a-manches-courtes-pour-enfant\\\/\"]}]},{\"@type\":\"ImageObject\",\"inLanguage\":\"en-CA\",\"@id\":\"https:\\\/\\\/perle-in.com\\\/produit\\\/polo-star-a-manches-courtes-pour-enfant\\\/#primaryimage\",\"url\":\"https:\\\/\\\/perle-in.com\\\/wp-content\\\/uploads\\\/2025\\\/10\\\/K66381B-3.jpg\",\"contentUrl\":\"https:\\\/\\\/perle-in.com\\\/wp-content\\\/uploads\\\/2025\\\/10\\\/K66381B-3.jpg\",\"width\":1600,\"height\":1600},{\"@type\":\"BreadcrumbList\",\"@id\":\"https:\\\/\\\/perle-in.com\\\/produit\\\/polo-star-a-manches-courtes-pour-enfant\\\/#breadcrumb\",\"itemListElement\":[{\"@type\":\"ListItem\",\"position\":1,\"name\":\"Accueil\",\"item\":\"https:\\\/\\\/perle-in.com\\\/\"},{\"@type\":\"ListItem\",\"position\":2,\"name\":\"Boutique\",\"item\":\"https:\\\/\\\/perle-in.com\\\/boutique\\\/\"},{\"@type\":\"ListItem\",\"position\":3,\"name\":\"Polo Star \u00e0 manches courtes pour enfant\"}]},{\"@type\":\"WebSite\",\"@id\":\"https:\\\/\\\/perle-in.com\\\/#website\",\"url\":\"https:\\\/\\\/perle-in.com\\\/\",\"name\":\"PERLE IN\",\"description\":\"\",\"publisher\":{\"@id\":\"https:\\\/\\\/perle-in.com\\\/#organization\"},\"potentialAction\":[{\"@type\":\"SearchAction\",\"target\":{\"@type\":\"EntryPoint\",\"urlTemplate\":\"https:\\\/\\\/perle-in.com\\\/?s={search_term_string}\"},\"query-input\":{\"@type\":\"PropertyValueSpecification\",\"valueRequired\":true,\"valueName\":\"search_term_string\"}}],\"inLanguage\":\"en-CA\"},{\"@type\":\"Organization\",\"@id\":\"https:\\\/\\\/perle-in.com\\\/#organization\",\"name\":\"PERLE IN\",\"url\":\"https:\\\/\\\/perle-in.com\\\/\",\"logo\":{\"@type\":\"ImageObject\",\"inLanguage\":\"en-CA\",\"@id\":\"https:\\\/\\\/perle-in.com\\\/#\\\/schema\\\/logo\\\/image\\\/\",\"url\":\"https:\\\/\\\/perle-in.com\\\/wp-content\\\/uploads\\\/2022\\\/12\\\/LOGO-PERLE-IN-COULEUR@3x.webp\",\"contentUrl\":\"https:\\\/\\\/perle-in.com\\\/wp-content\\\/uploads\\\/2022\\\/12\\\/LOGO-PERLE-IN-COULEUR@3x.webp\",\"width\":1600,\"height\":490,\"caption\":\"PERLE IN\"},\"image\":{\"@id\":\"https:\\\/\\\/perle-in.com\\\/#\\\/schema\\\/logo\\\/image\\\/\"}}]}<\/script>\n<!-- \/ Yoast SEO plugin. -->","yoast_head_json":{"title":"Polo Star \u00e0 manches courtes pour enfant - PERLE IN","robots":{"index":"noindex","follow":"follow","max-snippet":"max-snippet:-1","max-image-preview":"max-image-preview:large","max-video-preview":"max-video-preview:-1"},"og_locale":"en_US","og_type":"article","og_title":"Polo Star \u00e0 manches courtes pour enfant - PERLE IN","og_description":"Polo \u00e0 manches courtes pour enfants. Coutures recouvertes renforc\u00e9es \u00e0 l'int\u00e9rieur du col. Poignets et col en c\u00f4te 1x1. Coutures lat\u00e9rales. Patte de boutonnage \u00e0 3 boutons et fentes lat\u00e9rales. Poche optionnelle. \u00c9tiquette d\u00e9tachable. Le mannequin mesure 124 cm et porte la taille 5\/6.","og_url":"https:\/\/perle-in.com\/en\/product\/polo-star-a-manches-courtes-pour-enfant\/","og_site_name":"PERLE IN","article_modified_time":"2025-10-19T03:48:39+00:00","og_image":[{"width":1600,"height":1600,"url":"https:\/\/perle-in.com\/wp-content\/uploads\/2025\/10\/K66381B-3.jpg","type":"image\/jpeg"}],"twitter_card":"summary_large_image","schema":{"@context":"https:\/\/schema.org","@graph":[{"@type":"WebPage","@id":"https:\/\/perle-in.com\/produit\/polo-star-a-manches-courtes-pour-enfant\/","url":"https:\/\/perle-in.com\/produit\/polo-star-a-manches-courtes-pour-enfant\/","name":"Polo Star \u00e0 manches courtes pour enfant - PERLE IN","isPartOf":{"@id":"https:\/\/perle-in.com\/#website"},"primaryImageOfPage":{"@id":"https:\/\/perle-in.com\/produit\/polo-star-a-manches-courtes-pour-enfant\/#primaryimage"},"image":{"@id":"https:\/\/perle-in.com\/produit\/polo-star-a-manches-courtes-pour-enfant\/#primaryimage"},"thumbnailUrl":"https:\/\/perle-in.com\/wp-content\/uploads\/2025\/10\/K66381B-3.jpg","datePublished":"2025-10-15T11:01:34+00:00","dateModified":"2025-10-19T03:48:39+00:00","breadcrumb":{"@id":"https:\/\/perle-in.com\/produit\/polo-star-a-manches-courtes-pour-enfant\/#breadcrumb"},"inLanguage":"en-CA","potentialAction":[{"@type":"ReadAction","target":["https:\/\/perle-in.com\/produit\/polo-star-a-manches-courtes-pour-enfant\/"]}]},{"@type":"ImageObject","inLanguage":"en-CA","@id":"https:\/\/perle-in.com\/produit\/polo-star-a-manches-courtes-pour-enfant\/#primaryimage","url":"https:\/\/perle-in.com\/wp-content\/uploads\/2025\/10\/K66381B-3.jpg","contentUrl":"https:\/\/perle-in.com\/wp-content\/uploads\/2025\/10\/K66381B-3.jpg","width":1600,"height":1600},{"@type":"BreadcrumbList","@id":"https:\/\/perle-in.com\/produit\/polo-star-a-manches-courtes-pour-enfant\/#breadcrumb","itemListElement":[{"@type":"ListItem","position":1,"name":"Accueil","item":"https:\/\/perle-in.com\/"},{"@type":"ListItem","position":2,"name":"Boutique","item":"https:\/\/perle-in.com\/boutique\/"},{"@type":"ListItem","position":3,"name":"Polo Star \u00e0 manches courtes pour enfant"}]},{"@type":"WebSite","@id":"https:\/\/perle-in.com\/#website","url":"https:\/\/perle-in.com\/","name":"PERLE IN","description":"","publisher":{"@id":"https:\/\/perle-in.com\/#organization"},"potentialAction":[{"@type":"SearchAction","target":{"@type":"EntryPoint","urlTemplate":"https:\/\/perle-in.com\/?s={search_term_string}"},"query-input":{"@type":"PropertyValueSpecification","valueRequired":true,"valueName":"search_term_string"}}],"inLanguage":"en-CA"},{"@type":"Organization","@id":"https:\/\/perle-in.com\/#organization","name":"PERLE IN","url":"https:\/\/perle-in.com\/","logo":{"@type":"ImageObject","inLanguage":"en-CA","@id":"https:\/\/perle-in.com\/#\/schema\/logo\/image\/","url":"https:\/\/perle-in.com\/wp-content\/uploads\/2022\/12\/LOGO-PERLE-IN-COULEUR@3x.webp","contentUrl":"https:\/\/perle-in.com\/wp-content\/uploads\/2022\/12\/LOGO-PERLE-IN-COULEUR@3x.webp","width":1600,"height":490,"caption":"PERLE IN"},"image":{"@id":"https:\/\/perle-in.com\/#\/schema\/logo\/image\/"}}]}},"jetpack_sharing_enabled":true,"_links":{"self":[{"href":"https:\/\/perle-in.com\/en\/wp-json\/wp\/v2\/product\/562007","targetHints":{"allow":["GET"]}}],"collection":[{"href":"https:\/\/perle-in.com\/en\/wp-json\/wp\/v2\/product"}],"about":[{"href":"https:\/\/perle-in.com\/en\/wp-json\/wp\/v2\/types\/product"}],"version-history":[{"count":0,"href":"https:\/\/perle-in.com\/en\/wp-json\/wp\/v2\/product\/562007\/revisions"}],"wp:featuredmedia":[{"embeddable":true,"href":"https:\/\/perle-in.com\/en\/wp-json\/wp\/v2\/media\/559712"}],"wp:attachment":[{"href":"https:\/\/perle-in.com\/en\/wp-json\/wp\/v2\/media?parent=562007"}],"wp:term":[{"taxonomy":"product_brand","embeddable":true,"href":"https:\/\/perle-in.com\/en\/wp-json\/wp\/v2\/product_brand?post=562007"},{"taxonomy":"product_cat","embeddable":true,"href":"https:\/\/perle-in.com\/en\/wp-json\/wp\/v2\/product_cat?post=562007"},{"taxonomy":"product_tag","embeddable":true,"href":"https:\/\/perle-in.com\/en\/wp-json\/wp\/v2\/product_tag?post=562007"}],"curies":[{"name":"wp","href":"https:\/\/api.w.org\/{rel}","templated":true}]}}

Polo Star à manches courtes pour enfant

<p>Polo à manches courtes pour enfants. Coutures recouvertes renforcées à l&#8217;intérieur du col. Poignets et col en côte 1&#215;1. Coutures latérales. Patte de boutonnage à 3 boutons et fentes latérales. Poche optionnelle. Étiquette détachable. Le mannequin mesure 124 cm et porte la taille 5/6.</p>

<!-- This site is optimized with the Yoast SEO plugin v27.4 - https://yoast.com/product/yoast-seo-wordpress/ -->
<title>Polo Star à manches courtes pour enfant - PERLE IN</title>
<meta name="robots" content="noindex, follow, max-snippet:-1, max-image-preview:large, max-video-preview:-1" />
<meta property="og:locale" content="en_US" />
<meta property="og:type" content="article" />
<meta property="og:title" content="Polo Star à manches courtes pour enfant - PERLE IN" />
<meta property="og:description" content="Polo à manches courtes pour enfants. Coutures recouvertes renforcées à l&#039;intérieur du col. Poignets et col en côte 1x1. Coutures latérales. Patte de boutonnage à 3 boutons et fentes latérales. Poche optionnelle. Étiquette détachable. Le mannequin mesure 124 cm et porte la taille 5/6." />
<meta property="og:url" content="https://perle-in.com/en/product/polo-star-a-manches-courtes-pour-enfant/" />
<meta property="og:site_name" content="PERLE IN" />
<meta property="article:modified_time" content="2025-10-19T03:48:39+00:00" />
<meta property="og:image" content="https://perle-in.com/wp-content/uploads/2025/10/K66381B-3.jpg" />
	<meta property="og:image:width" content="1600" />
	<meta property="og:image:height" content="1600" />
	<meta property="og:image:type" content="image/jpeg" />
<meta name="twitter:card" content="summary_large_image" />
<script type="application/ld+json" class="yoast-schema-graph">{"@context":"https:\/\/schema.org","@graph":[{"@type":"WebPage","@id":"https:\/\/perle-in.com\/produit\/polo-star-a-manches-courtes-pour-enfant\/","url":"https:\/\/perle-in.com\/produit\/polo-star-a-manches-courtes-pour-enfant\/","name":"Polo Star à manches courtes pour enfant - PERLE IN","isPartOf":{"@id":"https:\/\/perle-in.com\/#website"},"primaryImageOfPage":{"@id":"https:\/\/perle-in.com\/produit\/polo-star-a-manches-courtes-pour-enfant\/#primaryimage"},"image":{"@id":"https:\/\/perle-in.com\/produit\/polo-star-a-manches-courtes-pour-enfant\/#primaryimage"},"thumbnailUrl":"https:\/\/perle-in.com\/wp-content\/uploads\/2025\/10\/K66381B-3.jpg","datePublished":"2025-10-15T11:01:34+00:00","dateModified":"2025-10-19T03:48:39+00:00","breadcrumb":{"@id":"https:\/\/perle-in.com\/produit\/polo-star-a-manches-courtes-pour-enfant\/#breadcrumb"},"inLanguage":"en-CA","potentialAction":[{"@type":"ReadAction","target":["https:\/\/perle-in.com\/produit\/polo-star-a-manches-courtes-pour-enfant\/"]}]},{"@type":"ImageObject","inLanguage":"en-CA","@id":"https:\/\/perle-in.com\/produit\/polo-star-a-manches-courtes-pour-enfant\/#primaryimage","url":"https:\/\/perle-in.com\/wp-content\/uploads\/2025\/10\/K66381B-3.jpg","contentUrl":"https:\/\/perle-in.com\/wp-content\/uploads\/2025\/10\/K66381B-3.jpg","width":1600,"height":1600},{"@type":"BreadcrumbList","@id":"https:\/\/perle-in.com\/produit\/polo-star-a-manches-courtes-pour-enfant\/#breadcrumb","itemListElement":[{"@type":"ListItem","position":1,"name":"Accueil","item":"https:\/\/perle-in.com\/"},{"@type":"ListItem","position":2,"name":"Boutique","item":"https:\/\/perle-in.com\/boutique\/"},{"@type":"ListItem","position":3,"name":"Polo Star à manches courtes pour enfant"}]},{"@type":"WebSite","@id":"https:\/\/perle-in.com\/#website","url":"https:\/\/perle-in.com\/","name":"PERLE IN","description":"","publisher":{"@id":"https:\/\/perle-in.com\/#organization"},"potentialAction":[{"@type":"SearchAction","target":{"@type":"EntryPoint","urlTemplate":"https:\/\/perle-in.com\/?s={search_term_string}"},"query-input":{"@type":"PropertyValueSpecification","valueRequired":true,"valueName":"search_term_string"}}],"inLanguage":"en-CA"},{"@type":"Organization","@id":"https:\/\/perle-in.com\/#organization","name":"PERLE IN","url":"https:\/\/perle-in.com\/","logo":{"@type":"ImageObject","inLanguage":"en-CA","@id":"https:\/\/perle-in.com\/#\/schema\/logo\/image\/","url":"https:\/\/perle-in.com\/wp-content\/uploads\/2022\/12\/LOGO-PERLE-IN-COULEUR@3x.webp","contentUrl":"https:\/\/perle-in.com\/wp-content\/uploads\/2022\/12\/LOGO-PERLE-IN-COULEUR@3x.webp","width":1600,"height":490,"caption":"PERLE IN"},"image":{"@id":"https:\/\/perle-in.com\/#\/schema\/logo\/image\/"}}]}</script>
<!-- / Yoast SEO plugin. -->

Polo Star à manches courtes pour enfant - PERLE IN

Polo à manches courtes pour enfants. Coutures recouvertes renforcées à l'intérieur du col. Poignets et col en côte 1x1. Coutures latérales. Patte de boutonnage à 3 boutons et fentes latérales. Poche optionnelle. Étiquette détachable. Le mannequin mesure 124 cm et porte la taille 5/6.
