{"id":557242,"date":"2025-10-15T09:49:48","date_gmt":"2025-10-15T07:49:48","guid":{"rendered":"https:\/\/perle-in.com\/produit\/gilet-oslo-pour-femme-avec-isolation\/"},"modified":"2025-10-19T05:48:34","modified_gmt":"2025-10-19T03:48:34","slug":"gilet-oslo-pour-femme-avec-isolation","status":"publish","type":"product","link":"https:\/\/perle-in.com\/en\/product\/gilet-oslo-pour-femme-avec-isolation\/","title":{"rendered":"Gilet Oslo pour femme avec isolation"},"content":{"rendered":"","protected":false},"excerpt":{"rendered":"<p>Gilet sans manches au toucher plume pour femme. Fermetures zipp\u00e9es invers\u00e9es assorties. Deux poches avant avec fermeture zipp\u00e9e. Doublure int\u00e9rieure contrast\u00e9e. Bordure \u00e9lastique assortie \u00e0 l&#8217;ourlet. V\u00eatement l\u00e9ger et pliable. Coupe ajust\u00e9e. R\u00e9sistant \u00e0 l&#8217;eau. Mod\u00e8le coupe-vent. Le mannequin mesure 174 cm et porte la taille S.<\/p>","protected":false},"featured_media":557200,"template":"","meta":{"_eb_attr":""},"product_brand":[],"product_cat":[1250,1024],"product_tag":[3445,2548],"class_list":{"0":"post-557242","1":"product","2":"type-product","3":"status-publish","4":"has-post-thumbnail","6":"product_cat-bodywarmers","7":"product_cat-vetements","8":"product_tag-roly","9":"product_tag-veste","10":"pa_couleurs-bleu-electrique","11":"pa_couleurs-bleu-marine","12":"pa_couleurs-ebene","13":"pa_couleurs-grenat","14":"pa_couleurs-noir","15":"pa_couleurs-rouge","16":"pa_couleurs-vert-militaire","17":"pa_genre-female","18":"pa_marque-roly","19":"pa_matiere-100-polyester-290-g-m2-lining-100-polyester-padding-filling-100-polyester","20":"pa_pays-d-origine-bengladesh","21":"pa_taille-2xl","22":"pa_taille-l","23":"pa_taille-m","24":"pa_taille-s","25":"pa_taille-xl","27":"first","28":"instock","29":"shipping-taxable","30":"purchasable","31":"product-type-variable"},"yoast_head":"<!-- This site is optimized with the Yoast SEO plugin v27.4 - https:\/\/yoast.com\/product\/yoast-seo-wordpress\/ -->\n<title>Gilet Oslo pour femme avec isolation - PERLE IN<\/title>\n<meta name=\"robots\" content=\"noindex, follow, max-snippet:-1, max-image-preview:large, max-video-preview:-1\" \/>\n<meta property=\"og:locale\" content=\"en_US\" \/>\n<meta property=\"og:type\" content=\"article\" \/>\n<meta property=\"og:title\" content=\"Gilet Oslo pour femme avec isolation - PERLE IN\" \/>\n<meta property=\"og:description\" content=\"Gilet sans manches au toucher plume pour femme. Fermetures zipp\u00e9es invers\u00e9es assorties. Deux poches avant avec fermeture zipp\u00e9e. Doublure int\u00e9rieure contrast\u00e9e. Bordure \u00e9lastique assortie \u00e0 l&#039;ourlet. V\u00eatement l\u00e9ger et pliable. Coupe ajust\u00e9e. R\u00e9sistant \u00e0 l&#039;eau. Mod\u00e8le coupe-vent. Le mannequin mesure 174 cm et porte la taille S.\" \/>\n<meta property=\"og:url\" content=\"https:\/\/perle-in.com\/en\/product\/gilet-oslo-pour-femme-avec-isolation\/\" \/>\n<meta property=\"og:site_name\" content=\"PERLE IN\" \/>\n<meta property=\"article:modified_time\" content=\"2025-10-19T03:48:34+00:00\" \/>\n<meta property=\"og:image\" content=\"https:\/\/perle-in.com\/wp-content\/uploads\/2025\/10\/R50931N-1.jpg\" \/>\n\t<meta property=\"og:image:width\" content=\"1600\" \/>\n\t<meta property=\"og:image:height\" content=\"1600\" \/>\n\t<meta property=\"og:image:type\" content=\"image\/jpeg\" \/>\n<meta name=\"twitter:card\" content=\"summary_large_image\" \/>\n<script type=\"application\/ld+json\" class=\"yoast-schema-graph\">{\"@context\":\"https:\\\/\\\/schema.org\",\"@graph\":[{\"@type\":\"WebPage\",\"@id\":\"https:\\\/\\\/perle-in.com\\\/produit\\\/gilet-oslo-pour-femme-avec-isolation\\\/\",\"url\":\"https:\\\/\\\/perle-in.com\\\/produit\\\/gilet-oslo-pour-femme-avec-isolation\\\/\",\"name\":\"Gilet Oslo pour femme avec isolation - PERLE IN\",\"isPartOf\":{\"@id\":\"https:\\\/\\\/perle-in.com\\\/#website\"},\"primaryImageOfPage\":{\"@id\":\"https:\\\/\\\/perle-in.com\\\/produit\\\/gilet-oslo-pour-femme-avec-isolation\\\/#primaryimage\"},\"image\":{\"@id\":\"https:\\\/\\\/perle-in.com\\\/produit\\\/gilet-oslo-pour-femme-avec-isolation\\\/#primaryimage\"},\"thumbnailUrl\":\"https:\\\/\\\/perle-in.com\\\/wp-content\\\/uploads\\\/2025\\\/10\\\/R50931N-1.jpg\",\"datePublished\":\"2025-10-15T07:49:48+00:00\",\"dateModified\":\"2025-10-19T03:48:34+00:00\",\"breadcrumb\":{\"@id\":\"https:\\\/\\\/perle-in.com\\\/produit\\\/gilet-oslo-pour-femme-avec-isolation\\\/#breadcrumb\"},\"inLanguage\":\"en-CA\",\"potentialAction\":[{\"@type\":\"ReadAction\",\"target\":[\"https:\\\/\\\/perle-in.com\\\/produit\\\/gilet-oslo-pour-femme-avec-isolation\\\/\"]}]},{\"@type\":\"ImageObject\",\"inLanguage\":\"en-CA\",\"@id\":\"https:\\\/\\\/perle-in.com\\\/produit\\\/gilet-oslo-pour-femme-avec-isolation\\\/#primaryimage\",\"url\":\"https:\\\/\\\/perle-in.com\\\/wp-content\\\/uploads\\\/2025\\\/10\\\/R50931N-1.jpg\",\"contentUrl\":\"https:\\\/\\\/perle-in.com\\\/wp-content\\\/uploads\\\/2025\\\/10\\\/R50931N-1.jpg\",\"width\":1600,\"height\":1600},{\"@type\":\"BreadcrumbList\",\"@id\":\"https:\\\/\\\/perle-in.com\\\/produit\\\/gilet-oslo-pour-femme-avec-isolation\\\/#breadcrumb\",\"itemListElement\":[{\"@type\":\"ListItem\",\"position\":1,\"name\":\"Accueil\",\"item\":\"https:\\\/\\\/perle-in.com\\\/\"},{\"@type\":\"ListItem\",\"position\":2,\"name\":\"Boutique\",\"item\":\"https:\\\/\\\/perle-in.com\\\/boutique\\\/\"},{\"@type\":\"ListItem\",\"position\":3,\"name\":\"Gilet Oslo pour femme avec isolation\"}]},{\"@type\":\"WebSite\",\"@id\":\"https:\\\/\\\/perle-in.com\\\/#website\",\"url\":\"https:\\\/\\\/perle-in.com\\\/\",\"name\":\"PERLE IN\",\"description\":\"\",\"publisher\":{\"@id\":\"https:\\\/\\\/perle-in.com\\\/#organization\"},\"potentialAction\":[{\"@type\":\"SearchAction\",\"target\":{\"@type\":\"EntryPoint\",\"urlTemplate\":\"https:\\\/\\\/perle-in.com\\\/?s={search_term_string}\"},\"query-input\":{\"@type\":\"PropertyValueSpecification\",\"valueRequired\":true,\"valueName\":\"search_term_string\"}}],\"inLanguage\":\"en-CA\"},{\"@type\":\"Organization\",\"@id\":\"https:\\\/\\\/perle-in.com\\\/#organization\",\"name\":\"PERLE IN\",\"url\":\"https:\\\/\\\/perle-in.com\\\/\",\"logo\":{\"@type\":\"ImageObject\",\"inLanguage\":\"en-CA\",\"@id\":\"https:\\\/\\\/perle-in.com\\\/#\\\/schema\\\/logo\\\/image\\\/\",\"url\":\"https:\\\/\\\/perle-in.com\\\/wp-content\\\/uploads\\\/2022\\\/12\\\/LOGO-PERLE-IN-COULEUR@3x.webp\",\"contentUrl\":\"https:\\\/\\\/perle-in.com\\\/wp-content\\\/uploads\\\/2022\\\/12\\\/LOGO-PERLE-IN-COULEUR@3x.webp\",\"width\":1600,\"height\":490,\"caption\":\"PERLE IN\"},\"image\":{\"@id\":\"https:\\\/\\\/perle-in.com\\\/#\\\/schema\\\/logo\\\/image\\\/\"}}]}<\/script>\n<!-- \/ Yoast SEO plugin. -->","yoast_head_json":{"title":"Gilet Oslo pour femme avec isolation - PERLE IN","robots":{"index":"noindex","follow":"follow","max-snippet":"max-snippet:-1","max-image-preview":"max-image-preview:large","max-video-preview":"max-video-preview:-1"},"og_locale":"en_US","og_type":"article","og_title":"Gilet Oslo pour femme avec isolation - PERLE IN","og_description":"Gilet sans manches au toucher plume pour femme. Fermetures zipp\u00e9es invers\u00e9es assorties. Deux poches avant avec fermeture zipp\u00e9e. Doublure int\u00e9rieure contrast\u00e9e. Bordure \u00e9lastique assortie \u00e0 l'ourlet. V\u00eatement l\u00e9ger et pliable. Coupe ajust\u00e9e. R\u00e9sistant \u00e0 l'eau. Mod\u00e8le coupe-vent. Le mannequin mesure 174 cm et porte la taille S.","og_url":"https:\/\/perle-in.com\/en\/product\/gilet-oslo-pour-femme-avec-isolation\/","og_site_name":"PERLE IN","article_modified_time":"2025-10-19T03:48:34+00:00","og_image":[{"width":1600,"height":1600,"url":"https:\/\/perle-in.com\/wp-content\/uploads\/2025\/10\/R50931N-1.jpg","type":"image\/jpeg"}],"twitter_card":"summary_large_image","schema":{"@context":"https:\/\/schema.org","@graph":[{"@type":"WebPage","@id":"https:\/\/perle-in.com\/produit\/gilet-oslo-pour-femme-avec-isolation\/","url":"https:\/\/perle-in.com\/produit\/gilet-oslo-pour-femme-avec-isolation\/","name":"Gilet Oslo pour femme avec isolation - PERLE IN","isPartOf":{"@id":"https:\/\/perle-in.com\/#website"},"primaryImageOfPage":{"@id":"https:\/\/perle-in.com\/produit\/gilet-oslo-pour-femme-avec-isolation\/#primaryimage"},"image":{"@id":"https:\/\/perle-in.com\/produit\/gilet-oslo-pour-femme-avec-isolation\/#primaryimage"},"thumbnailUrl":"https:\/\/perle-in.com\/wp-content\/uploads\/2025\/10\/R50931N-1.jpg","datePublished":"2025-10-15T07:49:48+00:00","dateModified":"2025-10-19T03:48:34+00:00","breadcrumb":{"@id":"https:\/\/perle-in.com\/produit\/gilet-oslo-pour-femme-avec-isolation\/#breadcrumb"},"inLanguage":"en-CA","potentialAction":[{"@type":"ReadAction","target":["https:\/\/perle-in.com\/produit\/gilet-oslo-pour-femme-avec-isolation\/"]}]},{"@type":"ImageObject","inLanguage":"en-CA","@id":"https:\/\/perle-in.com\/produit\/gilet-oslo-pour-femme-avec-isolation\/#primaryimage","url":"https:\/\/perle-in.com\/wp-content\/uploads\/2025\/10\/R50931N-1.jpg","contentUrl":"https:\/\/perle-in.com\/wp-content\/uploads\/2025\/10\/R50931N-1.jpg","width":1600,"height":1600},{"@type":"BreadcrumbList","@id":"https:\/\/perle-in.com\/produit\/gilet-oslo-pour-femme-avec-isolation\/#breadcrumb","itemListElement":[{"@type":"ListItem","position":1,"name":"Accueil","item":"https:\/\/perle-in.com\/"},{"@type":"ListItem","position":2,"name":"Boutique","item":"https:\/\/perle-in.com\/boutique\/"},{"@type":"ListItem","position":3,"name":"Gilet Oslo pour femme avec isolation"}]},{"@type":"WebSite","@id":"https:\/\/perle-in.com\/#website","url":"https:\/\/perle-in.com\/","name":"PERLE IN","description":"","publisher":{"@id":"https:\/\/perle-in.com\/#organization"},"potentialAction":[{"@type":"SearchAction","target":{"@type":"EntryPoint","urlTemplate":"https:\/\/perle-in.com\/?s={search_term_string}"},"query-input":{"@type":"PropertyValueSpecification","valueRequired":true,"valueName":"search_term_string"}}],"inLanguage":"en-CA"},{"@type":"Organization","@id":"https:\/\/perle-in.com\/#organization","name":"PERLE IN","url":"https:\/\/perle-in.com\/","logo":{"@type":"ImageObject","inLanguage":"en-CA","@id":"https:\/\/perle-in.com\/#\/schema\/logo\/image\/","url":"https:\/\/perle-in.com\/wp-content\/uploads\/2022\/12\/LOGO-PERLE-IN-COULEUR@3x.webp","contentUrl":"https:\/\/perle-in.com\/wp-content\/uploads\/2022\/12\/LOGO-PERLE-IN-COULEUR@3x.webp","width":1600,"height":490,"caption":"PERLE IN"},"image":{"@id":"https:\/\/perle-in.com\/#\/schema\/logo\/image\/"}}]}},"jetpack_sharing_enabled":true,"_links":{"self":[{"href":"https:\/\/perle-in.com\/en\/wp-json\/wp\/v2\/product\/557242","targetHints":{"allow":["GET"]}}],"collection":[{"href":"https:\/\/perle-in.com\/en\/wp-json\/wp\/v2\/product"}],"about":[{"href":"https:\/\/perle-in.com\/en\/wp-json\/wp\/v2\/types\/product"}],"version-history":[{"count":0,"href":"https:\/\/perle-in.com\/en\/wp-json\/wp\/v2\/product\/557242\/revisions"}],"wp:featuredmedia":[{"embeddable":true,"href":"https:\/\/perle-in.com\/en\/wp-json\/wp\/v2\/media\/557200"}],"wp:attachment":[{"href":"https:\/\/perle-in.com\/en\/wp-json\/wp\/v2\/media?parent=557242"}],"wp:term":[{"taxonomy":"product_brand","embeddable":true,"href":"https:\/\/perle-in.com\/en\/wp-json\/wp\/v2\/product_brand?post=557242"},{"taxonomy":"product_cat","embeddable":true,"href":"https:\/\/perle-in.com\/en\/wp-json\/wp\/v2\/product_cat?post=557242"},{"taxonomy":"product_tag","embeddable":true,"href":"https:\/\/perle-in.com\/en\/wp-json\/wp\/v2\/product_tag?post=557242"}],"curies":[{"name":"wp","href":"https:\/\/api.w.org\/{rel}","templated":true}]}}

<p>Gilet sans manches au toucher plume pour femme. Fermetures zippées inversées assorties. Deux poches avant avec fermeture zippée. Doublure intérieure contrastée. Bordure élastique assortie à l&#8217;ourlet. Vêtement léger et pliable. Coupe ajustée. Résistant à l&#8217;eau. Modèle coupe-vent. Le mannequin mesure 174 cm et porte la taille S.</p>

<!-- This site is optimized with the Yoast SEO plugin v27.4 - https://yoast.com/product/yoast-seo-wordpress/ -->
<title>Gilet Oslo pour femme avec isolation - PERLE IN</title>
<meta name="robots" content="noindex, follow, max-snippet:-1, max-image-preview:large, max-video-preview:-1" />
<meta property="og:locale" content="en_US" />
<meta property="og:type" content="article" />
<meta property="og:title" content="Gilet Oslo pour femme avec isolation - PERLE IN" />
<meta property="og:description" content="Gilet sans manches au toucher plume pour femme. Fermetures zippées inversées assorties. Deux poches avant avec fermeture zippée. Doublure intérieure contrastée. Bordure élastique assortie à l&#039;ourlet. Vêtement léger et pliable. Coupe ajustée. Résistant à l&#039;eau. Modèle coupe-vent. Le mannequin mesure 174 cm et porte la taille S." />
<meta property="og:url" content="https://perle-in.com/en/product/gilet-oslo-pour-femme-avec-isolation/" />
<meta property="og:site_name" content="PERLE IN" />
<meta property="article:modified_time" content="2025-10-19T03:48:34+00:00" />
<meta property="og:image" content="https://perle-in.com/wp-content/uploads/2025/10/R50931N-1.jpg" />
	<meta property="og:image:width" content="1600" />
	<meta property="og:image:height" content="1600" />
	<meta property="og:image:type" content="image/jpeg" />
<meta name="twitter:card" content="summary_large_image" />
<script type="application/ld+json" class="yoast-schema-graph">{"@context":"https:\/\/schema.org","@graph":[{"@type":"WebPage","@id":"https:\/\/perle-in.com\/produit\/gilet-oslo-pour-femme-avec-isolation\/","url":"https:\/\/perle-in.com\/produit\/gilet-oslo-pour-femme-avec-isolation\/","name":"Gilet Oslo pour femme avec isolation - PERLE IN","isPartOf":{"@id":"https:\/\/perle-in.com\/#website"},"primaryImageOfPage":{"@id":"https:\/\/perle-in.com\/produit\/gilet-oslo-pour-femme-avec-isolation\/#primaryimage"},"image":{"@id":"https:\/\/perle-in.com\/produit\/gilet-oslo-pour-femme-avec-isolation\/#primaryimage"},"thumbnailUrl":"https:\/\/perle-in.com\/wp-content\/uploads\/2025\/10\/R50931N-1.jpg","datePublished":"2025-10-15T07:49:48+00:00","dateModified":"2025-10-19T03:48:34+00:00","breadcrumb":{"@id":"https:\/\/perle-in.com\/produit\/gilet-oslo-pour-femme-avec-isolation\/#breadcrumb"},"inLanguage":"en-CA","potentialAction":[{"@type":"ReadAction","target":["https:\/\/perle-in.com\/produit\/gilet-oslo-pour-femme-avec-isolation\/"]}]},{"@type":"ImageObject","inLanguage":"en-CA","@id":"https:\/\/perle-in.com\/produit\/gilet-oslo-pour-femme-avec-isolation\/#primaryimage","url":"https:\/\/perle-in.com\/wp-content\/uploads\/2025\/10\/R50931N-1.jpg","contentUrl":"https:\/\/perle-in.com\/wp-content\/uploads\/2025\/10\/R50931N-1.jpg","width":1600,"height":1600},{"@type":"BreadcrumbList","@id":"https:\/\/perle-in.com\/produit\/gilet-oslo-pour-femme-avec-isolation\/#breadcrumb","itemListElement":[{"@type":"ListItem","position":1,"name":"Accueil","item":"https:\/\/perle-in.com\/"},{"@type":"ListItem","position":2,"name":"Boutique","item":"https:\/\/perle-in.com\/boutique\/"},{"@type":"ListItem","position":3,"name":"Gilet Oslo pour femme avec isolation"}]},{"@type":"WebSite","@id":"https:\/\/perle-in.com\/#website","url":"https:\/\/perle-in.com\/","name":"PERLE IN","description":"","publisher":{"@id":"https:\/\/perle-in.com\/#organization"},"potentialAction":[{"@type":"SearchAction","target":{"@type":"EntryPoint","urlTemplate":"https:\/\/perle-in.com\/?s={search_term_string}"},"query-input":{"@type":"PropertyValueSpecification","valueRequired":true,"valueName":"search_term_string"}}],"inLanguage":"en-CA"},{"@type":"Organization","@id":"https:\/\/perle-in.com\/#organization","name":"PERLE IN","url":"https:\/\/perle-in.com\/","logo":{"@type":"ImageObject","inLanguage":"en-CA","@id":"https:\/\/perle-in.com\/#\/schema\/logo\/image\/","url":"https:\/\/perle-in.com\/wp-content\/uploads\/2022\/12\/LOGO-PERLE-IN-COULEUR@3x.webp","contentUrl":"https:\/\/perle-in.com\/wp-content\/uploads\/2022\/12\/LOGO-PERLE-IN-COULEUR@3x.webp","width":1600,"height":490,"caption":"PERLE IN"},"image":{"@id":"https:\/\/perle-in.com\/#\/schema\/logo\/image\/"}}]}</script>
<!-- / Yoast SEO plugin. -->

Gilet sans manches au toucher plume pour femme. Fermetures zippées inversées assorties. Deux poches avant avec fermeture zippée. Doublure intérieure contrastée. Bordure élastique assortie à l'ourlet. Vêtement léger et pliable. Coupe ajustée. Résistant à l'eau. Modèle coupe-vent. Le mannequin mesure 174 cm et porte la taille S.
