{"id":554427,"date":"2025-10-15T07:57:51","date_gmt":"2025-10-15T05:57:51","guid":{"rendered":"https:\/\/perle-in.com\/produit\/doudoune-finland-avec-isolation-pour-homme\/"},"modified":"2025-10-19T05:48:22","modified_gmt":"2025-10-19T03:48:22","slug":"doudoune-finland-avec-isolation-pour-homme","status":"publish","type":"product","link":"https:\/\/perle-in.com\/en\/product\/doudoune-finland-avec-isolation-pour-homme\/","title":{"rendered":"Doudoune Finland avec isolation pour homme"},"content":{"rendered":"","protected":false},"excerpt":{"rendered":"<p>Veste matelass\u00e9e pour homme avec rembourrage au toucher plume. Fermetures zipp\u00e9e invers\u00e9es avec prot\u00e8ge-menton et tirette assortis. Deux poches avant avec fermetures zipp\u00e9e. Bordure \u00e9lastique assortie au col, aux poignets et \u00e0 l&#8217;ourlet. Doublure int\u00e9rieure contrast\u00e9e. Comprend un sac de transport de rangement. V\u00eatement l\u00e9ger et pliable. \u00c9tiquette d\u00e9tachable. R\u00e9sistante \u00e0 l&#8217;eau. Coupe-vent. Le mannequin mesure 184 cm et porte la taille L.<\/p>","protected":false},"featured_media":553490,"template":"","meta":{"_eb_attr":""},"product_brand":[],"product_cat":[1260,1024],"product_tag":[3527,3445,2548,2549],"class_list":{"0":"post-554427","1":"product","2":"type-product","3":"status-publish","4":"has-post-thumbnail","6":"product_cat-jackets","7":"product_cat-vetements","8":"product_tag-isolees","9":"product_tag-roly","10":"product_tag-veste","11":"product_tag-vestes","12":"pa_couleurs-bleu-electrique","13":"pa_couleurs-bleu-marine","14":"pa_couleurs-ebene","15":"pa_couleurs-grenat","16":"pa_couleurs-noir","17":"pa_couleurs-noir-chine","18":"pa_couleurs-rouge","19":"pa_couleurs-vert-militaire","20":"pa_genre-male","21":"pa_marque-roly","22":"pa_matiere-100-polyester-290-g-m2-lining-100-polyester-padding-filling-100-polyester","23":"pa_pays-d-origine-bengladesh","24":"pa_taille-2xl","25":"pa_taille-3xl","26":"pa_taille-l","27":"pa_taille-m","28":"pa_taille-s","29":"pa_taille-xl","31":"first","32":"instock","33":"shipping-taxable","34":"purchasable","35":"product-type-variable"},"yoast_head":"<!-- This site is optimized with the Yoast SEO plugin v27.4 - https:\/\/yoast.com\/product\/yoast-seo-wordpress\/ -->\n<title>Doudoune Finland avec isolation pour homme - PERLE IN<\/title>\n<meta name=\"robots\" content=\"noindex, follow, max-snippet:-1, max-image-preview:large, max-video-preview:-1\" \/>\n<meta property=\"og:locale\" content=\"en_US\" \/>\n<meta property=\"og:type\" content=\"article\" \/>\n<meta property=\"og:title\" content=\"Doudoune Finland avec isolation pour homme - PERLE IN\" \/>\n<meta property=\"og:description\" content=\"Veste matelass\u00e9e pour homme avec rembourrage au toucher plume. Fermetures zipp\u00e9e invers\u00e9es avec prot\u00e8ge-menton et tirette assortis. Deux poches avant avec fermetures zipp\u00e9e. Bordure \u00e9lastique assortie au col, aux poignets et \u00e0 l&#039;ourlet. Doublure int\u00e9rieure contrast\u00e9e. Comprend un sac de transport de rangement. V\u00eatement l\u00e9ger et pliable. \u00c9tiquette d\u00e9tachable. R\u00e9sistante \u00e0 l&#039;eau. Coupe-vent. Le mannequin mesure 184 cm et porte la taille L.\" \/>\n<meta property=\"og:url\" content=\"https:\/\/perle-in.com\/en\/product\/doudoune-finland-avec-isolation-pour-homme\/\" \/>\n<meta property=\"og:site_name\" content=\"PERLE IN\" \/>\n<meta property=\"article:modified_time\" content=\"2025-10-19T03:48:22+00:00\" \/>\n<meta property=\"og:image\" content=\"https:\/\/perle-in.com\/wp-content\/uploads\/2025\/10\/R50941N-1.jpg\" \/>\n\t<meta property=\"og:image:width\" content=\"1600\" \/>\n\t<meta property=\"og:image:height\" content=\"1600\" \/>\n\t<meta property=\"og:image:type\" content=\"image\/jpeg\" \/>\n<meta name=\"twitter:card\" content=\"summary_large_image\" \/>\n<script type=\"application\/ld+json\" class=\"yoast-schema-graph\">{\"@context\":\"https:\\\/\\\/schema.org\",\"@graph\":[{\"@type\":\"WebPage\",\"@id\":\"https:\\\/\\\/perle-in.com\\\/produit\\\/doudoune-finland-avec-isolation-pour-homme\\\/\",\"url\":\"https:\\\/\\\/perle-in.com\\\/produit\\\/doudoune-finland-avec-isolation-pour-homme\\\/\",\"name\":\"Doudoune Finland avec isolation pour homme - PERLE IN\",\"isPartOf\":{\"@id\":\"https:\\\/\\\/perle-in.com\\\/#website\"},\"primaryImageOfPage\":{\"@id\":\"https:\\\/\\\/perle-in.com\\\/produit\\\/doudoune-finland-avec-isolation-pour-homme\\\/#primaryimage\"},\"image\":{\"@id\":\"https:\\\/\\\/perle-in.com\\\/produit\\\/doudoune-finland-avec-isolation-pour-homme\\\/#primaryimage\"},\"thumbnailUrl\":\"https:\\\/\\\/perle-in.com\\\/wp-content\\\/uploads\\\/2025\\\/10\\\/R50941N-1.jpg\",\"datePublished\":\"2025-10-15T05:57:51+00:00\",\"dateModified\":\"2025-10-19T03:48:22+00:00\",\"breadcrumb\":{\"@id\":\"https:\\\/\\\/perle-in.com\\\/produit\\\/doudoune-finland-avec-isolation-pour-homme\\\/#breadcrumb\"},\"inLanguage\":\"en-CA\",\"potentialAction\":[{\"@type\":\"ReadAction\",\"target\":[\"https:\\\/\\\/perle-in.com\\\/produit\\\/doudoune-finland-avec-isolation-pour-homme\\\/\"]}]},{\"@type\":\"ImageObject\",\"inLanguage\":\"en-CA\",\"@id\":\"https:\\\/\\\/perle-in.com\\\/produit\\\/doudoune-finland-avec-isolation-pour-homme\\\/#primaryimage\",\"url\":\"https:\\\/\\\/perle-in.com\\\/wp-content\\\/uploads\\\/2025\\\/10\\\/R50941N-1.jpg\",\"contentUrl\":\"https:\\\/\\\/perle-in.com\\\/wp-content\\\/uploads\\\/2025\\\/10\\\/R50941N-1.jpg\",\"width\":1600,\"height\":1600},{\"@type\":\"BreadcrumbList\",\"@id\":\"https:\\\/\\\/perle-in.com\\\/produit\\\/doudoune-finland-avec-isolation-pour-homme\\\/#breadcrumb\",\"itemListElement\":[{\"@type\":\"ListItem\",\"position\":1,\"name\":\"Accueil\",\"item\":\"https:\\\/\\\/perle-in.com\\\/\"},{\"@type\":\"ListItem\",\"position\":2,\"name\":\"Boutique\",\"item\":\"https:\\\/\\\/perle-in.com\\\/boutique\\\/\"},{\"@type\":\"ListItem\",\"position\":3,\"name\":\"Doudoune Finland avec isolation pour homme\"}]},{\"@type\":\"WebSite\",\"@id\":\"https:\\\/\\\/perle-in.com\\\/#website\",\"url\":\"https:\\\/\\\/perle-in.com\\\/\",\"name\":\"PERLE IN\",\"description\":\"\",\"publisher\":{\"@id\":\"https:\\\/\\\/perle-in.com\\\/#organization\"},\"potentialAction\":[{\"@type\":\"SearchAction\",\"target\":{\"@type\":\"EntryPoint\",\"urlTemplate\":\"https:\\\/\\\/perle-in.com\\\/?s={search_term_string}\"},\"query-input\":{\"@type\":\"PropertyValueSpecification\",\"valueRequired\":true,\"valueName\":\"search_term_string\"}}],\"inLanguage\":\"en-CA\"},{\"@type\":\"Organization\",\"@id\":\"https:\\\/\\\/perle-in.com\\\/#organization\",\"name\":\"PERLE IN\",\"url\":\"https:\\\/\\\/perle-in.com\\\/\",\"logo\":{\"@type\":\"ImageObject\",\"inLanguage\":\"en-CA\",\"@id\":\"https:\\\/\\\/perle-in.com\\\/#\\\/schema\\\/logo\\\/image\\\/\",\"url\":\"https:\\\/\\\/perle-in.com\\\/wp-content\\\/uploads\\\/2022\\\/12\\\/LOGO-PERLE-IN-COULEUR@3x.webp\",\"contentUrl\":\"https:\\\/\\\/perle-in.com\\\/wp-content\\\/uploads\\\/2022\\\/12\\\/LOGO-PERLE-IN-COULEUR@3x.webp\",\"width\":1600,\"height\":490,\"caption\":\"PERLE IN\"},\"image\":{\"@id\":\"https:\\\/\\\/perle-in.com\\\/#\\\/schema\\\/logo\\\/image\\\/\"}}]}<\/script>\n<!-- \/ Yoast SEO plugin. -->","yoast_head_json":{"title":"Doudoune Finland avec isolation pour homme - PERLE IN","robots":{"index":"noindex","follow":"follow","max-snippet":"max-snippet:-1","max-image-preview":"max-image-preview:large","max-video-preview":"max-video-preview:-1"},"og_locale":"en_US","og_type":"article","og_title":"Doudoune Finland avec isolation pour homme - PERLE IN","og_description":"Veste matelass\u00e9e pour homme avec rembourrage au toucher plume. Fermetures zipp\u00e9e invers\u00e9es avec prot\u00e8ge-menton et tirette assortis. Deux poches avant avec fermetures zipp\u00e9e. Bordure \u00e9lastique assortie au col, aux poignets et \u00e0 l'ourlet. Doublure int\u00e9rieure contrast\u00e9e. Comprend un sac de transport de rangement. V\u00eatement l\u00e9ger et pliable. \u00c9tiquette d\u00e9tachable. R\u00e9sistante \u00e0 l'eau. Coupe-vent. Le mannequin mesure 184 cm et porte la taille L.","og_url":"https:\/\/perle-in.com\/en\/product\/doudoune-finland-avec-isolation-pour-homme\/","og_site_name":"PERLE IN","article_modified_time":"2025-10-19T03:48:22+00:00","og_image":[{"width":1600,"height":1600,"url":"https:\/\/perle-in.com\/wp-content\/uploads\/2025\/10\/R50941N-1.jpg","type":"image\/jpeg"}],"twitter_card":"summary_large_image","schema":{"@context":"https:\/\/schema.org","@graph":[{"@type":"WebPage","@id":"https:\/\/perle-in.com\/produit\/doudoune-finland-avec-isolation-pour-homme\/","url":"https:\/\/perle-in.com\/produit\/doudoune-finland-avec-isolation-pour-homme\/","name":"Doudoune Finland avec isolation pour homme - PERLE IN","isPartOf":{"@id":"https:\/\/perle-in.com\/#website"},"primaryImageOfPage":{"@id":"https:\/\/perle-in.com\/produit\/doudoune-finland-avec-isolation-pour-homme\/#primaryimage"},"image":{"@id":"https:\/\/perle-in.com\/produit\/doudoune-finland-avec-isolation-pour-homme\/#primaryimage"},"thumbnailUrl":"https:\/\/perle-in.com\/wp-content\/uploads\/2025\/10\/R50941N-1.jpg","datePublished":"2025-10-15T05:57:51+00:00","dateModified":"2025-10-19T03:48:22+00:00","breadcrumb":{"@id":"https:\/\/perle-in.com\/produit\/doudoune-finland-avec-isolation-pour-homme\/#breadcrumb"},"inLanguage":"en-CA","potentialAction":[{"@type":"ReadAction","target":["https:\/\/perle-in.com\/produit\/doudoune-finland-avec-isolation-pour-homme\/"]}]},{"@type":"ImageObject","inLanguage":"en-CA","@id":"https:\/\/perle-in.com\/produit\/doudoune-finland-avec-isolation-pour-homme\/#primaryimage","url":"https:\/\/perle-in.com\/wp-content\/uploads\/2025\/10\/R50941N-1.jpg","contentUrl":"https:\/\/perle-in.com\/wp-content\/uploads\/2025\/10\/R50941N-1.jpg","width":1600,"height":1600},{"@type":"BreadcrumbList","@id":"https:\/\/perle-in.com\/produit\/doudoune-finland-avec-isolation-pour-homme\/#breadcrumb","itemListElement":[{"@type":"ListItem","position":1,"name":"Accueil","item":"https:\/\/perle-in.com\/"},{"@type":"ListItem","position":2,"name":"Boutique","item":"https:\/\/perle-in.com\/boutique\/"},{"@type":"ListItem","position":3,"name":"Doudoune Finland avec isolation pour homme"}]},{"@type":"WebSite","@id":"https:\/\/perle-in.com\/#website","url":"https:\/\/perle-in.com\/","name":"PERLE IN","description":"","publisher":{"@id":"https:\/\/perle-in.com\/#organization"},"potentialAction":[{"@type":"SearchAction","target":{"@type":"EntryPoint","urlTemplate":"https:\/\/perle-in.com\/?s={search_term_string}"},"query-input":{"@type":"PropertyValueSpecification","valueRequired":true,"valueName":"search_term_string"}}],"inLanguage":"en-CA"},{"@type":"Organization","@id":"https:\/\/perle-in.com\/#organization","name":"PERLE IN","url":"https:\/\/perle-in.com\/","logo":{"@type":"ImageObject","inLanguage":"en-CA","@id":"https:\/\/perle-in.com\/#\/schema\/logo\/image\/","url":"https:\/\/perle-in.com\/wp-content\/uploads\/2022\/12\/LOGO-PERLE-IN-COULEUR@3x.webp","contentUrl":"https:\/\/perle-in.com\/wp-content\/uploads\/2022\/12\/LOGO-PERLE-IN-COULEUR@3x.webp","width":1600,"height":490,"caption":"PERLE IN"},"image":{"@id":"https:\/\/perle-in.com\/#\/schema\/logo\/image\/"}}]}},"jetpack_sharing_enabled":true,"_links":{"self":[{"href":"https:\/\/perle-in.com\/en\/wp-json\/wp\/v2\/product\/554427","targetHints":{"allow":["GET"]}}],"collection":[{"href":"https:\/\/perle-in.com\/en\/wp-json\/wp\/v2\/product"}],"about":[{"href":"https:\/\/perle-in.com\/en\/wp-json\/wp\/v2\/types\/product"}],"version-history":[{"count":0,"href":"https:\/\/perle-in.com\/en\/wp-json\/wp\/v2\/product\/554427\/revisions"}],"wp:featuredmedia":[{"embeddable":true,"href":"https:\/\/perle-in.com\/en\/wp-json\/wp\/v2\/media\/553490"}],"wp:attachment":[{"href":"https:\/\/perle-in.com\/en\/wp-json\/wp\/v2\/media?parent=554427"}],"wp:term":[{"taxonomy":"product_brand","embeddable":true,"href":"https:\/\/perle-in.com\/en\/wp-json\/wp\/v2\/product_brand?post=554427"},{"taxonomy":"product_cat","embeddable":true,"href":"https:\/\/perle-in.com\/en\/wp-json\/wp\/v2\/product_cat?post=554427"},{"taxonomy":"product_tag","embeddable":true,"href":"https:\/\/perle-in.com\/en\/wp-json\/wp\/v2\/product_tag?post=554427"}],"curies":[{"name":"wp","href":"https:\/\/api.w.org\/{rel}","templated":true}]}}

<p>Veste matelassée pour homme avec rembourrage au toucher plume. Fermetures zippée inversées avec protège-menton et tirette assortis. Deux poches avant avec fermetures zippée. Bordure élastique assortie au col, aux poignets et à l&#8217;ourlet. Doublure intérieure contrastée. Comprend un sac de transport de rangement. Vêtement léger et pliable. Étiquette détachable. Résistante à l&#8217;eau. Coupe-vent. Le mannequin mesure 184 cm et porte la taille L.</p>

<!-- This site is optimized with the Yoast SEO plugin v27.4 - https://yoast.com/product/yoast-seo-wordpress/ -->
<title>Doudoune Finland avec isolation pour homme - PERLE IN</title>
<meta name="robots" content="noindex, follow, max-snippet:-1, max-image-preview:large, max-video-preview:-1" />
<meta property="og:locale" content="en_US" />
<meta property="og:type" content="article" />
<meta property="og:title" content="Doudoune Finland avec isolation pour homme - PERLE IN" />
<meta property="og:description" content="Veste matelassée pour homme avec rembourrage au toucher plume. Fermetures zippée inversées avec protège-menton et tirette assortis. Deux poches avant avec fermetures zippée. Bordure élastique assortie au col, aux poignets et à l&#039;ourlet. Doublure intérieure contrastée. Comprend un sac de transport de rangement. Vêtement léger et pliable. Étiquette détachable. Résistante à l&#039;eau. Coupe-vent. Le mannequin mesure 184 cm et porte la taille L." />
<meta property="og:url" content="https://perle-in.com/en/product/doudoune-finland-avec-isolation-pour-homme/" />
<meta property="og:site_name" content="PERLE IN" />
<meta property="article:modified_time" content="2025-10-19T03:48:22+00:00" />
<meta property="og:image" content="https://perle-in.com/wp-content/uploads/2025/10/R50941N-1.jpg" />
	<meta property="og:image:width" content="1600" />
	<meta property="og:image:height" content="1600" />
	<meta property="og:image:type" content="image/jpeg" />
<meta name="twitter:card" content="summary_large_image" />
<script type="application/ld+json" class="yoast-schema-graph">{"@context":"https:\/\/schema.org","@graph":[{"@type":"WebPage","@id":"https:\/\/perle-in.com\/produit\/doudoune-finland-avec-isolation-pour-homme\/","url":"https:\/\/perle-in.com\/produit\/doudoune-finland-avec-isolation-pour-homme\/","name":"Doudoune Finland avec isolation pour homme - PERLE IN","isPartOf":{"@id":"https:\/\/perle-in.com\/#website"},"primaryImageOfPage":{"@id":"https:\/\/perle-in.com\/produit\/doudoune-finland-avec-isolation-pour-homme\/#primaryimage"},"image":{"@id":"https:\/\/perle-in.com\/produit\/doudoune-finland-avec-isolation-pour-homme\/#primaryimage"},"thumbnailUrl":"https:\/\/perle-in.com\/wp-content\/uploads\/2025\/10\/R50941N-1.jpg","datePublished":"2025-10-15T05:57:51+00:00","dateModified":"2025-10-19T03:48:22+00:00","breadcrumb":{"@id":"https:\/\/perle-in.com\/produit\/doudoune-finland-avec-isolation-pour-homme\/#breadcrumb"},"inLanguage":"en-CA","potentialAction":[{"@type":"ReadAction","target":["https:\/\/perle-in.com\/produit\/doudoune-finland-avec-isolation-pour-homme\/"]}]},{"@type":"ImageObject","inLanguage":"en-CA","@id":"https:\/\/perle-in.com\/produit\/doudoune-finland-avec-isolation-pour-homme\/#primaryimage","url":"https:\/\/perle-in.com\/wp-content\/uploads\/2025\/10\/R50941N-1.jpg","contentUrl":"https:\/\/perle-in.com\/wp-content\/uploads\/2025\/10\/R50941N-1.jpg","width":1600,"height":1600},{"@type":"BreadcrumbList","@id":"https:\/\/perle-in.com\/produit\/doudoune-finland-avec-isolation-pour-homme\/#breadcrumb","itemListElement":[{"@type":"ListItem","position":1,"name":"Accueil","item":"https:\/\/perle-in.com\/"},{"@type":"ListItem","position":2,"name":"Boutique","item":"https:\/\/perle-in.com\/boutique\/"},{"@type":"ListItem","position":3,"name":"Doudoune Finland avec isolation pour homme"}]},{"@type":"WebSite","@id":"https:\/\/perle-in.com\/#website","url":"https:\/\/perle-in.com\/","name":"PERLE IN","description":"","publisher":{"@id":"https:\/\/perle-in.com\/#organization"},"potentialAction":[{"@type":"SearchAction","target":{"@type":"EntryPoint","urlTemplate":"https:\/\/perle-in.com\/?s={search_term_string}"},"query-input":{"@type":"PropertyValueSpecification","valueRequired":true,"valueName":"search_term_string"}}],"inLanguage":"en-CA"},{"@type":"Organization","@id":"https:\/\/perle-in.com\/#organization","name":"PERLE IN","url":"https:\/\/perle-in.com\/","logo":{"@type":"ImageObject","inLanguage":"en-CA","@id":"https:\/\/perle-in.com\/#\/schema\/logo\/image\/","url":"https:\/\/perle-in.com\/wp-content\/uploads\/2022\/12\/LOGO-PERLE-IN-COULEUR@3x.webp","contentUrl":"https:\/\/perle-in.com\/wp-content\/uploads\/2022\/12\/LOGO-PERLE-IN-COULEUR@3x.webp","width":1600,"height":490,"caption":"PERLE IN"},"image":{"@id":"https:\/\/perle-in.com\/#\/schema\/logo\/image\/"}}]}</script>
<!-- / Yoast SEO plugin. -->

Veste matelassée pour homme avec rembourrage au toucher plume. Fermetures zippée inversées avec protège-menton et tirette assortis. Deux poches avant avec fermetures zippée. Bordure élastique assortie au col, aux poignets et à l'ourlet. Doublure intérieure contrastée. Comprend un sac de transport de rangement. Vêtement léger et pliable. Étiquette détachable. Résistante à l'eau. Coupe-vent. Le mannequin mesure 184 cm et porte la taille L.
