{"id":553244,"date":"2025-10-15T07:11:18","date_gmt":"2025-10-15T05:11:18","guid":{"rendered":"https:\/\/perle-in.com\/produit\/veste-europa-unisexe-avec-isolation\/"},"modified":"2025-10-15T07:11:23","modified_gmt":"2025-10-15T05:11:23","slug":"veste-europa-unisexe-avec-isolation","status":"publish","type":"product","link":"https:\/\/perle-in.com\/en\/product\/veste-europa-unisexe-avec-isolation\/","title":{"rendered":"Veste Europa unisexe avec isolation"},"content":{"rendered":"","protected":false},"excerpt":{"rendered":"<p>Veste imperm\u00e9able matelass\u00e9e. Fermeture zipp\u00e9e centrale moul\u00e9e avec rabat assorti. Col montant avec capuche pliable. Poches lat\u00e9rales avec fermeture \u00e9clair et rabat. Poignets r\u00e9glables avec bretelles. Deux poches int\u00e9rieures avec fermeture velcro. Fermeture zipp\u00e9e  d&#8217;acc\u00e8s au marquage int\u00e9rieur. Imperm\u00e9able. Coupe-vent. Le mannequin mesure 184 cm et porte la taille L.<\/p>","protected":false},"featured_media":553233,"template":"","meta":{"_eb_attr":""},"product_brand":[],"product_cat":[1024],"product_tag":[3377,3445,2548],"class_list":{"0":"post-553244","1":"product","2":"type-product","3":"status-publish","4":"has-post-thumbnail","6":"product_cat-vetements","7":"product_tag-isolee","8":"product_tag-roly","9":"product_tag-veste","10":"pa_couleurs-noir","11":"pa_genre-unisex","12":"pa_marque-roly","13":"pa_matiere-tisse-100-polyester-400-g-m2-lining-tisse-100-polyester","14":"pa_pays-d-origine-bengladesh","15":"pa_taille-2xl","16":"pa_taille-3xl","17":"pa_taille-l","18":"pa_taille-s","19":"pa_taille-xl","21":"first","22":"outofstock","23":"shipping-taxable","24":"purchasable","25":"product-type-variable"},"yoast_head":"<!-- This site is optimized with the Yoast SEO plugin v27.4 - https:\/\/yoast.com\/product\/yoast-seo-wordpress\/ -->\n<title>Veste Europa unisexe avec isolation - PERLE IN<\/title>\n<meta name=\"robots\" content=\"noindex, follow, max-snippet:-1, max-image-preview:large, max-video-preview:-1\" \/>\n<meta property=\"og:locale\" content=\"en_US\" \/>\n<meta property=\"og:type\" content=\"article\" \/>\n<meta property=\"og:title\" content=\"Veste Europa unisexe avec isolation - PERLE IN\" \/>\n<meta property=\"og:description\" content=\"Veste imperm\u00e9able matelass\u00e9e. Fermeture zipp\u00e9e centrale moul\u00e9e avec rabat assorti. Col montant avec capuche pliable. Poches lat\u00e9rales avec fermeture \u00e9clair et rabat. Poignets r\u00e9glables avec bretelles. Deux poches int\u00e9rieures avec fermeture velcro. Fermeture zipp\u00e9e d&#039;acc\u00e8s au marquage int\u00e9rieur. Imperm\u00e9able. Coupe-vent. Le mannequin mesure 184 cm et porte la taille L.\" \/>\n<meta property=\"og:url\" content=\"https:\/\/perle-in.com\/en\/product\/veste-europa-unisexe-avec-isolation\/\" \/>\n<meta property=\"og:site_name\" content=\"PERLE IN\" \/>\n<meta property=\"article:modified_time\" content=\"2025-10-15T05:11:23+00:00\" \/>\n<meta property=\"og:image\" content=\"https:\/\/perle-in.com\/wp-content\/uploads\/2025\/10\/R50773O-1.jpg\" \/>\n\t<meta property=\"og:image:width\" content=\"1600\" \/>\n\t<meta property=\"og:image:height\" content=\"1600\" \/>\n\t<meta property=\"og:image:type\" content=\"image\/jpeg\" \/>\n<meta name=\"twitter:card\" content=\"summary_large_image\" \/>\n<script type=\"application\/ld+json\" class=\"yoast-schema-graph\">{\"@context\":\"https:\\\/\\\/schema.org\",\"@graph\":[{\"@type\":\"WebPage\",\"@id\":\"https:\\\/\\\/perle-in.com\\\/produit\\\/veste-europa-unisexe-avec-isolation\\\/\",\"url\":\"https:\\\/\\\/perle-in.com\\\/produit\\\/veste-europa-unisexe-avec-isolation\\\/\",\"name\":\"Veste Europa unisexe avec isolation - PERLE IN\",\"isPartOf\":{\"@id\":\"https:\\\/\\\/perle-in.com\\\/#website\"},\"primaryImageOfPage\":{\"@id\":\"https:\\\/\\\/perle-in.com\\\/produit\\\/veste-europa-unisexe-avec-isolation\\\/#primaryimage\"},\"image\":{\"@id\":\"https:\\\/\\\/perle-in.com\\\/produit\\\/veste-europa-unisexe-avec-isolation\\\/#primaryimage\"},\"thumbnailUrl\":\"https:\\\/\\\/perle-in.com\\\/wp-content\\\/uploads\\\/2025\\\/10\\\/R50773O-1.jpg\",\"datePublished\":\"2025-10-15T05:11:18+00:00\",\"dateModified\":\"2025-10-15T05:11:23+00:00\",\"breadcrumb\":{\"@id\":\"https:\\\/\\\/perle-in.com\\\/produit\\\/veste-europa-unisexe-avec-isolation\\\/#breadcrumb\"},\"inLanguage\":\"en-CA\",\"potentialAction\":[{\"@type\":\"ReadAction\",\"target\":[\"https:\\\/\\\/perle-in.com\\\/produit\\\/veste-europa-unisexe-avec-isolation\\\/\"]}]},{\"@type\":\"ImageObject\",\"inLanguage\":\"en-CA\",\"@id\":\"https:\\\/\\\/perle-in.com\\\/produit\\\/veste-europa-unisexe-avec-isolation\\\/#primaryimage\",\"url\":\"https:\\\/\\\/perle-in.com\\\/wp-content\\\/uploads\\\/2025\\\/10\\\/R50773O-1.jpg\",\"contentUrl\":\"https:\\\/\\\/perle-in.com\\\/wp-content\\\/uploads\\\/2025\\\/10\\\/R50773O-1.jpg\",\"width\":1600,\"height\":1600},{\"@type\":\"BreadcrumbList\",\"@id\":\"https:\\\/\\\/perle-in.com\\\/produit\\\/veste-europa-unisexe-avec-isolation\\\/#breadcrumb\",\"itemListElement\":[{\"@type\":\"ListItem\",\"position\":1,\"name\":\"Accueil\",\"item\":\"https:\\\/\\\/perle-in.com\\\/\"},{\"@type\":\"ListItem\",\"position\":2,\"name\":\"Boutique\",\"item\":\"https:\\\/\\\/perle-in.com\\\/boutique\\\/\"},{\"@type\":\"ListItem\",\"position\":3,\"name\":\"Veste Europa unisexe avec isolation\"}]},{\"@type\":\"WebSite\",\"@id\":\"https:\\\/\\\/perle-in.com\\\/#website\",\"url\":\"https:\\\/\\\/perle-in.com\\\/\",\"name\":\"PERLE IN\",\"description\":\"\",\"publisher\":{\"@id\":\"https:\\\/\\\/perle-in.com\\\/#organization\"},\"potentialAction\":[{\"@type\":\"SearchAction\",\"target\":{\"@type\":\"EntryPoint\",\"urlTemplate\":\"https:\\\/\\\/perle-in.com\\\/?s={search_term_string}\"},\"query-input\":{\"@type\":\"PropertyValueSpecification\",\"valueRequired\":true,\"valueName\":\"search_term_string\"}}],\"inLanguage\":\"en-CA\"},{\"@type\":\"Organization\",\"@id\":\"https:\\\/\\\/perle-in.com\\\/#organization\",\"name\":\"PERLE IN\",\"url\":\"https:\\\/\\\/perle-in.com\\\/\",\"logo\":{\"@type\":\"ImageObject\",\"inLanguage\":\"en-CA\",\"@id\":\"https:\\\/\\\/perle-in.com\\\/#\\\/schema\\\/logo\\\/image\\\/\",\"url\":\"https:\\\/\\\/perle-in.com\\\/wp-content\\\/uploads\\\/2022\\\/12\\\/LOGO-PERLE-IN-COULEUR@3x.webp\",\"contentUrl\":\"https:\\\/\\\/perle-in.com\\\/wp-content\\\/uploads\\\/2022\\\/12\\\/LOGO-PERLE-IN-COULEUR@3x.webp\",\"width\":1600,\"height\":490,\"caption\":\"PERLE IN\"},\"image\":{\"@id\":\"https:\\\/\\\/perle-in.com\\\/#\\\/schema\\\/logo\\\/image\\\/\"}}]}<\/script>\n<!-- \/ Yoast SEO plugin. -->","yoast_head_json":{"title":"Veste Europa unisexe avec isolation - PERLE IN","robots":{"index":"noindex","follow":"follow","max-snippet":"max-snippet:-1","max-image-preview":"max-image-preview:large","max-video-preview":"max-video-preview:-1"},"og_locale":"en_US","og_type":"article","og_title":"Veste Europa unisexe avec isolation - PERLE IN","og_description":"Veste imperm\u00e9able matelass\u00e9e. Fermeture zipp\u00e9e centrale moul\u00e9e avec rabat assorti. Col montant avec capuche pliable. Poches lat\u00e9rales avec fermeture \u00e9clair et rabat. Poignets r\u00e9glables avec bretelles. Deux poches int\u00e9rieures avec fermeture velcro. Fermeture zipp\u00e9e d'acc\u00e8s au marquage int\u00e9rieur. Imperm\u00e9able. Coupe-vent. Le mannequin mesure 184 cm et porte la taille L.","og_url":"https:\/\/perle-in.com\/en\/product\/veste-europa-unisexe-avec-isolation\/","og_site_name":"PERLE IN","article_modified_time":"2025-10-15T05:11:23+00:00","og_image":[{"width":1600,"height":1600,"url":"https:\/\/perle-in.com\/wp-content\/uploads\/2025\/10\/R50773O-1.jpg","type":"image\/jpeg"}],"twitter_card":"summary_large_image","schema":{"@context":"https:\/\/schema.org","@graph":[{"@type":"WebPage","@id":"https:\/\/perle-in.com\/produit\/veste-europa-unisexe-avec-isolation\/","url":"https:\/\/perle-in.com\/produit\/veste-europa-unisexe-avec-isolation\/","name":"Veste Europa unisexe avec isolation - PERLE IN","isPartOf":{"@id":"https:\/\/perle-in.com\/#website"},"primaryImageOfPage":{"@id":"https:\/\/perle-in.com\/produit\/veste-europa-unisexe-avec-isolation\/#primaryimage"},"image":{"@id":"https:\/\/perle-in.com\/produit\/veste-europa-unisexe-avec-isolation\/#primaryimage"},"thumbnailUrl":"https:\/\/perle-in.com\/wp-content\/uploads\/2025\/10\/R50773O-1.jpg","datePublished":"2025-10-15T05:11:18+00:00","dateModified":"2025-10-15T05:11:23+00:00","breadcrumb":{"@id":"https:\/\/perle-in.com\/produit\/veste-europa-unisexe-avec-isolation\/#breadcrumb"},"inLanguage":"en-CA","potentialAction":[{"@type":"ReadAction","target":["https:\/\/perle-in.com\/produit\/veste-europa-unisexe-avec-isolation\/"]}]},{"@type":"ImageObject","inLanguage":"en-CA","@id":"https:\/\/perle-in.com\/produit\/veste-europa-unisexe-avec-isolation\/#primaryimage","url":"https:\/\/perle-in.com\/wp-content\/uploads\/2025\/10\/R50773O-1.jpg","contentUrl":"https:\/\/perle-in.com\/wp-content\/uploads\/2025\/10\/R50773O-1.jpg","width":1600,"height":1600},{"@type":"BreadcrumbList","@id":"https:\/\/perle-in.com\/produit\/veste-europa-unisexe-avec-isolation\/#breadcrumb","itemListElement":[{"@type":"ListItem","position":1,"name":"Accueil","item":"https:\/\/perle-in.com\/"},{"@type":"ListItem","position":2,"name":"Boutique","item":"https:\/\/perle-in.com\/boutique\/"},{"@type":"ListItem","position":3,"name":"Veste Europa unisexe avec isolation"}]},{"@type":"WebSite","@id":"https:\/\/perle-in.com\/#website","url":"https:\/\/perle-in.com\/","name":"PERLE IN","description":"","publisher":{"@id":"https:\/\/perle-in.com\/#organization"},"potentialAction":[{"@type":"SearchAction","target":{"@type":"EntryPoint","urlTemplate":"https:\/\/perle-in.com\/?s={search_term_string}"},"query-input":{"@type":"PropertyValueSpecification","valueRequired":true,"valueName":"search_term_string"}}],"inLanguage":"en-CA"},{"@type":"Organization","@id":"https:\/\/perle-in.com\/#organization","name":"PERLE IN","url":"https:\/\/perle-in.com\/","logo":{"@type":"ImageObject","inLanguage":"en-CA","@id":"https:\/\/perle-in.com\/#\/schema\/logo\/image\/","url":"https:\/\/perle-in.com\/wp-content\/uploads\/2022\/12\/LOGO-PERLE-IN-COULEUR@3x.webp","contentUrl":"https:\/\/perle-in.com\/wp-content\/uploads\/2022\/12\/LOGO-PERLE-IN-COULEUR@3x.webp","width":1600,"height":490,"caption":"PERLE IN"},"image":{"@id":"https:\/\/perle-in.com\/#\/schema\/logo\/image\/"}}]}},"jetpack_sharing_enabled":true,"_links":{"self":[{"href":"https:\/\/perle-in.com\/en\/wp-json\/wp\/v2\/product\/553244","targetHints":{"allow":["GET"]}}],"collection":[{"href":"https:\/\/perle-in.com\/en\/wp-json\/wp\/v2\/product"}],"about":[{"href":"https:\/\/perle-in.com\/en\/wp-json\/wp\/v2\/types\/product"}],"version-history":[{"count":0,"href":"https:\/\/perle-in.com\/en\/wp-json\/wp\/v2\/product\/553244\/revisions"}],"wp:featuredmedia":[{"embeddable":true,"href":"https:\/\/perle-in.com\/en\/wp-json\/wp\/v2\/media\/553233"}],"wp:attachment":[{"href":"https:\/\/perle-in.com\/en\/wp-json\/wp\/v2\/media?parent=553244"}],"wp:term":[{"taxonomy":"product_brand","embeddable":true,"href":"https:\/\/perle-in.com\/en\/wp-json\/wp\/v2\/product_brand?post=553244"},{"taxonomy":"product_cat","embeddable":true,"href":"https:\/\/perle-in.com\/en\/wp-json\/wp\/v2\/product_cat?post=553244"},{"taxonomy":"product_tag","embeddable":true,"href":"https:\/\/perle-in.com\/en\/wp-json\/wp\/v2\/product_tag?post=553244"}],"curies":[{"name":"wp","href":"https:\/\/api.w.org\/{rel}","templated":true}]}}

<p>Veste imperméable matelassée. Fermeture zippée centrale moulée avec rabat assorti. Col montant avec capuche pliable. Poches latérales avec fermeture éclair et rabat. Poignets réglables avec bretelles. Deux poches intérieures avec fermeture velcro. Fermeture zippée  d&#8217;accès au marquage intérieur. Imperméable. Coupe-vent. Le mannequin mesure 184 cm et porte la taille L.</p>

<!-- This site is optimized with the Yoast SEO plugin v27.4 - https://yoast.com/product/yoast-seo-wordpress/ -->
<title>Veste Europa unisexe avec isolation - PERLE IN</title>
<meta name="robots" content="noindex, follow, max-snippet:-1, max-image-preview:large, max-video-preview:-1" />
<meta property="og:locale" content="en_US" />
<meta property="og:type" content="article" />
<meta property="og:title" content="Veste Europa unisexe avec isolation - PERLE IN" />
<meta property="og:description" content="Veste imperméable matelassée. Fermeture zippée centrale moulée avec rabat assorti. Col montant avec capuche pliable. Poches latérales avec fermeture éclair et rabat. Poignets réglables avec bretelles. Deux poches intérieures avec fermeture velcro. Fermeture zippée d&#039;accès au marquage intérieur. Imperméable. Coupe-vent. Le mannequin mesure 184 cm et porte la taille L." />
<meta property="og:url" content="https://perle-in.com/en/product/veste-europa-unisexe-avec-isolation/" />
<meta property="og:site_name" content="PERLE IN" />
<meta property="article:modified_time" content="2025-10-15T05:11:23+00:00" />
<meta property="og:image" content="https://perle-in.com/wp-content/uploads/2025/10/R50773O-1.jpg" />
	<meta property="og:image:width" content="1600" />
	<meta property="og:image:height" content="1600" />
	<meta property="og:image:type" content="image/jpeg" />
<meta name="twitter:card" content="summary_large_image" />
<script type="application/ld+json" class="yoast-schema-graph">{"@context":"https:\/\/schema.org","@graph":[{"@type":"WebPage","@id":"https:\/\/perle-in.com\/produit\/veste-europa-unisexe-avec-isolation\/","url":"https:\/\/perle-in.com\/produit\/veste-europa-unisexe-avec-isolation\/","name":"Veste Europa unisexe avec isolation - PERLE IN","isPartOf":{"@id":"https:\/\/perle-in.com\/#website"},"primaryImageOfPage":{"@id":"https:\/\/perle-in.com\/produit\/veste-europa-unisexe-avec-isolation\/#primaryimage"},"image":{"@id":"https:\/\/perle-in.com\/produit\/veste-europa-unisexe-avec-isolation\/#primaryimage"},"thumbnailUrl":"https:\/\/perle-in.com\/wp-content\/uploads\/2025\/10\/R50773O-1.jpg","datePublished":"2025-10-15T05:11:18+00:00","dateModified":"2025-10-15T05:11:23+00:00","breadcrumb":{"@id":"https:\/\/perle-in.com\/produit\/veste-europa-unisexe-avec-isolation\/#breadcrumb"},"inLanguage":"en-CA","potentialAction":[{"@type":"ReadAction","target":["https:\/\/perle-in.com\/produit\/veste-europa-unisexe-avec-isolation\/"]}]},{"@type":"ImageObject","inLanguage":"en-CA","@id":"https:\/\/perle-in.com\/produit\/veste-europa-unisexe-avec-isolation\/#primaryimage","url":"https:\/\/perle-in.com\/wp-content\/uploads\/2025\/10\/R50773O-1.jpg","contentUrl":"https:\/\/perle-in.com\/wp-content\/uploads\/2025\/10\/R50773O-1.jpg","width":1600,"height":1600},{"@type":"BreadcrumbList","@id":"https:\/\/perle-in.com\/produit\/veste-europa-unisexe-avec-isolation\/#breadcrumb","itemListElement":[{"@type":"ListItem","position":1,"name":"Accueil","item":"https:\/\/perle-in.com\/"},{"@type":"ListItem","position":2,"name":"Boutique","item":"https:\/\/perle-in.com\/boutique\/"},{"@type":"ListItem","position":3,"name":"Veste Europa unisexe avec isolation"}]},{"@type":"WebSite","@id":"https:\/\/perle-in.com\/#website","url":"https:\/\/perle-in.com\/","name":"PERLE IN","description":"","publisher":{"@id":"https:\/\/perle-in.com\/#organization"},"potentialAction":[{"@type":"SearchAction","target":{"@type":"EntryPoint","urlTemplate":"https:\/\/perle-in.com\/?s={search_term_string}"},"query-input":{"@type":"PropertyValueSpecification","valueRequired":true,"valueName":"search_term_string"}}],"inLanguage":"en-CA"},{"@type":"Organization","@id":"https:\/\/perle-in.com\/#organization","name":"PERLE IN","url":"https:\/\/perle-in.com\/","logo":{"@type":"ImageObject","inLanguage":"en-CA","@id":"https:\/\/perle-in.com\/#\/schema\/logo\/image\/","url":"https:\/\/perle-in.com\/wp-content\/uploads\/2022\/12\/LOGO-PERLE-IN-COULEUR@3x.webp","contentUrl":"https:\/\/perle-in.com\/wp-content\/uploads\/2022\/12\/LOGO-PERLE-IN-COULEUR@3x.webp","width":1600,"height":490,"caption":"PERLE IN"},"image":{"@id":"https:\/\/perle-in.com\/#\/schema\/logo\/image\/"}}]}</script>
<!-- / Yoast SEO plugin. -->

Veste imperméable matelassée. Fermeture zippée centrale moulée avec rabat assorti. Col montant avec capuche pliable. Poches latérales avec fermeture éclair et rabat. Poignets réglables avec bretelles. Deux poches intérieures avec fermeture velcro. Fermeture zippée d'accès au marquage intérieur. Imperméable. Coupe-vent. Le mannequin mesure 184 cm et porte la taille L.
