{"id":545457,"date":"2025-10-15T04:17:13","date_gmt":"2025-10-15T02:17:13","guid":{"rendered":"https:\/\/perle-in.com\/produit\/veste-en-polaire-entierement-zippee-artic-pour-enfant\/"},"modified":"2025-10-19T05:48:13","modified_gmt":"2025-10-19T03:48:13","slug":"veste-en-polaire-entierement-zippee-artic-pour-enfant","status":"publish","type":"product","link":"https:\/\/perle-in.com\/en\/product\/veste-en-polaire-entierement-zippee-artic-pour-enfant\/","title":{"rendered":"Veste en polaire enti\u00e8rement zipp\u00e9e Artic pour enfant"},"content":{"rendered":"","protected":false},"excerpt":{"rendered":"<p>Veste polaire \u00e0 col montant doubl\u00e9 et coutures recouvertes renforc\u00e9es assorties. Fermeture zipp\u00e9e inject\u00e9e avec tirette assortie en tissu. Poches lat\u00e9rales. Poignets avec bordure \u00e9lastique. Ourlet inf\u00e9rieur avec ajusteurs lat\u00e9raux int\u00e9rieurs. \u00c9tiquette d\u00e9tachable. Le mannequin mesure 115 cm et porte la taille 5\/6.<\/p>","protected":false},"featured_media":545430,"template":"","meta":{"_eb_attr":""},"product_brand":[],"product_cat":[1252,1024],"product_tag":[154,3445,2548],"class_list":{"0":"post-545457","1":"product","2":"type-product","3":"status-publish","4":"has-post-thumbnail","6":"product_cat-polaires","7":"product_cat-vetements","8":"product_tag-polaire","9":"product_tag-roly","10":"product_tag-veste","11":"pa_couleurs-bleu-marine","12":"pa_couleurs-bleu-royal","13":"pa_couleurs-noir","14":"pa_couleurs-rouge","15":"pa_couleurs-violet","16":"pa_genre-kids","17":"pa_marque-roly","18":"pa_matiere-polaire-100-polyester-300-g-m2","19":"pa_pays-d-origine-bengladesh","20":"pa_taille-3460","21":"pa_taille-3454","22":"pa_taille-3452","23":"pa_taille-3459","24":"pa_taille-3453","26":"first","27":"instock","28":"shipping-taxable","29":"purchasable","30":"product-type-variable"},"yoast_head":"<!-- This site is optimized with the Yoast SEO plugin v27.4 - https:\/\/yoast.com\/product\/yoast-seo-wordpress\/ -->\n<title>Veste en polaire enti\u00e8rement zipp\u00e9e Artic pour enfant - PERLE IN<\/title>\n<meta name=\"robots\" content=\"noindex, follow, max-snippet:-1, max-image-preview:large, max-video-preview:-1\" \/>\n<meta property=\"og:locale\" content=\"en_US\" \/>\n<meta property=\"og:type\" content=\"article\" \/>\n<meta property=\"og:title\" content=\"Veste en polaire enti\u00e8rement zipp\u00e9e Artic pour enfant - PERLE IN\" \/>\n<meta property=\"og:description\" content=\"Veste polaire \u00e0 col montant doubl\u00e9 et coutures recouvertes renforc\u00e9es assorties. Fermeture zipp\u00e9e inject\u00e9e avec tirette assortie en tissu. Poches lat\u00e9rales. Poignets avec bordure \u00e9lastique. Ourlet inf\u00e9rieur avec ajusteurs lat\u00e9raux int\u00e9rieurs. \u00c9tiquette d\u00e9tachable. Le mannequin mesure 115 cm et porte la taille 5\/6.\" \/>\n<meta property=\"og:url\" content=\"https:\/\/perle-in.com\/en\/product\/veste-en-polaire-entierement-zippee-artic-pour-enfant\/\" \/>\n<meta property=\"og:site_name\" content=\"PERLE IN\" \/>\n<meta property=\"article:modified_time\" content=\"2025-10-19T03:48:13+00:00\" \/>\n<meta property=\"og:image\" content=\"https:\/\/perle-in.com\/wp-content\/uploads\/2025\/10\/K64121R-1.jpg\" \/>\n\t<meta property=\"og:image:width\" content=\"1600\" \/>\n\t<meta property=\"og:image:height\" content=\"1600\" \/>\n\t<meta property=\"og:image:type\" content=\"image\/jpeg\" \/>\n<meta name=\"twitter:card\" content=\"summary_large_image\" \/>\n<script type=\"application\/ld+json\" class=\"yoast-schema-graph\">{\"@context\":\"https:\\\/\\\/schema.org\",\"@graph\":[{\"@type\":\"WebPage\",\"@id\":\"https:\\\/\\\/perle-in.com\\\/produit\\\/veste-en-polaire-entierement-zippee-artic-pour-enfant\\\/\",\"url\":\"https:\\\/\\\/perle-in.com\\\/produit\\\/veste-en-polaire-entierement-zippee-artic-pour-enfant\\\/\",\"name\":\"Veste en polaire enti\u00e8rement zipp\u00e9e Artic pour enfant - PERLE IN\",\"isPartOf\":{\"@id\":\"https:\\\/\\\/perle-in.com\\\/#website\"},\"primaryImageOfPage\":{\"@id\":\"https:\\\/\\\/perle-in.com\\\/produit\\\/veste-en-polaire-entierement-zippee-artic-pour-enfant\\\/#primaryimage\"},\"image\":{\"@id\":\"https:\\\/\\\/perle-in.com\\\/produit\\\/veste-en-polaire-entierement-zippee-artic-pour-enfant\\\/#primaryimage\"},\"thumbnailUrl\":\"https:\\\/\\\/perle-in.com\\\/wp-content\\\/uploads\\\/2025\\\/10\\\/K64121R-1.jpg\",\"datePublished\":\"2025-10-15T02:17:13+00:00\",\"dateModified\":\"2025-10-19T03:48:13+00:00\",\"breadcrumb\":{\"@id\":\"https:\\\/\\\/perle-in.com\\\/produit\\\/veste-en-polaire-entierement-zippee-artic-pour-enfant\\\/#breadcrumb\"},\"inLanguage\":\"en-CA\",\"potentialAction\":[{\"@type\":\"ReadAction\",\"target\":[\"https:\\\/\\\/perle-in.com\\\/produit\\\/veste-en-polaire-entierement-zippee-artic-pour-enfant\\\/\"]}]},{\"@type\":\"ImageObject\",\"inLanguage\":\"en-CA\",\"@id\":\"https:\\\/\\\/perle-in.com\\\/produit\\\/veste-en-polaire-entierement-zippee-artic-pour-enfant\\\/#primaryimage\",\"url\":\"https:\\\/\\\/perle-in.com\\\/wp-content\\\/uploads\\\/2025\\\/10\\\/K64121R-1.jpg\",\"contentUrl\":\"https:\\\/\\\/perle-in.com\\\/wp-content\\\/uploads\\\/2025\\\/10\\\/K64121R-1.jpg\",\"width\":1600,\"height\":1600},{\"@type\":\"BreadcrumbList\",\"@id\":\"https:\\\/\\\/perle-in.com\\\/produit\\\/veste-en-polaire-entierement-zippee-artic-pour-enfant\\\/#breadcrumb\",\"itemListElement\":[{\"@type\":\"ListItem\",\"position\":1,\"name\":\"Accueil\",\"item\":\"https:\\\/\\\/perle-in.com\\\/\"},{\"@type\":\"ListItem\",\"position\":2,\"name\":\"Boutique\",\"item\":\"https:\\\/\\\/perle-in.com\\\/boutique\\\/\"},{\"@type\":\"ListItem\",\"position\":3,\"name\":\"Veste en polaire enti\u00e8rement zipp\u00e9e Artic pour enfant\"}]},{\"@type\":\"WebSite\",\"@id\":\"https:\\\/\\\/perle-in.com\\\/#website\",\"url\":\"https:\\\/\\\/perle-in.com\\\/\",\"name\":\"PERLE IN\",\"description\":\"\",\"publisher\":{\"@id\":\"https:\\\/\\\/perle-in.com\\\/#organization\"},\"potentialAction\":[{\"@type\":\"SearchAction\",\"target\":{\"@type\":\"EntryPoint\",\"urlTemplate\":\"https:\\\/\\\/perle-in.com\\\/?s={search_term_string}\"},\"query-input\":{\"@type\":\"PropertyValueSpecification\",\"valueRequired\":true,\"valueName\":\"search_term_string\"}}],\"inLanguage\":\"en-CA\"},{\"@type\":\"Organization\",\"@id\":\"https:\\\/\\\/perle-in.com\\\/#organization\",\"name\":\"PERLE IN\",\"url\":\"https:\\\/\\\/perle-in.com\\\/\",\"logo\":{\"@type\":\"ImageObject\",\"inLanguage\":\"en-CA\",\"@id\":\"https:\\\/\\\/perle-in.com\\\/#\\\/schema\\\/logo\\\/image\\\/\",\"url\":\"https:\\\/\\\/perle-in.com\\\/wp-content\\\/uploads\\\/2022\\\/12\\\/LOGO-PERLE-IN-COULEUR@3x.webp\",\"contentUrl\":\"https:\\\/\\\/perle-in.com\\\/wp-content\\\/uploads\\\/2022\\\/12\\\/LOGO-PERLE-IN-COULEUR@3x.webp\",\"width\":1600,\"height\":490,\"caption\":\"PERLE IN\"},\"image\":{\"@id\":\"https:\\\/\\\/perle-in.com\\\/#\\\/schema\\\/logo\\\/image\\\/\"}}]}<\/script>\n<!-- \/ Yoast SEO plugin. -->","yoast_head_json":{"title":"Veste en polaire enti\u00e8rement zipp\u00e9e Artic pour enfant - PERLE IN","robots":{"index":"noindex","follow":"follow","max-snippet":"max-snippet:-1","max-image-preview":"max-image-preview:large","max-video-preview":"max-video-preview:-1"},"og_locale":"en_US","og_type":"article","og_title":"Veste en polaire enti\u00e8rement zipp\u00e9e Artic pour enfant - PERLE IN","og_description":"Veste polaire \u00e0 col montant doubl\u00e9 et coutures recouvertes renforc\u00e9es assorties. Fermeture zipp\u00e9e inject\u00e9e avec tirette assortie en tissu. Poches lat\u00e9rales. Poignets avec bordure \u00e9lastique. Ourlet inf\u00e9rieur avec ajusteurs lat\u00e9raux int\u00e9rieurs. \u00c9tiquette d\u00e9tachable. Le mannequin mesure 115 cm et porte la taille 5\/6.","og_url":"https:\/\/perle-in.com\/en\/product\/veste-en-polaire-entierement-zippee-artic-pour-enfant\/","og_site_name":"PERLE IN","article_modified_time":"2025-10-19T03:48:13+00:00","og_image":[{"width":1600,"height":1600,"url":"https:\/\/perle-in.com\/wp-content\/uploads\/2025\/10\/K64121R-1.jpg","type":"image\/jpeg"}],"twitter_card":"summary_large_image","schema":{"@context":"https:\/\/schema.org","@graph":[{"@type":"WebPage","@id":"https:\/\/perle-in.com\/produit\/veste-en-polaire-entierement-zippee-artic-pour-enfant\/","url":"https:\/\/perle-in.com\/produit\/veste-en-polaire-entierement-zippee-artic-pour-enfant\/","name":"Veste en polaire enti\u00e8rement zipp\u00e9e Artic pour enfant - PERLE IN","isPartOf":{"@id":"https:\/\/perle-in.com\/#website"},"primaryImageOfPage":{"@id":"https:\/\/perle-in.com\/produit\/veste-en-polaire-entierement-zippee-artic-pour-enfant\/#primaryimage"},"image":{"@id":"https:\/\/perle-in.com\/produit\/veste-en-polaire-entierement-zippee-artic-pour-enfant\/#primaryimage"},"thumbnailUrl":"https:\/\/perle-in.com\/wp-content\/uploads\/2025\/10\/K64121R-1.jpg","datePublished":"2025-10-15T02:17:13+00:00","dateModified":"2025-10-19T03:48:13+00:00","breadcrumb":{"@id":"https:\/\/perle-in.com\/produit\/veste-en-polaire-entierement-zippee-artic-pour-enfant\/#breadcrumb"},"inLanguage":"en-CA","potentialAction":[{"@type":"ReadAction","target":["https:\/\/perle-in.com\/produit\/veste-en-polaire-entierement-zippee-artic-pour-enfant\/"]}]},{"@type":"ImageObject","inLanguage":"en-CA","@id":"https:\/\/perle-in.com\/produit\/veste-en-polaire-entierement-zippee-artic-pour-enfant\/#primaryimage","url":"https:\/\/perle-in.com\/wp-content\/uploads\/2025\/10\/K64121R-1.jpg","contentUrl":"https:\/\/perle-in.com\/wp-content\/uploads\/2025\/10\/K64121R-1.jpg","width":1600,"height":1600},{"@type":"BreadcrumbList","@id":"https:\/\/perle-in.com\/produit\/veste-en-polaire-entierement-zippee-artic-pour-enfant\/#breadcrumb","itemListElement":[{"@type":"ListItem","position":1,"name":"Accueil","item":"https:\/\/perle-in.com\/"},{"@type":"ListItem","position":2,"name":"Boutique","item":"https:\/\/perle-in.com\/boutique\/"},{"@type":"ListItem","position":3,"name":"Veste en polaire enti\u00e8rement zipp\u00e9e Artic pour enfant"}]},{"@type":"WebSite","@id":"https:\/\/perle-in.com\/#website","url":"https:\/\/perle-in.com\/","name":"PERLE IN","description":"","publisher":{"@id":"https:\/\/perle-in.com\/#organization"},"potentialAction":[{"@type":"SearchAction","target":{"@type":"EntryPoint","urlTemplate":"https:\/\/perle-in.com\/?s={search_term_string}"},"query-input":{"@type":"PropertyValueSpecification","valueRequired":true,"valueName":"search_term_string"}}],"inLanguage":"en-CA"},{"@type":"Organization","@id":"https:\/\/perle-in.com\/#organization","name":"PERLE IN","url":"https:\/\/perle-in.com\/","logo":{"@type":"ImageObject","inLanguage":"en-CA","@id":"https:\/\/perle-in.com\/#\/schema\/logo\/image\/","url":"https:\/\/perle-in.com\/wp-content\/uploads\/2022\/12\/LOGO-PERLE-IN-COULEUR@3x.webp","contentUrl":"https:\/\/perle-in.com\/wp-content\/uploads\/2022\/12\/LOGO-PERLE-IN-COULEUR@3x.webp","width":1600,"height":490,"caption":"PERLE IN"},"image":{"@id":"https:\/\/perle-in.com\/#\/schema\/logo\/image\/"}}]}},"jetpack_sharing_enabled":true,"_links":{"self":[{"href":"https:\/\/perle-in.com\/en\/wp-json\/wp\/v2\/product\/545457","targetHints":{"allow":["GET"]}}],"collection":[{"href":"https:\/\/perle-in.com\/en\/wp-json\/wp\/v2\/product"}],"about":[{"href":"https:\/\/perle-in.com\/en\/wp-json\/wp\/v2\/types\/product"}],"version-history":[{"count":0,"href":"https:\/\/perle-in.com\/en\/wp-json\/wp\/v2\/product\/545457\/revisions"}],"wp:featuredmedia":[{"embeddable":true,"href":"https:\/\/perle-in.com\/en\/wp-json\/wp\/v2\/media\/545430"}],"wp:attachment":[{"href":"https:\/\/perle-in.com\/en\/wp-json\/wp\/v2\/media?parent=545457"}],"wp:term":[{"taxonomy":"product_brand","embeddable":true,"href":"https:\/\/perle-in.com\/en\/wp-json\/wp\/v2\/product_brand?post=545457"},{"taxonomy":"product_cat","embeddable":true,"href":"https:\/\/perle-in.com\/en\/wp-json\/wp\/v2\/product_cat?post=545457"},{"taxonomy":"product_tag","embeddable":true,"href":"https:\/\/perle-in.com\/en\/wp-json\/wp\/v2\/product_tag?post=545457"}],"curies":[{"name":"wp","href":"https:\/\/api.w.org\/{rel}","templated":true}]}}

Veste en polaire entièrement zippée Artic pour enfant

<p>Veste polaire à col montant doublé et coutures recouvertes renforcées assorties. Fermeture zippée injectée avec tirette assortie en tissu. Poches latérales. Poignets avec bordure élastique. Ourlet inférieur avec ajusteurs latéraux intérieurs. Étiquette détachable. Le mannequin mesure 115 cm et porte la taille 5/6.</p>

<!-- This site is optimized with the Yoast SEO plugin v27.4 - https://yoast.com/product/yoast-seo-wordpress/ -->
<title>Veste en polaire entièrement zippée Artic pour enfant - PERLE IN</title>
<meta name="robots" content="noindex, follow, max-snippet:-1, max-image-preview:large, max-video-preview:-1" />
<meta property="og:locale" content="en_US" />
<meta property="og:type" content="article" />
<meta property="og:title" content="Veste en polaire entièrement zippée Artic pour enfant - PERLE IN" />
<meta property="og:description" content="Veste polaire à col montant doublé et coutures recouvertes renforcées assorties. Fermeture zippée injectée avec tirette assortie en tissu. Poches latérales. Poignets avec bordure élastique. Ourlet inférieur avec ajusteurs latéraux intérieurs. Étiquette détachable. Le mannequin mesure 115 cm et porte la taille 5/6." />
<meta property="og:url" content="https://perle-in.com/en/product/veste-en-polaire-entierement-zippee-artic-pour-enfant/" />
<meta property="og:site_name" content="PERLE IN" />
<meta property="article:modified_time" content="2025-10-19T03:48:13+00:00" />
<meta property="og:image" content="https://perle-in.com/wp-content/uploads/2025/10/K64121R-1.jpg" />
	<meta property="og:image:width" content="1600" />
	<meta property="og:image:height" content="1600" />
	<meta property="og:image:type" content="image/jpeg" />
<meta name="twitter:card" content="summary_large_image" />
<script type="application/ld+json" class="yoast-schema-graph">{"@context":"https:\/\/schema.org","@graph":[{"@type":"WebPage","@id":"https:\/\/perle-in.com\/produit\/veste-en-polaire-entierement-zippee-artic-pour-enfant\/","url":"https:\/\/perle-in.com\/produit\/veste-en-polaire-entierement-zippee-artic-pour-enfant\/","name":"Veste en polaire entièrement zippée Artic pour enfant - PERLE IN","isPartOf":{"@id":"https:\/\/perle-in.com\/#website"},"primaryImageOfPage":{"@id":"https:\/\/perle-in.com\/produit\/veste-en-polaire-entierement-zippee-artic-pour-enfant\/#primaryimage"},"image":{"@id":"https:\/\/perle-in.com\/produit\/veste-en-polaire-entierement-zippee-artic-pour-enfant\/#primaryimage"},"thumbnailUrl":"https:\/\/perle-in.com\/wp-content\/uploads\/2025\/10\/K64121R-1.jpg","datePublished":"2025-10-15T02:17:13+00:00","dateModified":"2025-10-19T03:48:13+00:00","breadcrumb":{"@id":"https:\/\/perle-in.com\/produit\/veste-en-polaire-entierement-zippee-artic-pour-enfant\/#breadcrumb"},"inLanguage":"en-CA","potentialAction":[{"@type":"ReadAction","target":["https:\/\/perle-in.com\/produit\/veste-en-polaire-entierement-zippee-artic-pour-enfant\/"]}]},{"@type":"ImageObject","inLanguage":"en-CA","@id":"https:\/\/perle-in.com\/produit\/veste-en-polaire-entierement-zippee-artic-pour-enfant\/#primaryimage","url":"https:\/\/perle-in.com\/wp-content\/uploads\/2025\/10\/K64121R-1.jpg","contentUrl":"https:\/\/perle-in.com\/wp-content\/uploads\/2025\/10\/K64121R-1.jpg","width":1600,"height":1600},{"@type":"BreadcrumbList","@id":"https:\/\/perle-in.com\/produit\/veste-en-polaire-entierement-zippee-artic-pour-enfant\/#breadcrumb","itemListElement":[{"@type":"ListItem","position":1,"name":"Accueil","item":"https:\/\/perle-in.com\/"},{"@type":"ListItem","position":2,"name":"Boutique","item":"https:\/\/perle-in.com\/boutique\/"},{"@type":"ListItem","position":3,"name":"Veste en polaire entièrement zippée Artic pour enfant"}]},{"@type":"WebSite","@id":"https:\/\/perle-in.com\/#website","url":"https:\/\/perle-in.com\/","name":"PERLE IN","description":"","publisher":{"@id":"https:\/\/perle-in.com\/#organization"},"potentialAction":[{"@type":"SearchAction","target":{"@type":"EntryPoint","urlTemplate":"https:\/\/perle-in.com\/?s={search_term_string}"},"query-input":{"@type":"PropertyValueSpecification","valueRequired":true,"valueName":"search_term_string"}}],"inLanguage":"en-CA"},{"@type":"Organization","@id":"https:\/\/perle-in.com\/#organization","name":"PERLE IN","url":"https:\/\/perle-in.com\/","logo":{"@type":"ImageObject","inLanguage":"en-CA","@id":"https:\/\/perle-in.com\/#\/schema\/logo\/image\/","url":"https:\/\/perle-in.com\/wp-content\/uploads\/2022\/12\/LOGO-PERLE-IN-COULEUR@3x.webp","contentUrl":"https:\/\/perle-in.com\/wp-content\/uploads\/2022\/12\/LOGO-PERLE-IN-COULEUR@3x.webp","width":1600,"height":490,"caption":"PERLE IN"},"image":{"@id":"https:\/\/perle-in.com\/#\/schema\/logo\/image\/"}}]}</script>
<!-- / Yoast SEO plugin. -->

Veste en polaire entièrement zippée Artic pour enfant - PERLE IN

Veste polaire à col montant doublé et coutures recouvertes renforcées assorties. Fermeture zippée injectée avec tirette assortie en tissu. Poches latérales. Poignets avec bordure élastique. Ourlet inférieur avec ajusteurs latéraux intérieurs. Étiquette détachable. Le mannequin mesure 115 cm et porte la taille 5/6.
