{"id":542507,"date":"2025-10-15T03:12:03","date_gmt":"2025-10-15T01:12:03","guid":{"rendered":"https:\/\/perle-in.com\/produit\/tablier-en-denim-nima-aware-de-320-g-m2\/"},"modified":"2025-10-19T05:47:55","modified_gmt":"2025-10-19T03:47:55","slug":"tablier-en-denim-nima-aware-de-320-g-m2","status":"publish","type":"product","link":"https:\/\/perle-in.com\/en\/product\/tablier-en-denim-nima-aware-de-320-g-m2\/","title":{"rendered":"Tablier en denim Nima Aware\u2122 de 320\u00a0g\/m2"},"content":{"rendered":"","protected":false},"excerpt":{"rendered":"<p>Le tablier Nima est compos\u00e9 de coton recycl\u00e9 320\u00a0g\/m\u00b2 (70\u00a0%) et de polyester recycl\u00e9 (30\u00a0%), ce qui le rend \u00e9pais, solide et agr\u00e9able \u00e0 porter. Il comporte deux poches adjacentes (22 x 20\u00a0cm chacune) et une fermeture \u00e0 nouer d&#8217;un m\u00e8tre. Ce tablier est \u00e9galement accompagn\u00e9 d&#8217;un traceur Aware\u2122. Cette fonction innovante permet aux utilisateurs de retracer l&#8217;origine et le parcours de leur article au moyen d&#8217;un code QR, ce qui accro\u00eet la transparence de la cha\u00eene d&#8217;approvisionnement et favorise un lien plus \u00e9troit entre le produit et son processus de production.<\/p>","protected":false},"featured_media":542479,"template":"","meta":{"_eb_attr":""},"product_brand":[],"product_cat":[150,1238],"product_tag":[861,837,862,836,1716],"class_list":{"0":"post-542507","1":"product","2":"type-product","3":"status-publish","4":"has-post-thumbnail","6":"product_cat-maison-et-cuisine","7":"product_cat-tabliers","8":"product_tag-cuisine","9":"product_tag-durable","10":"product_tag-maison","11":"product_tag-recycle","12":"product_tag-tablier","13":"pa_couleurs-jean","14":"pa_green-points-2710","15":"pa_matiere-coton-recycle-polyester-recycle-320-g-m2","16":"pa_pays-d-origine-bengladesh","18":"first","19":"instock","20":"shipping-taxable","21":"purchasable","22":"product-type-variable"},"yoast_head":"<!-- This site is optimized with the Yoast SEO plugin v27.4 - https:\/\/yoast.com\/product\/yoast-seo-wordpress\/ -->\n<title>Tablier en denim Nima Aware\u2122 de 320\u00a0g\/m2 - PERLE IN<\/title>\n<meta name=\"robots\" content=\"noindex, follow, max-snippet:-1, max-image-preview:large, max-video-preview:-1\" \/>\n<meta property=\"og:locale\" content=\"en_US\" \/>\n<meta property=\"og:type\" content=\"article\" \/>\n<meta property=\"og:title\" content=\"Tablier en denim Nima Aware\u2122 de 320\u00a0g\/m2 - PERLE IN\" \/>\n<meta property=\"og:description\" content=\"Le tablier Nima est compos\u00e9 de coton recycl\u00e9 320\u00a0g\/m\u00b2 (70\u00a0%) et de polyester recycl\u00e9 (30\u00a0%), ce qui le rend \u00e9pais, solide et agr\u00e9able \u00e0 porter. Il comporte deux poches adjacentes (22 x 20\u00a0cm chacune) et une fermeture \u00e0 nouer d&#039;un m\u00e8tre. Ce tablier est \u00e9galement accompagn\u00e9 d&#039;un traceur Aware\u2122. Cette fonction innovante permet aux utilisateurs de retracer l&#039;origine et le parcours de leur article au moyen d&#039;un code QR, ce qui accro\u00eet la transparence de la cha\u00eene d&#039;approvisionnement et favorise un lien plus \u00e9troit entre le produit et son processus de production.\" \/>\n<meta property=\"og:url\" content=\"https:\/\/perle-in.com\/en\/product\/tablier-en-denim-nima-aware-de-320-g-m2\/\" \/>\n<meta property=\"og:site_name\" content=\"PERLE IN\" \/>\n<meta property=\"article:modified_time\" content=\"2025-10-19T03:47:55+00:00\" \/>\n<meta property=\"og:image\" content=\"https:\/\/perle-in.com\/wp-content\/uploads\/2025\/10\/11333354-1.jpg\" \/>\n\t<meta property=\"og:image:width\" content=\"1600\" \/>\n\t<meta property=\"og:image:height\" content=\"1600\" \/>\n\t<meta property=\"og:image:type\" content=\"image\/jpeg\" \/>\n<meta name=\"twitter:card\" content=\"summary_large_image\" \/>\n<script type=\"application\/ld+json\" class=\"yoast-schema-graph\">{\"@context\":\"https:\\\/\\\/schema.org\",\"@graph\":[{\"@type\":\"WebPage\",\"@id\":\"https:\\\/\\\/perle-in.com\\\/produit\\\/tablier-en-denim-nima-aware-de-320-g-m2\\\/\",\"url\":\"https:\\\/\\\/perle-in.com\\\/produit\\\/tablier-en-denim-nima-aware-de-320-g-m2\\\/\",\"name\":\"Tablier en denim Nima Aware\u2122 de 320\u00a0g\\\/m2 - PERLE IN\",\"isPartOf\":{\"@id\":\"https:\\\/\\\/perle-in.com\\\/#website\"},\"primaryImageOfPage\":{\"@id\":\"https:\\\/\\\/perle-in.com\\\/produit\\\/tablier-en-denim-nima-aware-de-320-g-m2\\\/#primaryimage\"},\"image\":{\"@id\":\"https:\\\/\\\/perle-in.com\\\/produit\\\/tablier-en-denim-nima-aware-de-320-g-m2\\\/#primaryimage\"},\"thumbnailUrl\":\"https:\\\/\\\/perle-in.com\\\/wp-content\\\/uploads\\\/2025\\\/10\\\/11333354-1.jpg\",\"datePublished\":\"2025-10-15T01:12:03+00:00\",\"dateModified\":\"2025-10-19T03:47:55+00:00\",\"breadcrumb\":{\"@id\":\"https:\\\/\\\/perle-in.com\\\/produit\\\/tablier-en-denim-nima-aware-de-320-g-m2\\\/#breadcrumb\"},\"inLanguage\":\"en-CA\",\"potentialAction\":[{\"@type\":\"ReadAction\",\"target\":[\"https:\\\/\\\/perle-in.com\\\/produit\\\/tablier-en-denim-nima-aware-de-320-g-m2\\\/\"]}]},{\"@type\":\"ImageObject\",\"inLanguage\":\"en-CA\",\"@id\":\"https:\\\/\\\/perle-in.com\\\/produit\\\/tablier-en-denim-nima-aware-de-320-g-m2\\\/#primaryimage\",\"url\":\"https:\\\/\\\/perle-in.com\\\/wp-content\\\/uploads\\\/2025\\\/10\\\/11333354-1.jpg\",\"contentUrl\":\"https:\\\/\\\/perle-in.com\\\/wp-content\\\/uploads\\\/2025\\\/10\\\/11333354-1.jpg\",\"width\":1600,\"height\":1600},{\"@type\":\"BreadcrumbList\",\"@id\":\"https:\\\/\\\/perle-in.com\\\/produit\\\/tablier-en-denim-nima-aware-de-320-g-m2\\\/#breadcrumb\",\"itemListElement\":[{\"@type\":\"ListItem\",\"position\":1,\"name\":\"Accueil\",\"item\":\"https:\\\/\\\/perle-in.com\\\/\"},{\"@type\":\"ListItem\",\"position\":2,\"name\":\"Boutique\",\"item\":\"https:\\\/\\\/perle-in.com\\\/boutique\\\/\"},{\"@type\":\"ListItem\",\"position\":3,\"name\":\"Tablier en denim Nima Aware\u2122 de 320\u00a0g\\\/m2\"}]},{\"@type\":\"WebSite\",\"@id\":\"https:\\\/\\\/perle-in.com\\\/#website\",\"url\":\"https:\\\/\\\/perle-in.com\\\/\",\"name\":\"PERLE IN\",\"description\":\"\",\"publisher\":{\"@id\":\"https:\\\/\\\/perle-in.com\\\/#organization\"},\"potentialAction\":[{\"@type\":\"SearchAction\",\"target\":{\"@type\":\"EntryPoint\",\"urlTemplate\":\"https:\\\/\\\/perle-in.com\\\/?s={search_term_string}\"},\"query-input\":{\"@type\":\"PropertyValueSpecification\",\"valueRequired\":true,\"valueName\":\"search_term_string\"}}],\"inLanguage\":\"en-CA\"},{\"@type\":\"Organization\",\"@id\":\"https:\\\/\\\/perle-in.com\\\/#organization\",\"name\":\"PERLE IN\",\"url\":\"https:\\\/\\\/perle-in.com\\\/\",\"logo\":{\"@type\":\"ImageObject\",\"inLanguage\":\"en-CA\",\"@id\":\"https:\\\/\\\/perle-in.com\\\/#\\\/schema\\\/logo\\\/image\\\/\",\"url\":\"https:\\\/\\\/perle-in.com\\\/wp-content\\\/uploads\\\/2022\\\/12\\\/LOGO-PERLE-IN-COULEUR@3x.webp\",\"contentUrl\":\"https:\\\/\\\/perle-in.com\\\/wp-content\\\/uploads\\\/2022\\\/12\\\/LOGO-PERLE-IN-COULEUR@3x.webp\",\"width\":1600,\"height\":490,\"caption\":\"PERLE IN\"},\"image\":{\"@id\":\"https:\\\/\\\/perle-in.com\\\/#\\\/schema\\\/logo\\\/image\\\/\"}}]}<\/script>\n<!-- \/ Yoast SEO plugin. -->","yoast_head_json":{"title":"Tablier en denim Nima Aware\u2122 de 320\u00a0g\/m2 - PERLE IN","robots":{"index":"noindex","follow":"follow","max-snippet":"max-snippet:-1","max-image-preview":"max-image-preview:large","max-video-preview":"max-video-preview:-1"},"og_locale":"en_US","og_type":"article","og_title":"Tablier en denim Nima Aware\u2122 de 320\u00a0g\/m2 - PERLE IN","og_description":"Le tablier Nima est compos\u00e9 de coton recycl\u00e9 320\u00a0g\/m\u00b2 (70\u00a0%) et de polyester recycl\u00e9 (30\u00a0%), ce qui le rend \u00e9pais, solide et agr\u00e9able \u00e0 porter. Il comporte deux poches adjacentes (22 x 20\u00a0cm chacune) et une fermeture \u00e0 nouer d'un m\u00e8tre. Ce tablier est \u00e9galement accompagn\u00e9 d'un traceur Aware\u2122. Cette fonction innovante permet aux utilisateurs de retracer l'origine et le parcours de leur article au moyen d'un code QR, ce qui accro\u00eet la transparence de la cha\u00eene d'approvisionnement et favorise un lien plus \u00e9troit entre le produit et son processus de production.","og_url":"https:\/\/perle-in.com\/en\/product\/tablier-en-denim-nima-aware-de-320-g-m2\/","og_site_name":"PERLE IN","article_modified_time":"2025-10-19T03:47:55+00:00","og_image":[{"width":1600,"height":1600,"url":"https:\/\/perle-in.com\/wp-content\/uploads\/2025\/10\/11333354-1.jpg","type":"image\/jpeg"}],"twitter_card":"summary_large_image","schema":{"@context":"https:\/\/schema.org","@graph":[{"@type":"WebPage","@id":"https:\/\/perle-in.com\/produit\/tablier-en-denim-nima-aware-de-320-g-m2\/","url":"https:\/\/perle-in.com\/produit\/tablier-en-denim-nima-aware-de-320-g-m2\/","name":"Tablier en denim Nima Aware\u2122 de 320\u00a0g\/m2 - PERLE IN","isPartOf":{"@id":"https:\/\/perle-in.com\/#website"},"primaryImageOfPage":{"@id":"https:\/\/perle-in.com\/produit\/tablier-en-denim-nima-aware-de-320-g-m2\/#primaryimage"},"image":{"@id":"https:\/\/perle-in.com\/produit\/tablier-en-denim-nima-aware-de-320-g-m2\/#primaryimage"},"thumbnailUrl":"https:\/\/perle-in.com\/wp-content\/uploads\/2025\/10\/11333354-1.jpg","datePublished":"2025-10-15T01:12:03+00:00","dateModified":"2025-10-19T03:47:55+00:00","breadcrumb":{"@id":"https:\/\/perle-in.com\/produit\/tablier-en-denim-nima-aware-de-320-g-m2\/#breadcrumb"},"inLanguage":"en-CA","potentialAction":[{"@type":"ReadAction","target":["https:\/\/perle-in.com\/produit\/tablier-en-denim-nima-aware-de-320-g-m2\/"]}]},{"@type":"ImageObject","inLanguage":"en-CA","@id":"https:\/\/perle-in.com\/produit\/tablier-en-denim-nima-aware-de-320-g-m2\/#primaryimage","url":"https:\/\/perle-in.com\/wp-content\/uploads\/2025\/10\/11333354-1.jpg","contentUrl":"https:\/\/perle-in.com\/wp-content\/uploads\/2025\/10\/11333354-1.jpg","width":1600,"height":1600},{"@type":"BreadcrumbList","@id":"https:\/\/perle-in.com\/produit\/tablier-en-denim-nima-aware-de-320-g-m2\/#breadcrumb","itemListElement":[{"@type":"ListItem","position":1,"name":"Accueil","item":"https:\/\/perle-in.com\/"},{"@type":"ListItem","position":2,"name":"Boutique","item":"https:\/\/perle-in.com\/boutique\/"},{"@type":"ListItem","position":3,"name":"Tablier en denim Nima Aware\u2122 de 320\u00a0g\/m2"}]},{"@type":"WebSite","@id":"https:\/\/perle-in.com\/#website","url":"https:\/\/perle-in.com\/","name":"PERLE IN","description":"","publisher":{"@id":"https:\/\/perle-in.com\/#organization"},"potentialAction":[{"@type":"SearchAction","target":{"@type":"EntryPoint","urlTemplate":"https:\/\/perle-in.com\/?s={search_term_string}"},"query-input":{"@type":"PropertyValueSpecification","valueRequired":true,"valueName":"search_term_string"}}],"inLanguage":"en-CA"},{"@type":"Organization","@id":"https:\/\/perle-in.com\/#organization","name":"PERLE IN","url":"https:\/\/perle-in.com\/","logo":{"@type":"ImageObject","inLanguage":"en-CA","@id":"https:\/\/perle-in.com\/#\/schema\/logo\/image\/","url":"https:\/\/perle-in.com\/wp-content\/uploads\/2022\/12\/LOGO-PERLE-IN-COULEUR@3x.webp","contentUrl":"https:\/\/perle-in.com\/wp-content\/uploads\/2022\/12\/LOGO-PERLE-IN-COULEUR@3x.webp","width":1600,"height":490,"caption":"PERLE IN"},"image":{"@id":"https:\/\/perle-in.com\/#\/schema\/logo\/image\/"}}]}},"jetpack_sharing_enabled":true,"_links":{"self":[{"href":"https:\/\/perle-in.com\/en\/wp-json\/wp\/v2\/product\/542507","targetHints":{"allow":["GET"]}}],"collection":[{"href":"https:\/\/perle-in.com\/en\/wp-json\/wp\/v2\/product"}],"about":[{"href":"https:\/\/perle-in.com\/en\/wp-json\/wp\/v2\/types\/product"}],"version-history":[{"count":0,"href":"https:\/\/perle-in.com\/en\/wp-json\/wp\/v2\/product\/542507\/revisions"}],"wp:featuredmedia":[{"embeddable":true,"href":"https:\/\/perle-in.com\/en\/wp-json\/wp\/v2\/media\/542479"}],"wp:attachment":[{"href":"https:\/\/perle-in.com\/en\/wp-json\/wp\/v2\/media?parent=542507"}],"wp:term":[{"taxonomy":"product_brand","embeddable":true,"href":"https:\/\/perle-in.com\/en\/wp-json\/wp\/v2\/product_brand?post=542507"},{"taxonomy":"product_cat","embeddable":true,"href":"https:\/\/perle-in.com\/en\/wp-json\/wp\/v2\/product_cat?post=542507"},{"taxonomy":"product_tag","embeddable":true,"href":"https:\/\/perle-in.com\/en\/wp-json\/wp\/v2\/product_tag?post=542507"}],"curies":[{"name":"wp","href":"https:\/\/api.w.org\/{rel}","templated":true}]}}

<p>Le tablier Nima est composé de coton recyclé 320 g/m² (70 %) et de polyester recyclé (30 %), ce qui le rend épais, solide et agréable à porter. Il comporte deux poches adjacentes (22 x 20 cm chacune) et une fermeture à nouer d&#8217;un mètre. Ce tablier est également accompagné d&#8217;un traceur Aware™. Cette fonction innovante permet aux utilisateurs de retracer l&#8217;origine et le parcours de leur article au moyen d&#8217;un code QR, ce qui accroît la transparence de la chaîne d&#8217;approvisionnement et favorise un lien plus étroit entre le produit et son processus de production.</p>

<!-- This site is optimized with the Yoast SEO plugin v27.4 - https://yoast.com/product/yoast-seo-wordpress/ -->
<title>Tablier en denim Nima Aware™ de 320 g/m2 - PERLE IN</title>
<meta name="robots" content="noindex, follow, max-snippet:-1, max-image-preview:large, max-video-preview:-1" />
<meta property="og:locale" content="en_US" />
<meta property="og:type" content="article" />
<meta property="og:title" content="Tablier en denim Nima Aware™ de 320 g/m2 - PERLE IN" />
<meta property="og:description" content="Le tablier Nima est composé de coton recyclé 320 g/m² (70 %) et de polyester recyclé (30 %), ce qui le rend épais, solide et agréable à porter. Il comporte deux poches adjacentes (22 x 20 cm chacune) et une fermeture à nouer d&#039;un mètre. Ce tablier est également accompagné d&#039;un traceur Aware™. Cette fonction innovante permet aux utilisateurs de retracer l&#039;origine et le parcours de leur article au moyen d&#039;un code QR, ce qui accroît la transparence de la chaîne d&#039;approvisionnement et favorise un lien plus étroit entre le produit et son processus de production." />
<meta property="og:url" content="https://perle-in.com/en/product/tablier-en-denim-nima-aware-de-320-g-m2/" />
<meta property="og:site_name" content="PERLE IN" />
<meta property="article:modified_time" content="2025-10-19T03:47:55+00:00" />
<meta property="og:image" content="https://perle-in.com/wp-content/uploads/2025/10/11333354-1.jpg" />
	<meta property="og:image:width" content="1600" />
	<meta property="og:image:height" content="1600" />
	<meta property="og:image:type" content="image/jpeg" />
<meta name="twitter:card" content="summary_large_image" />
<script type="application/ld+json" class="yoast-schema-graph">{"@context":"https:\/\/schema.org","@graph":[{"@type":"WebPage","@id":"https:\/\/perle-in.com\/produit\/tablier-en-denim-nima-aware-de-320-g-m2\/","url":"https:\/\/perle-in.com\/produit\/tablier-en-denim-nima-aware-de-320-g-m2\/","name":"Tablier en denim Nima Aware™ de 320 g\/m2 - PERLE IN","isPartOf":{"@id":"https:\/\/perle-in.com\/#website"},"primaryImageOfPage":{"@id":"https:\/\/perle-in.com\/produit\/tablier-en-denim-nima-aware-de-320-g-m2\/#primaryimage"},"image":{"@id":"https:\/\/perle-in.com\/produit\/tablier-en-denim-nima-aware-de-320-g-m2\/#primaryimage"},"thumbnailUrl":"https:\/\/perle-in.com\/wp-content\/uploads\/2025\/10\/11333354-1.jpg","datePublished":"2025-10-15T01:12:03+00:00","dateModified":"2025-10-19T03:47:55+00:00","breadcrumb":{"@id":"https:\/\/perle-in.com\/produit\/tablier-en-denim-nima-aware-de-320-g-m2\/#breadcrumb"},"inLanguage":"en-CA","potentialAction":[{"@type":"ReadAction","target":["https:\/\/perle-in.com\/produit\/tablier-en-denim-nima-aware-de-320-g-m2\/"]}]},{"@type":"ImageObject","inLanguage":"en-CA","@id":"https:\/\/perle-in.com\/produit\/tablier-en-denim-nima-aware-de-320-g-m2\/#primaryimage","url":"https:\/\/perle-in.com\/wp-content\/uploads\/2025\/10\/11333354-1.jpg","contentUrl":"https:\/\/perle-in.com\/wp-content\/uploads\/2025\/10\/11333354-1.jpg","width":1600,"height":1600},{"@type":"BreadcrumbList","@id":"https:\/\/perle-in.com\/produit\/tablier-en-denim-nima-aware-de-320-g-m2\/#breadcrumb","itemListElement":[{"@type":"ListItem","position":1,"name":"Accueil","item":"https:\/\/perle-in.com\/"},{"@type":"ListItem","position":2,"name":"Boutique","item":"https:\/\/perle-in.com\/boutique\/"},{"@type":"ListItem","position":3,"name":"Tablier en denim Nima Aware™ de 320 g\/m2"}]},{"@type":"WebSite","@id":"https:\/\/perle-in.com\/#website","url":"https:\/\/perle-in.com\/","name":"PERLE IN","description":"","publisher":{"@id":"https:\/\/perle-in.com\/#organization"},"potentialAction":[{"@type":"SearchAction","target":{"@type":"EntryPoint","urlTemplate":"https:\/\/perle-in.com\/?s={search_term_string}"},"query-input":{"@type":"PropertyValueSpecification","valueRequired":true,"valueName":"search_term_string"}}],"inLanguage":"en-CA"},{"@type":"Organization","@id":"https:\/\/perle-in.com\/#organization","name":"PERLE IN","url":"https:\/\/perle-in.com\/","logo":{"@type":"ImageObject","inLanguage":"en-CA","@id":"https:\/\/perle-in.com\/#\/schema\/logo\/image\/","url":"https:\/\/perle-in.com\/wp-content\/uploads\/2022\/12\/LOGO-PERLE-IN-COULEUR@3x.webp","contentUrl":"https:\/\/perle-in.com\/wp-content\/uploads\/2022\/12\/LOGO-PERLE-IN-COULEUR@3x.webp","width":1600,"height":490,"caption":"PERLE IN"},"image":{"@id":"https:\/\/perle-in.com\/#\/schema\/logo\/image\/"}}]}</script>
<!-- / Yoast SEO plugin. -->

Le tablier Nima est composé de coton recyclé 320 g/m² (70 %) et de polyester recyclé (30 %), ce qui le rend épais, solide et agréable à porter. Il comporte deux poches adjacentes (22 x 20 cm chacune) et une fermeture à nouer d'un mètre. Ce tablier est également accompagné d'un traceur Aware™. Cette fonction innovante permet aux utilisateurs de retracer l'origine et le parcours de leur article au moyen d'un code QR, ce qui accroît la transparence de la chaîne d'approvisionnement et favorise un lien plus étroit entre le produit et son processus de production.
