{"id":541220,"date":"2025-10-15T02:51:27","date_gmt":"2025-10-15T00:51:27","guid":{"rendered":"https:\/\/perle-in.com\/produit\/sac-bandouliere-byron-de-2-l-recycle-certifie-grs\/"},"modified":"2025-10-19T05:47:34","modified_gmt":"2025-10-19T03:47:34","slug":"sac-bandouliere-byron-de-2-l-recycle-certifie-grs","status":"publish","type":"product","link":"https:\/\/perle-in.com\/en\/product\/sac-bandouliere-byron-de-2-l-recycle-certifie-grs\/","title":{"rendered":"Sac bandouli\u00e8re Byron de 2\u00a0L recycl\u00e9 certifi\u00e9 GRS"},"content":{"rendered":"","protected":false},"excerpt":{"rendered":"<p>Sac \u00e0 bandouli\u00e8re pratique et d\u00e9perlant en polyester recycl\u00e9 GRS. Il comporte un compartiment zipp\u00e9 avec une pochette int\u00e9rieure pour ranger vos gadgets quotidiens en toute s\u00e9curit\u00e9, une pochette frontale zipp\u00e9e pour les cl\u00e9s et les accessoires de valeur, et une pochette ouverte au dos pour un rangement et un acc\u00e8s rapides. Avec ses bretelles r\u00e9glables de haute qualit\u00e9, le sac bandouli\u00e8re Byron est un sac parfait pour un usage quotidien avec une empreinte \u00e9cologique minimale. Sans PVC.<\/p>","protected":false},"featured_media":541204,"template":"","meta":{"_eb_attr":""},"product_brand":[],"product_cat":[1241,426,129],"product_tag":[837,2654,836,282,3384,3383],"class_list":{"0":"post-541220","1":"product","2":"type-product","3":"status-publish","4":"has-post-thumbnail","6":"product_cat-accessoires-de-voyage-sport-et-loisirs","7":"product_cat-accessoires-de-voyage","8":"product_cat-sport-et-loisirs","9":"product_tag-durable","10":"product_tag-grs","11":"product_tag-recycle","12":"product_tag-sac","13":"product_tag-sac-a-bandouliere","14":"product_tag-sac-bandouliere","15":"pa_couleurs-bleu-hale","16":"pa_couleurs-bleu-royal","17":"pa_couleurs-brique","18":"pa_couleurs-flocons-davoine","19":"pa_couleurs-gris","20":"pa_couleurs-lilas","21":"pa_couleurs-marine","22":"pa_couleurs-noir","23":"pa_couleurs-olive","24":"pa_couleurs-rouge","25":"pa_green-points-2652","26":"pa_matiere-polyester-recycle-certifie-grs","28":"first","29":"instock","30":"shipping-taxable","31":"purchasable","32":"product-type-variable"},"yoast_head":"<!-- This site is optimized with the Yoast SEO plugin v27.4 - https:\/\/yoast.com\/product\/yoast-seo-wordpress\/ -->\n<title>Sac bandouli\u00e8re Byron de 2\u00a0L recycl\u00e9 certifi\u00e9 GRS - PERLE IN<\/title>\n<meta name=\"robots\" content=\"noindex, follow, max-snippet:-1, max-image-preview:large, max-video-preview:-1\" \/>\n<meta property=\"og:locale\" content=\"en_US\" \/>\n<meta property=\"og:type\" content=\"article\" \/>\n<meta property=\"og:title\" content=\"Sac bandouli\u00e8re Byron de 2\u00a0L recycl\u00e9 certifi\u00e9 GRS - PERLE IN\" \/>\n<meta property=\"og:description\" content=\"Sac \u00e0 bandouli\u00e8re pratique et d\u00e9perlant en polyester recycl\u00e9 GRS. Il comporte un compartiment zipp\u00e9 avec une pochette int\u00e9rieure pour ranger vos gadgets quotidiens en toute s\u00e9curit\u00e9, une pochette frontale zipp\u00e9e pour les cl\u00e9s et les accessoires de valeur, et une pochette ouverte au dos pour un rangement et un acc\u00e8s rapides. Avec ses bretelles r\u00e9glables de haute qualit\u00e9, le sac bandouli\u00e8re Byron est un sac parfait pour un usage quotidien avec une empreinte \u00e9cologique minimale. Sans PVC.\" \/>\n<meta property=\"og:url\" content=\"https:\/\/perle-in.com\/en\/product\/sac-bandouliere-byron-de-2-l-recycle-certifie-grs\/\" \/>\n<meta property=\"og:site_name\" content=\"PERLE IN\" \/>\n<meta property=\"article:modified_time\" content=\"2025-10-19T03:47:34+00:00\" \/>\n<meta property=\"og:image\" content=\"https:\/\/perle-in.com\/wp-content\/uploads\/2025\/10\/13005307-1.jpg\" \/>\n\t<meta property=\"og:image:width\" content=\"1600\" \/>\n\t<meta property=\"og:image:height\" content=\"1600\" \/>\n\t<meta property=\"og:image:type\" content=\"image\/jpeg\" \/>\n<meta name=\"twitter:card\" content=\"summary_large_image\" \/>\n<script type=\"application\/ld+json\" class=\"yoast-schema-graph\">{\"@context\":\"https:\\\/\\\/schema.org\",\"@graph\":[{\"@type\":\"WebPage\",\"@id\":\"https:\\\/\\\/perle-in.com\\\/produit\\\/sac-bandouliere-byron-de-2-l-recycle-certifie-grs\\\/\",\"url\":\"https:\\\/\\\/perle-in.com\\\/produit\\\/sac-bandouliere-byron-de-2-l-recycle-certifie-grs\\\/\",\"name\":\"Sac bandouli\u00e8re Byron de 2\u00a0L recycl\u00e9 certifi\u00e9 GRS - PERLE IN\",\"isPartOf\":{\"@id\":\"https:\\\/\\\/perle-in.com\\\/#website\"},\"primaryImageOfPage\":{\"@id\":\"https:\\\/\\\/perle-in.com\\\/produit\\\/sac-bandouliere-byron-de-2-l-recycle-certifie-grs\\\/#primaryimage\"},\"image\":{\"@id\":\"https:\\\/\\\/perle-in.com\\\/produit\\\/sac-bandouliere-byron-de-2-l-recycle-certifie-grs\\\/#primaryimage\"},\"thumbnailUrl\":\"https:\\\/\\\/perle-in.com\\\/wp-content\\\/uploads\\\/2025\\\/10\\\/13005307-1.jpg\",\"datePublished\":\"2025-10-15T00:51:27+00:00\",\"dateModified\":\"2025-10-19T03:47:34+00:00\",\"breadcrumb\":{\"@id\":\"https:\\\/\\\/perle-in.com\\\/produit\\\/sac-bandouliere-byron-de-2-l-recycle-certifie-grs\\\/#breadcrumb\"},\"inLanguage\":\"en-CA\",\"potentialAction\":[{\"@type\":\"ReadAction\",\"target\":[\"https:\\\/\\\/perle-in.com\\\/produit\\\/sac-bandouliere-byron-de-2-l-recycle-certifie-grs\\\/\"]}]},{\"@type\":\"ImageObject\",\"inLanguage\":\"en-CA\",\"@id\":\"https:\\\/\\\/perle-in.com\\\/produit\\\/sac-bandouliere-byron-de-2-l-recycle-certifie-grs\\\/#primaryimage\",\"url\":\"https:\\\/\\\/perle-in.com\\\/wp-content\\\/uploads\\\/2025\\\/10\\\/13005307-1.jpg\",\"contentUrl\":\"https:\\\/\\\/perle-in.com\\\/wp-content\\\/uploads\\\/2025\\\/10\\\/13005307-1.jpg\",\"width\":1600,\"height\":1600},{\"@type\":\"BreadcrumbList\",\"@id\":\"https:\\\/\\\/perle-in.com\\\/produit\\\/sac-bandouliere-byron-de-2-l-recycle-certifie-grs\\\/#breadcrumb\",\"itemListElement\":[{\"@type\":\"ListItem\",\"position\":1,\"name\":\"Accueil\",\"item\":\"https:\\\/\\\/perle-in.com\\\/\"},{\"@type\":\"ListItem\",\"position\":2,\"name\":\"Boutique\",\"item\":\"https:\\\/\\\/perle-in.com\\\/boutique\\\/\"},{\"@type\":\"ListItem\",\"position\":3,\"name\":\"Sac bandouli\u00e8re Byron de 2\u00a0L recycl\u00e9 certifi\u00e9 GRS\"}]},{\"@type\":\"WebSite\",\"@id\":\"https:\\\/\\\/perle-in.com\\\/#website\",\"url\":\"https:\\\/\\\/perle-in.com\\\/\",\"name\":\"PERLE IN\",\"description\":\"\",\"publisher\":{\"@id\":\"https:\\\/\\\/perle-in.com\\\/#organization\"},\"potentialAction\":[{\"@type\":\"SearchAction\",\"target\":{\"@type\":\"EntryPoint\",\"urlTemplate\":\"https:\\\/\\\/perle-in.com\\\/?s={search_term_string}\"},\"query-input\":{\"@type\":\"PropertyValueSpecification\",\"valueRequired\":true,\"valueName\":\"search_term_string\"}}],\"inLanguage\":\"en-CA\"},{\"@type\":\"Organization\",\"@id\":\"https:\\\/\\\/perle-in.com\\\/#organization\",\"name\":\"PERLE IN\",\"url\":\"https:\\\/\\\/perle-in.com\\\/\",\"logo\":{\"@type\":\"ImageObject\",\"inLanguage\":\"en-CA\",\"@id\":\"https:\\\/\\\/perle-in.com\\\/#\\\/schema\\\/logo\\\/image\\\/\",\"url\":\"https:\\\/\\\/perle-in.com\\\/wp-content\\\/uploads\\\/2022\\\/12\\\/LOGO-PERLE-IN-COULEUR@3x.webp\",\"contentUrl\":\"https:\\\/\\\/perle-in.com\\\/wp-content\\\/uploads\\\/2022\\\/12\\\/LOGO-PERLE-IN-COULEUR@3x.webp\",\"width\":1600,\"height\":490,\"caption\":\"PERLE IN\"},\"image\":{\"@id\":\"https:\\\/\\\/perle-in.com\\\/#\\\/schema\\\/logo\\\/image\\\/\"}}]}<\/script>\n<!-- \/ Yoast SEO plugin. -->","yoast_head_json":{"title":"Sac bandouli\u00e8re Byron de 2\u00a0L recycl\u00e9 certifi\u00e9 GRS - PERLE IN","robots":{"index":"noindex","follow":"follow","max-snippet":"max-snippet:-1","max-image-preview":"max-image-preview:large","max-video-preview":"max-video-preview:-1"},"og_locale":"en_US","og_type":"article","og_title":"Sac bandouli\u00e8re Byron de 2\u00a0L recycl\u00e9 certifi\u00e9 GRS - PERLE IN","og_description":"Sac \u00e0 bandouli\u00e8re pratique et d\u00e9perlant en polyester recycl\u00e9 GRS. Il comporte un compartiment zipp\u00e9 avec une pochette int\u00e9rieure pour ranger vos gadgets quotidiens en toute s\u00e9curit\u00e9, une pochette frontale zipp\u00e9e pour les cl\u00e9s et les accessoires de valeur, et une pochette ouverte au dos pour un rangement et un acc\u00e8s rapides. Avec ses bretelles r\u00e9glables de haute qualit\u00e9, le sac bandouli\u00e8re Byron est un sac parfait pour un usage quotidien avec une empreinte \u00e9cologique minimale. Sans PVC.","og_url":"https:\/\/perle-in.com\/en\/product\/sac-bandouliere-byron-de-2-l-recycle-certifie-grs\/","og_site_name":"PERLE IN","article_modified_time":"2025-10-19T03:47:34+00:00","og_image":[{"width":1600,"height":1600,"url":"https:\/\/perle-in.com\/wp-content\/uploads\/2025\/10\/13005307-1.jpg","type":"image\/jpeg"}],"twitter_card":"summary_large_image","schema":{"@context":"https:\/\/schema.org","@graph":[{"@type":"WebPage","@id":"https:\/\/perle-in.com\/produit\/sac-bandouliere-byron-de-2-l-recycle-certifie-grs\/","url":"https:\/\/perle-in.com\/produit\/sac-bandouliere-byron-de-2-l-recycle-certifie-grs\/","name":"Sac bandouli\u00e8re Byron de 2\u00a0L recycl\u00e9 certifi\u00e9 GRS - PERLE IN","isPartOf":{"@id":"https:\/\/perle-in.com\/#website"},"primaryImageOfPage":{"@id":"https:\/\/perle-in.com\/produit\/sac-bandouliere-byron-de-2-l-recycle-certifie-grs\/#primaryimage"},"image":{"@id":"https:\/\/perle-in.com\/produit\/sac-bandouliere-byron-de-2-l-recycle-certifie-grs\/#primaryimage"},"thumbnailUrl":"https:\/\/perle-in.com\/wp-content\/uploads\/2025\/10\/13005307-1.jpg","datePublished":"2025-10-15T00:51:27+00:00","dateModified":"2025-10-19T03:47:34+00:00","breadcrumb":{"@id":"https:\/\/perle-in.com\/produit\/sac-bandouliere-byron-de-2-l-recycle-certifie-grs\/#breadcrumb"},"inLanguage":"en-CA","potentialAction":[{"@type":"ReadAction","target":["https:\/\/perle-in.com\/produit\/sac-bandouliere-byron-de-2-l-recycle-certifie-grs\/"]}]},{"@type":"ImageObject","inLanguage":"en-CA","@id":"https:\/\/perle-in.com\/produit\/sac-bandouliere-byron-de-2-l-recycle-certifie-grs\/#primaryimage","url":"https:\/\/perle-in.com\/wp-content\/uploads\/2025\/10\/13005307-1.jpg","contentUrl":"https:\/\/perle-in.com\/wp-content\/uploads\/2025\/10\/13005307-1.jpg","width":1600,"height":1600},{"@type":"BreadcrumbList","@id":"https:\/\/perle-in.com\/produit\/sac-bandouliere-byron-de-2-l-recycle-certifie-grs\/#breadcrumb","itemListElement":[{"@type":"ListItem","position":1,"name":"Accueil","item":"https:\/\/perle-in.com\/"},{"@type":"ListItem","position":2,"name":"Boutique","item":"https:\/\/perle-in.com\/boutique\/"},{"@type":"ListItem","position":3,"name":"Sac bandouli\u00e8re Byron de 2\u00a0L recycl\u00e9 certifi\u00e9 GRS"}]},{"@type":"WebSite","@id":"https:\/\/perle-in.com\/#website","url":"https:\/\/perle-in.com\/","name":"PERLE IN","description":"","publisher":{"@id":"https:\/\/perle-in.com\/#organization"},"potentialAction":[{"@type":"SearchAction","target":{"@type":"EntryPoint","urlTemplate":"https:\/\/perle-in.com\/?s={search_term_string}"},"query-input":{"@type":"PropertyValueSpecification","valueRequired":true,"valueName":"search_term_string"}}],"inLanguage":"en-CA"},{"@type":"Organization","@id":"https:\/\/perle-in.com\/#organization","name":"PERLE IN","url":"https:\/\/perle-in.com\/","logo":{"@type":"ImageObject","inLanguage":"en-CA","@id":"https:\/\/perle-in.com\/#\/schema\/logo\/image\/","url":"https:\/\/perle-in.com\/wp-content\/uploads\/2022\/12\/LOGO-PERLE-IN-COULEUR@3x.webp","contentUrl":"https:\/\/perle-in.com\/wp-content\/uploads\/2022\/12\/LOGO-PERLE-IN-COULEUR@3x.webp","width":1600,"height":490,"caption":"PERLE IN"},"image":{"@id":"https:\/\/perle-in.com\/#\/schema\/logo\/image\/"}}]}},"jetpack_sharing_enabled":true,"_links":{"self":[{"href":"https:\/\/perle-in.com\/en\/wp-json\/wp\/v2\/product\/541220","targetHints":{"allow":["GET"]}}],"collection":[{"href":"https:\/\/perle-in.com\/en\/wp-json\/wp\/v2\/product"}],"about":[{"href":"https:\/\/perle-in.com\/en\/wp-json\/wp\/v2\/types\/product"}],"version-history":[{"count":0,"href":"https:\/\/perle-in.com\/en\/wp-json\/wp\/v2\/product\/541220\/revisions"}],"wp:featuredmedia":[{"embeddable":true,"href":"https:\/\/perle-in.com\/en\/wp-json\/wp\/v2\/media\/541204"}],"wp:attachment":[{"href":"https:\/\/perle-in.com\/en\/wp-json\/wp\/v2\/media?parent=541220"}],"wp:term":[{"taxonomy":"product_brand","embeddable":true,"href":"https:\/\/perle-in.com\/en\/wp-json\/wp\/v2\/product_brand?post=541220"},{"taxonomy":"product_cat","embeddable":true,"href":"https:\/\/perle-in.com\/en\/wp-json\/wp\/v2\/product_cat?post=541220"},{"taxonomy":"product_tag","embeddable":true,"href":"https:\/\/perle-in.com\/en\/wp-json\/wp\/v2\/product_tag?post=541220"}],"curies":[{"name":"wp","href":"https:\/\/api.w.org\/{rel}","templated":true}]}}

Sac bandoulière Byron de 2 L recyclé certifié GRS

<p>Sac à bandoulière pratique et déperlant en polyester recyclé GRS. Il comporte un compartiment zippé avec une pochette intérieure pour ranger vos gadgets quotidiens en toute sécurité, une pochette frontale zippée pour les clés et les accessoires de valeur, et une pochette ouverte au dos pour un rangement et un accès rapides. Avec ses bretelles réglables de haute qualité, le sac bandoulière Byron est un sac parfait pour un usage quotidien avec une empreinte écologique minimale. Sans PVC.</p>

<!-- This site is optimized with the Yoast SEO plugin v27.4 - https://yoast.com/product/yoast-seo-wordpress/ -->
<title>Sac bandoulière Byron de 2 L recyclé certifié GRS - PERLE IN</title>
<meta name="robots" content="noindex, follow, max-snippet:-1, max-image-preview:large, max-video-preview:-1" />
<meta property="og:locale" content="en_US" />
<meta property="og:type" content="article" />
<meta property="og:title" content="Sac bandoulière Byron de 2 L recyclé certifié GRS - PERLE IN" />
<meta property="og:description" content="Sac à bandoulière pratique et déperlant en polyester recyclé GRS. Il comporte un compartiment zippé avec une pochette intérieure pour ranger vos gadgets quotidiens en toute sécurité, une pochette frontale zippée pour les clés et les accessoires de valeur, et une pochette ouverte au dos pour un rangement et un accès rapides. Avec ses bretelles réglables de haute qualité, le sac bandoulière Byron est un sac parfait pour un usage quotidien avec une empreinte écologique minimale. Sans PVC." />
<meta property="og:url" content="https://perle-in.com/en/product/sac-bandouliere-byron-de-2-l-recycle-certifie-grs/" />
<meta property="og:site_name" content="PERLE IN" />
<meta property="article:modified_time" content="2025-10-19T03:47:34+00:00" />
<meta property="og:image" content="https://perle-in.com/wp-content/uploads/2025/10/13005307-1.jpg" />
	<meta property="og:image:width" content="1600" />
	<meta property="og:image:height" content="1600" />
	<meta property="og:image:type" content="image/jpeg" />
<meta name="twitter:card" content="summary_large_image" />
<script type="application/ld+json" class="yoast-schema-graph">{"@context":"https:\/\/schema.org","@graph":[{"@type":"WebPage","@id":"https:\/\/perle-in.com\/produit\/sac-bandouliere-byron-de-2-l-recycle-certifie-grs\/","url":"https:\/\/perle-in.com\/produit\/sac-bandouliere-byron-de-2-l-recycle-certifie-grs\/","name":"Sac bandoulière Byron de 2 L recyclé certifié GRS - PERLE IN","isPartOf":{"@id":"https:\/\/perle-in.com\/#website"},"primaryImageOfPage":{"@id":"https:\/\/perle-in.com\/produit\/sac-bandouliere-byron-de-2-l-recycle-certifie-grs\/#primaryimage"},"image":{"@id":"https:\/\/perle-in.com\/produit\/sac-bandouliere-byron-de-2-l-recycle-certifie-grs\/#primaryimage"},"thumbnailUrl":"https:\/\/perle-in.com\/wp-content\/uploads\/2025\/10\/13005307-1.jpg","datePublished":"2025-10-15T00:51:27+00:00","dateModified":"2025-10-19T03:47:34+00:00","breadcrumb":{"@id":"https:\/\/perle-in.com\/produit\/sac-bandouliere-byron-de-2-l-recycle-certifie-grs\/#breadcrumb"},"inLanguage":"en-CA","potentialAction":[{"@type":"ReadAction","target":["https:\/\/perle-in.com\/produit\/sac-bandouliere-byron-de-2-l-recycle-certifie-grs\/"]}]},{"@type":"ImageObject","inLanguage":"en-CA","@id":"https:\/\/perle-in.com\/produit\/sac-bandouliere-byron-de-2-l-recycle-certifie-grs\/#primaryimage","url":"https:\/\/perle-in.com\/wp-content\/uploads\/2025\/10\/13005307-1.jpg","contentUrl":"https:\/\/perle-in.com\/wp-content\/uploads\/2025\/10\/13005307-1.jpg","width":1600,"height":1600},{"@type":"BreadcrumbList","@id":"https:\/\/perle-in.com\/produit\/sac-bandouliere-byron-de-2-l-recycle-certifie-grs\/#breadcrumb","itemListElement":[{"@type":"ListItem","position":1,"name":"Accueil","item":"https:\/\/perle-in.com\/"},{"@type":"ListItem","position":2,"name":"Boutique","item":"https:\/\/perle-in.com\/boutique\/"},{"@type":"ListItem","position":3,"name":"Sac bandoulière Byron de 2 L recyclé certifié GRS"}]},{"@type":"WebSite","@id":"https:\/\/perle-in.com\/#website","url":"https:\/\/perle-in.com\/","name":"PERLE IN","description":"","publisher":{"@id":"https:\/\/perle-in.com\/#organization"},"potentialAction":[{"@type":"SearchAction","target":{"@type":"EntryPoint","urlTemplate":"https:\/\/perle-in.com\/?s={search_term_string}"},"query-input":{"@type":"PropertyValueSpecification","valueRequired":true,"valueName":"search_term_string"}}],"inLanguage":"en-CA"},{"@type":"Organization","@id":"https:\/\/perle-in.com\/#organization","name":"PERLE IN","url":"https:\/\/perle-in.com\/","logo":{"@type":"ImageObject","inLanguage":"en-CA","@id":"https:\/\/perle-in.com\/#\/schema\/logo\/image\/","url":"https:\/\/perle-in.com\/wp-content\/uploads\/2022\/12\/LOGO-PERLE-IN-COULEUR@3x.webp","contentUrl":"https:\/\/perle-in.com\/wp-content\/uploads\/2022\/12\/LOGO-PERLE-IN-COULEUR@3x.webp","width":1600,"height":490,"caption":"PERLE IN"},"image":{"@id":"https:\/\/perle-in.com\/#\/schema\/logo\/image\/"}}]}</script>
<!-- / Yoast SEO plugin. -->

Sac bandoulière Byron de 2 L recyclé certifié GRS - PERLE IN

Sac à bandoulière pratique et déperlant en polyester recyclé GRS. Il comporte un compartiment zippé avec une pochette intérieure pour ranger vos gadgets quotidiens en toute sécurité, une pochette frontale zippée pour les clés et les accessoires de valeur, et une pochette ouverte au dos pour un rangement et un accès rapides. Avec ses bretelles réglables de haute qualité, le sac bandoulière Byron est un sac parfait pour un usage quotidien avec une empreinte écologique minimale. Sans PVC.
