{"id":539785,"date":"2025-10-15T02:18:47","date_gmt":"2025-10-15T00:18:47","guid":{"rendered":"https:\/\/perle-in.com\/produit\/porte-documents-liberto\/"},"modified":"2025-10-19T05:47:12","modified_gmt":"2025-10-19T03:47:12","slug":"porte-documents-liberto","status":"publish","type":"product","link":"https:\/\/perle-in.com\/en\/product\/porte-documents-liberto\/","title":{"rendered":"Porte-documents Liberto"},"content":{"rendered":"","protected":false},"excerpt":{"rendered":"<p>Le porte-documents Liberto certifi\u00e9 RCS est partiellement fabriqu\u00e9 \u00e0 partir de polyester recycl\u00e9 post-consommation, ce qui en fait un choix plus durable puisqu&#8217;il contribue \u00e0 r\u00e9duire l&#8217;utilisation de mati\u00e8res premi\u00e8res vierges. Il comprend une boucle pour stylo, une pochette accord\u00e9on et 64\u00a0feuilles lign\u00e9es de couleur cr\u00e8me avec du papier recycl\u00e9 de 80\u00a0g\/m2 provenant de sources durables. Le stylo et les autres accessoires figurant sur les photos ne sont pas inclus dans cet article.<\/p>","protected":false},"featured_media":539774,"template":"","meta":{"_eb_attr":""},"product_brand":[],"product_cat":[4196,1226],"product_tag":[1513,837,2683,2922,2008,2884,836],"class_list":{"0":"post-539785","1":"product","2":"type-product","3":"status-publish","4":"has-post-thumbnail","6":"product_cat-blocs-notes-et-papeterie-personnalisee","7":"product_cat-porte-documents","8":"product_tag-carnet","9":"product_tag-durable","10":"product_tag-ecriture","11":"product_tag-mallette","12":"product_tag-portefeuille","13":"product_tag-rcs","14":"product_tag-recycle","15":"pa_couleurs-gris","16":"pa_couleurs-marine","17":"pa_couleurs-noir","18":"pa_green-points-1501","20":"first","21":"instock","22":"shipping-taxable","23":"purchasable","24":"product-type-variable"},"yoast_head":"<!-- This site is optimized with the Yoast SEO plugin v27.4 - https:\/\/yoast.com\/product\/yoast-seo-wordpress\/ -->\n<title>Porte-documents Liberto - PERLE IN<\/title>\n<meta name=\"robots\" content=\"noindex, follow, max-snippet:-1, max-image-preview:large, max-video-preview:-1\" \/>\n<meta property=\"og:locale\" content=\"en_US\" \/>\n<meta property=\"og:type\" content=\"article\" \/>\n<meta property=\"og:title\" content=\"Porte-documents Liberto - PERLE IN\" \/>\n<meta property=\"og:description\" content=\"Le porte-documents Liberto certifi\u00e9 RCS est partiellement fabriqu\u00e9 \u00e0 partir de polyester recycl\u00e9 post-consommation, ce qui en fait un choix plus durable puisqu&#039;il contribue \u00e0 r\u00e9duire l&#039;utilisation de mati\u00e8res premi\u00e8res vierges. Il comprend une boucle pour stylo, une pochette accord\u00e9on et 64\u00a0feuilles lign\u00e9es de couleur cr\u00e8me avec du papier recycl\u00e9 de 80\u00a0g\/m2 provenant de sources durables. Le stylo et les autres accessoires figurant sur les photos ne sont pas inclus dans cet article.\" \/>\n<meta property=\"og:url\" content=\"https:\/\/perle-in.com\/en\/product\/porte-documents-liberto\/\" \/>\n<meta property=\"og:site_name\" content=\"PERLE IN\" \/>\n<meta property=\"article:modified_time\" content=\"2025-10-19T03:47:12+00:00\" \/>\n<meta property=\"og:image\" content=\"https:\/\/perle-in.com\/wp-content\/uploads\/2025\/10\/10786855-1.jpg\" \/>\n\t<meta property=\"og:image:width\" content=\"1600\" \/>\n\t<meta property=\"og:image:height\" content=\"1600\" \/>\n\t<meta property=\"og:image:type\" content=\"image\/jpeg\" \/>\n<meta name=\"twitter:card\" content=\"summary_large_image\" \/>\n<script type=\"application\/ld+json\" class=\"yoast-schema-graph\">{\"@context\":\"https:\\\/\\\/schema.org\",\"@graph\":[{\"@type\":\"WebPage\",\"@id\":\"https:\\\/\\\/perle-in.com\\\/produit\\\/porte-documents-liberto\\\/\",\"url\":\"https:\\\/\\\/perle-in.com\\\/produit\\\/porte-documents-liberto\\\/\",\"name\":\"Porte-documents Liberto - PERLE IN\",\"isPartOf\":{\"@id\":\"https:\\\/\\\/perle-in.com\\\/#website\"},\"primaryImageOfPage\":{\"@id\":\"https:\\\/\\\/perle-in.com\\\/produit\\\/porte-documents-liberto\\\/#primaryimage\"},\"image\":{\"@id\":\"https:\\\/\\\/perle-in.com\\\/produit\\\/porte-documents-liberto\\\/#primaryimage\"},\"thumbnailUrl\":\"https:\\\/\\\/perle-in.com\\\/wp-content\\\/uploads\\\/2025\\\/10\\\/10786855-1.jpg\",\"datePublished\":\"2025-10-15T00:18:47+00:00\",\"dateModified\":\"2025-10-19T03:47:12+00:00\",\"breadcrumb\":{\"@id\":\"https:\\\/\\\/perle-in.com\\\/produit\\\/porte-documents-liberto\\\/#breadcrumb\"},\"inLanguage\":\"en-CA\",\"potentialAction\":[{\"@type\":\"ReadAction\",\"target\":[\"https:\\\/\\\/perle-in.com\\\/produit\\\/porte-documents-liberto\\\/\"]}]},{\"@type\":\"ImageObject\",\"inLanguage\":\"en-CA\",\"@id\":\"https:\\\/\\\/perle-in.com\\\/produit\\\/porte-documents-liberto\\\/#primaryimage\",\"url\":\"https:\\\/\\\/perle-in.com\\\/wp-content\\\/uploads\\\/2025\\\/10\\\/10786855-1.jpg\",\"contentUrl\":\"https:\\\/\\\/perle-in.com\\\/wp-content\\\/uploads\\\/2025\\\/10\\\/10786855-1.jpg\",\"width\":1600,\"height\":1600},{\"@type\":\"BreadcrumbList\",\"@id\":\"https:\\\/\\\/perle-in.com\\\/produit\\\/porte-documents-liberto\\\/#breadcrumb\",\"itemListElement\":[{\"@type\":\"ListItem\",\"position\":1,\"name\":\"Accueil\",\"item\":\"https:\\\/\\\/perle-in.com\\\/\"},{\"@type\":\"ListItem\",\"position\":2,\"name\":\"Boutique\",\"item\":\"https:\\\/\\\/perle-in.com\\\/boutique\\\/\"},{\"@type\":\"ListItem\",\"position\":3,\"name\":\"Porte-documents Liberto\"}]},{\"@type\":\"WebSite\",\"@id\":\"https:\\\/\\\/perle-in.com\\\/#website\",\"url\":\"https:\\\/\\\/perle-in.com\\\/\",\"name\":\"PERLE IN\",\"description\":\"\",\"publisher\":{\"@id\":\"https:\\\/\\\/perle-in.com\\\/#organization\"},\"potentialAction\":[{\"@type\":\"SearchAction\",\"target\":{\"@type\":\"EntryPoint\",\"urlTemplate\":\"https:\\\/\\\/perle-in.com\\\/?s={search_term_string}\"},\"query-input\":{\"@type\":\"PropertyValueSpecification\",\"valueRequired\":true,\"valueName\":\"search_term_string\"}}],\"inLanguage\":\"en-CA\"},{\"@type\":\"Organization\",\"@id\":\"https:\\\/\\\/perle-in.com\\\/#organization\",\"name\":\"PERLE IN\",\"url\":\"https:\\\/\\\/perle-in.com\\\/\",\"logo\":{\"@type\":\"ImageObject\",\"inLanguage\":\"en-CA\",\"@id\":\"https:\\\/\\\/perle-in.com\\\/#\\\/schema\\\/logo\\\/image\\\/\",\"url\":\"https:\\\/\\\/perle-in.com\\\/wp-content\\\/uploads\\\/2022\\\/12\\\/LOGO-PERLE-IN-COULEUR@3x.webp\",\"contentUrl\":\"https:\\\/\\\/perle-in.com\\\/wp-content\\\/uploads\\\/2022\\\/12\\\/LOGO-PERLE-IN-COULEUR@3x.webp\",\"width\":1600,\"height\":490,\"caption\":\"PERLE IN\"},\"image\":{\"@id\":\"https:\\\/\\\/perle-in.com\\\/#\\\/schema\\\/logo\\\/image\\\/\"}}]}<\/script>\n<!-- \/ Yoast SEO plugin. -->","yoast_head_json":{"title":"Porte-documents Liberto - PERLE IN","robots":{"index":"noindex","follow":"follow","max-snippet":"max-snippet:-1","max-image-preview":"max-image-preview:large","max-video-preview":"max-video-preview:-1"},"og_locale":"en_US","og_type":"article","og_title":"Porte-documents Liberto - PERLE IN","og_description":"Le porte-documents Liberto certifi\u00e9 RCS est partiellement fabriqu\u00e9 \u00e0 partir de polyester recycl\u00e9 post-consommation, ce qui en fait un choix plus durable puisqu'il contribue \u00e0 r\u00e9duire l'utilisation de mati\u00e8res premi\u00e8res vierges. Il comprend une boucle pour stylo, une pochette accord\u00e9on et 64\u00a0feuilles lign\u00e9es de couleur cr\u00e8me avec du papier recycl\u00e9 de 80\u00a0g\/m2 provenant de sources durables. Le stylo et les autres accessoires figurant sur les photos ne sont pas inclus dans cet article.","og_url":"https:\/\/perle-in.com\/en\/product\/porte-documents-liberto\/","og_site_name":"PERLE IN","article_modified_time":"2025-10-19T03:47:12+00:00","og_image":[{"width":1600,"height":1600,"url":"https:\/\/perle-in.com\/wp-content\/uploads\/2025\/10\/10786855-1.jpg","type":"image\/jpeg"}],"twitter_card":"summary_large_image","schema":{"@context":"https:\/\/schema.org","@graph":[{"@type":"WebPage","@id":"https:\/\/perle-in.com\/produit\/porte-documents-liberto\/","url":"https:\/\/perle-in.com\/produit\/porte-documents-liberto\/","name":"Porte-documents Liberto - PERLE IN","isPartOf":{"@id":"https:\/\/perle-in.com\/#website"},"primaryImageOfPage":{"@id":"https:\/\/perle-in.com\/produit\/porte-documents-liberto\/#primaryimage"},"image":{"@id":"https:\/\/perle-in.com\/produit\/porte-documents-liberto\/#primaryimage"},"thumbnailUrl":"https:\/\/perle-in.com\/wp-content\/uploads\/2025\/10\/10786855-1.jpg","datePublished":"2025-10-15T00:18:47+00:00","dateModified":"2025-10-19T03:47:12+00:00","breadcrumb":{"@id":"https:\/\/perle-in.com\/produit\/porte-documents-liberto\/#breadcrumb"},"inLanguage":"en-CA","potentialAction":[{"@type":"ReadAction","target":["https:\/\/perle-in.com\/produit\/porte-documents-liberto\/"]}]},{"@type":"ImageObject","inLanguage":"en-CA","@id":"https:\/\/perle-in.com\/produit\/porte-documents-liberto\/#primaryimage","url":"https:\/\/perle-in.com\/wp-content\/uploads\/2025\/10\/10786855-1.jpg","contentUrl":"https:\/\/perle-in.com\/wp-content\/uploads\/2025\/10\/10786855-1.jpg","width":1600,"height":1600},{"@type":"BreadcrumbList","@id":"https:\/\/perle-in.com\/produit\/porte-documents-liberto\/#breadcrumb","itemListElement":[{"@type":"ListItem","position":1,"name":"Accueil","item":"https:\/\/perle-in.com\/"},{"@type":"ListItem","position":2,"name":"Boutique","item":"https:\/\/perle-in.com\/boutique\/"},{"@type":"ListItem","position":3,"name":"Porte-documents Liberto"}]},{"@type":"WebSite","@id":"https:\/\/perle-in.com\/#website","url":"https:\/\/perle-in.com\/","name":"PERLE IN","description":"","publisher":{"@id":"https:\/\/perle-in.com\/#organization"},"potentialAction":[{"@type":"SearchAction","target":{"@type":"EntryPoint","urlTemplate":"https:\/\/perle-in.com\/?s={search_term_string}"},"query-input":{"@type":"PropertyValueSpecification","valueRequired":true,"valueName":"search_term_string"}}],"inLanguage":"en-CA"},{"@type":"Organization","@id":"https:\/\/perle-in.com\/#organization","name":"PERLE IN","url":"https:\/\/perle-in.com\/","logo":{"@type":"ImageObject","inLanguage":"en-CA","@id":"https:\/\/perle-in.com\/#\/schema\/logo\/image\/","url":"https:\/\/perle-in.com\/wp-content\/uploads\/2022\/12\/LOGO-PERLE-IN-COULEUR@3x.webp","contentUrl":"https:\/\/perle-in.com\/wp-content\/uploads\/2022\/12\/LOGO-PERLE-IN-COULEUR@3x.webp","width":1600,"height":490,"caption":"PERLE IN"},"image":{"@id":"https:\/\/perle-in.com\/#\/schema\/logo\/image\/"}}]}},"jetpack_sharing_enabled":true,"_links":{"self":[{"href":"https:\/\/perle-in.com\/en\/wp-json\/wp\/v2\/product\/539785","targetHints":{"allow":["GET"]}}],"collection":[{"href":"https:\/\/perle-in.com\/en\/wp-json\/wp\/v2\/product"}],"about":[{"href":"https:\/\/perle-in.com\/en\/wp-json\/wp\/v2\/types\/product"}],"version-history":[{"count":0,"href":"https:\/\/perle-in.com\/en\/wp-json\/wp\/v2\/product\/539785\/revisions"}],"wp:featuredmedia":[{"embeddable":true,"href":"https:\/\/perle-in.com\/en\/wp-json\/wp\/v2\/media\/539774"}],"wp:attachment":[{"href":"https:\/\/perle-in.com\/en\/wp-json\/wp\/v2\/media?parent=539785"}],"wp:term":[{"taxonomy":"product_brand","embeddable":true,"href":"https:\/\/perle-in.com\/en\/wp-json\/wp\/v2\/product_brand?post=539785"},{"taxonomy":"product_cat","embeddable":true,"href":"https:\/\/perle-in.com\/en\/wp-json\/wp\/v2\/product_cat?post=539785"},{"taxonomy":"product_tag","embeddable":true,"href":"https:\/\/perle-in.com\/en\/wp-json\/wp\/v2\/product_tag?post=539785"}],"curies":[{"name":"wp","href":"https:\/\/api.w.org\/{rel}","templated":true}]}}

<p>Le porte-documents Liberto certifié RCS est partiellement fabriqué à partir de polyester recyclé post-consommation, ce qui en fait un choix plus durable puisqu&#8217;il contribue à réduire l&#8217;utilisation de matières premières vierges. Il comprend une boucle pour stylo, une pochette accordéon et 64 feuilles lignées de couleur crème avec du papier recyclé de 80 g/m2 provenant de sources durables. Le stylo et les autres accessoires figurant sur les photos ne sont pas inclus dans cet article.</p>

<!-- This site is optimized with the Yoast SEO plugin v27.4 - https://yoast.com/product/yoast-seo-wordpress/ -->
<title>Porte-documents Liberto - PERLE IN</title>
<meta name="robots" content="noindex, follow, max-snippet:-1, max-image-preview:large, max-video-preview:-1" />
<meta property="og:locale" content="en_US" />
<meta property="og:type" content="article" />
<meta property="og:title" content="Porte-documents Liberto - PERLE IN" />
<meta property="og:description" content="Le porte-documents Liberto certifié RCS est partiellement fabriqué à partir de polyester recyclé post-consommation, ce qui en fait un choix plus durable puisqu&#039;il contribue à réduire l&#039;utilisation de matières premières vierges. Il comprend une boucle pour stylo, une pochette accordéon et 64 feuilles lignées de couleur crème avec du papier recyclé de 80 g/m2 provenant de sources durables. Le stylo et les autres accessoires figurant sur les photos ne sont pas inclus dans cet article." />
<meta property="og:url" content="https://perle-in.com/en/product/porte-documents-liberto/" />
<meta property="og:site_name" content="PERLE IN" />
<meta property="article:modified_time" content="2025-10-19T03:47:12+00:00" />
<meta property="og:image" content="https://perle-in.com/wp-content/uploads/2025/10/10786855-1.jpg" />
	<meta property="og:image:width" content="1600" />
	<meta property="og:image:height" content="1600" />
	<meta property="og:image:type" content="image/jpeg" />
<meta name="twitter:card" content="summary_large_image" />
<script type="application/ld+json" class="yoast-schema-graph">{"@context":"https:\/\/schema.org","@graph":[{"@type":"WebPage","@id":"https:\/\/perle-in.com\/produit\/porte-documents-liberto\/","url":"https:\/\/perle-in.com\/produit\/porte-documents-liberto\/","name":"Porte-documents Liberto - PERLE IN","isPartOf":{"@id":"https:\/\/perle-in.com\/#website"},"primaryImageOfPage":{"@id":"https:\/\/perle-in.com\/produit\/porte-documents-liberto\/#primaryimage"},"image":{"@id":"https:\/\/perle-in.com\/produit\/porte-documents-liberto\/#primaryimage"},"thumbnailUrl":"https:\/\/perle-in.com\/wp-content\/uploads\/2025\/10\/10786855-1.jpg","datePublished":"2025-10-15T00:18:47+00:00","dateModified":"2025-10-19T03:47:12+00:00","breadcrumb":{"@id":"https:\/\/perle-in.com\/produit\/porte-documents-liberto\/#breadcrumb"},"inLanguage":"en-CA","potentialAction":[{"@type":"ReadAction","target":["https:\/\/perle-in.com\/produit\/porte-documents-liberto\/"]}]},{"@type":"ImageObject","inLanguage":"en-CA","@id":"https:\/\/perle-in.com\/produit\/porte-documents-liberto\/#primaryimage","url":"https:\/\/perle-in.com\/wp-content\/uploads\/2025\/10\/10786855-1.jpg","contentUrl":"https:\/\/perle-in.com\/wp-content\/uploads\/2025\/10\/10786855-1.jpg","width":1600,"height":1600},{"@type":"BreadcrumbList","@id":"https:\/\/perle-in.com\/produit\/porte-documents-liberto\/#breadcrumb","itemListElement":[{"@type":"ListItem","position":1,"name":"Accueil","item":"https:\/\/perle-in.com\/"},{"@type":"ListItem","position":2,"name":"Boutique","item":"https:\/\/perle-in.com\/boutique\/"},{"@type":"ListItem","position":3,"name":"Porte-documents Liberto"}]},{"@type":"WebSite","@id":"https:\/\/perle-in.com\/#website","url":"https:\/\/perle-in.com\/","name":"PERLE IN","description":"","publisher":{"@id":"https:\/\/perle-in.com\/#organization"},"potentialAction":[{"@type":"SearchAction","target":{"@type":"EntryPoint","urlTemplate":"https:\/\/perle-in.com\/?s={search_term_string}"},"query-input":{"@type":"PropertyValueSpecification","valueRequired":true,"valueName":"search_term_string"}}],"inLanguage":"en-CA"},{"@type":"Organization","@id":"https:\/\/perle-in.com\/#organization","name":"PERLE IN","url":"https:\/\/perle-in.com\/","logo":{"@type":"ImageObject","inLanguage":"en-CA","@id":"https:\/\/perle-in.com\/#\/schema\/logo\/image\/","url":"https:\/\/perle-in.com\/wp-content\/uploads\/2022\/12\/LOGO-PERLE-IN-COULEUR@3x.webp","contentUrl":"https:\/\/perle-in.com\/wp-content\/uploads\/2022\/12\/LOGO-PERLE-IN-COULEUR@3x.webp","width":1600,"height":490,"caption":"PERLE IN"},"image":{"@id":"https:\/\/perle-in.com\/#\/schema\/logo\/image\/"}}]}</script>
<!-- / Yoast SEO plugin. -->

Le porte-documents Liberto certifié RCS est partiellement fabriqué à partir de polyester recyclé post-consommation, ce qui en fait un choix plus durable puisqu'il contribue à réduire l'utilisation de matières premières vierges. Il comprend une boucle pour stylo, une pochette accordéon et 64 feuilles lignées de couleur crème avec du papier recyclé de 80 g/m2 provenant de sources durables. Le stylo et les autres accessoires figurant sur les photos ne sont pas inclus dans cet article.
