{"id":539072,"date":"2025-10-15T01:32:06","date_gmt":"2025-10-14T23:32:06","guid":{"rendered":"https:\/\/perle-in.com\/produit\/sac-shopping-cannes-en-tissu-recycle-de-200-g-m2-10l\/"},"modified":"2025-10-19T05:46:45","modified_gmt":"2025-10-19T03:46:45","slug":"sac-shopping-cannes-en-tissu-recycle-de-200-g-m2-10l","status":"publish","type":"product","link":"https:\/\/perle-in.com\/en\/product\/sac-shopping-cannes-en-tissu-recycle-de-200-g-m2-10l\/","title":{"rendered":"Sac shopping Cannes en tissu recycl\u00e9 de 200\u00a0g\/m2 10L"},"content":{"rendered":"","protected":false},"excerpt":{"rendered":"<p>Ce sac shopping de grande capacit\u00e9 est fabriqu\u00e9 \u00e0 partir des meilleurs mat\u00e9riaux 100 % recycl\u00e9s. Il est con\u00e7u pour \u00eatre utilis\u00e9 dans la vie de tous les jours et convient pour transporter des livres lourds ou des provisions. Le m\u00e9lange coton\/polyester recycl\u00e9 de 200 g\/m\u00b2 garantit la durabilit\u00e9 et la fiabilit\u00e9 du sac, qui r\u00e9siste \u00e0 un poids de 14 kg. Les fils proviennent d&#8217;Asie, mais le tissage, la filature et la fabrication sont r\u00e9alis\u00e9s en France.<\/p>","protected":false},"featured_media":539066,"template":"","meta":{"_eb_attr":""},"product_brand":[],"product_cat":[159,959],"product_tag":[837,961,2654,836,282,904,3086,1779],"class_list":{"0":"post-539072","1":"product","2":"type-product","3":"status-publish","4":"has-post-thumbnail","6":"product_cat-sacs","7":"product_cat-sacs-de-shopping","8":"product_tag-durable","9":"product_tag-fourre-tout","10":"product_tag-grs","11":"product_tag-recycle","12":"product_tag-sac","13":"product_tag-shopping","14":"product_tag-tote-bag","15":"product_tag-totebag","16":"pa_couleurs-naturel","17":"pa_matiere-45-coton-recycle-et-55-polyester-recycle","18":"pa_pays-d-origine-france","20":"first","21":"instock","22":"shipping-taxable","23":"purchasable","24":"product-type-variable"},"yoast_head":"<!-- This site is optimized with the Yoast SEO plugin v27.4 - https:\/\/yoast.com\/product\/yoast-seo-wordpress\/ -->\n<title>Sac shopping Cannes en tissu recycl\u00e9 de 200\u00a0g\/m2 10L - PERLE IN<\/title>\n<meta name=\"robots\" content=\"noindex, follow, max-snippet:-1, max-image-preview:large, max-video-preview:-1\" \/>\n<meta property=\"og:locale\" content=\"en_US\" \/>\n<meta property=\"og:type\" content=\"article\" \/>\n<meta property=\"og:title\" content=\"Sac shopping Cannes en tissu recycl\u00e9 de 200\u00a0g\/m2 10L - PERLE IN\" \/>\n<meta property=\"og:description\" content=\"Ce sac shopping de grande capacit\u00e9 est fabriqu\u00e9 \u00e0 partir des meilleurs mat\u00e9riaux 100 % recycl\u00e9s. Il est con\u00e7u pour \u00eatre utilis\u00e9 dans la vie de tous les jours et convient pour transporter des livres lourds ou des provisions. Le m\u00e9lange coton\/polyester recycl\u00e9 de 200 g\/m\u00b2 garantit la durabilit\u00e9 et la fiabilit\u00e9 du sac, qui r\u00e9siste \u00e0 un poids de 14 kg. Les fils proviennent d&#039;Asie, mais le tissage, la filature et la fabrication sont r\u00e9alis\u00e9s en France.\" \/>\n<meta property=\"og:url\" content=\"https:\/\/perle-in.com\/en\/product\/sac-shopping-cannes-en-tissu-recycle-de-200-g-m2-10l\/\" \/>\n<meta property=\"og:site_name\" content=\"PERLE IN\" \/>\n<meta property=\"article:modified_time\" content=\"2025-10-19T03:46:45+00:00\" \/>\n<meta property=\"og:image\" content=\"https:\/\/perle-in.com\/wp-content\/uploads\/2025\/10\/12069606-1.jpg\" \/>\n\t<meta property=\"og:image:width\" content=\"1600\" \/>\n\t<meta property=\"og:image:height\" content=\"1600\" \/>\n\t<meta property=\"og:image:type\" content=\"image\/jpeg\" \/>\n<meta name=\"twitter:card\" content=\"summary_large_image\" \/>\n<script type=\"application\/ld+json\" class=\"yoast-schema-graph\">{\"@context\":\"https:\\\/\\\/schema.org\",\"@graph\":[{\"@type\":\"WebPage\",\"@id\":\"https:\\\/\\\/perle-in.com\\\/produit\\\/sac-shopping-cannes-en-tissu-recycle-de-200-g-m2-10l\\\/\",\"url\":\"https:\\\/\\\/perle-in.com\\\/produit\\\/sac-shopping-cannes-en-tissu-recycle-de-200-g-m2-10l\\\/\",\"name\":\"Sac shopping Cannes en tissu recycl\u00e9 de 200\u00a0g\\\/m2 10L - PERLE IN\",\"isPartOf\":{\"@id\":\"https:\\\/\\\/perle-in.com\\\/#website\"},\"primaryImageOfPage\":{\"@id\":\"https:\\\/\\\/perle-in.com\\\/produit\\\/sac-shopping-cannes-en-tissu-recycle-de-200-g-m2-10l\\\/#primaryimage\"},\"image\":{\"@id\":\"https:\\\/\\\/perle-in.com\\\/produit\\\/sac-shopping-cannes-en-tissu-recycle-de-200-g-m2-10l\\\/#primaryimage\"},\"thumbnailUrl\":\"https:\\\/\\\/perle-in.com\\\/wp-content\\\/uploads\\\/2025\\\/10\\\/12069606-1.jpg\",\"datePublished\":\"2025-10-14T23:32:06+00:00\",\"dateModified\":\"2025-10-19T03:46:45+00:00\",\"breadcrumb\":{\"@id\":\"https:\\\/\\\/perle-in.com\\\/produit\\\/sac-shopping-cannes-en-tissu-recycle-de-200-g-m2-10l\\\/#breadcrumb\"},\"inLanguage\":\"en-CA\",\"potentialAction\":[{\"@type\":\"ReadAction\",\"target\":[\"https:\\\/\\\/perle-in.com\\\/produit\\\/sac-shopping-cannes-en-tissu-recycle-de-200-g-m2-10l\\\/\"]}]},{\"@type\":\"ImageObject\",\"inLanguage\":\"en-CA\",\"@id\":\"https:\\\/\\\/perle-in.com\\\/produit\\\/sac-shopping-cannes-en-tissu-recycle-de-200-g-m2-10l\\\/#primaryimage\",\"url\":\"https:\\\/\\\/perle-in.com\\\/wp-content\\\/uploads\\\/2025\\\/10\\\/12069606-1.jpg\",\"contentUrl\":\"https:\\\/\\\/perle-in.com\\\/wp-content\\\/uploads\\\/2025\\\/10\\\/12069606-1.jpg\",\"width\":1600,\"height\":1600},{\"@type\":\"BreadcrumbList\",\"@id\":\"https:\\\/\\\/perle-in.com\\\/produit\\\/sac-shopping-cannes-en-tissu-recycle-de-200-g-m2-10l\\\/#breadcrumb\",\"itemListElement\":[{\"@type\":\"ListItem\",\"position\":1,\"name\":\"Accueil\",\"item\":\"https:\\\/\\\/perle-in.com\\\/\"},{\"@type\":\"ListItem\",\"position\":2,\"name\":\"Boutique\",\"item\":\"https:\\\/\\\/perle-in.com\\\/boutique\\\/\"},{\"@type\":\"ListItem\",\"position\":3,\"name\":\"Sac shopping Cannes en tissu recycl\u00e9 de 200\u00a0g\\\/m2 10L\"}]},{\"@type\":\"WebSite\",\"@id\":\"https:\\\/\\\/perle-in.com\\\/#website\",\"url\":\"https:\\\/\\\/perle-in.com\\\/\",\"name\":\"PERLE IN\",\"description\":\"\",\"publisher\":{\"@id\":\"https:\\\/\\\/perle-in.com\\\/#organization\"},\"potentialAction\":[{\"@type\":\"SearchAction\",\"target\":{\"@type\":\"EntryPoint\",\"urlTemplate\":\"https:\\\/\\\/perle-in.com\\\/?s={search_term_string}\"},\"query-input\":{\"@type\":\"PropertyValueSpecification\",\"valueRequired\":true,\"valueName\":\"search_term_string\"}}],\"inLanguage\":\"en-CA\"},{\"@type\":\"Organization\",\"@id\":\"https:\\\/\\\/perle-in.com\\\/#organization\",\"name\":\"PERLE IN\",\"url\":\"https:\\\/\\\/perle-in.com\\\/\",\"logo\":{\"@type\":\"ImageObject\",\"inLanguage\":\"en-CA\",\"@id\":\"https:\\\/\\\/perle-in.com\\\/#\\\/schema\\\/logo\\\/image\\\/\",\"url\":\"https:\\\/\\\/perle-in.com\\\/wp-content\\\/uploads\\\/2022\\\/12\\\/LOGO-PERLE-IN-COULEUR@3x.webp\",\"contentUrl\":\"https:\\\/\\\/perle-in.com\\\/wp-content\\\/uploads\\\/2022\\\/12\\\/LOGO-PERLE-IN-COULEUR@3x.webp\",\"width\":1600,\"height\":490,\"caption\":\"PERLE IN\"},\"image\":{\"@id\":\"https:\\\/\\\/perle-in.com\\\/#\\\/schema\\\/logo\\\/image\\\/\"}}]}<\/script>\n<!-- \/ Yoast SEO plugin. -->","yoast_head_json":{"title":"Sac shopping Cannes en tissu recycl\u00e9 de 200\u00a0g\/m2 10L - PERLE IN","robots":{"index":"noindex","follow":"follow","max-snippet":"max-snippet:-1","max-image-preview":"max-image-preview:large","max-video-preview":"max-video-preview:-1"},"og_locale":"en_US","og_type":"article","og_title":"Sac shopping Cannes en tissu recycl\u00e9 de 200\u00a0g\/m2 10L - PERLE IN","og_description":"Ce sac shopping de grande capacit\u00e9 est fabriqu\u00e9 \u00e0 partir des meilleurs mat\u00e9riaux 100 % recycl\u00e9s. Il est con\u00e7u pour \u00eatre utilis\u00e9 dans la vie de tous les jours et convient pour transporter des livres lourds ou des provisions. Le m\u00e9lange coton\/polyester recycl\u00e9 de 200 g\/m\u00b2 garantit la durabilit\u00e9 et la fiabilit\u00e9 du sac, qui r\u00e9siste \u00e0 un poids de 14 kg. Les fils proviennent d'Asie, mais le tissage, la filature et la fabrication sont r\u00e9alis\u00e9s en France.","og_url":"https:\/\/perle-in.com\/en\/product\/sac-shopping-cannes-en-tissu-recycle-de-200-g-m2-10l\/","og_site_name":"PERLE IN","article_modified_time":"2025-10-19T03:46:45+00:00","og_image":[{"width":1600,"height":1600,"url":"https:\/\/perle-in.com\/wp-content\/uploads\/2025\/10\/12069606-1.jpg","type":"image\/jpeg"}],"twitter_card":"summary_large_image","schema":{"@context":"https:\/\/schema.org","@graph":[{"@type":"WebPage","@id":"https:\/\/perle-in.com\/produit\/sac-shopping-cannes-en-tissu-recycle-de-200-g-m2-10l\/","url":"https:\/\/perle-in.com\/produit\/sac-shopping-cannes-en-tissu-recycle-de-200-g-m2-10l\/","name":"Sac shopping Cannes en tissu recycl\u00e9 de 200\u00a0g\/m2 10L - PERLE IN","isPartOf":{"@id":"https:\/\/perle-in.com\/#website"},"primaryImageOfPage":{"@id":"https:\/\/perle-in.com\/produit\/sac-shopping-cannes-en-tissu-recycle-de-200-g-m2-10l\/#primaryimage"},"image":{"@id":"https:\/\/perle-in.com\/produit\/sac-shopping-cannes-en-tissu-recycle-de-200-g-m2-10l\/#primaryimage"},"thumbnailUrl":"https:\/\/perle-in.com\/wp-content\/uploads\/2025\/10\/12069606-1.jpg","datePublished":"2025-10-14T23:32:06+00:00","dateModified":"2025-10-19T03:46:45+00:00","breadcrumb":{"@id":"https:\/\/perle-in.com\/produit\/sac-shopping-cannes-en-tissu-recycle-de-200-g-m2-10l\/#breadcrumb"},"inLanguage":"en-CA","potentialAction":[{"@type":"ReadAction","target":["https:\/\/perle-in.com\/produit\/sac-shopping-cannes-en-tissu-recycle-de-200-g-m2-10l\/"]}]},{"@type":"ImageObject","inLanguage":"en-CA","@id":"https:\/\/perle-in.com\/produit\/sac-shopping-cannes-en-tissu-recycle-de-200-g-m2-10l\/#primaryimage","url":"https:\/\/perle-in.com\/wp-content\/uploads\/2025\/10\/12069606-1.jpg","contentUrl":"https:\/\/perle-in.com\/wp-content\/uploads\/2025\/10\/12069606-1.jpg","width":1600,"height":1600},{"@type":"BreadcrumbList","@id":"https:\/\/perle-in.com\/produit\/sac-shopping-cannes-en-tissu-recycle-de-200-g-m2-10l\/#breadcrumb","itemListElement":[{"@type":"ListItem","position":1,"name":"Accueil","item":"https:\/\/perle-in.com\/"},{"@type":"ListItem","position":2,"name":"Boutique","item":"https:\/\/perle-in.com\/boutique\/"},{"@type":"ListItem","position":3,"name":"Sac shopping Cannes en tissu recycl\u00e9 de 200\u00a0g\/m2 10L"}]},{"@type":"WebSite","@id":"https:\/\/perle-in.com\/#website","url":"https:\/\/perle-in.com\/","name":"PERLE IN","description":"","publisher":{"@id":"https:\/\/perle-in.com\/#organization"},"potentialAction":[{"@type":"SearchAction","target":{"@type":"EntryPoint","urlTemplate":"https:\/\/perle-in.com\/?s={search_term_string}"},"query-input":{"@type":"PropertyValueSpecification","valueRequired":true,"valueName":"search_term_string"}}],"inLanguage":"en-CA"},{"@type":"Organization","@id":"https:\/\/perle-in.com\/#organization","name":"PERLE IN","url":"https:\/\/perle-in.com\/","logo":{"@type":"ImageObject","inLanguage":"en-CA","@id":"https:\/\/perle-in.com\/#\/schema\/logo\/image\/","url":"https:\/\/perle-in.com\/wp-content\/uploads\/2022\/12\/LOGO-PERLE-IN-COULEUR@3x.webp","contentUrl":"https:\/\/perle-in.com\/wp-content\/uploads\/2022\/12\/LOGO-PERLE-IN-COULEUR@3x.webp","width":1600,"height":490,"caption":"PERLE IN"},"image":{"@id":"https:\/\/perle-in.com\/#\/schema\/logo\/image\/"}}]}},"jetpack_sharing_enabled":true,"_links":{"self":[{"href":"https:\/\/perle-in.com\/en\/wp-json\/wp\/v2\/product\/539072","targetHints":{"allow":["GET"]}}],"collection":[{"href":"https:\/\/perle-in.com\/en\/wp-json\/wp\/v2\/product"}],"about":[{"href":"https:\/\/perle-in.com\/en\/wp-json\/wp\/v2\/types\/product"}],"version-history":[{"count":0,"href":"https:\/\/perle-in.com\/en\/wp-json\/wp\/v2\/product\/539072\/revisions"}],"wp:featuredmedia":[{"embeddable":true,"href":"https:\/\/perle-in.com\/en\/wp-json\/wp\/v2\/media\/539066"}],"wp:attachment":[{"href":"https:\/\/perle-in.com\/en\/wp-json\/wp\/v2\/media?parent=539072"}],"wp:term":[{"taxonomy":"product_brand","embeddable":true,"href":"https:\/\/perle-in.com\/en\/wp-json\/wp\/v2\/product_brand?post=539072"},{"taxonomy":"product_cat","embeddable":true,"href":"https:\/\/perle-in.com\/en\/wp-json\/wp\/v2\/product_cat?post=539072"},{"taxonomy":"product_tag","embeddable":true,"href":"https:\/\/perle-in.com\/en\/wp-json\/wp\/v2\/product_tag?post=539072"}],"curies":[{"name":"wp","href":"https:\/\/api.w.org\/{rel}","templated":true}]}}

Sac shopping Cannes en tissu recyclé de 200 g/m2 10L

<p>Ce sac shopping de grande capacité est fabriqué à partir des meilleurs matériaux 100 % recyclés. Il est conçu pour être utilisé dans la vie de tous les jours et convient pour transporter des livres lourds ou des provisions. Le mélange coton/polyester recyclé de 200 g/m² garantit la durabilité et la fiabilité du sac, qui résiste à un poids de 14 kg. Les fils proviennent d&#8217;Asie, mais le tissage, la filature et la fabrication sont réalisés en France.</p>

<!-- This site is optimized with the Yoast SEO plugin v27.4 - https://yoast.com/product/yoast-seo-wordpress/ -->
<title>Sac shopping Cannes en tissu recyclé de 200 g/m2 10L - PERLE IN</title>
<meta name="robots" content="noindex, follow, max-snippet:-1, max-image-preview:large, max-video-preview:-1" />
<meta property="og:locale" content="en_US" />
<meta property="og:type" content="article" />
<meta property="og:title" content="Sac shopping Cannes en tissu recyclé de 200 g/m2 10L - PERLE IN" />
<meta property="og:description" content="Ce sac shopping de grande capacité est fabriqué à partir des meilleurs matériaux 100 % recyclés. Il est conçu pour être utilisé dans la vie de tous les jours et convient pour transporter des livres lourds ou des provisions. Le mélange coton/polyester recyclé de 200 g/m² garantit la durabilité et la fiabilité du sac, qui résiste à un poids de 14 kg. Les fils proviennent d&#039;Asie, mais le tissage, la filature et la fabrication sont réalisés en France." />
<meta property="og:url" content="https://perle-in.com/en/product/sac-shopping-cannes-en-tissu-recycle-de-200-g-m2-10l/" />
<meta property="og:site_name" content="PERLE IN" />
<meta property="article:modified_time" content="2025-10-19T03:46:45+00:00" />
<meta property="og:image" content="https://perle-in.com/wp-content/uploads/2025/10/12069606-1.jpg" />
	<meta property="og:image:width" content="1600" />
	<meta property="og:image:height" content="1600" />
	<meta property="og:image:type" content="image/jpeg" />
<meta name="twitter:card" content="summary_large_image" />
<script type="application/ld+json" class="yoast-schema-graph">{"@context":"https:\/\/schema.org","@graph":[{"@type":"WebPage","@id":"https:\/\/perle-in.com\/produit\/sac-shopping-cannes-en-tissu-recycle-de-200-g-m2-10l\/","url":"https:\/\/perle-in.com\/produit\/sac-shopping-cannes-en-tissu-recycle-de-200-g-m2-10l\/","name":"Sac shopping Cannes en tissu recyclé de 200 g\/m2 10L - PERLE IN","isPartOf":{"@id":"https:\/\/perle-in.com\/#website"},"primaryImageOfPage":{"@id":"https:\/\/perle-in.com\/produit\/sac-shopping-cannes-en-tissu-recycle-de-200-g-m2-10l\/#primaryimage"},"image":{"@id":"https:\/\/perle-in.com\/produit\/sac-shopping-cannes-en-tissu-recycle-de-200-g-m2-10l\/#primaryimage"},"thumbnailUrl":"https:\/\/perle-in.com\/wp-content\/uploads\/2025\/10\/12069606-1.jpg","datePublished":"2025-10-14T23:32:06+00:00","dateModified":"2025-10-19T03:46:45+00:00","breadcrumb":{"@id":"https:\/\/perle-in.com\/produit\/sac-shopping-cannes-en-tissu-recycle-de-200-g-m2-10l\/#breadcrumb"},"inLanguage":"en-CA","potentialAction":[{"@type":"ReadAction","target":["https:\/\/perle-in.com\/produit\/sac-shopping-cannes-en-tissu-recycle-de-200-g-m2-10l\/"]}]},{"@type":"ImageObject","inLanguage":"en-CA","@id":"https:\/\/perle-in.com\/produit\/sac-shopping-cannes-en-tissu-recycle-de-200-g-m2-10l\/#primaryimage","url":"https:\/\/perle-in.com\/wp-content\/uploads\/2025\/10\/12069606-1.jpg","contentUrl":"https:\/\/perle-in.com\/wp-content\/uploads\/2025\/10\/12069606-1.jpg","width":1600,"height":1600},{"@type":"BreadcrumbList","@id":"https:\/\/perle-in.com\/produit\/sac-shopping-cannes-en-tissu-recycle-de-200-g-m2-10l\/#breadcrumb","itemListElement":[{"@type":"ListItem","position":1,"name":"Accueil","item":"https:\/\/perle-in.com\/"},{"@type":"ListItem","position":2,"name":"Boutique","item":"https:\/\/perle-in.com\/boutique\/"},{"@type":"ListItem","position":3,"name":"Sac shopping Cannes en tissu recyclé de 200 g\/m2 10L"}]},{"@type":"WebSite","@id":"https:\/\/perle-in.com\/#website","url":"https:\/\/perle-in.com\/","name":"PERLE IN","description":"","publisher":{"@id":"https:\/\/perle-in.com\/#organization"},"potentialAction":[{"@type":"SearchAction","target":{"@type":"EntryPoint","urlTemplate":"https:\/\/perle-in.com\/?s={search_term_string}"},"query-input":{"@type":"PropertyValueSpecification","valueRequired":true,"valueName":"search_term_string"}}],"inLanguage":"en-CA"},{"@type":"Organization","@id":"https:\/\/perle-in.com\/#organization","name":"PERLE IN","url":"https:\/\/perle-in.com\/","logo":{"@type":"ImageObject","inLanguage":"en-CA","@id":"https:\/\/perle-in.com\/#\/schema\/logo\/image\/","url":"https:\/\/perle-in.com\/wp-content\/uploads\/2022\/12\/LOGO-PERLE-IN-COULEUR@3x.webp","contentUrl":"https:\/\/perle-in.com\/wp-content\/uploads\/2022\/12\/LOGO-PERLE-IN-COULEUR@3x.webp","width":1600,"height":490,"caption":"PERLE IN"},"image":{"@id":"https:\/\/perle-in.com\/#\/schema\/logo\/image\/"}}]}</script>
<!-- / Yoast SEO plugin. -->

Sac shopping Cannes en tissu recyclé de 200 g/m2 10L - PERLE IN

Ce sac shopping de grande capacité est fabriqué à partir des meilleurs matériaux 100 % recyclés. Il est conçu pour être utilisé dans la vie de tous les jours et convient pour transporter des livres lourds ou des provisions. Le mélange coton/polyester recyclé de 200 g/m² garantit la durabilité et la fiabilité du sac, qui résiste à un poids de 14 kg. Les fils proviennent d'Asie, mais le tissage, la filature et la fabrication sont réalisés en France.
