{"id":538384,"date":"2025-10-15T00:28:39","date_gmt":"2025-10-14T22:28:39","guid":{"rendered":"https:\/\/perle-in.com\/produit\/baume-a-levres-hedon\/"},"modified":"2025-10-19T05:45:58","modified_gmt":"2025-10-19T03:45:58","slug":"baume-a-levres-hedon","status":"publish","type":"product","link":"https:\/\/perle-in.com\/en\/product\/baume-a-levres-hedon\/","title":{"rendered":"Baume \u00e0 l\u00e8vres Hedon"},"content":{"rendered":"","protected":false},"excerpt":{"rendered":"<p>Le baume \u00e0 l\u00e8vres Hedon est un produit de soin des l\u00e8vres qui offre une protection contre les rayons ultraviolets (UV) du soleil. Il est con\u00e7u pour hydrater et prot\u00e9ger les l\u00e8vres. La coque ext\u00e9rieure est en bambou. Un bon choix pour les particuliers et les entreprises qui optent pour un choix plus durable. L&#8217;ar\u00f4me est la vanille. Dur\u00e9e de conservation\u00a0: 3\u00a0ans \u00e0 compter de la date d&#8217;achat. Facteur de protection solaire 15.<\/p>","protected":false},"featured_media":538378,"template":"","meta":{"_eb_attr":""},"product_brand":[],"product_cat":[484,390],"product_tag":[3240,1394,3242,917,3241,2516],"class_list":{"0":"post-538384","1":"product","2":"type-product","3":"status-publish","4":"has-post-thumbnail","6":"product_cat-baumes-lvres","7":"product_cat-sant-et-hygine-personnelle","8":"product_tag-baume","9":"product_tag-levres","10":"product_tag-personnel","11":"product_tag-protection","12":"product_tag-soin","13":"product_tag-soleil","14":"pa_couleurs-naturel","16":"first","17":"outofstock","18":"shipping-taxable","19":"purchasable","20":"product-type-variable"},"yoast_head":"<!-- This site is optimized with the Yoast SEO plugin v27.4 - https:\/\/yoast.com\/product\/yoast-seo-wordpress\/ -->\n<title>Baume \u00e0 l\u00e8vres Hedon - PERLE IN<\/title>\n<meta name=\"robots\" content=\"noindex, follow, max-snippet:-1, max-image-preview:large, max-video-preview:-1\" \/>\n<meta property=\"og:locale\" content=\"en_US\" \/>\n<meta property=\"og:type\" content=\"article\" \/>\n<meta property=\"og:title\" content=\"Baume \u00e0 l\u00e8vres Hedon - PERLE IN\" \/>\n<meta property=\"og:description\" content=\"Le baume \u00e0 l\u00e8vres Hedon est un produit de soin des l\u00e8vres qui offre une protection contre les rayons ultraviolets (UV) du soleil. Il est con\u00e7u pour hydrater et prot\u00e9ger les l\u00e8vres. La coque ext\u00e9rieure est en bambou. Un bon choix pour les particuliers et les entreprises qui optent pour un choix plus durable. L&#039;ar\u00f4me est la vanille. Dur\u00e9e de conservation\u00a0: 3\u00a0ans \u00e0 compter de la date d&#039;achat. Facteur de protection solaire 15.\" \/>\n<meta property=\"og:url\" content=\"https:\/\/perle-in.com\/en\/product\/baume-a-levres-hedon\/\" \/>\n<meta property=\"og:site_name\" content=\"PERLE IN\" \/>\n<meta property=\"article:modified_time\" content=\"2025-10-19T03:45:58+00:00\" \/>\n<meta property=\"og:image\" content=\"https:\/\/perle-in.com\/wp-content\/uploads\/2025\/10\/12630506-1.jpg\" \/>\n\t<meta property=\"og:image:width\" content=\"1600\" \/>\n\t<meta property=\"og:image:height\" content=\"1600\" \/>\n\t<meta property=\"og:image:type\" content=\"image\/jpeg\" \/>\n<meta name=\"twitter:card\" content=\"summary_large_image\" \/>\n<script type=\"application\/ld+json\" class=\"yoast-schema-graph\">{\"@context\":\"https:\\\/\\\/schema.org\",\"@graph\":[{\"@type\":\"WebPage\",\"@id\":\"https:\\\/\\\/perle-in.com\\\/produit\\\/baume-a-levres-hedon\\\/\",\"url\":\"https:\\\/\\\/perle-in.com\\\/produit\\\/baume-a-levres-hedon\\\/\",\"name\":\"Baume \u00e0 l\u00e8vres Hedon - PERLE IN\",\"isPartOf\":{\"@id\":\"https:\\\/\\\/perle-in.com\\\/#website\"},\"primaryImageOfPage\":{\"@id\":\"https:\\\/\\\/perle-in.com\\\/produit\\\/baume-a-levres-hedon\\\/#primaryimage\"},\"image\":{\"@id\":\"https:\\\/\\\/perle-in.com\\\/produit\\\/baume-a-levres-hedon\\\/#primaryimage\"},\"thumbnailUrl\":\"https:\\\/\\\/perle-in.com\\\/wp-content\\\/uploads\\\/2025\\\/10\\\/12630506-1.jpg\",\"datePublished\":\"2025-10-14T22:28:39+00:00\",\"dateModified\":\"2025-10-19T03:45:58+00:00\",\"breadcrumb\":{\"@id\":\"https:\\\/\\\/perle-in.com\\\/produit\\\/baume-a-levres-hedon\\\/#breadcrumb\"},\"inLanguage\":\"en-CA\",\"potentialAction\":[{\"@type\":\"ReadAction\",\"target\":[\"https:\\\/\\\/perle-in.com\\\/produit\\\/baume-a-levres-hedon\\\/\"]}]},{\"@type\":\"ImageObject\",\"inLanguage\":\"en-CA\",\"@id\":\"https:\\\/\\\/perle-in.com\\\/produit\\\/baume-a-levres-hedon\\\/#primaryimage\",\"url\":\"https:\\\/\\\/perle-in.com\\\/wp-content\\\/uploads\\\/2025\\\/10\\\/12630506-1.jpg\",\"contentUrl\":\"https:\\\/\\\/perle-in.com\\\/wp-content\\\/uploads\\\/2025\\\/10\\\/12630506-1.jpg\",\"width\":1600,\"height\":1600},{\"@type\":\"BreadcrumbList\",\"@id\":\"https:\\\/\\\/perle-in.com\\\/produit\\\/baume-a-levres-hedon\\\/#breadcrumb\",\"itemListElement\":[{\"@type\":\"ListItem\",\"position\":1,\"name\":\"Accueil\",\"item\":\"https:\\\/\\\/perle-in.com\\\/\"},{\"@type\":\"ListItem\",\"position\":2,\"name\":\"Boutique\",\"item\":\"https:\\\/\\\/perle-in.com\\\/boutique\\\/\"},{\"@type\":\"ListItem\",\"position\":3,\"name\":\"Baume \u00e0 l\u00e8vres Hedon\"}]},{\"@type\":\"WebSite\",\"@id\":\"https:\\\/\\\/perle-in.com\\\/#website\",\"url\":\"https:\\\/\\\/perle-in.com\\\/\",\"name\":\"PERLE IN\",\"description\":\"\",\"publisher\":{\"@id\":\"https:\\\/\\\/perle-in.com\\\/#organization\"},\"potentialAction\":[{\"@type\":\"SearchAction\",\"target\":{\"@type\":\"EntryPoint\",\"urlTemplate\":\"https:\\\/\\\/perle-in.com\\\/?s={search_term_string}\"},\"query-input\":{\"@type\":\"PropertyValueSpecification\",\"valueRequired\":true,\"valueName\":\"search_term_string\"}}],\"inLanguage\":\"en-CA\"},{\"@type\":\"Organization\",\"@id\":\"https:\\\/\\\/perle-in.com\\\/#organization\",\"name\":\"PERLE IN\",\"url\":\"https:\\\/\\\/perle-in.com\\\/\",\"logo\":{\"@type\":\"ImageObject\",\"inLanguage\":\"en-CA\",\"@id\":\"https:\\\/\\\/perle-in.com\\\/#\\\/schema\\\/logo\\\/image\\\/\",\"url\":\"https:\\\/\\\/perle-in.com\\\/wp-content\\\/uploads\\\/2022\\\/12\\\/LOGO-PERLE-IN-COULEUR@3x.webp\",\"contentUrl\":\"https:\\\/\\\/perle-in.com\\\/wp-content\\\/uploads\\\/2022\\\/12\\\/LOGO-PERLE-IN-COULEUR@3x.webp\",\"width\":1600,\"height\":490,\"caption\":\"PERLE IN\"},\"image\":{\"@id\":\"https:\\\/\\\/perle-in.com\\\/#\\\/schema\\\/logo\\\/image\\\/\"}}]}<\/script>\n<!-- \/ Yoast SEO plugin. -->","yoast_head_json":{"title":"Baume \u00e0 l\u00e8vres Hedon - PERLE IN","robots":{"index":"noindex","follow":"follow","max-snippet":"max-snippet:-1","max-image-preview":"max-image-preview:large","max-video-preview":"max-video-preview:-1"},"og_locale":"en_US","og_type":"article","og_title":"Baume \u00e0 l\u00e8vres Hedon - PERLE IN","og_description":"Le baume \u00e0 l\u00e8vres Hedon est un produit de soin des l\u00e8vres qui offre une protection contre les rayons ultraviolets (UV) du soleil. Il est con\u00e7u pour hydrater et prot\u00e9ger les l\u00e8vres. La coque ext\u00e9rieure est en bambou. Un bon choix pour les particuliers et les entreprises qui optent pour un choix plus durable. L'ar\u00f4me est la vanille. Dur\u00e9e de conservation\u00a0: 3\u00a0ans \u00e0 compter de la date d'achat. Facteur de protection solaire 15.","og_url":"https:\/\/perle-in.com\/en\/product\/baume-a-levres-hedon\/","og_site_name":"PERLE IN","article_modified_time":"2025-10-19T03:45:58+00:00","og_image":[{"width":1600,"height":1600,"url":"https:\/\/perle-in.com\/wp-content\/uploads\/2025\/10\/12630506-1.jpg","type":"image\/jpeg"}],"twitter_card":"summary_large_image","schema":{"@context":"https:\/\/schema.org","@graph":[{"@type":"WebPage","@id":"https:\/\/perle-in.com\/produit\/baume-a-levres-hedon\/","url":"https:\/\/perle-in.com\/produit\/baume-a-levres-hedon\/","name":"Baume \u00e0 l\u00e8vres Hedon - PERLE IN","isPartOf":{"@id":"https:\/\/perle-in.com\/#website"},"primaryImageOfPage":{"@id":"https:\/\/perle-in.com\/produit\/baume-a-levres-hedon\/#primaryimage"},"image":{"@id":"https:\/\/perle-in.com\/produit\/baume-a-levres-hedon\/#primaryimage"},"thumbnailUrl":"https:\/\/perle-in.com\/wp-content\/uploads\/2025\/10\/12630506-1.jpg","datePublished":"2025-10-14T22:28:39+00:00","dateModified":"2025-10-19T03:45:58+00:00","breadcrumb":{"@id":"https:\/\/perle-in.com\/produit\/baume-a-levres-hedon\/#breadcrumb"},"inLanguage":"en-CA","potentialAction":[{"@type":"ReadAction","target":["https:\/\/perle-in.com\/produit\/baume-a-levres-hedon\/"]}]},{"@type":"ImageObject","inLanguage":"en-CA","@id":"https:\/\/perle-in.com\/produit\/baume-a-levres-hedon\/#primaryimage","url":"https:\/\/perle-in.com\/wp-content\/uploads\/2025\/10\/12630506-1.jpg","contentUrl":"https:\/\/perle-in.com\/wp-content\/uploads\/2025\/10\/12630506-1.jpg","width":1600,"height":1600},{"@type":"BreadcrumbList","@id":"https:\/\/perle-in.com\/produit\/baume-a-levres-hedon\/#breadcrumb","itemListElement":[{"@type":"ListItem","position":1,"name":"Accueil","item":"https:\/\/perle-in.com\/"},{"@type":"ListItem","position":2,"name":"Boutique","item":"https:\/\/perle-in.com\/boutique\/"},{"@type":"ListItem","position":3,"name":"Baume \u00e0 l\u00e8vres Hedon"}]},{"@type":"WebSite","@id":"https:\/\/perle-in.com\/#website","url":"https:\/\/perle-in.com\/","name":"PERLE IN","description":"","publisher":{"@id":"https:\/\/perle-in.com\/#organization"},"potentialAction":[{"@type":"SearchAction","target":{"@type":"EntryPoint","urlTemplate":"https:\/\/perle-in.com\/?s={search_term_string}"},"query-input":{"@type":"PropertyValueSpecification","valueRequired":true,"valueName":"search_term_string"}}],"inLanguage":"en-CA"},{"@type":"Organization","@id":"https:\/\/perle-in.com\/#organization","name":"PERLE IN","url":"https:\/\/perle-in.com\/","logo":{"@type":"ImageObject","inLanguage":"en-CA","@id":"https:\/\/perle-in.com\/#\/schema\/logo\/image\/","url":"https:\/\/perle-in.com\/wp-content\/uploads\/2022\/12\/LOGO-PERLE-IN-COULEUR@3x.webp","contentUrl":"https:\/\/perle-in.com\/wp-content\/uploads\/2022\/12\/LOGO-PERLE-IN-COULEUR@3x.webp","width":1600,"height":490,"caption":"PERLE IN"},"image":{"@id":"https:\/\/perle-in.com\/#\/schema\/logo\/image\/"}}]}},"jetpack_sharing_enabled":true,"_links":{"self":[{"href":"https:\/\/perle-in.com\/en\/wp-json\/wp\/v2\/product\/538384","targetHints":{"allow":["GET"]}}],"collection":[{"href":"https:\/\/perle-in.com\/en\/wp-json\/wp\/v2\/product"}],"about":[{"href":"https:\/\/perle-in.com\/en\/wp-json\/wp\/v2\/types\/product"}],"version-history":[{"count":0,"href":"https:\/\/perle-in.com\/en\/wp-json\/wp\/v2\/product\/538384\/revisions"}],"wp:featuredmedia":[{"embeddable":true,"href":"https:\/\/perle-in.com\/en\/wp-json\/wp\/v2\/media\/538378"}],"wp:attachment":[{"href":"https:\/\/perle-in.com\/en\/wp-json\/wp\/v2\/media?parent=538384"}],"wp:term":[{"taxonomy":"product_brand","embeddable":true,"href":"https:\/\/perle-in.com\/en\/wp-json\/wp\/v2\/product_brand?post=538384"},{"taxonomy":"product_cat","embeddable":true,"href":"https:\/\/perle-in.com\/en\/wp-json\/wp\/v2\/product_cat?post=538384"},{"taxonomy":"product_tag","embeddable":true,"href":"https:\/\/perle-in.com\/en\/wp-json\/wp\/v2\/product_tag?post=538384"}],"curies":[{"name":"wp","href":"https:\/\/api.w.org\/{rel}","templated":true}]}}

Baume à lèvres Hedon

<p>Le baume à lèvres Hedon est un produit de soin des lèvres qui offre une protection contre les rayons ultraviolets (UV) du soleil. Il est conçu pour hydrater et protéger les lèvres. La coque extérieure est en bambou. Un bon choix pour les particuliers et les entreprises qui optent pour un choix plus durable. L&#8217;arôme est la vanille. Durée de conservation : 3 ans à compter de la date d&#8217;achat. Facteur de protection solaire 15.</p>

<!-- This site is optimized with the Yoast SEO plugin v27.4 - https://yoast.com/product/yoast-seo-wordpress/ -->
<title>Baume à lèvres Hedon - PERLE IN</title>
<meta name="robots" content="noindex, follow, max-snippet:-1, max-image-preview:large, max-video-preview:-1" />
<meta property="og:locale" content="en_US" />
<meta property="og:type" content="article" />
<meta property="og:title" content="Baume à lèvres Hedon - PERLE IN" />
<meta property="og:description" content="Le baume à lèvres Hedon est un produit de soin des lèvres qui offre une protection contre les rayons ultraviolets (UV) du soleil. Il est conçu pour hydrater et protéger les lèvres. La coque extérieure est en bambou. Un bon choix pour les particuliers et les entreprises qui optent pour un choix plus durable. L&#039;arôme est la vanille. Durée de conservation : 3 ans à compter de la date d&#039;achat. Facteur de protection solaire 15." />
<meta property="og:url" content="https://perle-in.com/en/product/baume-a-levres-hedon/" />
<meta property="og:site_name" content="PERLE IN" />
<meta property="article:modified_time" content="2025-10-19T03:45:58+00:00" />
<meta property="og:image" content="https://perle-in.com/wp-content/uploads/2025/10/12630506-1.jpg" />
	<meta property="og:image:width" content="1600" />
	<meta property="og:image:height" content="1600" />
	<meta property="og:image:type" content="image/jpeg" />
<meta name="twitter:card" content="summary_large_image" />
<script type="application/ld+json" class="yoast-schema-graph">{"@context":"https:\/\/schema.org","@graph":[{"@type":"WebPage","@id":"https:\/\/perle-in.com\/produit\/baume-a-levres-hedon\/","url":"https:\/\/perle-in.com\/produit\/baume-a-levres-hedon\/","name":"Baume à lèvres Hedon - PERLE IN","isPartOf":{"@id":"https:\/\/perle-in.com\/#website"},"primaryImageOfPage":{"@id":"https:\/\/perle-in.com\/produit\/baume-a-levres-hedon\/#primaryimage"},"image":{"@id":"https:\/\/perle-in.com\/produit\/baume-a-levres-hedon\/#primaryimage"},"thumbnailUrl":"https:\/\/perle-in.com\/wp-content\/uploads\/2025\/10\/12630506-1.jpg","datePublished":"2025-10-14T22:28:39+00:00","dateModified":"2025-10-19T03:45:58+00:00","breadcrumb":{"@id":"https:\/\/perle-in.com\/produit\/baume-a-levres-hedon\/#breadcrumb"},"inLanguage":"en-CA","potentialAction":[{"@type":"ReadAction","target":["https:\/\/perle-in.com\/produit\/baume-a-levres-hedon\/"]}]},{"@type":"ImageObject","inLanguage":"en-CA","@id":"https:\/\/perle-in.com\/produit\/baume-a-levres-hedon\/#primaryimage","url":"https:\/\/perle-in.com\/wp-content\/uploads\/2025\/10\/12630506-1.jpg","contentUrl":"https:\/\/perle-in.com\/wp-content\/uploads\/2025\/10\/12630506-1.jpg","width":1600,"height":1600},{"@type":"BreadcrumbList","@id":"https:\/\/perle-in.com\/produit\/baume-a-levres-hedon\/#breadcrumb","itemListElement":[{"@type":"ListItem","position":1,"name":"Accueil","item":"https:\/\/perle-in.com\/"},{"@type":"ListItem","position":2,"name":"Boutique","item":"https:\/\/perle-in.com\/boutique\/"},{"@type":"ListItem","position":3,"name":"Baume à lèvres Hedon"}]},{"@type":"WebSite","@id":"https:\/\/perle-in.com\/#website","url":"https:\/\/perle-in.com\/","name":"PERLE IN","description":"","publisher":{"@id":"https:\/\/perle-in.com\/#organization"},"potentialAction":[{"@type":"SearchAction","target":{"@type":"EntryPoint","urlTemplate":"https:\/\/perle-in.com\/?s={search_term_string}"},"query-input":{"@type":"PropertyValueSpecification","valueRequired":true,"valueName":"search_term_string"}}],"inLanguage":"en-CA"},{"@type":"Organization","@id":"https:\/\/perle-in.com\/#organization","name":"PERLE IN","url":"https:\/\/perle-in.com\/","logo":{"@type":"ImageObject","inLanguage":"en-CA","@id":"https:\/\/perle-in.com\/#\/schema\/logo\/image\/","url":"https:\/\/perle-in.com\/wp-content\/uploads\/2022\/12\/LOGO-PERLE-IN-COULEUR@3x.webp","contentUrl":"https:\/\/perle-in.com\/wp-content\/uploads\/2022\/12\/LOGO-PERLE-IN-COULEUR@3x.webp","width":1600,"height":490,"caption":"PERLE IN"},"image":{"@id":"https:\/\/perle-in.com\/#\/schema\/logo\/image\/"}}]}</script>
<!-- / Yoast SEO plugin. -->

Baume à lèvres Hedon - PERLE IN

Le baume à lèvres Hedon est un produit de soin des lèvres qui offre une protection contre les rayons ultraviolets (UV) du soleil. Il est conçu pour hydrater et protéger les lèvres. La coque extérieure est en bambou. Un bon choix pour les particuliers et les entreprises qui optent pour un choix plus durable. L'arôme est la vanille. Durée de conservation : 3 ans à compter de la date d'achat. Facteur de protection solaire 15.
