{"id":537432,"date":"2025-10-14T23:04:52","date_gmt":"2025-10-14T21:04:52","guid":{"rendered":"https:\/\/perle-in.com\/produit\/sac-banane-trailhead-de-25-l-leger-et-en-tissu-recycle-grs\/"},"modified":"2025-10-19T05:45:35","modified_gmt":"2025-10-19T03:45:35","slug":"sac-banane-trailhead-de-25-l-leger-et-en-tissu-recycle-grs","status":"publish","type":"product","link":"https:\/\/perle-in.com\/en\/product\/sac-banane-trailhead-de-25-l-leger-et-en-tissu-recycle-grs\/","title":{"rendered":"Sac banane Trailhead de 2,5\u00a0L l\u00e9ger et en tissu recycl\u00e9 GRS"},"content":{"rendered":"","protected":false},"excerpt":{"rendered":"<p>Fabriqu\u00e9 avec un tissu GRS recycl\u00e9 et hydrofuge ainsi qu&#8217;une doublure GRS recycl\u00e9e, le sac banane Trailhead dispose d&#8217;un compartiment principal zipp\u00e9, d&#8217;une ceinture r\u00e9glable et d&#8217;une poche zipp\u00e9e \u00e0 l&#8217;int\u00e9rieur du compartiment principal pour un rangement suppl\u00e9mentaire. Il dispose \u00e9galement d&#8217;un motif quadrill\u00e9 tendance, ajoutant une touche de style.<\/p>","protected":false},"featured_media":537424,"template":"","meta":{"_eb_attr":""},"product_brand":[],"product_cat":[426,1241,129],"product_tag":[837,2654,3153],"class_list":{"0":"post-537432","1":"product","2":"type-product","3":"status-publish","4":"has-post-thumbnail","6":"product_cat-accessoires-de-voyage","7":"product_cat-accessoires-de-voyage-sport-et-loisirs","8":"product_cat-sport-et-loisirs","9":"product_tag-durable","10":"product_tag-grs","11":"product_tag-sac-banane","12":"pa_couleurs-noir-gris","13":"pa_green-points-2830","14":"pa_matiere-ripstop-polyester-recycle-certifie-grs-600d-polyester-recycle-certifie-grs","16":"first","17":"instock","18":"shipping-taxable","19":"purchasable","20":"product-type-variable"},"yoast_head":"<!-- This site is optimized with the Yoast SEO plugin v27.4 - https:\/\/yoast.com\/product\/yoast-seo-wordpress\/ -->\n<title>Sac banane Trailhead de 2,5\u00a0L l\u00e9ger et en tissu recycl\u00e9 GRS - PERLE IN<\/title>\n<meta name=\"robots\" content=\"noindex, follow, max-snippet:-1, max-image-preview:large, max-video-preview:-1\" \/>\n<meta property=\"og:locale\" content=\"en_US\" \/>\n<meta property=\"og:type\" content=\"article\" \/>\n<meta property=\"og:title\" content=\"Sac banane Trailhead de 2,5\u00a0L l\u00e9ger et en tissu recycl\u00e9 GRS - PERLE IN\" \/>\n<meta property=\"og:description\" content=\"Fabriqu\u00e9 avec un tissu GRS recycl\u00e9 et hydrofuge ainsi qu&#039;une doublure GRS recycl\u00e9e, le sac banane Trailhead dispose d&#039;un compartiment principal zipp\u00e9, d&#039;une ceinture r\u00e9glable et d&#039;une poche zipp\u00e9e \u00e0 l&#039;int\u00e9rieur du compartiment principal pour un rangement suppl\u00e9mentaire. Il dispose \u00e9galement d&#039;un motif quadrill\u00e9 tendance, ajoutant une touche de style.\" \/>\n<meta property=\"og:url\" content=\"https:\/\/perle-in.com\/en\/product\/sac-banane-trailhead-de-25-l-leger-et-en-tissu-recycle-grs\/\" \/>\n<meta property=\"og:site_name\" content=\"PERLE IN\" \/>\n<meta property=\"article:modified_time\" content=\"2025-10-19T03:45:35+00:00\" \/>\n<meta property=\"og:image\" content=\"https:\/\/perle-in.com\/wp-content\/uploads\/2025\/10\/12068490-1.jpg\" \/>\n\t<meta property=\"og:image:width\" content=\"1600\" \/>\n\t<meta property=\"og:image:height\" content=\"1600\" \/>\n\t<meta property=\"og:image:type\" content=\"image\/jpeg\" \/>\n<meta name=\"twitter:card\" content=\"summary_large_image\" \/>\n<script type=\"application\/ld+json\" class=\"yoast-schema-graph\">{\"@context\":\"https:\\\/\\\/schema.org\",\"@graph\":[{\"@type\":\"WebPage\",\"@id\":\"https:\\\/\\\/perle-in.com\\\/produit\\\/sac-banane-trailhead-de-25-l-leger-et-en-tissu-recycle-grs\\\/\",\"url\":\"https:\\\/\\\/perle-in.com\\\/produit\\\/sac-banane-trailhead-de-25-l-leger-et-en-tissu-recycle-grs\\\/\",\"name\":\"Sac banane Trailhead de 2,5\u00a0L l\u00e9ger et en tissu recycl\u00e9 GRS - PERLE IN\",\"isPartOf\":{\"@id\":\"https:\\\/\\\/perle-in.com\\\/#website\"},\"primaryImageOfPage\":{\"@id\":\"https:\\\/\\\/perle-in.com\\\/produit\\\/sac-banane-trailhead-de-25-l-leger-et-en-tissu-recycle-grs\\\/#primaryimage\"},\"image\":{\"@id\":\"https:\\\/\\\/perle-in.com\\\/produit\\\/sac-banane-trailhead-de-25-l-leger-et-en-tissu-recycle-grs\\\/#primaryimage\"},\"thumbnailUrl\":\"https:\\\/\\\/perle-in.com\\\/wp-content\\\/uploads\\\/2025\\\/10\\\/12068490-1.jpg\",\"datePublished\":\"2025-10-14T21:04:52+00:00\",\"dateModified\":\"2025-10-19T03:45:35+00:00\",\"breadcrumb\":{\"@id\":\"https:\\\/\\\/perle-in.com\\\/produit\\\/sac-banane-trailhead-de-25-l-leger-et-en-tissu-recycle-grs\\\/#breadcrumb\"},\"inLanguage\":\"en-CA\",\"potentialAction\":[{\"@type\":\"ReadAction\",\"target\":[\"https:\\\/\\\/perle-in.com\\\/produit\\\/sac-banane-trailhead-de-25-l-leger-et-en-tissu-recycle-grs\\\/\"]}]},{\"@type\":\"ImageObject\",\"inLanguage\":\"en-CA\",\"@id\":\"https:\\\/\\\/perle-in.com\\\/produit\\\/sac-banane-trailhead-de-25-l-leger-et-en-tissu-recycle-grs\\\/#primaryimage\",\"url\":\"https:\\\/\\\/perle-in.com\\\/wp-content\\\/uploads\\\/2025\\\/10\\\/12068490-1.jpg\",\"contentUrl\":\"https:\\\/\\\/perle-in.com\\\/wp-content\\\/uploads\\\/2025\\\/10\\\/12068490-1.jpg\",\"width\":1600,\"height\":1600},{\"@type\":\"BreadcrumbList\",\"@id\":\"https:\\\/\\\/perle-in.com\\\/produit\\\/sac-banane-trailhead-de-25-l-leger-et-en-tissu-recycle-grs\\\/#breadcrumb\",\"itemListElement\":[{\"@type\":\"ListItem\",\"position\":1,\"name\":\"Accueil\",\"item\":\"https:\\\/\\\/perle-in.com\\\/\"},{\"@type\":\"ListItem\",\"position\":2,\"name\":\"Boutique\",\"item\":\"https:\\\/\\\/perle-in.com\\\/boutique\\\/\"},{\"@type\":\"ListItem\",\"position\":3,\"name\":\"Sac banane Trailhead de 2,5\u00a0L l\u00e9ger et en tissu recycl\u00e9 GRS\"}]},{\"@type\":\"WebSite\",\"@id\":\"https:\\\/\\\/perle-in.com\\\/#website\",\"url\":\"https:\\\/\\\/perle-in.com\\\/\",\"name\":\"PERLE IN\",\"description\":\"\",\"publisher\":{\"@id\":\"https:\\\/\\\/perle-in.com\\\/#organization\"},\"potentialAction\":[{\"@type\":\"SearchAction\",\"target\":{\"@type\":\"EntryPoint\",\"urlTemplate\":\"https:\\\/\\\/perle-in.com\\\/?s={search_term_string}\"},\"query-input\":{\"@type\":\"PropertyValueSpecification\",\"valueRequired\":true,\"valueName\":\"search_term_string\"}}],\"inLanguage\":\"en-CA\"},{\"@type\":\"Organization\",\"@id\":\"https:\\\/\\\/perle-in.com\\\/#organization\",\"name\":\"PERLE IN\",\"url\":\"https:\\\/\\\/perle-in.com\\\/\",\"logo\":{\"@type\":\"ImageObject\",\"inLanguage\":\"en-CA\",\"@id\":\"https:\\\/\\\/perle-in.com\\\/#\\\/schema\\\/logo\\\/image\\\/\",\"url\":\"https:\\\/\\\/perle-in.com\\\/wp-content\\\/uploads\\\/2022\\\/12\\\/LOGO-PERLE-IN-COULEUR@3x.webp\",\"contentUrl\":\"https:\\\/\\\/perle-in.com\\\/wp-content\\\/uploads\\\/2022\\\/12\\\/LOGO-PERLE-IN-COULEUR@3x.webp\",\"width\":1600,\"height\":490,\"caption\":\"PERLE IN\"},\"image\":{\"@id\":\"https:\\\/\\\/perle-in.com\\\/#\\\/schema\\\/logo\\\/image\\\/\"}}]}<\/script>\n<!-- \/ Yoast SEO plugin. -->","yoast_head_json":{"title":"Sac banane Trailhead de 2,5\u00a0L l\u00e9ger et en tissu recycl\u00e9 GRS - PERLE IN","robots":{"index":"noindex","follow":"follow","max-snippet":"max-snippet:-1","max-image-preview":"max-image-preview:large","max-video-preview":"max-video-preview:-1"},"og_locale":"en_US","og_type":"article","og_title":"Sac banane Trailhead de 2,5\u00a0L l\u00e9ger et en tissu recycl\u00e9 GRS - PERLE IN","og_description":"Fabriqu\u00e9 avec un tissu GRS recycl\u00e9 et hydrofuge ainsi qu'une doublure GRS recycl\u00e9e, le sac banane Trailhead dispose d'un compartiment principal zipp\u00e9, d'une ceinture r\u00e9glable et d'une poche zipp\u00e9e \u00e0 l'int\u00e9rieur du compartiment principal pour un rangement suppl\u00e9mentaire. Il dispose \u00e9galement d'un motif quadrill\u00e9 tendance, ajoutant une touche de style.","og_url":"https:\/\/perle-in.com\/en\/product\/sac-banane-trailhead-de-25-l-leger-et-en-tissu-recycle-grs\/","og_site_name":"PERLE IN","article_modified_time":"2025-10-19T03:45:35+00:00","og_image":[{"width":1600,"height":1600,"url":"https:\/\/perle-in.com\/wp-content\/uploads\/2025\/10\/12068490-1.jpg","type":"image\/jpeg"}],"twitter_card":"summary_large_image","schema":{"@context":"https:\/\/schema.org","@graph":[{"@type":"WebPage","@id":"https:\/\/perle-in.com\/produit\/sac-banane-trailhead-de-25-l-leger-et-en-tissu-recycle-grs\/","url":"https:\/\/perle-in.com\/produit\/sac-banane-trailhead-de-25-l-leger-et-en-tissu-recycle-grs\/","name":"Sac banane Trailhead de 2,5\u00a0L l\u00e9ger et en tissu recycl\u00e9 GRS - PERLE IN","isPartOf":{"@id":"https:\/\/perle-in.com\/#website"},"primaryImageOfPage":{"@id":"https:\/\/perle-in.com\/produit\/sac-banane-trailhead-de-25-l-leger-et-en-tissu-recycle-grs\/#primaryimage"},"image":{"@id":"https:\/\/perle-in.com\/produit\/sac-banane-trailhead-de-25-l-leger-et-en-tissu-recycle-grs\/#primaryimage"},"thumbnailUrl":"https:\/\/perle-in.com\/wp-content\/uploads\/2025\/10\/12068490-1.jpg","datePublished":"2025-10-14T21:04:52+00:00","dateModified":"2025-10-19T03:45:35+00:00","breadcrumb":{"@id":"https:\/\/perle-in.com\/produit\/sac-banane-trailhead-de-25-l-leger-et-en-tissu-recycle-grs\/#breadcrumb"},"inLanguage":"en-CA","potentialAction":[{"@type":"ReadAction","target":["https:\/\/perle-in.com\/produit\/sac-banane-trailhead-de-25-l-leger-et-en-tissu-recycle-grs\/"]}]},{"@type":"ImageObject","inLanguage":"en-CA","@id":"https:\/\/perle-in.com\/produit\/sac-banane-trailhead-de-25-l-leger-et-en-tissu-recycle-grs\/#primaryimage","url":"https:\/\/perle-in.com\/wp-content\/uploads\/2025\/10\/12068490-1.jpg","contentUrl":"https:\/\/perle-in.com\/wp-content\/uploads\/2025\/10\/12068490-1.jpg","width":1600,"height":1600},{"@type":"BreadcrumbList","@id":"https:\/\/perle-in.com\/produit\/sac-banane-trailhead-de-25-l-leger-et-en-tissu-recycle-grs\/#breadcrumb","itemListElement":[{"@type":"ListItem","position":1,"name":"Accueil","item":"https:\/\/perle-in.com\/"},{"@type":"ListItem","position":2,"name":"Boutique","item":"https:\/\/perle-in.com\/boutique\/"},{"@type":"ListItem","position":3,"name":"Sac banane Trailhead de 2,5\u00a0L l\u00e9ger et en tissu recycl\u00e9 GRS"}]},{"@type":"WebSite","@id":"https:\/\/perle-in.com\/#website","url":"https:\/\/perle-in.com\/","name":"PERLE IN","description":"","publisher":{"@id":"https:\/\/perle-in.com\/#organization"},"potentialAction":[{"@type":"SearchAction","target":{"@type":"EntryPoint","urlTemplate":"https:\/\/perle-in.com\/?s={search_term_string}"},"query-input":{"@type":"PropertyValueSpecification","valueRequired":true,"valueName":"search_term_string"}}],"inLanguage":"en-CA"},{"@type":"Organization","@id":"https:\/\/perle-in.com\/#organization","name":"PERLE IN","url":"https:\/\/perle-in.com\/","logo":{"@type":"ImageObject","inLanguage":"en-CA","@id":"https:\/\/perle-in.com\/#\/schema\/logo\/image\/","url":"https:\/\/perle-in.com\/wp-content\/uploads\/2022\/12\/LOGO-PERLE-IN-COULEUR@3x.webp","contentUrl":"https:\/\/perle-in.com\/wp-content\/uploads\/2022\/12\/LOGO-PERLE-IN-COULEUR@3x.webp","width":1600,"height":490,"caption":"PERLE IN"},"image":{"@id":"https:\/\/perle-in.com\/#\/schema\/logo\/image\/"}}]}},"jetpack_sharing_enabled":true,"_links":{"self":[{"href":"https:\/\/perle-in.com\/en\/wp-json\/wp\/v2\/product\/537432","targetHints":{"allow":["GET"]}}],"collection":[{"href":"https:\/\/perle-in.com\/en\/wp-json\/wp\/v2\/product"}],"about":[{"href":"https:\/\/perle-in.com\/en\/wp-json\/wp\/v2\/types\/product"}],"version-history":[{"count":0,"href":"https:\/\/perle-in.com\/en\/wp-json\/wp\/v2\/product\/537432\/revisions"}],"wp:featuredmedia":[{"embeddable":true,"href":"https:\/\/perle-in.com\/en\/wp-json\/wp\/v2\/media\/537424"}],"wp:attachment":[{"href":"https:\/\/perle-in.com\/en\/wp-json\/wp\/v2\/media?parent=537432"}],"wp:term":[{"taxonomy":"product_brand","embeddable":true,"href":"https:\/\/perle-in.com\/en\/wp-json\/wp\/v2\/product_brand?post=537432"},{"taxonomy":"product_cat","embeddable":true,"href":"https:\/\/perle-in.com\/en\/wp-json\/wp\/v2\/product_cat?post=537432"},{"taxonomy":"product_tag","embeddable":true,"href":"https:\/\/perle-in.com\/en\/wp-json\/wp\/v2\/product_tag?post=537432"}],"curies":[{"name":"wp","href":"https:\/\/api.w.org\/{rel}","templated":true}]}}

Sac banane Trailhead de 2,5 L léger et en tissu recyclé GRS

<p>Fabriqué avec un tissu GRS recyclé et hydrofuge ainsi qu&#8217;une doublure GRS recyclée, le sac banane Trailhead dispose d&#8217;un compartiment principal zippé, d&#8217;une ceinture réglable et d&#8217;une poche zippée à l&#8217;intérieur du compartiment principal pour un rangement supplémentaire. Il dispose également d&#8217;un motif quadrillé tendance, ajoutant une touche de style.</p>

<!-- This site is optimized with the Yoast SEO plugin v27.4 - https://yoast.com/product/yoast-seo-wordpress/ -->
<title>Sac banane Trailhead de 2,5 L léger et en tissu recyclé GRS - PERLE IN</title>
<meta name="robots" content="noindex, follow, max-snippet:-1, max-image-preview:large, max-video-preview:-1" />
<meta property="og:locale" content="en_US" />
<meta property="og:type" content="article" />
<meta property="og:title" content="Sac banane Trailhead de 2,5 L léger et en tissu recyclé GRS - PERLE IN" />
<meta property="og:description" content="Fabriqué avec un tissu GRS recyclé et hydrofuge ainsi qu&#039;une doublure GRS recyclée, le sac banane Trailhead dispose d&#039;un compartiment principal zippé, d&#039;une ceinture réglable et d&#039;une poche zippée à l&#039;intérieur du compartiment principal pour un rangement supplémentaire. Il dispose également d&#039;un motif quadrillé tendance, ajoutant une touche de style." />
<meta property="og:url" content="https://perle-in.com/en/product/sac-banane-trailhead-de-25-l-leger-et-en-tissu-recycle-grs/" />
<meta property="og:site_name" content="PERLE IN" />
<meta property="article:modified_time" content="2025-10-19T03:45:35+00:00" />
<meta property="og:image" content="https://perle-in.com/wp-content/uploads/2025/10/12068490-1.jpg" />
	<meta property="og:image:width" content="1600" />
	<meta property="og:image:height" content="1600" />
	<meta property="og:image:type" content="image/jpeg" />
<meta name="twitter:card" content="summary_large_image" />
<script type="application/ld+json" class="yoast-schema-graph">{"@context":"https:\/\/schema.org","@graph":[{"@type":"WebPage","@id":"https:\/\/perle-in.com\/produit\/sac-banane-trailhead-de-25-l-leger-et-en-tissu-recycle-grs\/","url":"https:\/\/perle-in.com\/produit\/sac-banane-trailhead-de-25-l-leger-et-en-tissu-recycle-grs\/","name":"Sac banane Trailhead de 2,5 L léger et en tissu recyclé GRS - PERLE IN","isPartOf":{"@id":"https:\/\/perle-in.com\/#website"},"primaryImageOfPage":{"@id":"https:\/\/perle-in.com\/produit\/sac-banane-trailhead-de-25-l-leger-et-en-tissu-recycle-grs\/#primaryimage"},"image":{"@id":"https:\/\/perle-in.com\/produit\/sac-banane-trailhead-de-25-l-leger-et-en-tissu-recycle-grs\/#primaryimage"},"thumbnailUrl":"https:\/\/perle-in.com\/wp-content\/uploads\/2025\/10\/12068490-1.jpg","datePublished":"2025-10-14T21:04:52+00:00","dateModified":"2025-10-19T03:45:35+00:00","breadcrumb":{"@id":"https:\/\/perle-in.com\/produit\/sac-banane-trailhead-de-25-l-leger-et-en-tissu-recycle-grs\/#breadcrumb"},"inLanguage":"en-CA","potentialAction":[{"@type":"ReadAction","target":["https:\/\/perle-in.com\/produit\/sac-banane-trailhead-de-25-l-leger-et-en-tissu-recycle-grs\/"]}]},{"@type":"ImageObject","inLanguage":"en-CA","@id":"https:\/\/perle-in.com\/produit\/sac-banane-trailhead-de-25-l-leger-et-en-tissu-recycle-grs\/#primaryimage","url":"https:\/\/perle-in.com\/wp-content\/uploads\/2025\/10\/12068490-1.jpg","contentUrl":"https:\/\/perle-in.com\/wp-content\/uploads\/2025\/10\/12068490-1.jpg","width":1600,"height":1600},{"@type":"BreadcrumbList","@id":"https:\/\/perle-in.com\/produit\/sac-banane-trailhead-de-25-l-leger-et-en-tissu-recycle-grs\/#breadcrumb","itemListElement":[{"@type":"ListItem","position":1,"name":"Accueil","item":"https:\/\/perle-in.com\/"},{"@type":"ListItem","position":2,"name":"Boutique","item":"https:\/\/perle-in.com\/boutique\/"},{"@type":"ListItem","position":3,"name":"Sac banane Trailhead de 2,5 L léger et en tissu recyclé GRS"}]},{"@type":"WebSite","@id":"https:\/\/perle-in.com\/#website","url":"https:\/\/perle-in.com\/","name":"PERLE IN","description":"","publisher":{"@id":"https:\/\/perle-in.com\/#organization"},"potentialAction":[{"@type":"SearchAction","target":{"@type":"EntryPoint","urlTemplate":"https:\/\/perle-in.com\/?s={search_term_string}"},"query-input":{"@type":"PropertyValueSpecification","valueRequired":true,"valueName":"search_term_string"}}],"inLanguage":"en-CA"},{"@type":"Organization","@id":"https:\/\/perle-in.com\/#organization","name":"PERLE IN","url":"https:\/\/perle-in.com\/","logo":{"@type":"ImageObject","inLanguage":"en-CA","@id":"https:\/\/perle-in.com\/#\/schema\/logo\/image\/","url":"https:\/\/perle-in.com\/wp-content\/uploads\/2022\/12\/LOGO-PERLE-IN-COULEUR@3x.webp","contentUrl":"https:\/\/perle-in.com\/wp-content\/uploads\/2022\/12\/LOGO-PERLE-IN-COULEUR@3x.webp","width":1600,"height":490,"caption":"PERLE IN"},"image":{"@id":"https:\/\/perle-in.com\/#\/schema\/logo\/image\/"}}]}</script>
<!-- / Yoast SEO plugin. -->

Sac banane Trailhead de 2,5 L léger et en tissu recyclé GRS - PERLE IN

Fabriqué avec un tissu GRS recyclé et hydrofuge ainsi qu'une doublure GRS recyclée, le sac banane Trailhead dispose d'un compartiment principal zippé, d'une ceinture réglable et d'une poche zippée à l'intérieur du compartiment principal pour un rangement supplémentaire. Il dispose également d'un motif quadrillé tendance, ajoutant une touche de style.
