{"id":536985,"date":"2025-10-14T22:25:00","date_gmt":"2025-10-14T20:25:00","guid":{"rendered":"https:\/\/perle-in.com\/produit\/veste-polaire-zelus-pour-homme\/"},"modified":"2025-10-19T05:45:23","modified_gmt":"2025-10-19T03:45:23","slug":"veste-polaire-zelus-pour-homme","status":"publish","type":"product","link":"https:\/\/perle-in.com\/en\/product\/veste-polaire-zelus-pour-homme\/","title":{"rendered":"Veste polaire Zelus pour homme"},"content":{"rendered":"","protected":false},"excerpt":{"rendered":"<p>La veste polaire Zelus pour homme est l&#8217;exemple parfait du confort en toute l\u00e9g\u00e8ret\u00e9. La veste polaire comporte des options de marquage int\u00e9rieur pour une touche personnelle. L&#8217;\u00e9tiquette principale d\u00e9tachable assure un confort sans \u00e9tiquette, tandis que la fermeture \u00e0 glissi\u00e8re invers\u00e9e contrast\u00e9e ajoute une touche de modernit\u00e9. Gardez vos objets essentiels en s\u00e9curit\u00e9 dans les poches avant \u00e0 fermeture \u00e9clair. Fabriqu\u00e9e en polyester micropolaire de 140 g\/m\u00b2, cette veste offre une douceur et une chaleur luxueuses. Alliant praticit\u00e9 et \u00e9l\u00e9gance, cette veste est indispensable.<\/p>","protected":false},"featured_media":536939,"template":"","meta":{"_eb_attr":""},"product_brand":[],"product_cat":[1260,1024],"product_tag":[154,2548,2549],"class_list":{"0":"post-536985","1":"product","2":"type-product","3":"status-publish","4":"has-post-thumbnail","6":"product_cat-jackets","7":"product_cat-vetements","8":"product_tag-polaire","9":"product_tag-veste","10":"product_tag-vestes","11":"pa_couleurs-blanc","12":"pa_couleurs-bleu","13":"pa_couleurs-gris-storm","14":"pa_couleurs-marine","15":"pa_couleurs-noir","16":"pa_couleurs-orange","17":"pa_couleurs-rouge","18":"pa_genre-male","19":"pa_marque-elevate-essentials","20":"pa_matiere-micropolaire-polyester-140-g-m2","21":"pa_pays-d-origine-bengladesh","22":"pa_taille-2xl","23":"pa_taille-3xl","24":"pa_taille-l","25":"pa_taille-m","26":"pa_taille-s","27":"pa_taille-xl","28":"pa_taille-xs","30":"first","31":"instock","32":"shipping-taxable","33":"purchasable","34":"product-type-variable"},"yoast_head":"<!-- This site is optimized with the Yoast SEO plugin v27.4 - https:\/\/yoast.com\/product\/yoast-seo-wordpress\/ -->\n<title>Veste polaire Zelus pour homme - PERLE IN<\/title>\n<meta name=\"robots\" content=\"noindex, follow, max-snippet:-1, max-image-preview:large, max-video-preview:-1\" \/>\n<meta property=\"og:locale\" content=\"en_US\" \/>\n<meta property=\"og:type\" content=\"article\" \/>\n<meta property=\"og:title\" content=\"Veste polaire Zelus pour homme - PERLE IN\" \/>\n<meta property=\"og:description\" content=\"La veste polaire Zelus pour homme est l&#039;exemple parfait du confort en toute l\u00e9g\u00e8ret\u00e9. La veste polaire comporte des options de marquage int\u00e9rieur pour une touche personnelle. L&#039;\u00e9tiquette principale d\u00e9tachable assure un confort sans \u00e9tiquette, tandis que la fermeture \u00e0 glissi\u00e8re invers\u00e9e contrast\u00e9e ajoute une touche de modernit\u00e9. Gardez vos objets essentiels en s\u00e9curit\u00e9 dans les poches avant \u00e0 fermeture \u00e9clair. Fabriqu\u00e9e en polyester micropolaire de 140 g\/m\u00b2, cette veste offre une douceur et une chaleur luxueuses. Alliant praticit\u00e9 et \u00e9l\u00e9gance, cette veste est indispensable.\" \/>\n<meta property=\"og:url\" content=\"https:\/\/perle-in.com\/en\/product\/veste-polaire-zelus-pour-homme\/\" \/>\n<meta property=\"og:site_name\" content=\"PERLE IN\" \/>\n<meta property=\"article:modified_time\" content=\"2025-10-19T03:45:23+00:00\" \/>\n<meta property=\"og:image\" content=\"https:\/\/perle-in.com\/wp-content\/uploads\/2025\/10\/3947401-1.jpg\" \/>\n\t<meta property=\"og:image:width\" content=\"1600\" \/>\n\t<meta property=\"og:image:height\" content=\"1600\" \/>\n\t<meta property=\"og:image:type\" content=\"image\/jpeg\" \/>\n<meta name=\"twitter:card\" content=\"summary_large_image\" \/>\n<script type=\"application\/ld+json\" class=\"yoast-schema-graph\">{\"@context\":\"https:\\\/\\\/schema.org\",\"@graph\":[{\"@type\":\"WebPage\",\"@id\":\"https:\\\/\\\/perle-in.com\\\/produit\\\/veste-polaire-zelus-pour-homme\\\/\",\"url\":\"https:\\\/\\\/perle-in.com\\\/produit\\\/veste-polaire-zelus-pour-homme\\\/\",\"name\":\"Veste polaire Zelus pour homme - PERLE IN\",\"isPartOf\":{\"@id\":\"https:\\\/\\\/perle-in.com\\\/#website\"},\"primaryImageOfPage\":{\"@id\":\"https:\\\/\\\/perle-in.com\\\/produit\\\/veste-polaire-zelus-pour-homme\\\/#primaryimage\"},\"image\":{\"@id\":\"https:\\\/\\\/perle-in.com\\\/produit\\\/veste-polaire-zelus-pour-homme\\\/#primaryimage\"},\"thumbnailUrl\":\"https:\\\/\\\/perle-in.com\\\/wp-content\\\/uploads\\\/2025\\\/10\\\/3947401-1.jpg\",\"datePublished\":\"2025-10-14T20:25:00+00:00\",\"dateModified\":\"2025-10-19T03:45:23+00:00\",\"breadcrumb\":{\"@id\":\"https:\\\/\\\/perle-in.com\\\/produit\\\/veste-polaire-zelus-pour-homme\\\/#breadcrumb\"},\"inLanguage\":\"en-CA\",\"potentialAction\":[{\"@type\":\"ReadAction\",\"target\":[\"https:\\\/\\\/perle-in.com\\\/produit\\\/veste-polaire-zelus-pour-homme\\\/\"]}]},{\"@type\":\"ImageObject\",\"inLanguage\":\"en-CA\",\"@id\":\"https:\\\/\\\/perle-in.com\\\/produit\\\/veste-polaire-zelus-pour-homme\\\/#primaryimage\",\"url\":\"https:\\\/\\\/perle-in.com\\\/wp-content\\\/uploads\\\/2025\\\/10\\\/3947401-1.jpg\",\"contentUrl\":\"https:\\\/\\\/perle-in.com\\\/wp-content\\\/uploads\\\/2025\\\/10\\\/3947401-1.jpg\",\"width\":1600,\"height\":1600},{\"@type\":\"BreadcrumbList\",\"@id\":\"https:\\\/\\\/perle-in.com\\\/produit\\\/veste-polaire-zelus-pour-homme\\\/#breadcrumb\",\"itemListElement\":[{\"@type\":\"ListItem\",\"position\":1,\"name\":\"Accueil\",\"item\":\"https:\\\/\\\/perle-in.com\\\/\"},{\"@type\":\"ListItem\",\"position\":2,\"name\":\"Boutique\",\"item\":\"https:\\\/\\\/perle-in.com\\\/boutique\\\/\"},{\"@type\":\"ListItem\",\"position\":3,\"name\":\"Veste polaire Zelus pour homme\"}]},{\"@type\":\"WebSite\",\"@id\":\"https:\\\/\\\/perle-in.com\\\/#website\",\"url\":\"https:\\\/\\\/perle-in.com\\\/\",\"name\":\"PERLE IN\",\"description\":\"\",\"publisher\":{\"@id\":\"https:\\\/\\\/perle-in.com\\\/#organization\"},\"potentialAction\":[{\"@type\":\"SearchAction\",\"target\":{\"@type\":\"EntryPoint\",\"urlTemplate\":\"https:\\\/\\\/perle-in.com\\\/?s={search_term_string}\"},\"query-input\":{\"@type\":\"PropertyValueSpecification\",\"valueRequired\":true,\"valueName\":\"search_term_string\"}}],\"inLanguage\":\"en-CA\"},{\"@type\":\"Organization\",\"@id\":\"https:\\\/\\\/perle-in.com\\\/#organization\",\"name\":\"PERLE IN\",\"url\":\"https:\\\/\\\/perle-in.com\\\/\",\"logo\":{\"@type\":\"ImageObject\",\"inLanguage\":\"en-CA\",\"@id\":\"https:\\\/\\\/perle-in.com\\\/#\\\/schema\\\/logo\\\/image\\\/\",\"url\":\"https:\\\/\\\/perle-in.com\\\/wp-content\\\/uploads\\\/2022\\\/12\\\/LOGO-PERLE-IN-COULEUR@3x.webp\",\"contentUrl\":\"https:\\\/\\\/perle-in.com\\\/wp-content\\\/uploads\\\/2022\\\/12\\\/LOGO-PERLE-IN-COULEUR@3x.webp\",\"width\":1600,\"height\":490,\"caption\":\"PERLE IN\"},\"image\":{\"@id\":\"https:\\\/\\\/perle-in.com\\\/#\\\/schema\\\/logo\\\/image\\\/\"}}]}<\/script>\n<!-- \/ Yoast SEO plugin. -->","yoast_head_json":{"title":"Veste polaire Zelus pour homme - PERLE IN","robots":{"index":"noindex","follow":"follow","max-snippet":"max-snippet:-1","max-image-preview":"max-image-preview:large","max-video-preview":"max-video-preview:-1"},"og_locale":"en_US","og_type":"article","og_title":"Veste polaire Zelus pour homme - PERLE IN","og_description":"La veste polaire Zelus pour homme est l'exemple parfait du confort en toute l\u00e9g\u00e8ret\u00e9. La veste polaire comporte des options de marquage int\u00e9rieur pour une touche personnelle. L'\u00e9tiquette principale d\u00e9tachable assure un confort sans \u00e9tiquette, tandis que la fermeture \u00e0 glissi\u00e8re invers\u00e9e contrast\u00e9e ajoute une touche de modernit\u00e9. Gardez vos objets essentiels en s\u00e9curit\u00e9 dans les poches avant \u00e0 fermeture \u00e9clair. Fabriqu\u00e9e en polyester micropolaire de 140 g\/m\u00b2, cette veste offre une douceur et une chaleur luxueuses. Alliant praticit\u00e9 et \u00e9l\u00e9gance, cette veste est indispensable.","og_url":"https:\/\/perle-in.com\/en\/product\/veste-polaire-zelus-pour-homme\/","og_site_name":"PERLE IN","article_modified_time":"2025-10-19T03:45:23+00:00","og_image":[{"width":1600,"height":1600,"url":"https:\/\/perle-in.com\/wp-content\/uploads\/2025\/10\/3947401-1.jpg","type":"image\/jpeg"}],"twitter_card":"summary_large_image","schema":{"@context":"https:\/\/schema.org","@graph":[{"@type":"WebPage","@id":"https:\/\/perle-in.com\/produit\/veste-polaire-zelus-pour-homme\/","url":"https:\/\/perle-in.com\/produit\/veste-polaire-zelus-pour-homme\/","name":"Veste polaire Zelus pour homme - PERLE IN","isPartOf":{"@id":"https:\/\/perle-in.com\/#website"},"primaryImageOfPage":{"@id":"https:\/\/perle-in.com\/produit\/veste-polaire-zelus-pour-homme\/#primaryimage"},"image":{"@id":"https:\/\/perle-in.com\/produit\/veste-polaire-zelus-pour-homme\/#primaryimage"},"thumbnailUrl":"https:\/\/perle-in.com\/wp-content\/uploads\/2025\/10\/3947401-1.jpg","datePublished":"2025-10-14T20:25:00+00:00","dateModified":"2025-10-19T03:45:23+00:00","breadcrumb":{"@id":"https:\/\/perle-in.com\/produit\/veste-polaire-zelus-pour-homme\/#breadcrumb"},"inLanguage":"en-CA","potentialAction":[{"@type":"ReadAction","target":["https:\/\/perle-in.com\/produit\/veste-polaire-zelus-pour-homme\/"]}]},{"@type":"ImageObject","inLanguage":"en-CA","@id":"https:\/\/perle-in.com\/produit\/veste-polaire-zelus-pour-homme\/#primaryimage","url":"https:\/\/perle-in.com\/wp-content\/uploads\/2025\/10\/3947401-1.jpg","contentUrl":"https:\/\/perle-in.com\/wp-content\/uploads\/2025\/10\/3947401-1.jpg","width":1600,"height":1600},{"@type":"BreadcrumbList","@id":"https:\/\/perle-in.com\/produit\/veste-polaire-zelus-pour-homme\/#breadcrumb","itemListElement":[{"@type":"ListItem","position":1,"name":"Accueil","item":"https:\/\/perle-in.com\/"},{"@type":"ListItem","position":2,"name":"Boutique","item":"https:\/\/perle-in.com\/boutique\/"},{"@type":"ListItem","position":3,"name":"Veste polaire Zelus pour homme"}]},{"@type":"WebSite","@id":"https:\/\/perle-in.com\/#website","url":"https:\/\/perle-in.com\/","name":"PERLE IN","description":"","publisher":{"@id":"https:\/\/perle-in.com\/#organization"},"potentialAction":[{"@type":"SearchAction","target":{"@type":"EntryPoint","urlTemplate":"https:\/\/perle-in.com\/?s={search_term_string}"},"query-input":{"@type":"PropertyValueSpecification","valueRequired":true,"valueName":"search_term_string"}}],"inLanguage":"en-CA"},{"@type":"Organization","@id":"https:\/\/perle-in.com\/#organization","name":"PERLE IN","url":"https:\/\/perle-in.com\/","logo":{"@type":"ImageObject","inLanguage":"en-CA","@id":"https:\/\/perle-in.com\/#\/schema\/logo\/image\/","url":"https:\/\/perle-in.com\/wp-content\/uploads\/2022\/12\/LOGO-PERLE-IN-COULEUR@3x.webp","contentUrl":"https:\/\/perle-in.com\/wp-content\/uploads\/2022\/12\/LOGO-PERLE-IN-COULEUR@3x.webp","width":1600,"height":490,"caption":"PERLE IN"},"image":{"@id":"https:\/\/perle-in.com\/#\/schema\/logo\/image\/"}}]}},"jetpack_sharing_enabled":true,"_links":{"self":[{"href":"https:\/\/perle-in.com\/en\/wp-json\/wp\/v2\/product\/536985","targetHints":{"allow":["GET"]}}],"collection":[{"href":"https:\/\/perle-in.com\/en\/wp-json\/wp\/v2\/product"}],"about":[{"href":"https:\/\/perle-in.com\/en\/wp-json\/wp\/v2\/types\/product"}],"version-history":[{"count":0,"href":"https:\/\/perle-in.com\/en\/wp-json\/wp\/v2\/product\/536985\/revisions"}],"wp:featuredmedia":[{"embeddable":true,"href":"https:\/\/perle-in.com\/en\/wp-json\/wp\/v2\/media\/536939"}],"wp:attachment":[{"href":"https:\/\/perle-in.com\/en\/wp-json\/wp\/v2\/media?parent=536985"}],"wp:term":[{"taxonomy":"product_brand","embeddable":true,"href":"https:\/\/perle-in.com\/en\/wp-json\/wp\/v2\/product_brand?post=536985"},{"taxonomy":"product_cat","embeddable":true,"href":"https:\/\/perle-in.com\/en\/wp-json\/wp\/v2\/product_cat?post=536985"},{"taxonomy":"product_tag","embeddable":true,"href":"https:\/\/perle-in.com\/en\/wp-json\/wp\/v2\/product_tag?post=536985"}],"curies":[{"name":"wp","href":"https:\/\/api.w.org\/{rel}","templated":true}]}}

<p>La veste polaire Zelus pour homme est l&#8217;exemple parfait du confort en toute légèreté. La veste polaire comporte des options de marquage intérieur pour une touche personnelle. L&#8217;étiquette principale détachable assure un confort sans étiquette, tandis que la fermeture à glissière inversée contrastée ajoute une touche de modernité. Gardez vos objets essentiels en sécurité dans les poches avant à fermeture éclair. Fabriquée en polyester micropolaire de 140 g/m², cette veste offre une douceur et une chaleur luxueuses. Alliant praticité et élégance, cette veste est indispensable.</p>

<!-- This site is optimized with the Yoast SEO plugin v27.4 - https://yoast.com/product/yoast-seo-wordpress/ -->
<title>Veste polaire Zelus pour homme - PERLE IN</title>
<meta name="robots" content="noindex, follow, max-snippet:-1, max-image-preview:large, max-video-preview:-1" />
<meta property="og:locale" content="en_US" />
<meta property="og:type" content="article" />
<meta property="og:title" content="Veste polaire Zelus pour homme - PERLE IN" />
<meta property="og:description" content="La veste polaire Zelus pour homme est l&#039;exemple parfait du confort en toute légèreté. La veste polaire comporte des options de marquage intérieur pour une touche personnelle. L&#039;étiquette principale détachable assure un confort sans étiquette, tandis que la fermeture à glissière inversée contrastée ajoute une touche de modernité. Gardez vos objets essentiels en sécurité dans les poches avant à fermeture éclair. Fabriquée en polyester micropolaire de 140 g/m², cette veste offre une douceur et une chaleur luxueuses. Alliant praticité et élégance, cette veste est indispensable." />
<meta property="og:url" content="https://perle-in.com/en/product/veste-polaire-zelus-pour-homme/" />
<meta property="og:site_name" content="PERLE IN" />
<meta property="article:modified_time" content="2025-10-19T03:45:23+00:00" />
<meta property="og:image" content="https://perle-in.com/wp-content/uploads/2025/10/3947401-1.jpg" />
	<meta property="og:image:width" content="1600" />
	<meta property="og:image:height" content="1600" />
	<meta property="og:image:type" content="image/jpeg" />
<meta name="twitter:card" content="summary_large_image" />
<script type="application/ld+json" class="yoast-schema-graph">{"@context":"https:\/\/schema.org","@graph":[{"@type":"WebPage","@id":"https:\/\/perle-in.com\/produit\/veste-polaire-zelus-pour-homme\/","url":"https:\/\/perle-in.com\/produit\/veste-polaire-zelus-pour-homme\/","name":"Veste polaire Zelus pour homme - PERLE IN","isPartOf":{"@id":"https:\/\/perle-in.com\/#website"},"primaryImageOfPage":{"@id":"https:\/\/perle-in.com\/produit\/veste-polaire-zelus-pour-homme\/#primaryimage"},"image":{"@id":"https:\/\/perle-in.com\/produit\/veste-polaire-zelus-pour-homme\/#primaryimage"},"thumbnailUrl":"https:\/\/perle-in.com\/wp-content\/uploads\/2025\/10\/3947401-1.jpg","datePublished":"2025-10-14T20:25:00+00:00","dateModified":"2025-10-19T03:45:23+00:00","breadcrumb":{"@id":"https:\/\/perle-in.com\/produit\/veste-polaire-zelus-pour-homme\/#breadcrumb"},"inLanguage":"en-CA","potentialAction":[{"@type":"ReadAction","target":["https:\/\/perle-in.com\/produit\/veste-polaire-zelus-pour-homme\/"]}]},{"@type":"ImageObject","inLanguage":"en-CA","@id":"https:\/\/perle-in.com\/produit\/veste-polaire-zelus-pour-homme\/#primaryimage","url":"https:\/\/perle-in.com\/wp-content\/uploads\/2025\/10\/3947401-1.jpg","contentUrl":"https:\/\/perle-in.com\/wp-content\/uploads\/2025\/10\/3947401-1.jpg","width":1600,"height":1600},{"@type":"BreadcrumbList","@id":"https:\/\/perle-in.com\/produit\/veste-polaire-zelus-pour-homme\/#breadcrumb","itemListElement":[{"@type":"ListItem","position":1,"name":"Accueil","item":"https:\/\/perle-in.com\/"},{"@type":"ListItem","position":2,"name":"Boutique","item":"https:\/\/perle-in.com\/boutique\/"},{"@type":"ListItem","position":3,"name":"Veste polaire Zelus pour homme"}]},{"@type":"WebSite","@id":"https:\/\/perle-in.com\/#website","url":"https:\/\/perle-in.com\/","name":"PERLE IN","description":"","publisher":{"@id":"https:\/\/perle-in.com\/#organization"},"potentialAction":[{"@type":"SearchAction","target":{"@type":"EntryPoint","urlTemplate":"https:\/\/perle-in.com\/?s={search_term_string}"},"query-input":{"@type":"PropertyValueSpecification","valueRequired":true,"valueName":"search_term_string"}}],"inLanguage":"en-CA"},{"@type":"Organization","@id":"https:\/\/perle-in.com\/#organization","name":"PERLE IN","url":"https:\/\/perle-in.com\/","logo":{"@type":"ImageObject","inLanguage":"en-CA","@id":"https:\/\/perle-in.com\/#\/schema\/logo\/image\/","url":"https:\/\/perle-in.com\/wp-content\/uploads\/2022\/12\/LOGO-PERLE-IN-COULEUR@3x.webp","contentUrl":"https:\/\/perle-in.com\/wp-content\/uploads\/2022\/12\/LOGO-PERLE-IN-COULEUR@3x.webp","width":1600,"height":490,"caption":"PERLE IN"},"image":{"@id":"https:\/\/perle-in.com\/#\/schema\/logo\/image\/"}}]}</script>
<!-- / Yoast SEO plugin. -->

La veste polaire Zelus pour homme est l'exemple parfait du confort en toute légèreté. La veste polaire comporte des options de marquage intérieur pour une touche personnelle. L'étiquette principale détachable assure un confort sans étiquette, tandis que la fermeture à glissière inversée contrastée ajoute une touche de modernité. Gardez vos objets essentiels en sécurité dans les poches avant à fermeture éclair. Fabriquée en polyester micropolaire de 140 g/m², cette veste offre une douceur et une chaleur luxueuses. Alliant praticité et élégance, cette veste est indispensable.
