{"id":535882,"date":"2025-10-14T21:10:59","date_gmt":"2025-10-14T19:10:59","guid":{"rendered":"https:\/\/perle-in.com\/produit\/tasse-nordia-de-400-ml-recyclee-a-double-paroi\/"},"modified":"2025-10-19T05:45:04","modified_gmt":"2025-10-19T03:45:04","slug":"tasse-nordia-de-400-ml-recyclee-a-double-paroi","status":"publish","type":"product","link":"https:\/\/perle-in.com\/en\/product\/tasse-nordia-de-400-ml-recyclee-a-double-paroi\/","title":{"rendered":"Tasse Nordia de 400\u00a0ml recycl\u00e9e \u00e0 double paroi"},"content":{"rendered":"","protected":false},"excerpt":{"rendered":"<p>L&#8217;\u00e9l\u00e9gante tasse Nordia est fabriqu\u00e9e avec un ext\u00e9rieur en acier inoxydable et un int\u00e9rieur en PP recycl\u00e9 durable. Le couvercle int\u00e9rieur, la glissi\u00e8re et la poign\u00e9e sont \u00e9galement fabriqu\u00e9s \u00e0 partir de PP recycl\u00e9s provenant de sources certifi\u00e9es et responsables. Le couvercle est dot\u00e9 d&#8217;une fermeture \u00e0 glissi\u00e8re, ce qui rend cette tasse parfaite pour profiter de vos boissons en d\u00e9placement. Sans bisph\u00e9nol A, test\u00e9 et approuv\u00e9 par la l\u00e9gislation allemande sur la s\u00e9curit\u00e9 alimentaire (LFGB), et test\u00e9 pour la teneur en phtalates conform\u00e9ment \u00e0 la r\u00e9glementation REACH. Capacit\u00e9 de 400 ml. Lavage \u00e0 la main recommand\u00e9.<\/p>","protected":false},"featured_media":535871,"template":"","meta":{"_eb_attr":""},"product_brand":[],"product_cat":[173,189],"product_tag":[225,837,946,190,191,230,1736,227],"class_list":{"0":"post-535882","1":"product","2":"type-product","3":"status-publish","4":"has-post-thumbnail","6":"product_cat-drinkware","7":"product_cat-mugs-isothermes","8":"product_tag-cafe","9":"product_tag-durable","10":"product_tag-green-concept","11":"product_tag-mug","12":"product_tag-mugs","13":"product_tag-tasse","14":"product_tag-tasses","15":"product_tag-the","16":"pa_couleurs-blanc","17":"pa_couleurs-bleu-fonce","18":"pa_couleurs-gris","19":"pa_couleurs-noir","20":"pa_couleurs-vert-bruyere","21":"pa_green-points-2847","22":"pa_matiere-plastique-pp-recyclable-acier-inoxydable","24":"first","25":"instock","26":"shipping-taxable","27":"purchasable","28":"product-type-variable"},"yoast_head":"<!-- This site is optimized with the Yoast SEO plugin v27.4 - https:\/\/yoast.com\/product\/yoast-seo-wordpress\/ -->\n<title>Tasse Nordia de 400\u00a0ml recycl\u00e9e \u00e0 double paroi - PERLE IN<\/title>\n<meta name=\"robots\" content=\"noindex, follow, max-snippet:-1, max-image-preview:large, max-video-preview:-1\" \/>\n<meta property=\"og:locale\" content=\"en_US\" \/>\n<meta property=\"og:type\" content=\"article\" \/>\n<meta property=\"og:title\" content=\"Tasse Nordia de 400\u00a0ml recycl\u00e9e \u00e0 double paroi - PERLE IN\" \/>\n<meta property=\"og:description\" content=\"L&#039;\u00e9l\u00e9gante tasse Nordia est fabriqu\u00e9e avec un ext\u00e9rieur en acier inoxydable et un int\u00e9rieur en PP recycl\u00e9 durable. Le couvercle int\u00e9rieur, la glissi\u00e8re et la poign\u00e9e sont \u00e9galement fabriqu\u00e9s \u00e0 partir de PP recycl\u00e9s provenant de sources certifi\u00e9es et responsables. Le couvercle est dot\u00e9 d&#039;une fermeture \u00e0 glissi\u00e8re, ce qui rend cette tasse parfaite pour profiter de vos boissons en d\u00e9placement. Sans bisph\u00e9nol A, test\u00e9 et approuv\u00e9 par la l\u00e9gislation allemande sur la s\u00e9curit\u00e9 alimentaire (LFGB), et test\u00e9 pour la teneur en phtalates conform\u00e9ment \u00e0 la r\u00e9glementation REACH. Capacit\u00e9 de 400 ml. Lavage \u00e0 la main recommand\u00e9.\" \/>\n<meta property=\"og:url\" content=\"https:\/\/perle-in.com\/en\/product\/tasse-nordia-de-400-ml-recyclee-a-double-paroi\/\" \/>\n<meta property=\"og:site_name\" content=\"PERLE IN\" \/>\n<meta property=\"article:modified_time\" content=\"2025-10-19T03:45:04+00:00\" \/>\n<meta property=\"og:image\" content=\"https:\/\/perle-in.com\/wp-content\/uploads\/2025\/10\/10073101-1.jpg\" \/>\n\t<meta property=\"og:image:width\" content=\"1600\" \/>\n\t<meta property=\"og:image:height\" content=\"1600\" \/>\n\t<meta property=\"og:image:type\" content=\"image\/jpeg\" \/>\n<meta name=\"twitter:card\" content=\"summary_large_image\" \/>\n<script type=\"application\/ld+json\" class=\"yoast-schema-graph\">{\"@context\":\"https:\\\/\\\/schema.org\",\"@graph\":[{\"@type\":\"WebPage\",\"@id\":\"https:\\\/\\\/perle-in.com\\\/produit\\\/tasse-nordia-de-400-ml-recyclee-a-double-paroi\\\/\",\"url\":\"https:\\\/\\\/perle-in.com\\\/produit\\\/tasse-nordia-de-400-ml-recyclee-a-double-paroi\\\/\",\"name\":\"Tasse Nordia de 400\u00a0ml recycl\u00e9e \u00e0 double paroi - PERLE IN\",\"isPartOf\":{\"@id\":\"https:\\\/\\\/perle-in.com\\\/#website\"},\"primaryImageOfPage\":{\"@id\":\"https:\\\/\\\/perle-in.com\\\/produit\\\/tasse-nordia-de-400-ml-recyclee-a-double-paroi\\\/#primaryimage\"},\"image\":{\"@id\":\"https:\\\/\\\/perle-in.com\\\/produit\\\/tasse-nordia-de-400-ml-recyclee-a-double-paroi\\\/#primaryimage\"},\"thumbnailUrl\":\"https:\\\/\\\/perle-in.com\\\/wp-content\\\/uploads\\\/2025\\\/10\\\/10073101-1.jpg\",\"datePublished\":\"2025-10-14T19:10:59+00:00\",\"dateModified\":\"2025-10-19T03:45:04+00:00\",\"breadcrumb\":{\"@id\":\"https:\\\/\\\/perle-in.com\\\/produit\\\/tasse-nordia-de-400-ml-recyclee-a-double-paroi\\\/#breadcrumb\"},\"inLanguage\":\"en-CA\",\"potentialAction\":[{\"@type\":\"ReadAction\",\"target\":[\"https:\\\/\\\/perle-in.com\\\/produit\\\/tasse-nordia-de-400-ml-recyclee-a-double-paroi\\\/\"]}]},{\"@type\":\"ImageObject\",\"inLanguage\":\"en-CA\",\"@id\":\"https:\\\/\\\/perle-in.com\\\/produit\\\/tasse-nordia-de-400-ml-recyclee-a-double-paroi\\\/#primaryimage\",\"url\":\"https:\\\/\\\/perle-in.com\\\/wp-content\\\/uploads\\\/2025\\\/10\\\/10073101-1.jpg\",\"contentUrl\":\"https:\\\/\\\/perle-in.com\\\/wp-content\\\/uploads\\\/2025\\\/10\\\/10073101-1.jpg\",\"width\":1600,\"height\":1600},{\"@type\":\"BreadcrumbList\",\"@id\":\"https:\\\/\\\/perle-in.com\\\/produit\\\/tasse-nordia-de-400-ml-recyclee-a-double-paroi\\\/#breadcrumb\",\"itemListElement\":[{\"@type\":\"ListItem\",\"position\":1,\"name\":\"Accueil\",\"item\":\"https:\\\/\\\/perle-in.com\\\/\"},{\"@type\":\"ListItem\",\"position\":2,\"name\":\"Boutique\",\"item\":\"https:\\\/\\\/perle-in.com\\\/boutique\\\/\"},{\"@type\":\"ListItem\",\"position\":3,\"name\":\"Tasse Nordia de 400\u00a0ml recycl\u00e9e \u00e0 double paroi\"}]},{\"@type\":\"WebSite\",\"@id\":\"https:\\\/\\\/perle-in.com\\\/#website\",\"url\":\"https:\\\/\\\/perle-in.com\\\/\",\"name\":\"PERLE IN\",\"description\":\"\",\"publisher\":{\"@id\":\"https:\\\/\\\/perle-in.com\\\/#organization\"},\"potentialAction\":[{\"@type\":\"SearchAction\",\"target\":{\"@type\":\"EntryPoint\",\"urlTemplate\":\"https:\\\/\\\/perle-in.com\\\/?s={search_term_string}\"},\"query-input\":{\"@type\":\"PropertyValueSpecification\",\"valueRequired\":true,\"valueName\":\"search_term_string\"}}],\"inLanguage\":\"en-CA\"},{\"@type\":\"Organization\",\"@id\":\"https:\\\/\\\/perle-in.com\\\/#organization\",\"name\":\"PERLE IN\",\"url\":\"https:\\\/\\\/perle-in.com\\\/\",\"logo\":{\"@type\":\"ImageObject\",\"inLanguage\":\"en-CA\",\"@id\":\"https:\\\/\\\/perle-in.com\\\/#\\\/schema\\\/logo\\\/image\\\/\",\"url\":\"https:\\\/\\\/perle-in.com\\\/wp-content\\\/uploads\\\/2022\\\/12\\\/LOGO-PERLE-IN-COULEUR@3x.webp\",\"contentUrl\":\"https:\\\/\\\/perle-in.com\\\/wp-content\\\/uploads\\\/2022\\\/12\\\/LOGO-PERLE-IN-COULEUR@3x.webp\",\"width\":1600,\"height\":490,\"caption\":\"PERLE IN\"},\"image\":{\"@id\":\"https:\\\/\\\/perle-in.com\\\/#\\\/schema\\\/logo\\\/image\\\/\"}}]}<\/script>\n<!-- \/ Yoast SEO plugin. -->","yoast_head_json":{"title":"Tasse Nordia de 400\u00a0ml recycl\u00e9e \u00e0 double paroi - PERLE IN","robots":{"index":"noindex","follow":"follow","max-snippet":"max-snippet:-1","max-image-preview":"max-image-preview:large","max-video-preview":"max-video-preview:-1"},"og_locale":"en_US","og_type":"article","og_title":"Tasse Nordia de 400\u00a0ml recycl\u00e9e \u00e0 double paroi - PERLE IN","og_description":"L'\u00e9l\u00e9gante tasse Nordia est fabriqu\u00e9e avec un ext\u00e9rieur en acier inoxydable et un int\u00e9rieur en PP recycl\u00e9 durable. Le couvercle int\u00e9rieur, la glissi\u00e8re et la poign\u00e9e sont \u00e9galement fabriqu\u00e9s \u00e0 partir de PP recycl\u00e9s provenant de sources certifi\u00e9es et responsables. Le couvercle est dot\u00e9 d'une fermeture \u00e0 glissi\u00e8re, ce qui rend cette tasse parfaite pour profiter de vos boissons en d\u00e9placement. Sans bisph\u00e9nol A, test\u00e9 et approuv\u00e9 par la l\u00e9gislation allemande sur la s\u00e9curit\u00e9 alimentaire (LFGB), et test\u00e9 pour la teneur en phtalates conform\u00e9ment \u00e0 la r\u00e9glementation REACH. Capacit\u00e9 de 400 ml. Lavage \u00e0 la main recommand\u00e9.","og_url":"https:\/\/perle-in.com\/en\/product\/tasse-nordia-de-400-ml-recyclee-a-double-paroi\/","og_site_name":"PERLE IN","article_modified_time":"2025-10-19T03:45:04+00:00","og_image":[{"width":1600,"height":1600,"url":"https:\/\/perle-in.com\/wp-content\/uploads\/2025\/10\/10073101-1.jpg","type":"image\/jpeg"}],"twitter_card":"summary_large_image","schema":{"@context":"https:\/\/schema.org","@graph":[{"@type":"WebPage","@id":"https:\/\/perle-in.com\/produit\/tasse-nordia-de-400-ml-recyclee-a-double-paroi\/","url":"https:\/\/perle-in.com\/produit\/tasse-nordia-de-400-ml-recyclee-a-double-paroi\/","name":"Tasse Nordia de 400\u00a0ml recycl\u00e9e \u00e0 double paroi - PERLE IN","isPartOf":{"@id":"https:\/\/perle-in.com\/#website"},"primaryImageOfPage":{"@id":"https:\/\/perle-in.com\/produit\/tasse-nordia-de-400-ml-recyclee-a-double-paroi\/#primaryimage"},"image":{"@id":"https:\/\/perle-in.com\/produit\/tasse-nordia-de-400-ml-recyclee-a-double-paroi\/#primaryimage"},"thumbnailUrl":"https:\/\/perle-in.com\/wp-content\/uploads\/2025\/10\/10073101-1.jpg","datePublished":"2025-10-14T19:10:59+00:00","dateModified":"2025-10-19T03:45:04+00:00","breadcrumb":{"@id":"https:\/\/perle-in.com\/produit\/tasse-nordia-de-400-ml-recyclee-a-double-paroi\/#breadcrumb"},"inLanguage":"en-CA","potentialAction":[{"@type":"ReadAction","target":["https:\/\/perle-in.com\/produit\/tasse-nordia-de-400-ml-recyclee-a-double-paroi\/"]}]},{"@type":"ImageObject","inLanguage":"en-CA","@id":"https:\/\/perle-in.com\/produit\/tasse-nordia-de-400-ml-recyclee-a-double-paroi\/#primaryimage","url":"https:\/\/perle-in.com\/wp-content\/uploads\/2025\/10\/10073101-1.jpg","contentUrl":"https:\/\/perle-in.com\/wp-content\/uploads\/2025\/10\/10073101-1.jpg","width":1600,"height":1600},{"@type":"BreadcrumbList","@id":"https:\/\/perle-in.com\/produit\/tasse-nordia-de-400-ml-recyclee-a-double-paroi\/#breadcrumb","itemListElement":[{"@type":"ListItem","position":1,"name":"Accueil","item":"https:\/\/perle-in.com\/"},{"@type":"ListItem","position":2,"name":"Boutique","item":"https:\/\/perle-in.com\/boutique\/"},{"@type":"ListItem","position":3,"name":"Tasse Nordia de 400\u00a0ml recycl\u00e9e \u00e0 double paroi"}]},{"@type":"WebSite","@id":"https:\/\/perle-in.com\/#website","url":"https:\/\/perle-in.com\/","name":"PERLE IN","description":"","publisher":{"@id":"https:\/\/perle-in.com\/#organization"},"potentialAction":[{"@type":"SearchAction","target":{"@type":"EntryPoint","urlTemplate":"https:\/\/perle-in.com\/?s={search_term_string}"},"query-input":{"@type":"PropertyValueSpecification","valueRequired":true,"valueName":"search_term_string"}}],"inLanguage":"en-CA"},{"@type":"Organization","@id":"https:\/\/perle-in.com\/#organization","name":"PERLE IN","url":"https:\/\/perle-in.com\/","logo":{"@type":"ImageObject","inLanguage":"en-CA","@id":"https:\/\/perle-in.com\/#\/schema\/logo\/image\/","url":"https:\/\/perle-in.com\/wp-content\/uploads\/2022\/12\/LOGO-PERLE-IN-COULEUR@3x.webp","contentUrl":"https:\/\/perle-in.com\/wp-content\/uploads\/2022\/12\/LOGO-PERLE-IN-COULEUR@3x.webp","width":1600,"height":490,"caption":"PERLE IN"},"image":{"@id":"https:\/\/perle-in.com\/#\/schema\/logo\/image\/"}}]}},"jetpack_sharing_enabled":true,"_links":{"self":[{"href":"https:\/\/perle-in.com\/en\/wp-json\/wp\/v2\/product\/535882","targetHints":{"allow":["GET"]}}],"collection":[{"href":"https:\/\/perle-in.com\/en\/wp-json\/wp\/v2\/product"}],"about":[{"href":"https:\/\/perle-in.com\/en\/wp-json\/wp\/v2\/types\/product"}],"version-history":[{"count":0,"href":"https:\/\/perle-in.com\/en\/wp-json\/wp\/v2\/product\/535882\/revisions"}],"wp:featuredmedia":[{"embeddable":true,"href":"https:\/\/perle-in.com\/en\/wp-json\/wp\/v2\/media\/535871"}],"wp:attachment":[{"href":"https:\/\/perle-in.com\/en\/wp-json\/wp\/v2\/media?parent=535882"}],"wp:term":[{"taxonomy":"product_brand","embeddable":true,"href":"https:\/\/perle-in.com\/en\/wp-json\/wp\/v2\/product_brand?post=535882"},{"taxonomy":"product_cat","embeddable":true,"href":"https:\/\/perle-in.com\/en\/wp-json\/wp\/v2\/product_cat?post=535882"},{"taxonomy":"product_tag","embeddable":true,"href":"https:\/\/perle-in.com\/en\/wp-json\/wp\/v2\/product_tag?post=535882"}],"curies":[{"name":"wp","href":"https:\/\/api.w.org\/{rel}","templated":true}]}}

Tasse Nordia de 400 ml recyclée à double paroi

<p>L&#8217;élégante tasse Nordia est fabriquée avec un extérieur en acier inoxydable et un intérieur en PP recyclé durable. Le couvercle intérieur, la glissière et la poignée sont également fabriqués à partir de PP recyclés provenant de sources certifiées et responsables. Le couvercle est doté d&#8217;une fermeture à glissière, ce qui rend cette tasse parfaite pour profiter de vos boissons en déplacement. Sans bisphénol A, testé et approuvé par la législation allemande sur la sécurité alimentaire (LFGB), et testé pour la teneur en phtalates conformément à la réglementation REACH. Capacité de 400 ml. Lavage à la main recommandé.</p>

<!-- This site is optimized with the Yoast SEO plugin v27.4 - https://yoast.com/product/yoast-seo-wordpress/ -->
<title>Tasse Nordia de 400 ml recyclée à double paroi - PERLE IN</title>
<meta name="robots" content="noindex, follow, max-snippet:-1, max-image-preview:large, max-video-preview:-1" />
<meta property="og:locale" content="en_US" />
<meta property="og:type" content="article" />
<meta property="og:title" content="Tasse Nordia de 400 ml recyclée à double paroi - PERLE IN" />
<meta property="og:description" content="L&#039;élégante tasse Nordia est fabriquée avec un extérieur en acier inoxydable et un intérieur en PP recyclé durable. Le couvercle intérieur, la glissière et la poignée sont également fabriqués à partir de PP recyclés provenant de sources certifiées et responsables. Le couvercle est doté d&#039;une fermeture à glissière, ce qui rend cette tasse parfaite pour profiter de vos boissons en déplacement. Sans bisphénol A, testé et approuvé par la législation allemande sur la sécurité alimentaire (LFGB), et testé pour la teneur en phtalates conformément à la réglementation REACH. Capacité de 400 ml. Lavage à la main recommandé." />
<meta property="og:url" content="https://perle-in.com/en/product/tasse-nordia-de-400-ml-recyclee-a-double-paroi/" />
<meta property="og:site_name" content="PERLE IN" />
<meta property="article:modified_time" content="2025-10-19T03:45:04+00:00" />
<meta property="og:image" content="https://perle-in.com/wp-content/uploads/2025/10/10073101-1.jpg" />
	<meta property="og:image:width" content="1600" />
	<meta property="og:image:height" content="1600" />
	<meta property="og:image:type" content="image/jpeg" />
<meta name="twitter:card" content="summary_large_image" />
<script type="application/ld+json" class="yoast-schema-graph">{"@context":"https:\/\/schema.org","@graph":[{"@type":"WebPage","@id":"https:\/\/perle-in.com\/produit\/tasse-nordia-de-400-ml-recyclee-a-double-paroi\/","url":"https:\/\/perle-in.com\/produit\/tasse-nordia-de-400-ml-recyclee-a-double-paroi\/","name":"Tasse Nordia de 400 ml recyclée à double paroi - PERLE IN","isPartOf":{"@id":"https:\/\/perle-in.com\/#website"},"primaryImageOfPage":{"@id":"https:\/\/perle-in.com\/produit\/tasse-nordia-de-400-ml-recyclee-a-double-paroi\/#primaryimage"},"image":{"@id":"https:\/\/perle-in.com\/produit\/tasse-nordia-de-400-ml-recyclee-a-double-paroi\/#primaryimage"},"thumbnailUrl":"https:\/\/perle-in.com\/wp-content\/uploads\/2025\/10\/10073101-1.jpg","datePublished":"2025-10-14T19:10:59+00:00","dateModified":"2025-10-19T03:45:04+00:00","breadcrumb":{"@id":"https:\/\/perle-in.com\/produit\/tasse-nordia-de-400-ml-recyclee-a-double-paroi\/#breadcrumb"},"inLanguage":"en-CA","potentialAction":[{"@type":"ReadAction","target":["https:\/\/perle-in.com\/produit\/tasse-nordia-de-400-ml-recyclee-a-double-paroi\/"]}]},{"@type":"ImageObject","inLanguage":"en-CA","@id":"https:\/\/perle-in.com\/produit\/tasse-nordia-de-400-ml-recyclee-a-double-paroi\/#primaryimage","url":"https:\/\/perle-in.com\/wp-content\/uploads\/2025\/10\/10073101-1.jpg","contentUrl":"https:\/\/perle-in.com\/wp-content\/uploads\/2025\/10\/10073101-1.jpg","width":1600,"height":1600},{"@type":"BreadcrumbList","@id":"https:\/\/perle-in.com\/produit\/tasse-nordia-de-400-ml-recyclee-a-double-paroi\/#breadcrumb","itemListElement":[{"@type":"ListItem","position":1,"name":"Accueil","item":"https:\/\/perle-in.com\/"},{"@type":"ListItem","position":2,"name":"Boutique","item":"https:\/\/perle-in.com\/boutique\/"},{"@type":"ListItem","position":3,"name":"Tasse Nordia de 400 ml recyclée à double paroi"}]},{"@type":"WebSite","@id":"https:\/\/perle-in.com\/#website","url":"https:\/\/perle-in.com\/","name":"PERLE IN","description":"","publisher":{"@id":"https:\/\/perle-in.com\/#organization"},"potentialAction":[{"@type":"SearchAction","target":{"@type":"EntryPoint","urlTemplate":"https:\/\/perle-in.com\/?s={search_term_string}"},"query-input":{"@type":"PropertyValueSpecification","valueRequired":true,"valueName":"search_term_string"}}],"inLanguage":"en-CA"},{"@type":"Organization","@id":"https:\/\/perle-in.com\/#organization","name":"PERLE IN","url":"https:\/\/perle-in.com\/","logo":{"@type":"ImageObject","inLanguage":"en-CA","@id":"https:\/\/perle-in.com\/#\/schema\/logo\/image\/","url":"https:\/\/perle-in.com\/wp-content\/uploads\/2022\/12\/LOGO-PERLE-IN-COULEUR@3x.webp","contentUrl":"https:\/\/perle-in.com\/wp-content\/uploads\/2022\/12\/LOGO-PERLE-IN-COULEUR@3x.webp","width":1600,"height":490,"caption":"PERLE IN"},"image":{"@id":"https:\/\/perle-in.com\/#\/schema\/logo\/image\/"}}]}</script>
<!-- / Yoast SEO plugin. -->

Tasse Nordia de 400 ml recyclée à double paroi - PERLE IN

L'élégante tasse Nordia est fabriquée avec un extérieur en acier inoxydable et un intérieur en PP recyclé durable. Le couvercle intérieur, la glissière et la poignée sont également fabriqués à partir de PP recyclés provenant de sources certifiées et responsables. Le couvercle est doté d'une fermeture à glissière, ce qui rend cette tasse parfaite pour profiter de vos boissons en déplacement. Sans bisphénol A, testé et approuvé par la législation allemande sur la sécurité alimentaire (LFGB), et testé pour la teneur en phtalates conformément à la réglementation REACH. Capacité de 400 ml. Lavage à la main recommandé.
