{"id":535203,"date":"2025-10-14T20:32:56","date_gmt":"2025-10-14T18:32:56","guid":{"rendered":"https:\/\/perle-in.com\/produit\/sac-a-dos-thule-accent-convertible-de-17-l\/"},"modified":"2025-10-19T05:44:41","modified_gmt":"2025-10-19T03:44:41","slug":"sac-a-dos-thule-accent-convertible-de-17-l","status":"publish","type":"product","link":"https:\/\/perle-in.com\/en\/product\/sac-a-dos-thule-accent-convertible-de-17-l\/","title":{"rendered":"Sac \u00e0 dos Thule Accent convertible de 17\u00a0L"},"content":{"rendered":"","protected":false},"excerpt":{"rendered":"<p>Une sacoche \u00e9cologique 2-en-1 qui se transforme en sac \u00e0 dos pour faciliter vos voyages d&#8217;affaires. Comprend des poches con\u00e7ues pour un MacBook\u00ae de 16&#8243; ou un PC de 15,6&#8243; et une tablette de 10,5&#8243;. Plusieurs poches d&#8217;organisation internes pour s\u00e9curiser le contenu en mode sacoche ou sac \u00e0 dos, et une bandouli\u00e8re amovible et rembourr\u00e9e pour le transporter confortablement en mode sacoche. Fabriqu\u00e9 en polyester 1680 recycl\u00e9 100\u00a0% avec fermeture zipp\u00e9e YKK.<\/p>","protected":false},"featured_media":535194,"template":"","meta":{"_eb_attr":""},"product_brand":[],"product_cat":[159],"product_tag":[837,946,2654,784,282,1347,1798,3072],"class_list":{"0":"post-535203","1":"product","2":"type-product","3":"status-publish","4":"has-post-thumbnail","6":"product_cat-sacs","7":"product_tag-durable","8":"product_tag-green-concept","9":"product_tag-grs","10":"product_tag-ordinateur-portable","11":"product_tag-sac","12":"product_tag-sac-a-dos","13":"product_tag-sacoche","14":"product_tag-thule","15":"pa_couleurs-noir","16":"pa_marque-thule","17":"pa_matiere-polyester-recycle-1680d","18":"pa_pays-d-origine-vietnam","20":"first","21":"instock","22":"shipping-taxable","23":"purchasable","24":"product-type-variable"},"yoast_head":"<!-- This site is optimized with the Yoast SEO plugin v27.4 - https:\/\/yoast.com\/product\/yoast-seo-wordpress\/ -->\n<title>Sac \u00e0 dos Thule Accent convertible de 17\u00a0L - PERLE IN<\/title>\n<meta name=\"robots\" content=\"noindex, follow, max-snippet:-1, max-image-preview:large, max-video-preview:-1\" \/>\n<meta property=\"og:locale\" content=\"en_US\" \/>\n<meta property=\"og:type\" content=\"article\" \/>\n<meta property=\"og:title\" content=\"Sac \u00e0 dos Thule Accent convertible de 17\u00a0L - PERLE IN\" \/>\n<meta property=\"og:description\" content=\"Une sacoche \u00e9cologique 2-en-1 qui se transforme en sac \u00e0 dos pour faciliter vos voyages d&#039;affaires. Comprend des poches con\u00e7ues pour un MacBook\u00ae de 16&quot; ou un PC de 15,6&quot; et une tablette de 10,5&quot;. Plusieurs poches d&#039;organisation internes pour s\u00e9curiser le contenu en mode sacoche ou sac \u00e0 dos, et une bandouli\u00e8re amovible et rembourr\u00e9e pour le transporter confortablement en mode sacoche. Fabriqu\u00e9 en polyester 1680 recycl\u00e9 100\u00a0% avec fermeture zipp\u00e9e YKK.\" \/>\n<meta property=\"og:url\" content=\"https:\/\/perle-in.com\/en\/product\/sac-a-dos-thule-accent-convertible-de-17-l\/\" \/>\n<meta property=\"og:site_name\" content=\"PERLE IN\" \/>\n<meta property=\"article:modified_time\" content=\"2025-10-19T03:44:41+00:00\" \/>\n<meta property=\"og:image\" content=\"https:\/\/perle-in.com\/wp-content\/uploads\/2025\/10\/12064090-1.jpg\" \/>\n\t<meta property=\"og:image:width\" content=\"1600\" \/>\n\t<meta property=\"og:image:height\" content=\"1600\" \/>\n\t<meta property=\"og:image:type\" content=\"image\/jpeg\" \/>\n<meta name=\"twitter:card\" content=\"summary_large_image\" \/>\n<script type=\"application\/ld+json\" class=\"yoast-schema-graph\">{\"@context\":\"https:\\\/\\\/schema.org\",\"@graph\":[{\"@type\":\"WebPage\",\"@id\":\"https:\\\/\\\/perle-in.com\\\/produit\\\/sac-a-dos-thule-accent-convertible-de-17-l\\\/\",\"url\":\"https:\\\/\\\/perle-in.com\\\/produit\\\/sac-a-dos-thule-accent-convertible-de-17-l\\\/\",\"name\":\"Sac \u00e0 dos Thule Accent convertible de 17\u00a0L - PERLE IN\",\"isPartOf\":{\"@id\":\"https:\\\/\\\/perle-in.com\\\/#website\"},\"primaryImageOfPage\":{\"@id\":\"https:\\\/\\\/perle-in.com\\\/produit\\\/sac-a-dos-thule-accent-convertible-de-17-l\\\/#primaryimage\"},\"image\":{\"@id\":\"https:\\\/\\\/perle-in.com\\\/produit\\\/sac-a-dos-thule-accent-convertible-de-17-l\\\/#primaryimage\"},\"thumbnailUrl\":\"https:\\\/\\\/perle-in.com\\\/wp-content\\\/uploads\\\/2025\\\/10\\\/12064090-1.jpg\",\"datePublished\":\"2025-10-14T18:32:56+00:00\",\"dateModified\":\"2025-10-19T03:44:41+00:00\",\"breadcrumb\":{\"@id\":\"https:\\\/\\\/perle-in.com\\\/produit\\\/sac-a-dos-thule-accent-convertible-de-17-l\\\/#breadcrumb\"},\"inLanguage\":\"en-CA\",\"potentialAction\":[{\"@type\":\"ReadAction\",\"target\":[\"https:\\\/\\\/perle-in.com\\\/produit\\\/sac-a-dos-thule-accent-convertible-de-17-l\\\/\"]}]},{\"@type\":\"ImageObject\",\"inLanguage\":\"en-CA\",\"@id\":\"https:\\\/\\\/perle-in.com\\\/produit\\\/sac-a-dos-thule-accent-convertible-de-17-l\\\/#primaryimage\",\"url\":\"https:\\\/\\\/perle-in.com\\\/wp-content\\\/uploads\\\/2025\\\/10\\\/12064090-1.jpg\",\"contentUrl\":\"https:\\\/\\\/perle-in.com\\\/wp-content\\\/uploads\\\/2025\\\/10\\\/12064090-1.jpg\",\"width\":1600,\"height\":1600},{\"@type\":\"BreadcrumbList\",\"@id\":\"https:\\\/\\\/perle-in.com\\\/produit\\\/sac-a-dos-thule-accent-convertible-de-17-l\\\/#breadcrumb\",\"itemListElement\":[{\"@type\":\"ListItem\",\"position\":1,\"name\":\"Accueil\",\"item\":\"https:\\\/\\\/perle-in.com\\\/\"},{\"@type\":\"ListItem\",\"position\":2,\"name\":\"Boutique\",\"item\":\"https:\\\/\\\/perle-in.com\\\/boutique\\\/\"},{\"@type\":\"ListItem\",\"position\":3,\"name\":\"Sac \u00e0 dos Thule Accent convertible de 17\u00a0L\"}]},{\"@type\":\"WebSite\",\"@id\":\"https:\\\/\\\/perle-in.com\\\/#website\",\"url\":\"https:\\\/\\\/perle-in.com\\\/\",\"name\":\"PERLE IN\",\"description\":\"\",\"publisher\":{\"@id\":\"https:\\\/\\\/perle-in.com\\\/#organization\"},\"potentialAction\":[{\"@type\":\"SearchAction\",\"target\":{\"@type\":\"EntryPoint\",\"urlTemplate\":\"https:\\\/\\\/perle-in.com\\\/?s={search_term_string}\"},\"query-input\":{\"@type\":\"PropertyValueSpecification\",\"valueRequired\":true,\"valueName\":\"search_term_string\"}}],\"inLanguage\":\"en-CA\"},{\"@type\":\"Organization\",\"@id\":\"https:\\\/\\\/perle-in.com\\\/#organization\",\"name\":\"PERLE IN\",\"url\":\"https:\\\/\\\/perle-in.com\\\/\",\"logo\":{\"@type\":\"ImageObject\",\"inLanguage\":\"en-CA\",\"@id\":\"https:\\\/\\\/perle-in.com\\\/#\\\/schema\\\/logo\\\/image\\\/\",\"url\":\"https:\\\/\\\/perle-in.com\\\/wp-content\\\/uploads\\\/2022\\\/12\\\/LOGO-PERLE-IN-COULEUR@3x.webp\",\"contentUrl\":\"https:\\\/\\\/perle-in.com\\\/wp-content\\\/uploads\\\/2022\\\/12\\\/LOGO-PERLE-IN-COULEUR@3x.webp\",\"width\":1600,\"height\":490,\"caption\":\"PERLE IN\"},\"image\":{\"@id\":\"https:\\\/\\\/perle-in.com\\\/#\\\/schema\\\/logo\\\/image\\\/\"}}]}<\/script>\n<!-- \/ Yoast SEO plugin. -->","yoast_head_json":{"title":"Sac \u00e0 dos Thule Accent convertible de 17\u00a0L - PERLE IN","robots":{"index":"noindex","follow":"follow","max-snippet":"max-snippet:-1","max-image-preview":"max-image-preview:large","max-video-preview":"max-video-preview:-1"},"og_locale":"en_US","og_type":"article","og_title":"Sac \u00e0 dos Thule Accent convertible de 17\u00a0L - PERLE IN","og_description":"Une sacoche \u00e9cologique 2-en-1 qui se transforme en sac \u00e0 dos pour faciliter vos voyages d'affaires. Comprend des poches con\u00e7ues pour un MacBook\u00ae de 16\" ou un PC de 15,6\" et une tablette de 10,5\". Plusieurs poches d'organisation internes pour s\u00e9curiser le contenu en mode sacoche ou sac \u00e0 dos, et une bandouli\u00e8re amovible et rembourr\u00e9e pour le transporter confortablement en mode sacoche. Fabriqu\u00e9 en polyester 1680 recycl\u00e9 100\u00a0% avec fermeture zipp\u00e9e YKK.","og_url":"https:\/\/perle-in.com\/en\/product\/sac-a-dos-thule-accent-convertible-de-17-l\/","og_site_name":"PERLE IN","article_modified_time":"2025-10-19T03:44:41+00:00","og_image":[{"width":1600,"height":1600,"url":"https:\/\/perle-in.com\/wp-content\/uploads\/2025\/10\/12064090-1.jpg","type":"image\/jpeg"}],"twitter_card":"summary_large_image","schema":{"@context":"https:\/\/schema.org","@graph":[{"@type":"WebPage","@id":"https:\/\/perle-in.com\/produit\/sac-a-dos-thule-accent-convertible-de-17-l\/","url":"https:\/\/perle-in.com\/produit\/sac-a-dos-thule-accent-convertible-de-17-l\/","name":"Sac \u00e0 dos Thule Accent convertible de 17\u00a0L - PERLE IN","isPartOf":{"@id":"https:\/\/perle-in.com\/#website"},"primaryImageOfPage":{"@id":"https:\/\/perle-in.com\/produit\/sac-a-dos-thule-accent-convertible-de-17-l\/#primaryimage"},"image":{"@id":"https:\/\/perle-in.com\/produit\/sac-a-dos-thule-accent-convertible-de-17-l\/#primaryimage"},"thumbnailUrl":"https:\/\/perle-in.com\/wp-content\/uploads\/2025\/10\/12064090-1.jpg","datePublished":"2025-10-14T18:32:56+00:00","dateModified":"2025-10-19T03:44:41+00:00","breadcrumb":{"@id":"https:\/\/perle-in.com\/produit\/sac-a-dos-thule-accent-convertible-de-17-l\/#breadcrumb"},"inLanguage":"en-CA","potentialAction":[{"@type":"ReadAction","target":["https:\/\/perle-in.com\/produit\/sac-a-dos-thule-accent-convertible-de-17-l\/"]}]},{"@type":"ImageObject","inLanguage":"en-CA","@id":"https:\/\/perle-in.com\/produit\/sac-a-dos-thule-accent-convertible-de-17-l\/#primaryimage","url":"https:\/\/perle-in.com\/wp-content\/uploads\/2025\/10\/12064090-1.jpg","contentUrl":"https:\/\/perle-in.com\/wp-content\/uploads\/2025\/10\/12064090-1.jpg","width":1600,"height":1600},{"@type":"BreadcrumbList","@id":"https:\/\/perle-in.com\/produit\/sac-a-dos-thule-accent-convertible-de-17-l\/#breadcrumb","itemListElement":[{"@type":"ListItem","position":1,"name":"Accueil","item":"https:\/\/perle-in.com\/"},{"@type":"ListItem","position":2,"name":"Boutique","item":"https:\/\/perle-in.com\/boutique\/"},{"@type":"ListItem","position":3,"name":"Sac \u00e0 dos Thule Accent convertible de 17\u00a0L"}]},{"@type":"WebSite","@id":"https:\/\/perle-in.com\/#website","url":"https:\/\/perle-in.com\/","name":"PERLE IN","description":"","publisher":{"@id":"https:\/\/perle-in.com\/#organization"},"potentialAction":[{"@type":"SearchAction","target":{"@type":"EntryPoint","urlTemplate":"https:\/\/perle-in.com\/?s={search_term_string}"},"query-input":{"@type":"PropertyValueSpecification","valueRequired":true,"valueName":"search_term_string"}}],"inLanguage":"en-CA"},{"@type":"Organization","@id":"https:\/\/perle-in.com\/#organization","name":"PERLE IN","url":"https:\/\/perle-in.com\/","logo":{"@type":"ImageObject","inLanguage":"en-CA","@id":"https:\/\/perle-in.com\/#\/schema\/logo\/image\/","url":"https:\/\/perle-in.com\/wp-content\/uploads\/2022\/12\/LOGO-PERLE-IN-COULEUR@3x.webp","contentUrl":"https:\/\/perle-in.com\/wp-content\/uploads\/2022\/12\/LOGO-PERLE-IN-COULEUR@3x.webp","width":1600,"height":490,"caption":"PERLE IN"},"image":{"@id":"https:\/\/perle-in.com\/#\/schema\/logo\/image\/"}}]}},"jetpack_sharing_enabled":true,"_links":{"self":[{"href":"https:\/\/perle-in.com\/en\/wp-json\/wp\/v2\/product\/535203","targetHints":{"allow":["GET"]}}],"collection":[{"href":"https:\/\/perle-in.com\/en\/wp-json\/wp\/v2\/product"}],"about":[{"href":"https:\/\/perle-in.com\/en\/wp-json\/wp\/v2\/types\/product"}],"version-history":[{"count":0,"href":"https:\/\/perle-in.com\/en\/wp-json\/wp\/v2\/product\/535203\/revisions"}],"wp:featuredmedia":[{"embeddable":true,"href":"https:\/\/perle-in.com\/en\/wp-json\/wp\/v2\/media\/535194"}],"wp:attachment":[{"href":"https:\/\/perle-in.com\/en\/wp-json\/wp\/v2\/media?parent=535203"}],"wp:term":[{"taxonomy":"product_brand","embeddable":true,"href":"https:\/\/perle-in.com\/en\/wp-json\/wp\/v2\/product_brand?post=535203"},{"taxonomy":"product_cat","embeddable":true,"href":"https:\/\/perle-in.com\/en\/wp-json\/wp\/v2\/product_cat?post=535203"},{"taxonomy":"product_tag","embeddable":true,"href":"https:\/\/perle-in.com\/en\/wp-json\/wp\/v2\/product_tag?post=535203"}],"curies":[{"name":"wp","href":"https:\/\/api.w.org\/{rel}","templated":true}]}}

Sac à dos Thule Accent convertible de 17 L

<p>Une sacoche écologique 2-en-1 qui se transforme en sac à dos pour faciliter vos voyages d&#8217;affaires. Comprend des poches conçues pour un MacBook® de 16&#8243; ou un PC de 15,6&#8243; et une tablette de 10,5&#8243;. Plusieurs poches d&#8217;organisation internes pour sécuriser le contenu en mode sacoche ou sac à dos, et une bandoulière amovible et rembourrée pour le transporter confortablement en mode sacoche. Fabriqué en polyester 1680 recyclé 100 % avec fermeture zippée YKK.</p>

<!-- This site is optimized with the Yoast SEO plugin v27.4 - https://yoast.com/product/yoast-seo-wordpress/ -->
<title>Sac à dos Thule Accent convertible de 17 L - PERLE IN</title>
<meta name="robots" content="noindex, follow, max-snippet:-1, max-image-preview:large, max-video-preview:-1" />
<meta property="og:locale" content="en_US" />
<meta property="og:type" content="article" />
<meta property="og:title" content="Sac à dos Thule Accent convertible de 17 L - PERLE IN" />
<meta property="og:description" content="Une sacoche écologique 2-en-1 qui se transforme en sac à dos pour faciliter vos voyages d&#039;affaires. Comprend des poches conçues pour un MacBook® de 16&quot; ou un PC de 15,6&quot; et une tablette de 10,5&quot;. Plusieurs poches d&#039;organisation internes pour sécuriser le contenu en mode sacoche ou sac à dos, et une bandoulière amovible et rembourrée pour le transporter confortablement en mode sacoche. Fabriqué en polyester 1680 recyclé 100 % avec fermeture zippée YKK." />
<meta property="og:url" content="https://perle-in.com/en/product/sac-a-dos-thule-accent-convertible-de-17-l/" />
<meta property="og:site_name" content="PERLE IN" />
<meta property="article:modified_time" content="2025-10-19T03:44:41+00:00" />
<meta property="og:image" content="https://perle-in.com/wp-content/uploads/2025/10/12064090-1.jpg" />
	<meta property="og:image:width" content="1600" />
	<meta property="og:image:height" content="1600" />
	<meta property="og:image:type" content="image/jpeg" />
<meta name="twitter:card" content="summary_large_image" />
<script type="application/ld+json" class="yoast-schema-graph">{"@context":"https:\/\/schema.org","@graph":[{"@type":"WebPage","@id":"https:\/\/perle-in.com\/produit\/sac-a-dos-thule-accent-convertible-de-17-l\/","url":"https:\/\/perle-in.com\/produit\/sac-a-dos-thule-accent-convertible-de-17-l\/","name":"Sac à dos Thule Accent convertible de 17 L - PERLE IN","isPartOf":{"@id":"https:\/\/perle-in.com\/#website"},"primaryImageOfPage":{"@id":"https:\/\/perle-in.com\/produit\/sac-a-dos-thule-accent-convertible-de-17-l\/#primaryimage"},"image":{"@id":"https:\/\/perle-in.com\/produit\/sac-a-dos-thule-accent-convertible-de-17-l\/#primaryimage"},"thumbnailUrl":"https:\/\/perle-in.com\/wp-content\/uploads\/2025\/10\/12064090-1.jpg","datePublished":"2025-10-14T18:32:56+00:00","dateModified":"2025-10-19T03:44:41+00:00","breadcrumb":{"@id":"https:\/\/perle-in.com\/produit\/sac-a-dos-thule-accent-convertible-de-17-l\/#breadcrumb"},"inLanguage":"en-CA","potentialAction":[{"@type":"ReadAction","target":["https:\/\/perle-in.com\/produit\/sac-a-dos-thule-accent-convertible-de-17-l\/"]}]},{"@type":"ImageObject","inLanguage":"en-CA","@id":"https:\/\/perle-in.com\/produit\/sac-a-dos-thule-accent-convertible-de-17-l\/#primaryimage","url":"https:\/\/perle-in.com\/wp-content\/uploads\/2025\/10\/12064090-1.jpg","contentUrl":"https:\/\/perle-in.com\/wp-content\/uploads\/2025\/10\/12064090-1.jpg","width":1600,"height":1600},{"@type":"BreadcrumbList","@id":"https:\/\/perle-in.com\/produit\/sac-a-dos-thule-accent-convertible-de-17-l\/#breadcrumb","itemListElement":[{"@type":"ListItem","position":1,"name":"Accueil","item":"https:\/\/perle-in.com\/"},{"@type":"ListItem","position":2,"name":"Boutique","item":"https:\/\/perle-in.com\/boutique\/"},{"@type":"ListItem","position":3,"name":"Sac à dos Thule Accent convertible de 17 L"}]},{"@type":"WebSite","@id":"https:\/\/perle-in.com\/#website","url":"https:\/\/perle-in.com\/","name":"PERLE IN","description":"","publisher":{"@id":"https:\/\/perle-in.com\/#organization"},"potentialAction":[{"@type":"SearchAction","target":{"@type":"EntryPoint","urlTemplate":"https:\/\/perle-in.com\/?s={search_term_string}"},"query-input":{"@type":"PropertyValueSpecification","valueRequired":true,"valueName":"search_term_string"}}],"inLanguage":"en-CA"},{"@type":"Organization","@id":"https:\/\/perle-in.com\/#organization","name":"PERLE IN","url":"https:\/\/perle-in.com\/","logo":{"@type":"ImageObject","inLanguage":"en-CA","@id":"https:\/\/perle-in.com\/#\/schema\/logo\/image\/","url":"https:\/\/perle-in.com\/wp-content\/uploads\/2022\/12\/LOGO-PERLE-IN-COULEUR@3x.webp","contentUrl":"https:\/\/perle-in.com\/wp-content\/uploads\/2022\/12\/LOGO-PERLE-IN-COULEUR@3x.webp","width":1600,"height":490,"caption":"PERLE IN"},"image":{"@id":"https:\/\/perle-in.com\/#\/schema\/logo\/image\/"}}]}</script>
<!-- / Yoast SEO plugin. -->

Sac à dos Thule Accent convertible de 17 L - PERLE IN

Une sacoche écologique 2-en-1 qui se transforme en sac à dos pour faciliter vos voyages d'affaires. Comprend des poches conçues pour un MacBook® de 16" ou un PC de 15,6" et une tablette de 10,5". Plusieurs poches d'organisation internes pour sécuriser le contenu en mode sacoche ou sac à dos, et une bandoulière amovible et rembourrée pour le transporter confortablement en mode sacoche. Fabriqué en polyester 1680 recyclé 100 % avec fermeture zippée YKK.
