{"id":534651,"date":"2025-10-14T19:26:24","date_gmt":"2025-10-14T17:26:24","guid":{"rendered":"https:\/\/perle-in.com\/produit\/tapis-de-charge-sans-fil-hybrid-haut-de-gamme-de-15-w\/"},"modified":"2025-10-19T05:44:45","modified_gmt":"2025-10-19T03:44:45","slug":"tapis-de-charge-sans-fil-hybrid-haut-de-gamme-de-15-w","status":"publish","type":"product","link":"https:\/\/perle-in.com\/en\/product\/tapis-de-charge-sans-fil-hybrid-haut-de-gamme-de-15-w\/","title":{"rendered":"Tapis de charge sans fil Hybrid haut de gamme de 15\u00a0W"},"content":{"rendered":"","protected":false},"excerpt":{"rendered":"<p>Le tapis de charge sans fil haut de gamme Hybrid de 15\u00a0W est un atout pour tout bureau. Il peut facilement tenir dans les poches d&#8217;un sac d&#8217;ordinateur portable en raison de son design ultra-mince. Fabriqu\u00e9 \u00e0 partir d&#8217;un bo\u00eetier en aluminium durable combin\u00e9 \u00e0 un tapis de charge en cuir TPU antid\u00e9rapant. Avec une sortie de charge sans fil jusqu&#8217;\u00e0 15\u00a0W, les appareils sont enti\u00e8rement aliment\u00e9s rapidement. Compatible avec tous les appareils Qi (iPhone 8 ou sup\u00e9rieur et appareils Android prenant en charge la recharge sans fil). Fonctionnalit\u00e9s int\u00e9gr\u00e9es FOD (Foreign Object Detection) pour identifier les objets ind\u00e9sirables et assurer un processus de charge en douceur. Livraison dans une bo\u00eete en papier Kraft de qualit\u00e9 sup\u00e9rieure avec un autocollant color\u00e9. C\u00e2ble de chargement de type C inclus.<\/p>","protected":false},"featured_media":534642,"template":"","meta":{"_eb_attr":""},"product_brand":[],"product_cat":[1205,667],"product_tag":[2751,718,814,815,3054,1019,1155,2880],"class_list":{"0":"post-534651","1":"product","2":"type-product","3":"status-publish","4":"has-post-thumbnail","6":"product_cat-chargeurs-sans-fil","7":"product_cat-technologie","8":"product_tag-accessoires","9":"product_tag-bureau","10":"product_tag-chargement","11":"product_tag-chargeur","12":"product_tag-fod","13":"product_tag-sans-fil","14":"product_tag-tapis","15":"product_tag-tekio","16":"pa_couleurs-noir","17":"pa_marque-tekio","18":"pa_matiere-alliage-pu-thermo","20":"first","21":"instock","22":"sale","23":"shipping-taxable","24":"purchasable","25":"product-type-variable"},"yoast_head":"<!-- This site is optimized with the Yoast SEO plugin v27.4 - https:\/\/yoast.com\/product\/yoast-seo-wordpress\/ -->\n<title>Tapis de charge sans fil Hybrid haut de gamme de 15\u00a0W - PERLE IN<\/title>\n<meta name=\"robots\" content=\"noindex, follow, max-snippet:-1, max-image-preview:large, max-video-preview:-1\" \/>\n<meta property=\"og:locale\" content=\"en_US\" \/>\n<meta property=\"og:type\" content=\"article\" \/>\n<meta property=\"og:title\" content=\"Tapis de charge sans fil Hybrid haut de gamme de 15\u00a0W - PERLE IN\" \/>\n<meta property=\"og:description\" content=\"Le tapis de charge sans fil haut de gamme Hybrid de 15\u00a0W est un atout pour tout bureau. Il peut facilement tenir dans les poches d&#039;un sac d&#039;ordinateur portable en raison de son design ultra-mince. Fabriqu\u00e9 \u00e0 partir d&#039;un bo\u00eetier en aluminium durable combin\u00e9 \u00e0 un tapis de charge en cuir TPU antid\u00e9rapant. Avec une sortie de charge sans fil jusqu&#039;\u00e0 15\u00a0W, les appareils sont enti\u00e8rement aliment\u00e9s rapidement. Compatible avec tous les appareils Qi (iPhone 8 ou sup\u00e9rieur et appareils Android prenant en charge la recharge sans fil). Fonctionnalit\u00e9s int\u00e9gr\u00e9es FOD (Foreign Object Detection) pour identifier les objets ind\u00e9sirables et assurer un processus de charge en douceur. Livraison dans une bo\u00eete en papier Kraft de qualit\u00e9 sup\u00e9rieure avec un autocollant color\u00e9. C\u00e2ble de chargement de type C inclus.\" \/>\n<meta property=\"og:url\" content=\"https:\/\/perle-in.com\/en\/product\/tapis-de-charge-sans-fil-hybrid-haut-de-gamme-de-15-w\/\" \/>\n<meta property=\"og:site_name\" content=\"PERLE IN\" \/>\n<meta property=\"article:modified_time\" content=\"2025-10-19T03:44:45+00:00\" \/>\n<meta property=\"og:image\" content=\"https:\/\/perle-in.com\/wp-content\/uploads\/2025\/10\/12424090-1.jpg\" \/>\n\t<meta property=\"og:image:width\" content=\"1600\" \/>\n\t<meta property=\"og:image:height\" content=\"1600\" \/>\n\t<meta property=\"og:image:type\" content=\"image\/jpeg\" \/>\n<meta name=\"twitter:card\" content=\"summary_large_image\" \/>\n<script type=\"application\/ld+json\" class=\"yoast-schema-graph\">{\"@context\":\"https:\\\/\\\/schema.org\",\"@graph\":[{\"@type\":\"WebPage\",\"@id\":\"https:\\\/\\\/perle-in.com\\\/produit\\\/tapis-de-charge-sans-fil-hybrid-haut-de-gamme-de-15-w\\\/\",\"url\":\"https:\\\/\\\/perle-in.com\\\/produit\\\/tapis-de-charge-sans-fil-hybrid-haut-de-gamme-de-15-w\\\/\",\"name\":\"Tapis de charge sans fil Hybrid haut de gamme de 15\u00a0W - PERLE IN\",\"isPartOf\":{\"@id\":\"https:\\\/\\\/perle-in.com\\\/#website\"},\"primaryImageOfPage\":{\"@id\":\"https:\\\/\\\/perle-in.com\\\/produit\\\/tapis-de-charge-sans-fil-hybrid-haut-de-gamme-de-15-w\\\/#primaryimage\"},\"image\":{\"@id\":\"https:\\\/\\\/perle-in.com\\\/produit\\\/tapis-de-charge-sans-fil-hybrid-haut-de-gamme-de-15-w\\\/#primaryimage\"},\"thumbnailUrl\":\"https:\\\/\\\/perle-in.com\\\/wp-content\\\/uploads\\\/2025\\\/10\\\/12424090-1.jpg\",\"datePublished\":\"2025-10-14T17:26:24+00:00\",\"dateModified\":\"2025-10-19T03:44:45+00:00\",\"breadcrumb\":{\"@id\":\"https:\\\/\\\/perle-in.com\\\/produit\\\/tapis-de-charge-sans-fil-hybrid-haut-de-gamme-de-15-w\\\/#breadcrumb\"},\"inLanguage\":\"en-CA\",\"potentialAction\":[{\"@type\":\"ReadAction\",\"target\":[\"https:\\\/\\\/perle-in.com\\\/produit\\\/tapis-de-charge-sans-fil-hybrid-haut-de-gamme-de-15-w\\\/\"]}]},{\"@type\":\"ImageObject\",\"inLanguage\":\"en-CA\",\"@id\":\"https:\\\/\\\/perle-in.com\\\/produit\\\/tapis-de-charge-sans-fil-hybrid-haut-de-gamme-de-15-w\\\/#primaryimage\",\"url\":\"https:\\\/\\\/perle-in.com\\\/wp-content\\\/uploads\\\/2025\\\/10\\\/12424090-1.jpg\",\"contentUrl\":\"https:\\\/\\\/perle-in.com\\\/wp-content\\\/uploads\\\/2025\\\/10\\\/12424090-1.jpg\",\"width\":1600,\"height\":1600},{\"@type\":\"BreadcrumbList\",\"@id\":\"https:\\\/\\\/perle-in.com\\\/produit\\\/tapis-de-charge-sans-fil-hybrid-haut-de-gamme-de-15-w\\\/#breadcrumb\",\"itemListElement\":[{\"@type\":\"ListItem\",\"position\":1,\"name\":\"Accueil\",\"item\":\"https:\\\/\\\/perle-in.com\\\/\"},{\"@type\":\"ListItem\",\"position\":2,\"name\":\"Boutique\",\"item\":\"https:\\\/\\\/perle-in.com\\\/boutique\\\/\"},{\"@type\":\"ListItem\",\"position\":3,\"name\":\"Tapis de charge sans fil Hybrid haut de gamme de 15\u00a0W\"}]},{\"@type\":\"WebSite\",\"@id\":\"https:\\\/\\\/perle-in.com\\\/#website\",\"url\":\"https:\\\/\\\/perle-in.com\\\/\",\"name\":\"PERLE IN\",\"description\":\"\",\"publisher\":{\"@id\":\"https:\\\/\\\/perle-in.com\\\/#organization\"},\"potentialAction\":[{\"@type\":\"SearchAction\",\"target\":{\"@type\":\"EntryPoint\",\"urlTemplate\":\"https:\\\/\\\/perle-in.com\\\/?s={search_term_string}\"},\"query-input\":{\"@type\":\"PropertyValueSpecification\",\"valueRequired\":true,\"valueName\":\"search_term_string\"}}],\"inLanguage\":\"en-CA\"},{\"@type\":\"Organization\",\"@id\":\"https:\\\/\\\/perle-in.com\\\/#organization\",\"name\":\"PERLE IN\",\"url\":\"https:\\\/\\\/perle-in.com\\\/\",\"logo\":{\"@type\":\"ImageObject\",\"inLanguage\":\"en-CA\",\"@id\":\"https:\\\/\\\/perle-in.com\\\/#\\\/schema\\\/logo\\\/image\\\/\",\"url\":\"https:\\\/\\\/perle-in.com\\\/wp-content\\\/uploads\\\/2022\\\/12\\\/LOGO-PERLE-IN-COULEUR@3x.webp\",\"contentUrl\":\"https:\\\/\\\/perle-in.com\\\/wp-content\\\/uploads\\\/2022\\\/12\\\/LOGO-PERLE-IN-COULEUR@3x.webp\",\"width\":1600,\"height\":490,\"caption\":\"PERLE IN\"},\"image\":{\"@id\":\"https:\\\/\\\/perle-in.com\\\/#\\\/schema\\\/logo\\\/image\\\/\"}}]}<\/script>\n<!-- \/ Yoast SEO plugin. -->","yoast_head_json":{"title":"Tapis de charge sans fil Hybrid haut de gamme de 15\u00a0W - PERLE IN","robots":{"index":"noindex","follow":"follow","max-snippet":"max-snippet:-1","max-image-preview":"max-image-preview:large","max-video-preview":"max-video-preview:-1"},"og_locale":"en_US","og_type":"article","og_title":"Tapis de charge sans fil Hybrid haut de gamme de 15\u00a0W - PERLE IN","og_description":"Le tapis de charge sans fil haut de gamme Hybrid de 15\u00a0W est un atout pour tout bureau. Il peut facilement tenir dans les poches d'un sac d'ordinateur portable en raison de son design ultra-mince. Fabriqu\u00e9 \u00e0 partir d'un bo\u00eetier en aluminium durable combin\u00e9 \u00e0 un tapis de charge en cuir TPU antid\u00e9rapant. Avec une sortie de charge sans fil jusqu'\u00e0 15\u00a0W, les appareils sont enti\u00e8rement aliment\u00e9s rapidement. Compatible avec tous les appareils Qi (iPhone 8 ou sup\u00e9rieur et appareils Android prenant en charge la recharge sans fil). Fonctionnalit\u00e9s int\u00e9gr\u00e9es FOD (Foreign Object Detection) pour identifier les objets ind\u00e9sirables et assurer un processus de charge en douceur. Livraison dans une bo\u00eete en papier Kraft de qualit\u00e9 sup\u00e9rieure avec un autocollant color\u00e9. C\u00e2ble de chargement de type C inclus.","og_url":"https:\/\/perle-in.com\/en\/product\/tapis-de-charge-sans-fil-hybrid-haut-de-gamme-de-15-w\/","og_site_name":"PERLE IN","article_modified_time":"2025-10-19T03:44:45+00:00","og_image":[{"width":1600,"height":1600,"url":"https:\/\/perle-in.com\/wp-content\/uploads\/2025\/10\/12424090-1.jpg","type":"image\/jpeg"}],"twitter_card":"summary_large_image","schema":{"@context":"https:\/\/schema.org","@graph":[{"@type":"WebPage","@id":"https:\/\/perle-in.com\/produit\/tapis-de-charge-sans-fil-hybrid-haut-de-gamme-de-15-w\/","url":"https:\/\/perle-in.com\/produit\/tapis-de-charge-sans-fil-hybrid-haut-de-gamme-de-15-w\/","name":"Tapis de charge sans fil Hybrid haut de gamme de 15\u00a0W - PERLE IN","isPartOf":{"@id":"https:\/\/perle-in.com\/#website"},"primaryImageOfPage":{"@id":"https:\/\/perle-in.com\/produit\/tapis-de-charge-sans-fil-hybrid-haut-de-gamme-de-15-w\/#primaryimage"},"image":{"@id":"https:\/\/perle-in.com\/produit\/tapis-de-charge-sans-fil-hybrid-haut-de-gamme-de-15-w\/#primaryimage"},"thumbnailUrl":"https:\/\/perle-in.com\/wp-content\/uploads\/2025\/10\/12424090-1.jpg","datePublished":"2025-10-14T17:26:24+00:00","dateModified":"2025-10-19T03:44:45+00:00","breadcrumb":{"@id":"https:\/\/perle-in.com\/produit\/tapis-de-charge-sans-fil-hybrid-haut-de-gamme-de-15-w\/#breadcrumb"},"inLanguage":"en-CA","potentialAction":[{"@type":"ReadAction","target":["https:\/\/perle-in.com\/produit\/tapis-de-charge-sans-fil-hybrid-haut-de-gamme-de-15-w\/"]}]},{"@type":"ImageObject","inLanguage":"en-CA","@id":"https:\/\/perle-in.com\/produit\/tapis-de-charge-sans-fil-hybrid-haut-de-gamme-de-15-w\/#primaryimage","url":"https:\/\/perle-in.com\/wp-content\/uploads\/2025\/10\/12424090-1.jpg","contentUrl":"https:\/\/perle-in.com\/wp-content\/uploads\/2025\/10\/12424090-1.jpg","width":1600,"height":1600},{"@type":"BreadcrumbList","@id":"https:\/\/perle-in.com\/produit\/tapis-de-charge-sans-fil-hybrid-haut-de-gamme-de-15-w\/#breadcrumb","itemListElement":[{"@type":"ListItem","position":1,"name":"Accueil","item":"https:\/\/perle-in.com\/"},{"@type":"ListItem","position":2,"name":"Boutique","item":"https:\/\/perle-in.com\/boutique\/"},{"@type":"ListItem","position":3,"name":"Tapis de charge sans fil Hybrid haut de gamme de 15\u00a0W"}]},{"@type":"WebSite","@id":"https:\/\/perle-in.com\/#website","url":"https:\/\/perle-in.com\/","name":"PERLE IN","description":"","publisher":{"@id":"https:\/\/perle-in.com\/#organization"},"potentialAction":[{"@type":"SearchAction","target":{"@type":"EntryPoint","urlTemplate":"https:\/\/perle-in.com\/?s={search_term_string}"},"query-input":{"@type":"PropertyValueSpecification","valueRequired":true,"valueName":"search_term_string"}}],"inLanguage":"en-CA"},{"@type":"Organization","@id":"https:\/\/perle-in.com\/#organization","name":"PERLE IN","url":"https:\/\/perle-in.com\/","logo":{"@type":"ImageObject","inLanguage":"en-CA","@id":"https:\/\/perle-in.com\/#\/schema\/logo\/image\/","url":"https:\/\/perle-in.com\/wp-content\/uploads\/2022\/12\/LOGO-PERLE-IN-COULEUR@3x.webp","contentUrl":"https:\/\/perle-in.com\/wp-content\/uploads\/2022\/12\/LOGO-PERLE-IN-COULEUR@3x.webp","width":1600,"height":490,"caption":"PERLE IN"},"image":{"@id":"https:\/\/perle-in.com\/#\/schema\/logo\/image\/"}}]}},"jetpack_sharing_enabled":true,"_links":{"self":[{"href":"https:\/\/perle-in.com\/en\/wp-json\/wp\/v2\/product\/534651","targetHints":{"allow":["GET"]}}],"collection":[{"href":"https:\/\/perle-in.com\/en\/wp-json\/wp\/v2\/product"}],"about":[{"href":"https:\/\/perle-in.com\/en\/wp-json\/wp\/v2\/types\/product"}],"version-history":[{"count":0,"href":"https:\/\/perle-in.com\/en\/wp-json\/wp\/v2\/product\/534651\/revisions"}],"wp:featuredmedia":[{"embeddable":true,"href":"https:\/\/perle-in.com\/en\/wp-json\/wp\/v2\/media\/534642"}],"wp:attachment":[{"href":"https:\/\/perle-in.com\/en\/wp-json\/wp\/v2\/media?parent=534651"}],"wp:term":[{"taxonomy":"product_brand","embeddable":true,"href":"https:\/\/perle-in.com\/en\/wp-json\/wp\/v2\/product_brand?post=534651"},{"taxonomy":"product_cat","embeddable":true,"href":"https:\/\/perle-in.com\/en\/wp-json\/wp\/v2\/product_cat?post=534651"},{"taxonomy":"product_tag","embeddable":true,"href":"https:\/\/perle-in.com\/en\/wp-json\/wp\/v2\/product_tag?post=534651"}],"curies":[{"name":"wp","href":"https:\/\/api.w.org\/{rel}","templated":true}]}}

<p>Le tapis de charge sans fil haut de gamme Hybrid de 15 W est un atout pour tout bureau. Il peut facilement tenir dans les poches d&#8217;un sac d&#8217;ordinateur portable en raison de son design ultra-mince. Fabriqué à partir d&#8217;un boîtier en aluminium durable combiné à un tapis de charge en cuir TPU antidérapant. Avec une sortie de charge sans fil jusqu&#8217;à 15 W, les appareils sont entièrement alimentés rapidement. Compatible avec tous les appareils Qi (iPhone 8 ou supérieur et appareils Android prenant en charge la recharge sans fil). Fonctionnalités intégrées FOD (Foreign Object Detection) pour identifier les objets indésirables et assurer un processus de charge en douceur. Livraison dans une boîte en papier Kraft de qualité supérieure avec un autocollant coloré. Câble de chargement de type C inclus.</p>

<!-- This site is optimized with the Yoast SEO plugin v27.4 - https://yoast.com/product/yoast-seo-wordpress/ -->
<title>Tapis de charge sans fil Hybrid haut de gamme de 15 W - PERLE IN</title>
<meta name="robots" content="noindex, follow, max-snippet:-1, max-image-preview:large, max-video-preview:-1" />
<meta property="og:locale" content="en_US" />
<meta property="og:type" content="article" />
<meta property="og:title" content="Tapis de charge sans fil Hybrid haut de gamme de 15 W - PERLE IN" />
<meta property="og:description" content="Le tapis de charge sans fil haut de gamme Hybrid de 15 W est un atout pour tout bureau. Il peut facilement tenir dans les poches d&#039;un sac d&#039;ordinateur portable en raison de son design ultra-mince. Fabriqué à partir d&#039;un boîtier en aluminium durable combiné à un tapis de charge en cuir TPU antidérapant. Avec une sortie de charge sans fil jusqu&#039;à 15 W, les appareils sont entièrement alimentés rapidement. Compatible avec tous les appareils Qi (iPhone 8 ou supérieur et appareils Android prenant en charge la recharge sans fil). Fonctionnalités intégrées FOD (Foreign Object Detection) pour identifier les objets indésirables et assurer un processus de charge en douceur. Livraison dans une boîte en papier Kraft de qualité supérieure avec un autocollant coloré. Câble de chargement de type C inclus." />
<meta property="og:url" content="https://perle-in.com/en/product/tapis-de-charge-sans-fil-hybrid-haut-de-gamme-de-15-w/" />
<meta property="og:site_name" content="PERLE IN" />
<meta property="article:modified_time" content="2025-10-19T03:44:45+00:00" />
<meta property="og:image" content="https://perle-in.com/wp-content/uploads/2025/10/12424090-1.jpg" />
	<meta property="og:image:width" content="1600" />
	<meta property="og:image:height" content="1600" />
	<meta property="og:image:type" content="image/jpeg" />
<meta name="twitter:card" content="summary_large_image" />
<script type="application/ld+json" class="yoast-schema-graph">{"@context":"https:\/\/schema.org","@graph":[{"@type":"WebPage","@id":"https:\/\/perle-in.com\/produit\/tapis-de-charge-sans-fil-hybrid-haut-de-gamme-de-15-w\/","url":"https:\/\/perle-in.com\/produit\/tapis-de-charge-sans-fil-hybrid-haut-de-gamme-de-15-w\/","name":"Tapis de charge sans fil Hybrid haut de gamme de 15 W - PERLE IN","isPartOf":{"@id":"https:\/\/perle-in.com\/#website"},"primaryImageOfPage":{"@id":"https:\/\/perle-in.com\/produit\/tapis-de-charge-sans-fil-hybrid-haut-de-gamme-de-15-w\/#primaryimage"},"image":{"@id":"https:\/\/perle-in.com\/produit\/tapis-de-charge-sans-fil-hybrid-haut-de-gamme-de-15-w\/#primaryimage"},"thumbnailUrl":"https:\/\/perle-in.com\/wp-content\/uploads\/2025\/10\/12424090-1.jpg","datePublished":"2025-10-14T17:26:24+00:00","dateModified":"2025-10-19T03:44:45+00:00","breadcrumb":{"@id":"https:\/\/perle-in.com\/produit\/tapis-de-charge-sans-fil-hybrid-haut-de-gamme-de-15-w\/#breadcrumb"},"inLanguage":"en-CA","potentialAction":[{"@type":"ReadAction","target":["https:\/\/perle-in.com\/produit\/tapis-de-charge-sans-fil-hybrid-haut-de-gamme-de-15-w\/"]}]},{"@type":"ImageObject","inLanguage":"en-CA","@id":"https:\/\/perle-in.com\/produit\/tapis-de-charge-sans-fil-hybrid-haut-de-gamme-de-15-w\/#primaryimage","url":"https:\/\/perle-in.com\/wp-content\/uploads\/2025\/10\/12424090-1.jpg","contentUrl":"https:\/\/perle-in.com\/wp-content\/uploads\/2025\/10\/12424090-1.jpg","width":1600,"height":1600},{"@type":"BreadcrumbList","@id":"https:\/\/perle-in.com\/produit\/tapis-de-charge-sans-fil-hybrid-haut-de-gamme-de-15-w\/#breadcrumb","itemListElement":[{"@type":"ListItem","position":1,"name":"Accueil","item":"https:\/\/perle-in.com\/"},{"@type":"ListItem","position":2,"name":"Boutique","item":"https:\/\/perle-in.com\/boutique\/"},{"@type":"ListItem","position":3,"name":"Tapis de charge sans fil Hybrid haut de gamme de 15 W"}]},{"@type":"WebSite","@id":"https:\/\/perle-in.com\/#website","url":"https:\/\/perle-in.com\/","name":"PERLE IN","description":"","publisher":{"@id":"https:\/\/perle-in.com\/#organization"},"potentialAction":[{"@type":"SearchAction","target":{"@type":"EntryPoint","urlTemplate":"https:\/\/perle-in.com\/?s={search_term_string}"},"query-input":{"@type":"PropertyValueSpecification","valueRequired":true,"valueName":"search_term_string"}}],"inLanguage":"en-CA"},{"@type":"Organization","@id":"https:\/\/perle-in.com\/#organization","name":"PERLE IN","url":"https:\/\/perle-in.com\/","logo":{"@type":"ImageObject","inLanguage":"en-CA","@id":"https:\/\/perle-in.com\/#\/schema\/logo\/image\/","url":"https:\/\/perle-in.com\/wp-content\/uploads\/2022\/12\/LOGO-PERLE-IN-COULEUR@3x.webp","contentUrl":"https:\/\/perle-in.com\/wp-content\/uploads\/2022\/12\/LOGO-PERLE-IN-COULEUR@3x.webp","width":1600,"height":490,"caption":"PERLE IN"},"image":{"@id":"https:\/\/perle-in.com\/#\/schema\/logo\/image\/"}}]}</script>
<!-- / Yoast SEO plugin. -->

Le tapis de charge sans fil haut de gamme Hybrid de 15 W est un atout pour tout bureau. Il peut facilement tenir dans les poches d'un sac d'ordinateur portable en raison de son design ultra-mince. Fabriqué à partir d'un boîtier en aluminium durable combiné à un tapis de charge en cuir TPU antidérapant. Avec une sortie de charge sans fil jusqu'à 15 W, les appareils sont entièrement alimentés rapidement. Compatible avec tous les appareils Qi (iPhone 8 ou supérieur et appareils Android prenant en charge la recharge sans fil). Fonctionnalités intégrées FOD (Foreign Object Detection) pour identifier les objets indésirables et assurer un processus de charge en douceur. Livraison dans une boîte en papier Kraft de qualité supérieure avec un autocollant coloré. Câble de chargement de type C inclus.
