{"id":534593,"date":"2025-10-14T19:19:09","date_gmt":"2025-10-14T17:19:09","guid":{"rendered":"https:\/\/perle-in.com\/produit\/carnet-a-couverture-rigide-karst-a5-ligne\/"},"modified":"2025-10-19T05:44:35","modified_gmt":"2025-10-19T03:44:35","slug":"carnet-a-couverture-rigide-karst-a5-ligne","status":"publish","type":"product","link":"https:\/\/perle-in.com\/en\/product\/carnet-a-couverture-rigide-karst-a5-ligne\/","title":{"rendered":"Carnet \u00e0 couverture rigide K\u2019arst\u00ae A5-lign\u00e9"},"content":{"rendered":"","protected":false},"excerpt":{"rendered":"<p>Le carnet A5 Karst\u00ae \u00e0 couverture rigide est un best-seller et pla\u00eet \u00e0 tout le monde. La texture lisse des pages et la reliure plate offrent un grand confort et un grand espace d&#8217;\u00e9criture pour vos notes et vos id\u00e9es. Comprend une bande \u00e9lastique pour garder le carnet ferm\u00e9, 144\u00a0pages doubl\u00e9es imperm\u00e9ables et r\u00e9sistantes \u00e0 la d\u00e9chirure, une poche arri\u00e8re extensible pour le rangement et un ruban de s\u00e9paration avec extr\u00e9mit\u00e9 thermosoud\u00e9e et coins arrondis.<\/p>","protected":false},"featured_media":534582,"template":"","meta":{"_eb_attr":""},"product_brand":[],"product_cat":[587,4196],"product_tag":[1526,1527,1513,1589,1588,1587,1586,1585,1584,3047,2645],"class_list":{"0":"post-534593","1":"product","2":"type-product","3":"status-publish","4":"has-post-thumbnail","6":"product_cat-bloc-notes-couverture-rigide","7":"product_cat-blocs-notes-et-papeterie-personnalisee","8":"product_tag-cahier","9":"product_tag-cahiers","10":"product_tag-carnet","11":"product_tag-color-lab","12":"product_tag-colorlab","13":"product_tag-colorlab22","14":"product_tag-colour-lab","15":"product_tag-colourlab","16":"product_tag-colourlab22","17":"product_tag-karst","18":"product_tag-papeterie","19":"pa_couleurs-beige","20":"pa_couleurs-marine","21":"pa_couleurs-noir","22":"pa_couleurs-vert-bruyere","23":"pa_marque-karst","24":"pa_matiere-papier-de-pierre","26":"first","27":"instock","28":"shipping-taxable","29":"purchasable","30":"product-type-variable"},"yoast_head":"<!-- This site is optimized with the Yoast SEO plugin v27.4 - https:\/\/yoast.com\/product\/yoast-seo-wordpress\/ -->\n<title>Carnet \u00e0 couverture rigide K\u2019arst\u00ae A5-lign\u00e9 - PERLE IN<\/title>\n<meta name=\"robots\" content=\"noindex, follow, max-snippet:-1, max-image-preview:large, max-video-preview:-1\" \/>\n<meta property=\"og:locale\" content=\"en_US\" \/>\n<meta property=\"og:type\" content=\"article\" \/>\n<meta property=\"og:title\" content=\"Carnet \u00e0 couverture rigide K\u2019arst\u00ae A5-lign\u00e9 - PERLE IN\" \/>\n<meta property=\"og:description\" content=\"Le carnet A5 Karst\u00ae \u00e0 couverture rigide est un best-seller et pla\u00eet \u00e0 tout le monde. La texture lisse des pages et la reliure plate offrent un grand confort et un grand espace d&#039;\u00e9criture pour vos notes et vos id\u00e9es. Comprend une bande \u00e9lastique pour garder le carnet ferm\u00e9, 144\u00a0pages doubl\u00e9es imperm\u00e9ables et r\u00e9sistantes \u00e0 la d\u00e9chirure, une poche arri\u00e8re extensible pour le rangement et un ruban de s\u00e9paration avec extr\u00e9mit\u00e9 thermosoud\u00e9e et coins arrondis.\" \/>\n<meta property=\"og:url\" content=\"https:\/\/perle-in.com\/en\/product\/carnet-a-couverture-rigide-karst-a5-ligne\/\" \/>\n<meta property=\"og:site_name\" content=\"PERLE IN\" \/>\n<meta property=\"article:modified_time\" content=\"2025-10-19T03:44:35+00:00\" \/>\n<meta property=\"og:image\" content=\"https:\/\/perle-in.com\/wp-content\/uploads\/2025\/10\/10779002-1.jpg\" \/>\n\t<meta property=\"og:image:width\" content=\"1600\" \/>\n\t<meta property=\"og:image:height\" content=\"1600\" \/>\n\t<meta property=\"og:image:type\" content=\"image\/jpeg\" \/>\n<meta name=\"twitter:card\" content=\"summary_large_image\" \/>\n<script type=\"application\/ld+json\" class=\"yoast-schema-graph\">{\"@context\":\"https:\\\/\\\/schema.org\",\"@graph\":[{\"@type\":\"WebPage\",\"@id\":\"https:\\\/\\\/perle-in.com\\\/produit\\\/carnet-a-couverture-rigide-karst-a5-ligne\\\/\",\"url\":\"https:\\\/\\\/perle-in.com\\\/produit\\\/carnet-a-couverture-rigide-karst-a5-ligne\\\/\",\"name\":\"Carnet \u00e0 couverture rigide K\u2019arst\u00ae A5-lign\u00e9 - PERLE IN\",\"isPartOf\":{\"@id\":\"https:\\\/\\\/perle-in.com\\\/#website\"},\"primaryImageOfPage\":{\"@id\":\"https:\\\/\\\/perle-in.com\\\/produit\\\/carnet-a-couverture-rigide-karst-a5-ligne\\\/#primaryimage\"},\"image\":{\"@id\":\"https:\\\/\\\/perle-in.com\\\/produit\\\/carnet-a-couverture-rigide-karst-a5-ligne\\\/#primaryimage\"},\"thumbnailUrl\":\"https:\\\/\\\/perle-in.com\\\/wp-content\\\/uploads\\\/2025\\\/10\\\/10779002-1.jpg\",\"datePublished\":\"2025-10-14T17:19:09+00:00\",\"dateModified\":\"2025-10-19T03:44:35+00:00\",\"breadcrumb\":{\"@id\":\"https:\\\/\\\/perle-in.com\\\/produit\\\/carnet-a-couverture-rigide-karst-a5-ligne\\\/#breadcrumb\"},\"inLanguage\":\"en-CA\",\"potentialAction\":[{\"@type\":\"ReadAction\",\"target\":[\"https:\\\/\\\/perle-in.com\\\/produit\\\/carnet-a-couverture-rigide-karst-a5-ligne\\\/\"]}]},{\"@type\":\"ImageObject\",\"inLanguage\":\"en-CA\",\"@id\":\"https:\\\/\\\/perle-in.com\\\/produit\\\/carnet-a-couverture-rigide-karst-a5-ligne\\\/#primaryimage\",\"url\":\"https:\\\/\\\/perle-in.com\\\/wp-content\\\/uploads\\\/2025\\\/10\\\/10779002-1.jpg\",\"contentUrl\":\"https:\\\/\\\/perle-in.com\\\/wp-content\\\/uploads\\\/2025\\\/10\\\/10779002-1.jpg\",\"width\":1600,\"height\":1600},{\"@type\":\"BreadcrumbList\",\"@id\":\"https:\\\/\\\/perle-in.com\\\/produit\\\/carnet-a-couverture-rigide-karst-a5-ligne\\\/#breadcrumb\",\"itemListElement\":[{\"@type\":\"ListItem\",\"position\":1,\"name\":\"Accueil\",\"item\":\"https:\\\/\\\/perle-in.com\\\/\"},{\"@type\":\"ListItem\",\"position\":2,\"name\":\"Boutique\",\"item\":\"https:\\\/\\\/perle-in.com\\\/boutique\\\/\"},{\"@type\":\"ListItem\",\"position\":3,\"name\":\"Carnet \u00e0 couverture rigide K\u2019arst\u00ae A5-lign\u00e9\"}]},{\"@type\":\"WebSite\",\"@id\":\"https:\\\/\\\/perle-in.com\\\/#website\",\"url\":\"https:\\\/\\\/perle-in.com\\\/\",\"name\":\"PERLE IN\",\"description\":\"\",\"publisher\":{\"@id\":\"https:\\\/\\\/perle-in.com\\\/#organization\"},\"potentialAction\":[{\"@type\":\"SearchAction\",\"target\":{\"@type\":\"EntryPoint\",\"urlTemplate\":\"https:\\\/\\\/perle-in.com\\\/?s={search_term_string}\"},\"query-input\":{\"@type\":\"PropertyValueSpecification\",\"valueRequired\":true,\"valueName\":\"search_term_string\"}}],\"inLanguage\":\"en-CA\"},{\"@type\":\"Organization\",\"@id\":\"https:\\\/\\\/perle-in.com\\\/#organization\",\"name\":\"PERLE IN\",\"url\":\"https:\\\/\\\/perle-in.com\\\/\",\"logo\":{\"@type\":\"ImageObject\",\"inLanguage\":\"en-CA\",\"@id\":\"https:\\\/\\\/perle-in.com\\\/#\\\/schema\\\/logo\\\/image\\\/\",\"url\":\"https:\\\/\\\/perle-in.com\\\/wp-content\\\/uploads\\\/2022\\\/12\\\/LOGO-PERLE-IN-COULEUR@3x.webp\",\"contentUrl\":\"https:\\\/\\\/perle-in.com\\\/wp-content\\\/uploads\\\/2022\\\/12\\\/LOGO-PERLE-IN-COULEUR@3x.webp\",\"width\":1600,\"height\":490,\"caption\":\"PERLE IN\"},\"image\":{\"@id\":\"https:\\\/\\\/perle-in.com\\\/#\\\/schema\\\/logo\\\/image\\\/\"}}]}<\/script>\n<!-- \/ Yoast SEO plugin. -->","yoast_head_json":{"title":"Carnet \u00e0 couverture rigide K\u2019arst\u00ae A5-lign\u00e9 - PERLE IN","robots":{"index":"noindex","follow":"follow","max-snippet":"max-snippet:-1","max-image-preview":"max-image-preview:large","max-video-preview":"max-video-preview:-1"},"og_locale":"en_US","og_type":"article","og_title":"Carnet \u00e0 couverture rigide K\u2019arst\u00ae A5-lign\u00e9 - PERLE IN","og_description":"Le carnet A5 Karst\u00ae \u00e0 couverture rigide est un best-seller et pla\u00eet \u00e0 tout le monde. La texture lisse des pages et la reliure plate offrent un grand confort et un grand espace d'\u00e9criture pour vos notes et vos id\u00e9es. Comprend une bande \u00e9lastique pour garder le carnet ferm\u00e9, 144\u00a0pages doubl\u00e9es imperm\u00e9ables et r\u00e9sistantes \u00e0 la d\u00e9chirure, une poche arri\u00e8re extensible pour le rangement et un ruban de s\u00e9paration avec extr\u00e9mit\u00e9 thermosoud\u00e9e et coins arrondis.","og_url":"https:\/\/perle-in.com\/en\/product\/carnet-a-couverture-rigide-karst-a5-ligne\/","og_site_name":"PERLE IN","article_modified_time":"2025-10-19T03:44:35+00:00","og_image":[{"width":1600,"height":1600,"url":"https:\/\/perle-in.com\/wp-content\/uploads\/2025\/10\/10779002-1.jpg","type":"image\/jpeg"}],"twitter_card":"summary_large_image","schema":{"@context":"https:\/\/schema.org","@graph":[{"@type":"WebPage","@id":"https:\/\/perle-in.com\/produit\/carnet-a-couverture-rigide-karst-a5-ligne\/","url":"https:\/\/perle-in.com\/produit\/carnet-a-couverture-rigide-karst-a5-ligne\/","name":"Carnet \u00e0 couverture rigide K\u2019arst\u00ae A5-lign\u00e9 - PERLE IN","isPartOf":{"@id":"https:\/\/perle-in.com\/#website"},"primaryImageOfPage":{"@id":"https:\/\/perle-in.com\/produit\/carnet-a-couverture-rigide-karst-a5-ligne\/#primaryimage"},"image":{"@id":"https:\/\/perle-in.com\/produit\/carnet-a-couverture-rigide-karst-a5-ligne\/#primaryimage"},"thumbnailUrl":"https:\/\/perle-in.com\/wp-content\/uploads\/2025\/10\/10779002-1.jpg","datePublished":"2025-10-14T17:19:09+00:00","dateModified":"2025-10-19T03:44:35+00:00","breadcrumb":{"@id":"https:\/\/perle-in.com\/produit\/carnet-a-couverture-rigide-karst-a5-ligne\/#breadcrumb"},"inLanguage":"en-CA","potentialAction":[{"@type":"ReadAction","target":["https:\/\/perle-in.com\/produit\/carnet-a-couverture-rigide-karst-a5-ligne\/"]}]},{"@type":"ImageObject","inLanguage":"en-CA","@id":"https:\/\/perle-in.com\/produit\/carnet-a-couverture-rigide-karst-a5-ligne\/#primaryimage","url":"https:\/\/perle-in.com\/wp-content\/uploads\/2025\/10\/10779002-1.jpg","contentUrl":"https:\/\/perle-in.com\/wp-content\/uploads\/2025\/10\/10779002-1.jpg","width":1600,"height":1600},{"@type":"BreadcrumbList","@id":"https:\/\/perle-in.com\/produit\/carnet-a-couverture-rigide-karst-a5-ligne\/#breadcrumb","itemListElement":[{"@type":"ListItem","position":1,"name":"Accueil","item":"https:\/\/perle-in.com\/"},{"@type":"ListItem","position":2,"name":"Boutique","item":"https:\/\/perle-in.com\/boutique\/"},{"@type":"ListItem","position":3,"name":"Carnet \u00e0 couverture rigide K\u2019arst\u00ae A5-lign\u00e9"}]},{"@type":"WebSite","@id":"https:\/\/perle-in.com\/#website","url":"https:\/\/perle-in.com\/","name":"PERLE IN","description":"","publisher":{"@id":"https:\/\/perle-in.com\/#organization"},"potentialAction":[{"@type":"SearchAction","target":{"@type":"EntryPoint","urlTemplate":"https:\/\/perle-in.com\/?s={search_term_string}"},"query-input":{"@type":"PropertyValueSpecification","valueRequired":true,"valueName":"search_term_string"}}],"inLanguage":"en-CA"},{"@type":"Organization","@id":"https:\/\/perle-in.com\/#organization","name":"PERLE IN","url":"https:\/\/perle-in.com\/","logo":{"@type":"ImageObject","inLanguage":"en-CA","@id":"https:\/\/perle-in.com\/#\/schema\/logo\/image\/","url":"https:\/\/perle-in.com\/wp-content\/uploads\/2022\/12\/LOGO-PERLE-IN-COULEUR@3x.webp","contentUrl":"https:\/\/perle-in.com\/wp-content\/uploads\/2022\/12\/LOGO-PERLE-IN-COULEUR@3x.webp","width":1600,"height":490,"caption":"PERLE IN"},"image":{"@id":"https:\/\/perle-in.com\/#\/schema\/logo\/image\/"}}]}},"jetpack_sharing_enabled":true,"_links":{"self":[{"href":"https:\/\/perle-in.com\/en\/wp-json\/wp\/v2\/product\/534593","targetHints":{"allow":["GET"]}}],"collection":[{"href":"https:\/\/perle-in.com\/en\/wp-json\/wp\/v2\/product"}],"about":[{"href":"https:\/\/perle-in.com\/en\/wp-json\/wp\/v2\/types\/product"}],"version-history":[{"count":0,"href":"https:\/\/perle-in.com\/en\/wp-json\/wp\/v2\/product\/534593\/revisions"}],"wp:featuredmedia":[{"embeddable":true,"href":"https:\/\/perle-in.com\/en\/wp-json\/wp\/v2\/media\/534582"}],"wp:attachment":[{"href":"https:\/\/perle-in.com\/en\/wp-json\/wp\/v2\/media?parent=534593"}],"wp:term":[{"taxonomy":"product_brand","embeddable":true,"href":"https:\/\/perle-in.com\/en\/wp-json\/wp\/v2\/product_brand?post=534593"},{"taxonomy":"product_cat","embeddable":true,"href":"https:\/\/perle-in.com\/en\/wp-json\/wp\/v2\/product_cat?post=534593"},{"taxonomy":"product_tag","embeddable":true,"href":"https:\/\/perle-in.com\/en\/wp-json\/wp\/v2\/product_tag?post=534593"}],"curies":[{"name":"wp","href":"https:\/\/api.w.org\/{rel}","templated":true}]}}

Carnet à couverture rigide K’arst® A5-ligné

<p>Le carnet A5 Karst® à couverture rigide est un best-seller et plaît à tout le monde. La texture lisse des pages et la reliure plate offrent un grand confort et un grand espace d&#8217;écriture pour vos notes et vos idées. Comprend une bande élastique pour garder le carnet fermé, 144 pages doublées imperméables et résistantes à la déchirure, une poche arrière extensible pour le rangement et un ruban de séparation avec extrémité thermosoudée et coins arrondis.</p>

<!-- This site is optimized with the Yoast SEO plugin v27.4 - https://yoast.com/product/yoast-seo-wordpress/ -->
<title>Carnet à couverture rigide K’arst® A5-ligné - PERLE IN</title>
<meta name="robots" content="noindex, follow, max-snippet:-1, max-image-preview:large, max-video-preview:-1" />
<meta property="og:locale" content="en_US" />
<meta property="og:type" content="article" />
<meta property="og:title" content="Carnet à couverture rigide K’arst® A5-ligné - PERLE IN" />
<meta property="og:description" content="Le carnet A5 Karst® à couverture rigide est un best-seller et plaît à tout le monde. La texture lisse des pages et la reliure plate offrent un grand confort et un grand espace d&#039;écriture pour vos notes et vos idées. Comprend une bande élastique pour garder le carnet fermé, 144 pages doublées imperméables et résistantes à la déchirure, une poche arrière extensible pour le rangement et un ruban de séparation avec extrémité thermosoudée et coins arrondis." />
<meta property="og:url" content="https://perle-in.com/en/product/carnet-a-couverture-rigide-karst-a5-ligne/" />
<meta property="og:site_name" content="PERLE IN" />
<meta property="article:modified_time" content="2025-10-19T03:44:35+00:00" />
<meta property="og:image" content="https://perle-in.com/wp-content/uploads/2025/10/10779002-1.jpg" />
	<meta property="og:image:width" content="1600" />
	<meta property="og:image:height" content="1600" />
	<meta property="og:image:type" content="image/jpeg" />
<meta name="twitter:card" content="summary_large_image" />
<script type="application/ld+json" class="yoast-schema-graph">{"@context":"https:\/\/schema.org","@graph":[{"@type":"WebPage","@id":"https:\/\/perle-in.com\/produit\/carnet-a-couverture-rigide-karst-a5-ligne\/","url":"https:\/\/perle-in.com\/produit\/carnet-a-couverture-rigide-karst-a5-ligne\/","name":"Carnet à couverture rigide K’arst® A5-ligné - PERLE IN","isPartOf":{"@id":"https:\/\/perle-in.com\/#website"},"primaryImageOfPage":{"@id":"https:\/\/perle-in.com\/produit\/carnet-a-couverture-rigide-karst-a5-ligne\/#primaryimage"},"image":{"@id":"https:\/\/perle-in.com\/produit\/carnet-a-couverture-rigide-karst-a5-ligne\/#primaryimage"},"thumbnailUrl":"https:\/\/perle-in.com\/wp-content\/uploads\/2025\/10\/10779002-1.jpg","datePublished":"2025-10-14T17:19:09+00:00","dateModified":"2025-10-19T03:44:35+00:00","breadcrumb":{"@id":"https:\/\/perle-in.com\/produit\/carnet-a-couverture-rigide-karst-a5-ligne\/#breadcrumb"},"inLanguage":"en-CA","potentialAction":[{"@type":"ReadAction","target":["https:\/\/perle-in.com\/produit\/carnet-a-couverture-rigide-karst-a5-ligne\/"]}]},{"@type":"ImageObject","inLanguage":"en-CA","@id":"https:\/\/perle-in.com\/produit\/carnet-a-couverture-rigide-karst-a5-ligne\/#primaryimage","url":"https:\/\/perle-in.com\/wp-content\/uploads\/2025\/10\/10779002-1.jpg","contentUrl":"https:\/\/perle-in.com\/wp-content\/uploads\/2025\/10\/10779002-1.jpg","width":1600,"height":1600},{"@type":"BreadcrumbList","@id":"https:\/\/perle-in.com\/produit\/carnet-a-couverture-rigide-karst-a5-ligne\/#breadcrumb","itemListElement":[{"@type":"ListItem","position":1,"name":"Accueil","item":"https:\/\/perle-in.com\/"},{"@type":"ListItem","position":2,"name":"Boutique","item":"https:\/\/perle-in.com\/boutique\/"},{"@type":"ListItem","position":3,"name":"Carnet à couverture rigide K’arst® A5-ligné"}]},{"@type":"WebSite","@id":"https:\/\/perle-in.com\/#website","url":"https:\/\/perle-in.com\/","name":"PERLE IN","description":"","publisher":{"@id":"https:\/\/perle-in.com\/#organization"},"potentialAction":[{"@type":"SearchAction","target":{"@type":"EntryPoint","urlTemplate":"https:\/\/perle-in.com\/?s={search_term_string}"},"query-input":{"@type":"PropertyValueSpecification","valueRequired":true,"valueName":"search_term_string"}}],"inLanguage":"en-CA"},{"@type":"Organization","@id":"https:\/\/perle-in.com\/#organization","name":"PERLE IN","url":"https:\/\/perle-in.com\/","logo":{"@type":"ImageObject","inLanguage":"en-CA","@id":"https:\/\/perle-in.com\/#\/schema\/logo\/image\/","url":"https:\/\/perle-in.com\/wp-content\/uploads\/2022\/12\/LOGO-PERLE-IN-COULEUR@3x.webp","contentUrl":"https:\/\/perle-in.com\/wp-content\/uploads\/2022\/12\/LOGO-PERLE-IN-COULEUR@3x.webp","width":1600,"height":490,"caption":"PERLE IN"},"image":{"@id":"https:\/\/perle-in.com\/#\/schema\/logo\/image\/"}}]}</script>
<!-- / Yoast SEO plugin. -->

Carnet à couverture rigide K’arst® A5-ligné - PERLE IN

Le carnet A5 Karst® à couverture rigide est un best-seller et plaît à tout le monde. La texture lisse des pages et la reliure plate offrent un grand confort et un grand espace d'écriture pour vos notes et vos idées. Comprend une bande élastique pour garder le carnet fermé, 144 pages doublées imperméables et résistantes à la déchirure, une poche arrière extensible pour le rangement et un ruban de séparation avec extrémité thermosoudée et coins arrondis.
