{"id":534337,"date":"2025-10-14T18:42:06","date_gmt":"2025-10-14T16:42:06","guid":{"rendered":"https:\/\/perle-in.com\/produit\/sac-marin-retrend-en-plastique-recycle-35l\/"},"modified":"2025-10-19T05:44:14","modified_gmt":"2025-10-19T03:44:14","slug":"sac-marin-retrend-en-plastique-recycle-35l","status":"publish","type":"product","link":"https:\/\/perle-in.com\/en\/product\/sac-marin-retrend-en-plastique-recycle-35l\/","title":{"rendered":"Sac marin Retrend en plastique recycl\u00e9 35L"},"content":{"rendered":"","protected":false},"excerpt":{"rendered":"<p>Sac de voyage marin r\u00e9sistant \u00e0 l&#8217;eau, en plastique recycl\u00e9 PET, avec un compartiment principal spacieux de 20\u00a0litres avec fermeture \u00e0 cordon, poign\u00e9e lat\u00e9rale et bandouli\u00e8re r\u00e9glable. Comprend \u00e9galement un compartiment inf\u00e9rieur zipp\u00e9 s\u00e9par\u00e9 pour les petits objets.<\/p>","protected":false},"featured_media":534330,"template":"","meta":{"_eb_attr":""},"product_brand":[],"product_cat":[159,1217],"product_tag":[837,946,3019,3018,836,282],"class_list":{"0":"post-534337","1":"product","2":"type-product","3":"status-publish","4":"has-post-thumbnail","6":"product_cat-sacs","7":"product_cat-sacs-marin","8":"product_tag-durable","9":"product_tag-green-concept","10":"product_tag-idaho","11":"product_tag-marin","12":"product_tag-recycle","13":"product_tag-sac","14":"pa_couleurs-marine","15":"pa_couleurs-noir","16":"pa_couleurs-rouge","17":"pa_green-points-2893","18":"pa_matiere-600d-polyester-recycle","20":"first","21":"instock","22":"shipping-taxable","23":"purchasable","24":"product-type-variable"},"yoast_head":"<!-- This site is optimized with the Yoast SEO plugin v27.4 - https:\/\/yoast.com\/product\/yoast-seo-wordpress\/ -->\n<title>Sac marin Retrend en plastique recycl\u00e9 35L - PERLE IN<\/title>\n<meta name=\"robots\" content=\"noindex, follow, max-snippet:-1, max-image-preview:large, max-video-preview:-1\" \/>\n<meta property=\"og:locale\" content=\"en_US\" \/>\n<meta property=\"og:type\" content=\"article\" \/>\n<meta property=\"og:title\" content=\"Sac marin Retrend en plastique recycl\u00e9 35L - PERLE IN\" \/>\n<meta property=\"og:description\" content=\"Sac de voyage marin r\u00e9sistant \u00e0 l&#039;eau, en plastique recycl\u00e9 PET, avec un compartiment principal spacieux de 20\u00a0litres avec fermeture \u00e0 cordon, poign\u00e9e lat\u00e9rale et bandouli\u00e8re r\u00e9glable. Comprend \u00e9galement un compartiment inf\u00e9rieur zipp\u00e9 s\u00e9par\u00e9 pour les petits objets.\" \/>\n<meta property=\"og:url\" content=\"https:\/\/perle-in.com\/en\/product\/sac-marin-retrend-en-plastique-recycle-35l\/\" \/>\n<meta property=\"og:site_name\" content=\"PERLE IN\" \/>\n<meta property=\"article:modified_time\" content=\"2025-10-19T03:44:14+00:00\" \/>\n<meta property=\"og:image\" content=\"https:\/\/perle-in.com\/wp-content\/uploads\/2025\/10\/12062321-1.jpg\" \/>\n\t<meta property=\"og:image:width\" content=\"1600\" \/>\n\t<meta property=\"og:image:height\" content=\"1600\" \/>\n\t<meta property=\"og:image:type\" content=\"image\/jpeg\" \/>\n<meta name=\"twitter:card\" content=\"summary_large_image\" \/>\n<script type=\"application\/ld+json\" class=\"yoast-schema-graph\">{\"@context\":\"https:\\\/\\\/schema.org\",\"@graph\":[{\"@type\":\"WebPage\",\"@id\":\"https:\\\/\\\/perle-in.com\\\/produit\\\/sac-marin-retrend-en-plastique-recycle-35l\\\/\",\"url\":\"https:\\\/\\\/perle-in.com\\\/produit\\\/sac-marin-retrend-en-plastique-recycle-35l\\\/\",\"name\":\"Sac marin Retrend en plastique recycl\u00e9 35L - PERLE IN\",\"isPartOf\":{\"@id\":\"https:\\\/\\\/perle-in.com\\\/#website\"},\"primaryImageOfPage\":{\"@id\":\"https:\\\/\\\/perle-in.com\\\/produit\\\/sac-marin-retrend-en-plastique-recycle-35l\\\/#primaryimage\"},\"image\":{\"@id\":\"https:\\\/\\\/perle-in.com\\\/produit\\\/sac-marin-retrend-en-plastique-recycle-35l\\\/#primaryimage\"},\"thumbnailUrl\":\"https:\\\/\\\/perle-in.com\\\/wp-content\\\/uploads\\\/2025\\\/10\\\/12062321-1.jpg\",\"datePublished\":\"2025-10-14T16:42:06+00:00\",\"dateModified\":\"2025-10-19T03:44:14+00:00\",\"breadcrumb\":{\"@id\":\"https:\\\/\\\/perle-in.com\\\/produit\\\/sac-marin-retrend-en-plastique-recycle-35l\\\/#breadcrumb\"},\"inLanguage\":\"en-CA\",\"potentialAction\":[{\"@type\":\"ReadAction\",\"target\":[\"https:\\\/\\\/perle-in.com\\\/produit\\\/sac-marin-retrend-en-plastique-recycle-35l\\\/\"]}]},{\"@type\":\"ImageObject\",\"inLanguage\":\"en-CA\",\"@id\":\"https:\\\/\\\/perle-in.com\\\/produit\\\/sac-marin-retrend-en-plastique-recycle-35l\\\/#primaryimage\",\"url\":\"https:\\\/\\\/perle-in.com\\\/wp-content\\\/uploads\\\/2025\\\/10\\\/12062321-1.jpg\",\"contentUrl\":\"https:\\\/\\\/perle-in.com\\\/wp-content\\\/uploads\\\/2025\\\/10\\\/12062321-1.jpg\",\"width\":1600,\"height\":1600},{\"@type\":\"BreadcrumbList\",\"@id\":\"https:\\\/\\\/perle-in.com\\\/produit\\\/sac-marin-retrend-en-plastique-recycle-35l\\\/#breadcrumb\",\"itemListElement\":[{\"@type\":\"ListItem\",\"position\":1,\"name\":\"Accueil\",\"item\":\"https:\\\/\\\/perle-in.com\\\/\"},{\"@type\":\"ListItem\",\"position\":2,\"name\":\"Boutique\",\"item\":\"https:\\\/\\\/perle-in.com\\\/boutique\\\/\"},{\"@type\":\"ListItem\",\"position\":3,\"name\":\"Sac marin Retrend en plastique recycl\u00e9 35L\"}]},{\"@type\":\"WebSite\",\"@id\":\"https:\\\/\\\/perle-in.com\\\/#website\",\"url\":\"https:\\\/\\\/perle-in.com\\\/\",\"name\":\"PERLE IN\",\"description\":\"\",\"publisher\":{\"@id\":\"https:\\\/\\\/perle-in.com\\\/#organization\"},\"potentialAction\":[{\"@type\":\"SearchAction\",\"target\":{\"@type\":\"EntryPoint\",\"urlTemplate\":\"https:\\\/\\\/perle-in.com\\\/?s={search_term_string}\"},\"query-input\":{\"@type\":\"PropertyValueSpecification\",\"valueRequired\":true,\"valueName\":\"search_term_string\"}}],\"inLanguage\":\"en-CA\"},{\"@type\":\"Organization\",\"@id\":\"https:\\\/\\\/perle-in.com\\\/#organization\",\"name\":\"PERLE IN\",\"url\":\"https:\\\/\\\/perle-in.com\\\/\",\"logo\":{\"@type\":\"ImageObject\",\"inLanguage\":\"en-CA\",\"@id\":\"https:\\\/\\\/perle-in.com\\\/#\\\/schema\\\/logo\\\/image\\\/\",\"url\":\"https:\\\/\\\/perle-in.com\\\/wp-content\\\/uploads\\\/2022\\\/12\\\/LOGO-PERLE-IN-COULEUR@3x.webp\",\"contentUrl\":\"https:\\\/\\\/perle-in.com\\\/wp-content\\\/uploads\\\/2022\\\/12\\\/LOGO-PERLE-IN-COULEUR@3x.webp\",\"width\":1600,\"height\":490,\"caption\":\"PERLE IN\"},\"image\":{\"@id\":\"https:\\\/\\\/perle-in.com\\\/#\\\/schema\\\/logo\\\/image\\\/\"}}]}<\/script>\n<!-- \/ Yoast SEO plugin. -->","yoast_head_json":{"title":"Sac marin Retrend en plastique recycl\u00e9 35L - PERLE IN","robots":{"index":"noindex","follow":"follow","max-snippet":"max-snippet:-1","max-image-preview":"max-image-preview:large","max-video-preview":"max-video-preview:-1"},"og_locale":"en_US","og_type":"article","og_title":"Sac marin Retrend en plastique recycl\u00e9 35L - PERLE IN","og_description":"Sac de voyage marin r\u00e9sistant \u00e0 l'eau, en plastique recycl\u00e9 PET, avec un compartiment principal spacieux de 20\u00a0litres avec fermeture \u00e0 cordon, poign\u00e9e lat\u00e9rale et bandouli\u00e8re r\u00e9glable. Comprend \u00e9galement un compartiment inf\u00e9rieur zipp\u00e9 s\u00e9par\u00e9 pour les petits objets.","og_url":"https:\/\/perle-in.com\/en\/product\/sac-marin-retrend-en-plastique-recycle-35l\/","og_site_name":"PERLE IN","article_modified_time":"2025-10-19T03:44:14+00:00","og_image":[{"width":1600,"height":1600,"url":"https:\/\/perle-in.com\/wp-content\/uploads\/2025\/10\/12062321-1.jpg","type":"image\/jpeg"}],"twitter_card":"summary_large_image","schema":{"@context":"https:\/\/schema.org","@graph":[{"@type":"WebPage","@id":"https:\/\/perle-in.com\/produit\/sac-marin-retrend-en-plastique-recycle-35l\/","url":"https:\/\/perle-in.com\/produit\/sac-marin-retrend-en-plastique-recycle-35l\/","name":"Sac marin Retrend en plastique recycl\u00e9 35L - PERLE IN","isPartOf":{"@id":"https:\/\/perle-in.com\/#website"},"primaryImageOfPage":{"@id":"https:\/\/perle-in.com\/produit\/sac-marin-retrend-en-plastique-recycle-35l\/#primaryimage"},"image":{"@id":"https:\/\/perle-in.com\/produit\/sac-marin-retrend-en-plastique-recycle-35l\/#primaryimage"},"thumbnailUrl":"https:\/\/perle-in.com\/wp-content\/uploads\/2025\/10\/12062321-1.jpg","datePublished":"2025-10-14T16:42:06+00:00","dateModified":"2025-10-19T03:44:14+00:00","breadcrumb":{"@id":"https:\/\/perle-in.com\/produit\/sac-marin-retrend-en-plastique-recycle-35l\/#breadcrumb"},"inLanguage":"en-CA","potentialAction":[{"@type":"ReadAction","target":["https:\/\/perle-in.com\/produit\/sac-marin-retrend-en-plastique-recycle-35l\/"]}]},{"@type":"ImageObject","inLanguage":"en-CA","@id":"https:\/\/perle-in.com\/produit\/sac-marin-retrend-en-plastique-recycle-35l\/#primaryimage","url":"https:\/\/perle-in.com\/wp-content\/uploads\/2025\/10\/12062321-1.jpg","contentUrl":"https:\/\/perle-in.com\/wp-content\/uploads\/2025\/10\/12062321-1.jpg","width":1600,"height":1600},{"@type":"BreadcrumbList","@id":"https:\/\/perle-in.com\/produit\/sac-marin-retrend-en-plastique-recycle-35l\/#breadcrumb","itemListElement":[{"@type":"ListItem","position":1,"name":"Accueil","item":"https:\/\/perle-in.com\/"},{"@type":"ListItem","position":2,"name":"Boutique","item":"https:\/\/perle-in.com\/boutique\/"},{"@type":"ListItem","position":3,"name":"Sac marin Retrend en plastique recycl\u00e9 35L"}]},{"@type":"WebSite","@id":"https:\/\/perle-in.com\/#website","url":"https:\/\/perle-in.com\/","name":"PERLE IN","description":"","publisher":{"@id":"https:\/\/perle-in.com\/#organization"},"potentialAction":[{"@type":"SearchAction","target":{"@type":"EntryPoint","urlTemplate":"https:\/\/perle-in.com\/?s={search_term_string}"},"query-input":{"@type":"PropertyValueSpecification","valueRequired":true,"valueName":"search_term_string"}}],"inLanguage":"en-CA"},{"@type":"Organization","@id":"https:\/\/perle-in.com\/#organization","name":"PERLE IN","url":"https:\/\/perle-in.com\/","logo":{"@type":"ImageObject","inLanguage":"en-CA","@id":"https:\/\/perle-in.com\/#\/schema\/logo\/image\/","url":"https:\/\/perle-in.com\/wp-content\/uploads\/2022\/12\/LOGO-PERLE-IN-COULEUR@3x.webp","contentUrl":"https:\/\/perle-in.com\/wp-content\/uploads\/2022\/12\/LOGO-PERLE-IN-COULEUR@3x.webp","width":1600,"height":490,"caption":"PERLE IN"},"image":{"@id":"https:\/\/perle-in.com\/#\/schema\/logo\/image\/"}}]}},"jetpack_sharing_enabled":true,"_links":{"self":[{"href":"https:\/\/perle-in.com\/en\/wp-json\/wp\/v2\/product\/534337","targetHints":{"allow":["GET"]}}],"collection":[{"href":"https:\/\/perle-in.com\/en\/wp-json\/wp\/v2\/product"}],"about":[{"href":"https:\/\/perle-in.com\/en\/wp-json\/wp\/v2\/types\/product"}],"version-history":[{"count":0,"href":"https:\/\/perle-in.com\/en\/wp-json\/wp\/v2\/product\/534337\/revisions"}],"wp:featuredmedia":[{"embeddable":true,"href":"https:\/\/perle-in.com\/en\/wp-json\/wp\/v2\/media\/534330"}],"wp:attachment":[{"href":"https:\/\/perle-in.com\/en\/wp-json\/wp\/v2\/media?parent=534337"}],"wp:term":[{"taxonomy":"product_brand","embeddable":true,"href":"https:\/\/perle-in.com\/en\/wp-json\/wp\/v2\/product_brand?post=534337"},{"taxonomy":"product_cat","embeddable":true,"href":"https:\/\/perle-in.com\/en\/wp-json\/wp\/v2\/product_cat?post=534337"},{"taxonomy":"product_tag","embeddable":true,"href":"https:\/\/perle-in.com\/en\/wp-json\/wp\/v2\/product_tag?post=534337"}],"curies":[{"name":"wp","href":"https:\/\/api.w.org\/{rel}","templated":true}]}}

Sac marin Retrend en plastique recyclé 35L

<p>Sac de voyage marin résistant à l&#8217;eau, en plastique recyclé PET, avec un compartiment principal spacieux de 20 litres avec fermeture à cordon, poignée latérale et bandoulière réglable. Comprend également un compartiment inférieur zippé séparé pour les petits objets.</p>

<!-- This site is optimized with the Yoast SEO plugin v27.4 - https://yoast.com/product/yoast-seo-wordpress/ -->
<title>Sac marin Retrend en plastique recyclé 35L - PERLE IN</title>
<meta name="robots" content="noindex, follow, max-snippet:-1, max-image-preview:large, max-video-preview:-1" />
<meta property="og:locale" content="en_US" />
<meta property="og:type" content="article" />
<meta property="og:title" content="Sac marin Retrend en plastique recyclé 35L - PERLE IN" />
<meta property="og:description" content="Sac de voyage marin résistant à l&#039;eau, en plastique recyclé PET, avec un compartiment principal spacieux de 20 litres avec fermeture à cordon, poignée latérale et bandoulière réglable. Comprend également un compartiment inférieur zippé séparé pour les petits objets." />
<meta property="og:url" content="https://perle-in.com/en/product/sac-marin-retrend-en-plastique-recycle-35l/" />
<meta property="og:site_name" content="PERLE IN" />
<meta property="article:modified_time" content="2025-10-19T03:44:14+00:00" />
<meta property="og:image" content="https://perle-in.com/wp-content/uploads/2025/10/12062321-1.jpg" />
	<meta property="og:image:width" content="1600" />
	<meta property="og:image:height" content="1600" />
	<meta property="og:image:type" content="image/jpeg" />
<meta name="twitter:card" content="summary_large_image" />
<script type="application/ld+json" class="yoast-schema-graph">{"@context":"https:\/\/schema.org","@graph":[{"@type":"WebPage","@id":"https:\/\/perle-in.com\/produit\/sac-marin-retrend-en-plastique-recycle-35l\/","url":"https:\/\/perle-in.com\/produit\/sac-marin-retrend-en-plastique-recycle-35l\/","name":"Sac marin Retrend en plastique recyclé 35L - PERLE IN","isPartOf":{"@id":"https:\/\/perle-in.com\/#website"},"primaryImageOfPage":{"@id":"https:\/\/perle-in.com\/produit\/sac-marin-retrend-en-plastique-recycle-35l\/#primaryimage"},"image":{"@id":"https:\/\/perle-in.com\/produit\/sac-marin-retrend-en-plastique-recycle-35l\/#primaryimage"},"thumbnailUrl":"https:\/\/perle-in.com\/wp-content\/uploads\/2025\/10\/12062321-1.jpg","datePublished":"2025-10-14T16:42:06+00:00","dateModified":"2025-10-19T03:44:14+00:00","breadcrumb":{"@id":"https:\/\/perle-in.com\/produit\/sac-marin-retrend-en-plastique-recycle-35l\/#breadcrumb"},"inLanguage":"en-CA","potentialAction":[{"@type":"ReadAction","target":["https:\/\/perle-in.com\/produit\/sac-marin-retrend-en-plastique-recycle-35l\/"]}]},{"@type":"ImageObject","inLanguage":"en-CA","@id":"https:\/\/perle-in.com\/produit\/sac-marin-retrend-en-plastique-recycle-35l\/#primaryimage","url":"https:\/\/perle-in.com\/wp-content\/uploads\/2025\/10\/12062321-1.jpg","contentUrl":"https:\/\/perle-in.com\/wp-content\/uploads\/2025\/10\/12062321-1.jpg","width":1600,"height":1600},{"@type":"BreadcrumbList","@id":"https:\/\/perle-in.com\/produit\/sac-marin-retrend-en-plastique-recycle-35l\/#breadcrumb","itemListElement":[{"@type":"ListItem","position":1,"name":"Accueil","item":"https:\/\/perle-in.com\/"},{"@type":"ListItem","position":2,"name":"Boutique","item":"https:\/\/perle-in.com\/boutique\/"},{"@type":"ListItem","position":3,"name":"Sac marin Retrend en plastique recyclé 35L"}]},{"@type":"WebSite","@id":"https:\/\/perle-in.com\/#website","url":"https:\/\/perle-in.com\/","name":"PERLE IN","description":"","publisher":{"@id":"https:\/\/perle-in.com\/#organization"},"potentialAction":[{"@type":"SearchAction","target":{"@type":"EntryPoint","urlTemplate":"https:\/\/perle-in.com\/?s={search_term_string}"},"query-input":{"@type":"PropertyValueSpecification","valueRequired":true,"valueName":"search_term_string"}}],"inLanguage":"en-CA"},{"@type":"Organization","@id":"https:\/\/perle-in.com\/#organization","name":"PERLE IN","url":"https:\/\/perle-in.com\/","logo":{"@type":"ImageObject","inLanguage":"en-CA","@id":"https:\/\/perle-in.com\/#\/schema\/logo\/image\/","url":"https:\/\/perle-in.com\/wp-content\/uploads\/2022\/12\/LOGO-PERLE-IN-COULEUR@3x.webp","contentUrl":"https:\/\/perle-in.com\/wp-content\/uploads\/2022\/12\/LOGO-PERLE-IN-COULEUR@3x.webp","width":1600,"height":490,"caption":"PERLE IN"},"image":{"@id":"https:\/\/perle-in.com\/#\/schema\/logo\/image\/"}}]}</script>
<!-- / Yoast SEO plugin. -->

Sac marin Retrend en plastique recyclé 35L - PERLE IN

Sac de voyage marin résistant à l'eau, en plastique recyclé PET, avec un compartiment principal spacieux de 20 litres avec fermeture à cordon, poignée latérale et bandoulière réglable. Comprend également un compartiment inférieur zippé séparé pour les petits objets.
