{"id":534096,"date":"2025-10-14T17:56:10","date_gmt":"2025-10-14T15:56:10","guid":{"rendered":"https:\/\/perle-in.com\/produit\/sac-a-dos-avec-cordon-en-coton-organique-orissa-140-g-m%c2%b2-5l\/"},"modified":"2025-10-19T05:44:20","modified_gmt":"2025-10-19T03:44:20","slug":"sac-a-dos-avec-cordon-en-coton-organique-orissa-140-g-m%c2%b2-5l","status":"publish","type":"product","link":"https:\/\/perle-in.com\/en\/product\/sac-a-dos-avec-cordon-en-coton-organique-orissa-140-g-m%c2%b2-5l\/","title":{"rendered":"Sac \u00e0 dos avec cordon en coton organique Orissa 140\u00a0g\/m\u00b2 5L"},"content":{"rendered":"","protected":false},"excerpt":{"rendered":"<p>Sac \u00e0 cordon durable avec un grand compartiment principal et une fermeture \u00e0 cordon en coton pour garder tous les effets personnels en s\u00e9curit\u00e9. Ce sac fourre-tout est fabriqu\u00e9 en Inde avec du coton biologique de 140 g\/m\u00b2 certifi\u00e9 OEKO-Tex. Avec une r\u00e9sistance jusqu&#8217;\u00e0 un poids de 5 kg, ce sac est con\u00e7u pour durer et convient \u00e0 un usage quotidien.<\/p>","protected":false},"featured_media":534090,"template":"","meta":{"_eb_attr":""},"product_brand":[],"product_cat":[159,956],"product_tag":[2992,1589,1588,1587,1586,1585,1584,1111,1786,837,946,282,1347],"class_list":{"0":"post-534096","1":"product","2":"type-product","3":"status-publish","4":"has-post-thumbnail","6":"product_cat-sacs","7":"product_cat-sacs-a-dos-ficelle","8":"product_tag-biologique","9":"product_tag-color-lab","10":"product_tag-colorlab","11":"product_tag-colorlab22","12":"product_tag-colour-lab","13":"product_tag-colourlab","14":"product_tag-colourlab22","15":"product_tag-cordon-de-serrage","16":"product_tag-coton","17":"product_tag-durable","18":"product_tag-green-concept","19":"product_tag-sac","20":"product_tag-sac-a-dos","21":"pa_couleurs-blanc","22":"pa_couleurs-noir","23":"pa_green-points-1619","24":"pa_matiere-coton-organique-140-g-m2","25":"pa_pays-d-origine-inde","27":"first","28":"instock","29":"sale","30":"shipping-taxable","31":"purchasable","32":"product-type-variable"},"yoast_head":"<!-- This site is optimized with the Yoast SEO plugin v27.4 - https:\/\/yoast.com\/product\/yoast-seo-wordpress\/ -->\n<title>Sac \u00e0 dos avec cordon en coton organique Orissa 140\u00a0g\/m\u00b2 5L - PERLE IN<\/title>\n<meta name=\"robots\" content=\"noindex, follow, max-snippet:-1, max-image-preview:large, max-video-preview:-1\" \/>\n<meta property=\"og:locale\" content=\"en_US\" \/>\n<meta property=\"og:type\" content=\"article\" \/>\n<meta property=\"og:title\" content=\"Sac \u00e0 dos avec cordon en coton organique Orissa 140\u00a0g\/m\u00b2 5L - PERLE IN\" \/>\n<meta property=\"og:description\" content=\"Sac \u00e0 cordon durable avec un grand compartiment principal et une fermeture \u00e0 cordon en coton pour garder tous les effets personnels en s\u00e9curit\u00e9. Ce sac fourre-tout est fabriqu\u00e9 en Inde avec du coton biologique de 140 g\/m\u00b2 certifi\u00e9 OEKO-Tex. Avec une r\u00e9sistance jusqu&#039;\u00e0 un poids de 5 kg, ce sac est con\u00e7u pour durer et convient \u00e0 un usage quotidien.\" \/>\n<meta property=\"og:url\" content=\"https:\/\/perle-in.com\/en\/product\/sac-a-dos-avec-cordon-en-coton-organique-orissa-140-g-m\u00b2-5l\/\" \/>\n<meta property=\"og:site_name\" content=\"PERLE IN\" \/>\n<meta property=\"article:modified_time\" content=\"2025-10-19T03:44:20+00:00\" \/>\n<meta property=\"og:image\" content=\"https:\/\/perle-in.com\/wp-content\/uploads\/2025\/10\/12061201-1.jpg\" \/>\n\t<meta property=\"og:image:width\" content=\"1600\" \/>\n\t<meta property=\"og:image:height\" content=\"1600\" \/>\n\t<meta property=\"og:image:type\" content=\"image\/jpeg\" \/>\n<meta name=\"twitter:card\" content=\"summary_large_image\" \/>\n<script type=\"application\/ld+json\" class=\"yoast-schema-graph\">{\"@context\":\"https:\\\/\\\/schema.org\",\"@graph\":[{\"@type\":\"WebPage\",\"@id\":\"https:\\\/\\\/perle-in.com\\\/en\\\/product\\\/sac-a-dos-avec-cordon-en-coton-organique-orissa-140-g-m%c2%b2-5l\\\/\",\"url\":\"https:\\\/\\\/perle-in.com\\\/en\\\/product\\\/sac-a-dos-avec-cordon-en-coton-organique-orissa-140-g-m%c2%b2-5l\\\/\",\"name\":\"Sac \u00e0 dos avec cordon en coton organique Orissa 140\u00a0g\\\/m\u00b2 5L - PERLE IN\",\"isPartOf\":{\"@id\":\"https:\\\/\\\/perle-in.com\\\/#website\"},\"primaryImageOfPage\":{\"@id\":\"https:\\\/\\\/perle-in.com\\\/en\\\/product\\\/sac-a-dos-avec-cordon-en-coton-organique-orissa-140-g-m%c2%b2-5l\\\/#primaryimage\"},\"image\":{\"@id\":\"https:\\\/\\\/perle-in.com\\\/en\\\/product\\\/sac-a-dos-avec-cordon-en-coton-organique-orissa-140-g-m%c2%b2-5l\\\/#primaryimage\"},\"thumbnailUrl\":\"https:\\\/\\\/perle-in.com\\\/wp-content\\\/uploads\\\/2025\\\/10\\\/12061201-1.jpg\",\"datePublished\":\"2025-10-14T15:56:10+00:00\",\"dateModified\":\"2025-10-19T03:44:20+00:00\",\"breadcrumb\":{\"@id\":\"https:\\\/\\\/perle-in.com\\\/en\\\/product\\\/sac-a-dos-avec-cordon-en-coton-organique-orissa-140-g-m%c2%b2-5l\\\/#breadcrumb\"},\"inLanguage\":\"en-CA\",\"potentialAction\":[{\"@type\":\"ReadAction\",\"target\":[\"https:\\\/\\\/perle-in.com\\\/en\\\/product\\\/sac-a-dos-avec-cordon-en-coton-organique-orissa-140-g-m%c2%b2-5l\\\/\"]}]},{\"@type\":\"ImageObject\",\"inLanguage\":\"en-CA\",\"@id\":\"https:\\\/\\\/perle-in.com\\\/en\\\/product\\\/sac-a-dos-avec-cordon-en-coton-organique-orissa-140-g-m%c2%b2-5l\\\/#primaryimage\",\"url\":\"https:\\\/\\\/perle-in.com\\\/wp-content\\\/uploads\\\/2025\\\/10\\\/12061201-1.jpg\",\"contentUrl\":\"https:\\\/\\\/perle-in.com\\\/wp-content\\\/uploads\\\/2025\\\/10\\\/12061201-1.jpg\",\"width\":1600,\"height\":1600},{\"@type\":\"BreadcrumbList\",\"@id\":\"https:\\\/\\\/perle-in.com\\\/en\\\/product\\\/sac-a-dos-avec-cordon-en-coton-organique-orissa-140-g-m%c2%b2-5l\\\/#breadcrumb\",\"itemListElement\":[{\"@type\":\"ListItem\",\"position\":1,\"name\":\"Accueil\",\"item\":\"https:\\\/\\\/perle-in.com\\\/\"},{\"@type\":\"ListItem\",\"position\":2,\"name\":\"Boutique\",\"item\":\"https:\\\/\\\/perle-in.com\\\/boutique\\\/\"},{\"@type\":\"ListItem\",\"position\":3,\"name\":\"Sac \u00e0 dos avec cordon en coton organique Orissa 140\u00a0g\\\/m\u00b2 5L\"}]},{\"@type\":\"WebSite\",\"@id\":\"https:\\\/\\\/perle-in.com\\\/#website\",\"url\":\"https:\\\/\\\/perle-in.com\\\/\",\"name\":\"PERLE IN\",\"description\":\"\",\"publisher\":{\"@id\":\"https:\\\/\\\/perle-in.com\\\/#organization\"},\"potentialAction\":[{\"@type\":\"SearchAction\",\"target\":{\"@type\":\"EntryPoint\",\"urlTemplate\":\"https:\\\/\\\/perle-in.com\\\/?s={search_term_string}\"},\"query-input\":{\"@type\":\"PropertyValueSpecification\",\"valueRequired\":true,\"valueName\":\"search_term_string\"}}],\"inLanguage\":\"en-CA\"},{\"@type\":\"Organization\",\"@id\":\"https:\\\/\\\/perle-in.com\\\/#organization\",\"name\":\"PERLE IN\",\"url\":\"https:\\\/\\\/perle-in.com\\\/\",\"logo\":{\"@type\":\"ImageObject\",\"inLanguage\":\"en-CA\",\"@id\":\"https:\\\/\\\/perle-in.com\\\/#\\\/schema\\\/logo\\\/image\\\/\",\"url\":\"https:\\\/\\\/perle-in.com\\\/wp-content\\\/uploads\\\/2022\\\/12\\\/LOGO-PERLE-IN-COULEUR@3x.webp\",\"contentUrl\":\"https:\\\/\\\/perle-in.com\\\/wp-content\\\/uploads\\\/2022\\\/12\\\/LOGO-PERLE-IN-COULEUR@3x.webp\",\"width\":1600,\"height\":490,\"caption\":\"PERLE IN\"},\"image\":{\"@id\":\"https:\\\/\\\/perle-in.com\\\/#\\\/schema\\\/logo\\\/image\\\/\"}}]}<\/script>\n<!-- \/ Yoast SEO plugin. -->","yoast_head_json":{"title":"Sac \u00e0 dos avec cordon en coton organique Orissa 140\u00a0g\/m\u00b2 5L - PERLE IN","robots":{"index":"noindex","follow":"follow","max-snippet":"max-snippet:-1","max-image-preview":"max-image-preview:large","max-video-preview":"max-video-preview:-1"},"og_locale":"en_US","og_type":"article","og_title":"Sac \u00e0 dos avec cordon en coton organique Orissa 140\u00a0g\/m\u00b2 5L - PERLE IN","og_description":"Sac \u00e0 cordon durable avec un grand compartiment principal et une fermeture \u00e0 cordon en coton pour garder tous les effets personnels en s\u00e9curit\u00e9. Ce sac fourre-tout est fabriqu\u00e9 en Inde avec du coton biologique de 140 g\/m\u00b2 certifi\u00e9 OEKO-Tex. Avec une r\u00e9sistance jusqu'\u00e0 un poids de 5 kg, ce sac est con\u00e7u pour durer et convient \u00e0 un usage quotidien.","og_url":"https:\/\/perle-in.com\/en\/product\/sac-a-dos-avec-cordon-en-coton-organique-orissa-140-g-m\u00b2-5l\/","og_site_name":"PERLE IN","article_modified_time":"2025-10-19T03:44:20+00:00","og_image":[{"width":1600,"height":1600,"url":"https:\/\/perle-in.com\/wp-content\/uploads\/2025\/10\/12061201-1.jpg","type":"image\/jpeg"}],"twitter_card":"summary_large_image","schema":{"@context":"https:\/\/schema.org","@graph":[{"@type":"WebPage","@id":"https:\/\/perle-in.com\/en\/product\/sac-a-dos-avec-cordon-en-coton-organique-orissa-140-g-m%c2%b2-5l\/","url":"https:\/\/perle-in.com\/en\/product\/sac-a-dos-avec-cordon-en-coton-organique-orissa-140-g-m%c2%b2-5l\/","name":"Sac \u00e0 dos avec cordon en coton organique Orissa 140\u00a0g\/m\u00b2 5L - PERLE IN","isPartOf":{"@id":"https:\/\/perle-in.com\/#website"},"primaryImageOfPage":{"@id":"https:\/\/perle-in.com\/en\/product\/sac-a-dos-avec-cordon-en-coton-organique-orissa-140-g-m%c2%b2-5l\/#primaryimage"},"image":{"@id":"https:\/\/perle-in.com\/en\/product\/sac-a-dos-avec-cordon-en-coton-organique-orissa-140-g-m%c2%b2-5l\/#primaryimage"},"thumbnailUrl":"https:\/\/perle-in.com\/wp-content\/uploads\/2025\/10\/12061201-1.jpg","datePublished":"2025-10-14T15:56:10+00:00","dateModified":"2025-10-19T03:44:20+00:00","breadcrumb":{"@id":"https:\/\/perle-in.com\/en\/product\/sac-a-dos-avec-cordon-en-coton-organique-orissa-140-g-m%c2%b2-5l\/#breadcrumb"},"inLanguage":"en-CA","potentialAction":[{"@type":"ReadAction","target":["https:\/\/perle-in.com\/en\/product\/sac-a-dos-avec-cordon-en-coton-organique-orissa-140-g-m%c2%b2-5l\/"]}]},{"@type":"ImageObject","inLanguage":"en-CA","@id":"https:\/\/perle-in.com\/en\/product\/sac-a-dos-avec-cordon-en-coton-organique-orissa-140-g-m%c2%b2-5l\/#primaryimage","url":"https:\/\/perle-in.com\/wp-content\/uploads\/2025\/10\/12061201-1.jpg","contentUrl":"https:\/\/perle-in.com\/wp-content\/uploads\/2025\/10\/12061201-1.jpg","width":1600,"height":1600},{"@type":"BreadcrumbList","@id":"https:\/\/perle-in.com\/en\/product\/sac-a-dos-avec-cordon-en-coton-organique-orissa-140-g-m%c2%b2-5l\/#breadcrumb","itemListElement":[{"@type":"ListItem","position":1,"name":"Accueil","item":"https:\/\/perle-in.com\/"},{"@type":"ListItem","position":2,"name":"Boutique","item":"https:\/\/perle-in.com\/boutique\/"},{"@type":"ListItem","position":3,"name":"Sac \u00e0 dos avec cordon en coton organique Orissa 140\u00a0g\/m\u00b2 5L"}]},{"@type":"WebSite","@id":"https:\/\/perle-in.com\/#website","url":"https:\/\/perle-in.com\/","name":"PERLE IN","description":"","publisher":{"@id":"https:\/\/perle-in.com\/#organization"},"potentialAction":[{"@type":"SearchAction","target":{"@type":"EntryPoint","urlTemplate":"https:\/\/perle-in.com\/?s={search_term_string}"},"query-input":{"@type":"PropertyValueSpecification","valueRequired":true,"valueName":"search_term_string"}}],"inLanguage":"en-CA"},{"@type":"Organization","@id":"https:\/\/perle-in.com\/#organization","name":"PERLE IN","url":"https:\/\/perle-in.com\/","logo":{"@type":"ImageObject","inLanguage":"en-CA","@id":"https:\/\/perle-in.com\/#\/schema\/logo\/image\/","url":"https:\/\/perle-in.com\/wp-content\/uploads\/2022\/12\/LOGO-PERLE-IN-COULEUR@3x.webp","contentUrl":"https:\/\/perle-in.com\/wp-content\/uploads\/2022\/12\/LOGO-PERLE-IN-COULEUR@3x.webp","width":1600,"height":490,"caption":"PERLE IN"},"image":{"@id":"https:\/\/perle-in.com\/#\/schema\/logo\/image\/"}}]}},"jetpack_sharing_enabled":true,"_links":{"self":[{"href":"https:\/\/perle-in.com\/en\/wp-json\/wp\/v2\/product\/534096","targetHints":{"allow":["GET"]}}],"collection":[{"href":"https:\/\/perle-in.com\/en\/wp-json\/wp\/v2\/product"}],"about":[{"href":"https:\/\/perle-in.com\/en\/wp-json\/wp\/v2\/types\/product"}],"version-history":[{"count":0,"href":"https:\/\/perle-in.com\/en\/wp-json\/wp\/v2\/product\/534096\/revisions"}],"wp:featuredmedia":[{"embeddable":true,"href":"https:\/\/perle-in.com\/en\/wp-json\/wp\/v2\/media\/534090"}],"wp:attachment":[{"href":"https:\/\/perle-in.com\/en\/wp-json\/wp\/v2\/media?parent=534096"}],"wp:term":[{"taxonomy":"product_brand","embeddable":true,"href":"https:\/\/perle-in.com\/en\/wp-json\/wp\/v2\/product_brand?post=534096"},{"taxonomy":"product_cat","embeddable":true,"href":"https:\/\/perle-in.com\/en\/wp-json\/wp\/v2\/product_cat?post=534096"},{"taxonomy":"product_tag","embeddable":true,"href":"https:\/\/perle-in.com\/en\/wp-json\/wp\/v2\/product_tag?post=534096"}],"curies":[{"name":"wp","href":"https:\/\/api.w.org\/{rel}","templated":true}]}}

Sac à dos avec cordon en coton organique Orissa 140 g/m² 5L

<p>Sac à cordon durable avec un grand compartiment principal et une fermeture à cordon en coton pour garder tous les effets personnels en sécurité. Ce sac fourre-tout est fabriqué en Inde avec du coton biologique de 140 g/m² certifié OEKO-Tex. Avec une résistance jusqu&#8217;à un poids de 5 kg, ce sac est conçu pour durer et convient à un usage quotidien.</p>

<!-- This site is optimized with the Yoast SEO plugin v27.4 - https://yoast.com/product/yoast-seo-wordpress/ -->
<title>Sac à dos avec cordon en coton organique Orissa 140 g/m² 5L - PERLE IN</title>
<meta name="robots" content="noindex, follow, max-snippet:-1, max-image-preview:large, max-video-preview:-1" />
<meta property="og:locale" content="en_US" />
<meta property="og:type" content="article" />
<meta property="og:title" content="Sac à dos avec cordon en coton organique Orissa 140 g/m² 5L - PERLE IN" />
<meta property="og:description" content="Sac à cordon durable avec un grand compartiment principal et une fermeture à cordon en coton pour garder tous les effets personnels en sécurité. Ce sac fourre-tout est fabriqué en Inde avec du coton biologique de 140 g/m² certifié OEKO-Tex. Avec une résistance jusqu&#039;à un poids de 5 kg, ce sac est conçu pour durer et convient à un usage quotidien." />
<meta property="og:url" content="https://perle-in.com/en/product/sac-a-dos-avec-cordon-en-coton-organique-orissa-140-g-m²-5l/" />
<meta property="og:site_name" content="PERLE IN" />
<meta property="article:modified_time" content="2025-10-19T03:44:20+00:00" />
<meta property="og:image" content="https://perle-in.com/wp-content/uploads/2025/10/12061201-1.jpg" />
	<meta property="og:image:width" content="1600" />
	<meta property="og:image:height" content="1600" />
	<meta property="og:image:type" content="image/jpeg" />
<meta name="twitter:card" content="summary_large_image" />
<script type="application/ld+json" class="yoast-schema-graph">{"@context":"https:\/\/schema.org","@graph":[{"@type":"WebPage","@id":"https:\/\/perle-in.com\/en\/product\/sac-a-dos-avec-cordon-en-coton-organique-orissa-140-g-m%c2%b2-5l\/","url":"https:\/\/perle-in.com\/en\/product\/sac-a-dos-avec-cordon-en-coton-organique-orissa-140-g-m%c2%b2-5l\/","name":"Sac à dos avec cordon en coton organique Orissa 140 g\/m² 5L - PERLE IN","isPartOf":{"@id":"https:\/\/perle-in.com\/#website"},"primaryImageOfPage":{"@id":"https:\/\/perle-in.com\/en\/product\/sac-a-dos-avec-cordon-en-coton-organique-orissa-140-g-m%c2%b2-5l\/#primaryimage"},"image":{"@id":"https:\/\/perle-in.com\/en\/product\/sac-a-dos-avec-cordon-en-coton-organique-orissa-140-g-m%c2%b2-5l\/#primaryimage"},"thumbnailUrl":"https:\/\/perle-in.com\/wp-content\/uploads\/2025\/10\/12061201-1.jpg","datePublished":"2025-10-14T15:56:10+00:00","dateModified":"2025-10-19T03:44:20+00:00","breadcrumb":{"@id":"https:\/\/perle-in.com\/en\/product\/sac-a-dos-avec-cordon-en-coton-organique-orissa-140-g-m%c2%b2-5l\/#breadcrumb"},"inLanguage":"en-CA","potentialAction":[{"@type":"ReadAction","target":["https:\/\/perle-in.com\/en\/product\/sac-a-dos-avec-cordon-en-coton-organique-orissa-140-g-m%c2%b2-5l\/"]}]},{"@type":"ImageObject","inLanguage":"en-CA","@id":"https:\/\/perle-in.com\/en\/product\/sac-a-dos-avec-cordon-en-coton-organique-orissa-140-g-m%c2%b2-5l\/#primaryimage","url":"https:\/\/perle-in.com\/wp-content\/uploads\/2025\/10\/12061201-1.jpg","contentUrl":"https:\/\/perle-in.com\/wp-content\/uploads\/2025\/10\/12061201-1.jpg","width":1600,"height":1600},{"@type":"BreadcrumbList","@id":"https:\/\/perle-in.com\/en\/product\/sac-a-dos-avec-cordon-en-coton-organique-orissa-140-g-m%c2%b2-5l\/#breadcrumb","itemListElement":[{"@type":"ListItem","position":1,"name":"Accueil","item":"https:\/\/perle-in.com\/"},{"@type":"ListItem","position":2,"name":"Boutique","item":"https:\/\/perle-in.com\/boutique\/"},{"@type":"ListItem","position":3,"name":"Sac à dos avec cordon en coton organique Orissa 140 g\/m² 5L"}]},{"@type":"WebSite","@id":"https:\/\/perle-in.com\/#website","url":"https:\/\/perle-in.com\/","name":"PERLE IN","description":"","publisher":{"@id":"https:\/\/perle-in.com\/#organization"},"potentialAction":[{"@type":"SearchAction","target":{"@type":"EntryPoint","urlTemplate":"https:\/\/perle-in.com\/?s={search_term_string}"},"query-input":{"@type":"PropertyValueSpecification","valueRequired":true,"valueName":"search_term_string"}}],"inLanguage":"en-CA"},{"@type":"Organization","@id":"https:\/\/perle-in.com\/#organization","name":"PERLE IN","url":"https:\/\/perle-in.com\/","logo":{"@type":"ImageObject","inLanguage":"en-CA","@id":"https:\/\/perle-in.com\/#\/schema\/logo\/image\/","url":"https:\/\/perle-in.com\/wp-content\/uploads\/2022\/12\/LOGO-PERLE-IN-COULEUR@3x.webp","contentUrl":"https:\/\/perle-in.com\/wp-content\/uploads\/2022\/12\/LOGO-PERLE-IN-COULEUR@3x.webp","width":1600,"height":490,"caption":"PERLE IN"},"image":{"@id":"https:\/\/perle-in.com\/#\/schema\/logo\/image\/"}}]}</script>
<!-- / Yoast SEO plugin. -->

Sac à dos avec cordon en coton organique Orissa 140 g/m² 5L - PERLE IN

Sac à cordon durable avec un grand compartiment principal et une fermeture à cordon en coton pour garder tous les effets personnels en sécurité. Ce sac fourre-tout est fabriqué en Inde avec du coton biologique de 140 g/m² certifié OEKO-Tex. Avec une résistance jusqu'à un poids de 5 kg, ce sac est conçu pour durer et convient à un usage quotidien.
