{"id":533964,"date":"2025-10-14T17:33:57","date_gmt":"2025-10-14T15:33:57","guid":{"rendered":"https:\/\/perle-in.com\/produit\/gobelet-avec-isolation-par-le-vide-et-couche-de-cuivre-jetta-330-ml\/"},"modified":"2025-10-19T05:43:56","modified_gmt":"2025-10-19T03:43:56","slug":"gobelet-avec-isolation-par-le-vide-et-couche-de-cuivre-jetta-330-ml","status":"publish","type":"product","link":"https:\/\/perle-in.com\/en\/product\/gobelet-avec-isolation-par-le-vide-et-couche-de-cuivre-jetta-330-ml\/","title":{"rendered":"Gobelet avec isolation par le vide et couche de cuivre Jetta 330\u00a0ml"},"content":{"rendered":"","protected":false},"excerpt":{"rendered":"<p>Gobelet avec isolation par le vide et couche de cuivre, \u00e0 double paroi, avec couvercle manipulable \u00e0 une main pour boire facilement en conduisant ou en effectuant plusieurs t\u00e2ches. L&#8217;acier inoxydable 18\/8 isotherme conserve les boissons chaudes ou froides pendant plusieurs heures. Sans bisph\u00e9nol A, test\u00e9 et approuv\u00e9 par la l\u00e9gislation allemande sur la s\u00e9curit\u00e9 alimentaire (LFGB). Test\u00e9 et approuv\u00e9 pour la teneur en phtalates conform\u00e9ment \u00e0 la r\u00e9glementation REACH. Le gobelet s&#8217;adapte \u00e0 la plupart des machines \u00e0 caf\u00e9 et porte-gobelets de voiture. Capacit\u00e9 de 330\u00a0ml. Lavage \u00e0 la main recommand\u00e9. Livr\u00e9 dans un coffret cadeau en carton recycl\u00e9.<\/p>","protected":false},"featured_media":533953,"template":"","meta":{"_eb_attr":""},"product_brand":[],"product_cat":[173,189],"product_tag":[2709,347,308,2646,165,190,2971],"class_list":{"0":"post-533964","1":"product","2":"type-product","3":"status-publish","4":"has-post-thumbnail","6":"product_cat-drinkware","7":"product_cat-mugs-isothermes","8":"product_tag-acier","9":"product_tag-cuivre","10":"product_tag-gobelet","11":"product_tag-isolation","12":"product_tag-isotherme","13":"product_tag-mug","14":"product_tag-sous-vide","15":"pa_couleurs-argent","16":"pa_couleurs-bleu","17":"pa_couleurs-noir","18":"pa_couleurs-rouge","19":"pa_green-points-1692","21":"first","22":"instock","23":"shipping-taxable","24":"purchasable","25":"product-type-variable"},"yoast_head":"<!-- This site is optimized with the Yoast SEO plugin v27.4 - https:\/\/yoast.com\/product\/yoast-seo-wordpress\/ -->\n<title>Gobelet avec isolation par le vide et couche de cuivre Jetta 330\u00a0ml - PERLE IN<\/title>\n<meta name=\"robots\" content=\"noindex, follow, max-snippet:-1, max-image-preview:large, max-video-preview:-1\" \/>\n<meta property=\"og:locale\" content=\"en_US\" \/>\n<meta property=\"og:type\" content=\"article\" \/>\n<meta property=\"og:title\" content=\"Gobelet avec isolation par le vide et couche de cuivre Jetta 330\u00a0ml - PERLE IN\" \/>\n<meta property=\"og:description\" content=\"Gobelet avec isolation par le vide et couche de cuivre, \u00e0 double paroi, avec couvercle manipulable \u00e0 une main pour boire facilement en conduisant ou en effectuant plusieurs t\u00e2ches. L&#039;acier inoxydable 18\/8 isotherme conserve les boissons chaudes ou froides pendant plusieurs heures. Sans bisph\u00e9nol A, test\u00e9 et approuv\u00e9 par la l\u00e9gislation allemande sur la s\u00e9curit\u00e9 alimentaire (LFGB). Test\u00e9 et approuv\u00e9 pour la teneur en phtalates conform\u00e9ment \u00e0 la r\u00e9glementation REACH. Le gobelet s&#039;adapte \u00e0 la plupart des machines \u00e0 caf\u00e9 et porte-gobelets de voiture. Capacit\u00e9 de 330\u00a0ml. Lavage \u00e0 la main recommand\u00e9. Livr\u00e9 dans un coffret cadeau en carton recycl\u00e9.\" \/>\n<meta property=\"og:url\" content=\"https:\/\/perle-in.com\/en\/product\/gobelet-avec-isolation-par-le-vide-et-couche-de-cuivre-jetta-330-ml\/\" \/>\n<meta property=\"og:site_name\" content=\"PERLE IN\" \/>\n<meta property=\"article:modified_time\" content=\"2025-10-19T03:43:56+00:00\" \/>\n<meta property=\"og:image\" content=\"https:\/\/perle-in.com\/wp-content\/uploads\/2025\/10\/10068921-1.jpg\" \/>\n\t<meta property=\"og:image:width\" content=\"1600\" \/>\n\t<meta property=\"og:image:height\" content=\"1600\" \/>\n\t<meta property=\"og:image:type\" content=\"image\/jpeg\" \/>\n<meta name=\"twitter:card\" content=\"summary_large_image\" \/>\n<script type=\"application\/ld+json\" class=\"yoast-schema-graph\">{\"@context\":\"https:\\\/\\\/schema.org\",\"@graph\":[{\"@type\":\"WebPage\",\"@id\":\"https:\\\/\\\/perle-in.com\\\/produit\\\/gobelet-avec-isolation-par-le-vide-et-couche-de-cuivre-jetta-330-ml\\\/\",\"url\":\"https:\\\/\\\/perle-in.com\\\/produit\\\/gobelet-avec-isolation-par-le-vide-et-couche-de-cuivre-jetta-330-ml\\\/\",\"name\":\"Gobelet avec isolation par le vide et couche de cuivre Jetta 330\u00a0ml - PERLE IN\",\"isPartOf\":{\"@id\":\"https:\\\/\\\/perle-in.com\\\/#website\"},\"primaryImageOfPage\":{\"@id\":\"https:\\\/\\\/perle-in.com\\\/produit\\\/gobelet-avec-isolation-par-le-vide-et-couche-de-cuivre-jetta-330-ml\\\/#primaryimage\"},\"image\":{\"@id\":\"https:\\\/\\\/perle-in.com\\\/produit\\\/gobelet-avec-isolation-par-le-vide-et-couche-de-cuivre-jetta-330-ml\\\/#primaryimage\"},\"thumbnailUrl\":\"https:\\\/\\\/perle-in.com\\\/wp-content\\\/uploads\\\/2025\\\/10\\\/10068921-1.jpg\",\"datePublished\":\"2025-10-14T15:33:57+00:00\",\"dateModified\":\"2025-10-19T03:43:56+00:00\",\"breadcrumb\":{\"@id\":\"https:\\\/\\\/perle-in.com\\\/produit\\\/gobelet-avec-isolation-par-le-vide-et-couche-de-cuivre-jetta-330-ml\\\/#breadcrumb\"},\"inLanguage\":\"en-CA\",\"potentialAction\":[{\"@type\":\"ReadAction\",\"target\":[\"https:\\\/\\\/perle-in.com\\\/produit\\\/gobelet-avec-isolation-par-le-vide-et-couche-de-cuivre-jetta-330-ml\\\/\"]}]},{\"@type\":\"ImageObject\",\"inLanguage\":\"en-CA\",\"@id\":\"https:\\\/\\\/perle-in.com\\\/produit\\\/gobelet-avec-isolation-par-le-vide-et-couche-de-cuivre-jetta-330-ml\\\/#primaryimage\",\"url\":\"https:\\\/\\\/perle-in.com\\\/wp-content\\\/uploads\\\/2025\\\/10\\\/10068921-1.jpg\",\"contentUrl\":\"https:\\\/\\\/perle-in.com\\\/wp-content\\\/uploads\\\/2025\\\/10\\\/10068921-1.jpg\",\"width\":1600,\"height\":1600},{\"@type\":\"BreadcrumbList\",\"@id\":\"https:\\\/\\\/perle-in.com\\\/produit\\\/gobelet-avec-isolation-par-le-vide-et-couche-de-cuivre-jetta-330-ml\\\/#breadcrumb\",\"itemListElement\":[{\"@type\":\"ListItem\",\"position\":1,\"name\":\"Accueil\",\"item\":\"https:\\\/\\\/perle-in.com\\\/\"},{\"@type\":\"ListItem\",\"position\":2,\"name\":\"Boutique\",\"item\":\"https:\\\/\\\/perle-in.com\\\/boutique\\\/\"},{\"@type\":\"ListItem\",\"position\":3,\"name\":\"Gobelet avec isolation par le vide et couche de cuivre Jetta 330\u00a0ml\"}]},{\"@type\":\"WebSite\",\"@id\":\"https:\\\/\\\/perle-in.com\\\/#website\",\"url\":\"https:\\\/\\\/perle-in.com\\\/\",\"name\":\"PERLE IN\",\"description\":\"\",\"publisher\":{\"@id\":\"https:\\\/\\\/perle-in.com\\\/#organization\"},\"potentialAction\":[{\"@type\":\"SearchAction\",\"target\":{\"@type\":\"EntryPoint\",\"urlTemplate\":\"https:\\\/\\\/perle-in.com\\\/?s={search_term_string}\"},\"query-input\":{\"@type\":\"PropertyValueSpecification\",\"valueRequired\":true,\"valueName\":\"search_term_string\"}}],\"inLanguage\":\"en-CA\"},{\"@type\":\"Organization\",\"@id\":\"https:\\\/\\\/perle-in.com\\\/#organization\",\"name\":\"PERLE IN\",\"url\":\"https:\\\/\\\/perle-in.com\\\/\",\"logo\":{\"@type\":\"ImageObject\",\"inLanguage\":\"en-CA\",\"@id\":\"https:\\\/\\\/perle-in.com\\\/#\\\/schema\\\/logo\\\/image\\\/\",\"url\":\"https:\\\/\\\/perle-in.com\\\/wp-content\\\/uploads\\\/2022\\\/12\\\/LOGO-PERLE-IN-COULEUR@3x.webp\",\"contentUrl\":\"https:\\\/\\\/perle-in.com\\\/wp-content\\\/uploads\\\/2022\\\/12\\\/LOGO-PERLE-IN-COULEUR@3x.webp\",\"width\":1600,\"height\":490,\"caption\":\"PERLE IN\"},\"image\":{\"@id\":\"https:\\\/\\\/perle-in.com\\\/#\\\/schema\\\/logo\\\/image\\\/\"}}]}<\/script>\n<!-- \/ Yoast SEO plugin. -->","yoast_head_json":{"title":"Gobelet avec isolation par le vide et couche de cuivre Jetta 330\u00a0ml - PERLE IN","robots":{"index":"noindex","follow":"follow","max-snippet":"max-snippet:-1","max-image-preview":"max-image-preview:large","max-video-preview":"max-video-preview:-1"},"og_locale":"en_US","og_type":"article","og_title":"Gobelet avec isolation par le vide et couche de cuivre Jetta 330\u00a0ml - PERLE IN","og_description":"Gobelet avec isolation par le vide et couche de cuivre, \u00e0 double paroi, avec couvercle manipulable \u00e0 une main pour boire facilement en conduisant ou en effectuant plusieurs t\u00e2ches. L'acier inoxydable 18\/8 isotherme conserve les boissons chaudes ou froides pendant plusieurs heures. Sans bisph\u00e9nol A, test\u00e9 et approuv\u00e9 par la l\u00e9gislation allemande sur la s\u00e9curit\u00e9 alimentaire (LFGB). Test\u00e9 et approuv\u00e9 pour la teneur en phtalates conform\u00e9ment \u00e0 la r\u00e9glementation REACH. Le gobelet s'adapte \u00e0 la plupart des machines \u00e0 caf\u00e9 et porte-gobelets de voiture. Capacit\u00e9 de 330\u00a0ml. Lavage \u00e0 la main recommand\u00e9. Livr\u00e9 dans un coffret cadeau en carton recycl\u00e9.","og_url":"https:\/\/perle-in.com\/en\/product\/gobelet-avec-isolation-par-le-vide-et-couche-de-cuivre-jetta-330-ml\/","og_site_name":"PERLE IN","article_modified_time":"2025-10-19T03:43:56+00:00","og_image":[{"width":1600,"height":1600,"url":"https:\/\/perle-in.com\/wp-content\/uploads\/2025\/10\/10068921-1.jpg","type":"image\/jpeg"}],"twitter_card":"summary_large_image","schema":{"@context":"https:\/\/schema.org","@graph":[{"@type":"WebPage","@id":"https:\/\/perle-in.com\/produit\/gobelet-avec-isolation-par-le-vide-et-couche-de-cuivre-jetta-330-ml\/","url":"https:\/\/perle-in.com\/produit\/gobelet-avec-isolation-par-le-vide-et-couche-de-cuivre-jetta-330-ml\/","name":"Gobelet avec isolation par le vide et couche de cuivre Jetta 330\u00a0ml - PERLE IN","isPartOf":{"@id":"https:\/\/perle-in.com\/#website"},"primaryImageOfPage":{"@id":"https:\/\/perle-in.com\/produit\/gobelet-avec-isolation-par-le-vide-et-couche-de-cuivre-jetta-330-ml\/#primaryimage"},"image":{"@id":"https:\/\/perle-in.com\/produit\/gobelet-avec-isolation-par-le-vide-et-couche-de-cuivre-jetta-330-ml\/#primaryimage"},"thumbnailUrl":"https:\/\/perle-in.com\/wp-content\/uploads\/2025\/10\/10068921-1.jpg","datePublished":"2025-10-14T15:33:57+00:00","dateModified":"2025-10-19T03:43:56+00:00","breadcrumb":{"@id":"https:\/\/perle-in.com\/produit\/gobelet-avec-isolation-par-le-vide-et-couche-de-cuivre-jetta-330-ml\/#breadcrumb"},"inLanguage":"en-CA","potentialAction":[{"@type":"ReadAction","target":["https:\/\/perle-in.com\/produit\/gobelet-avec-isolation-par-le-vide-et-couche-de-cuivre-jetta-330-ml\/"]}]},{"@type":"ImageObject","inLanguage":"en-CA","@id":"https:\/\/perle-in.com\/produit\/gobelet-avec-isolation-par-le-vide-et-couche-de-cuivre-jetta-330-ml\/#primaryimage","url":"https:\/\/perle-in.com\/wp-content\/uploads\/2025\/10\/10068921-1.jpg","contentUrl":"https:\/\/perle-in.com\/wp-content\/uploads\/2025\/10\/10068921-1.jpg","width":1600,"height":1600},{"@type":"BreadcrumbList","@id":"https:\/\/perle-in.com\/produit\/gobelet-avec-isolation-par-le-vide-et-couche-de-cuivre-jetta-330-ml\/#breadcrumb","itemListElement":[{"@type":"ListItem","position":1,"name":"Accueil","item":"https:\/\/perle-in.com\/"},{"@type":"ListItem","position":2,"name":"Boutique","item":"https:\/\/perle-in.com\/boutique\/"},{"@type":"ListItem","position":3,"name":"Gobelet avec isolation par le vide et couche de cuivre Jetta 330\u00a0ml"}]},{"@type":"WebSite","@id":"https:\/\/perle-in.com\/#website","url":"https:\/\/perle-in.com\/","name":"PERLE IN","description":"","publisher":{"@id":"https:\/\/perle-in.com\/#organization"},"potentialAction":[{"@type":"SearchAction","target":{"@type":"EntryPoint","urlTemplate":"https:\/\/perle-in.com\/?s={search_term_string}"},"query-input":{"@type":"PropertyValueSpecification","valueRequired":true,"valueName":"search_term_string"}}],"inLanguage":"en-CA"},{"@type":"Organization","@id":"https:\/\/perle-in.com\/#organization","name":"PERLE IN","url":"https:\/\/perle-in.com\/","logo":{"@type":"ImageObject","inLanguage":"en-CA","@id":"https:\/\/perle-in.com\/#\/schema\/logo\/image\/","url":"https:\/\/perle-in.com\/wp-content\/uploads\/2022\/12\/LOGO-PERLE-IN-COULEUR@3x.webp","contentUrl":"https:\/\/perle-in.com\/wp-content\/uploads\/2022\/12\/LOGO-PERLE-IN-COULEUR@3x.webp","width":1600,"height":490,"caption":"PERLE IN"},"image":{"@id":"https:\/\/perle-in.com\/#\/schema\/logo\/image\/"}}]}},"jetpack_sharing_enabled":true,"_links":{"self":[{"href":"https:\/\/perle-in.com\/en\/wp-json\/wp\/v2\/product\/533964","targetHints":{"allow":["GET"]}}],"collection":[{"href":"https:\/\/perle-in.com\/en\/wp-json\/wp\/v2\/product"}],"about":[{"href":"https:\/\/perle-in.com\/en\/wp-json\/wp\/v2\/types\/product"}],"version-history":[{"count":0,"href":"https:\/\/perle-in.com\/en\/wp-json\/wp\/v2\/product\/533964\/revisions"}],"wp:featuredmedia":[{"embeddable":true,"href":"https:\/\/perle-in.com\/en\/wp-json\/wp\/v2\/media\/533953"}],"wp:attachment":[{"href":"https:\/\/perle-in.com\/en\/wp-json\/wp\/v2\/media?parent=533964"}],"wp:term":[{"taxonomy":"product_brand","embeddable":true,"href":"https:\/\/perle-in.com\/en\/wp-json\/wp\/v2\/product_brand?post=533964"},{"taxonomy":"product_cat","embeddable":true,"href":"https:\/\/perle-in.com\/en\/wp-json\/wp\/v2\/product_cat?post=533964"},{"taxonomy":"product_tag","embeddable":true,"href":"https:\/\/perle-in.com\/en\/wp-json\/wp\/v2\/product_tag?post=533964"}],"curies":[{"name":"wp","href":"https:\/\/api.w.org\/{rel}","templated":true}]}}

<p>Gobelet avec isolation par le vide et couche de cuivre, à double paroi, avec couvercle manipulable à une main pour boire facilement en conduisant ou en effectuant plusieurs tâches. L&#8217;acier inoxydable 18/8 isotherme conserve les boissons chaudes ou froides pendant plusieurs heures. Sans bisphénol A, testé et approuvé par la législation allemande sur la sécurité alimentaire (LFGB). Testé et approuvé pour la teneur en phtalates conformément à la réglementation REACH. Le gobelet s&#8217;adapte à la plupart des machines à café et porte-gobelets de voiture. Capacité de 330 ml. Lavage à la main recommandé. Livré dans un coffret cadeau en carton recyclé.</p>

<!-- This site is optimized with the Yoast SEO plugin v27.4 - https://yoast.com/product/yoast-seo-wordpress/ -->
<title>Gobelet avec isolation par le vide et couche de cuivre Jetta 330 ml - PERLE IN</title>
<meta name="robots" content="noindex, follow, max-snippet:-1, max-image-preview:large, max-video-preview:-1" />
<meta property="og:locale" content="en_US" />
<meta property="og:type" content="article" />
<meta property="og:title" content="Gobelet avec isolation par le vide et couche de cuivre Jetta 330 ml - PERLE IN" />
<meta property="og:description" content="Gobelet avec isolation par le vide et couche de cuivre, à double paroi, avec couvercle manipulable à une main pour boire facilement en conduisant ou en effectuant plusieurs tâches. L&#039;acier inoxydable 18/8 isotherme conserve les boissons chaudes ou froides pendant plusieurs heures. Sans bisphénol A, testé et approuvé par la législation allemande sur la sécurité alimentaire (LFGB). Testé et approuvé pour la teneur en phtalates conformément à la réglementation REACH. Le gobelet s&#039;adapte à la plupart des machines à café et porte-gobelets de voiture. Capacité de 330 ml. Lavage à la main recommandé. Livré dans un coffret cadeau en carton recyclé." />
<meta property="og:url" content="https://perle-in.com/en/product/gobelet-avec-isolation-par-le-vide-et-couche-de-cuivre-jetta-330-ml/" />
<meta property="og:site_name" content="PERLE IN" />
<meta property="article:modified_time" content="2025-10-19T03:43:56+00:00" />
<meta property="og:image" content="https://perle-in.com/wp-content/uploads/2025/10/10068921-1.jpg" />
	<meta property="og:image:width" content="1600" />
	<meta property="og:image:height" content="1600" />
	<meta property="og:image:type" content="image/jpeg" />
<meta name="twitter:card" content="summary_large_image" />
<script type="application/ld+json" class="yoast-schema-graph">{"@context":"https:\/\/schema.org","@graph":[{"@type":"WebPage","@id":"https:\/\/perle-in.com\/produit\/gobelet-avec-isolation-par-le-vide-et-couche-de-cuivre-jetta-330-ml\/","url":"https:\/\/perle-in.com\/produit\/gobelet-avec-isolation-par-le-vide-et-couche-de-cuivre-jetta-330-ml\/","name":"Gobelet avec isolation par le vide et couche de cuivre Jetta 330 ml - PERLE IN","isPartOf":{"@id":"https:\/\/perle-in.com\/#website"},"primaryImageOfPage":{"@id":"https:\/\/perle-in.com\/produit\/gobelet-avec-isolation-par-le-vide-et-couche-de-cuivre-jetta-330-ml\/#primaryimage"},"image":{"@id":"https:\/\/perle-in.com\/produit\/gobelet-avec-isolation-par-le-vide-et-couche-de-cuivre-jetta-330-ml\/#primaryimage"},"thumbnailUrl":"https:\/\/perle-in.com\/wp-content\/uploads\/2025\/10\/10068921-1.jpg","datePublished":"2025-10-14T15:33:57+00:00","dateModified":"2025-10-19T03:43:56+00:00","breadcrumb":{"@id":"https:\/\/perle-in.com\/produit\/gobelet-avec-isolation-par-le-vide-et-couche-de-cuivre-jetta-330-ml\/#breadcrumb"},"inLanguage":"en-CA","potentialAction":[{"@type":"ReadAction","target":["https:\/\/perle-in.com\/produit\/gobelet-avec-isolation-par-le-vide-et-couche-de-cuivre-jetta-330-ml\/"]}]},{"@type":"ImageObject","inLanguage":"en-CA","@id":"https:\/\/perle-in.com\/produit\/gobelet-avec-isolation-par-le-vide-et-couche-de-cuivre-jetta-330-ml\/#primaryimage","url":"https:\/\/perle-in.com\/wp-content\/uploads\/2025\/10\/10068921-1.jpg","contentUrl":"https:\/\/perle-in.com\/wp-content\/uploads\/2025\/10\/10068921-1.jpg","width":1600,"height":1600},{"@type":"BreadcrumbList","@id":"https:\/\/perle-in.com\/produit\/gobelet-avec-isolation-par-le-vide-et-couche-de-cuivre-jetta-330-ml\/#breadcrumb","itemListElement":[{"@type":"ListItem","position":1,"name":"Accueil","item":"https:\/\/perle-in.com\/"},{"@type":"ListItem","position":2,"name":"Boutique","item":"https:\/\/perle-in.com\/boutique\/"},{"@type":"ListItem","position":3,"name":"Gobelet avec isolation par le vide et couche de cuivre Jetta 330 ml"}]},{"@type":"WebSite","@id":"https:\/\/perle-in.com\/#website","url":"https:\/\/perle-in.com\/","name":"PERLE IN","description":"","publisher":{"@id":"https:\/\/perle-in.com\/#organization"},"potentialAction":[{"@type":"SearchAction","target":{"@type":"EntryPoint","urlTemplate":"https:\/\/perle-in.com\/?s={search_term_string}"},"query-input":{"@type":"PropertyValueSpecification","valueRequired":true,"valueName":"search_term_string"}}],"inLanguage":"en-CA"},{"@type":"Organization","@id":"https:\/\/perle-in.com\/#organization","name":"PERLE IN","url":"https:\/\/perle-in.com\/","logo":{"@type":"ImageObject","inLanguage":"en-CA","@id":"https:\/\/perle-in.com\/#\/schema\/logo\/image\/","url":"https:\/\/perle-in.com\/wp-content\/uploads\/2022\/12\/LOGO-PERLE-IN-COULEUR@3x.webp","contentUrl":"https:\/\/perle-in.com\/wp-content\/uploads\/2022\/12\/LOGO-PERLE-IN-COULEUR@3x.webp","width":1600,"height":490,"caption":"PERLE IN"},"image":{"@id":"https:\/\/perle-in.com\/#\/schema\/logo\/image\/"}}]}</script>
<!-- / Yoast SEO plugin. -->

Gobelet avec isolation par le vide et couche de cuivre, à double paroi, avec couvercle manipulable à une main pour boire facilement en conduisant ou en effectuant plusieurs tâches. L'acier inoxydable 18/8 isotherme conserve les boissons chaudes ou froides pendant plusieurs heures. Sans bisphénol A, testé et approuvé par la législation allemande sur la sécurité alimentaire (LFGB). Testé et approuvé pour la teneur en phtalates conformément à la réglementation REACH. Le gobelet s'adapte à la plupart des machines à café et porte-gobelets de voiture. Capacité de 330 ml. Lavage à la main recommandé. Livré dans un coffret cadeau en carton recyclé.
