{"id":531969,"date":"2025-10-14T13:39:45","date_gmt":"2025-10-14T11:39:45","guid":{"rendered":"https:\/\/perle-in.com\/produit\/seau-et-pelle-de-plage-tides-en-plastique-recycle\/"},"modified":"2025-10-14T13:39:51","modified_gmt":"2025-10-14T11:39:51","slug":"seau-et-pelle-de-plage-tides-en-plastique-recycle","status":"publish","type":"product","link":"https:\/\/perle-in.com\/en\/product\/seau-et-pelle-de-plage-tides-en-plastique-recycle\/","title":{"rendered":"Seau et pelle de plage Tides en plastique recycl\u00e9"},"content":{"rendered":"","protected":false},"excerpt":{"rendered":"<p>Des accessoires de plage essentiels, fabriqu\u00e9s \u00e0 partir de plastique recycl\u00e9 provenant des oc\u00e9ans. Le mat\u00e9riau a \u00e9t\u00e9 collect\u00e9 dans un rayon de 50\u00a0km des c\u00f4tes asiatiques et pr\u00e9sente une finition mouchet\u00e9e en raison de la nature du mat\u00e9riau recycl\u00e9. Le volume du seau est de 1250 ml. Conforme \u00e0 la norme EN71. Disponibles en couleurs assorties, ou contactez-nous pour mixer et assortir\u00a0!<\/p>","protected":false},"featured_media":531961,"template":"","meta":{"_eb_attr":""},"product_brand":[],"product_cat":[383,129],"product_tag":[837,946,1072,2906,167,836,2905],"class_list":{"0":"post-531969","1":"product","2":"type-product","3":"status-publish","4":"has-post-thumbnail","6":"product_cat-articles-de-plage","7":"product_cat-sport-et-loisirs","8":"product_tag-durable","9":"product_tag-green-concept","10":"product_tag-jeu","11":"product_tag-pelle","12":"product_tag-plage","13":"product_tag-recycle","14":"product_tag-seau","15":"pa_couleurs-blanc","16":"pa_couleurs-bleu","17":"pa_couleurs-jaune","18":"pa_couleurs-rouge","19":"pa_green-points-2166","20":"pa_matiere-plastique-pp-recycle","21":"pa_pays-d-origine-angleterre","23":"first","24":"instock","25":"shipping-taxable","26":"purchasable","27":"product-type-variable"},"yoast_head":"<!-- This site is optimized with the Yoast SEO plugin v27.4 - https:\/\/yoast.com\/product\/yoast-seo-wordpress\/ -->\n<title>Seau et pelle de plage Tides en plastique recycl\u00e9 - PERLE IN<\/title>\n<meta name=\"robots\" content=\"noindex, follow, max-snippet:-1, max-image-preview:large, max-video-preview:-1\" \/>\n<meta property=\"og:locale\" content=\"en_US\" \/>\n<meta property=\"og:type\" content=\"article\" \/>\n<meta property=\"og:title\" content=\"Seau et pelle de plage Tides en plastique recycl\u00e9 - PERLE IN\" \/>\n<meta property=\"og:description\" content=\"Des accessoires de plage essentiels, fabriqu\u00e9s \u00e0 partir de plastique recycl\u00e9 provenant des oc\u00e9ans. Le mat\u00e9riau a \u00e9t\u00e9 collect\u00e9 dans un rayon de 50\u00a0km des c\u00f4tes asiatiques et pr\u00e9sente une finition mouchet\u00e9e en raison de la nature du mat\u00e9riau recycl\u00e9. Le volume du seau est de 1250 ml. Conforme \u00e0 la norme EN71. Disponibles en couleurs assorties, ou contactez-nous pour mixer et assortir\u00a0!\" \/>\n<meta property=\"og:url\" content=\"https:\/\/perle-in.com\/en\/product\/seau-et-pelle-de-plage-tides-en-plastique-recycle\/\" \/>\n<meta property=\"og:site_name\" content=\"PERLE IN\" \/>\n<meta property=\"article:modified_time\" content=\"2025-10-14T11:39:51+00:00\" \/>\n<meta property=\"og:image\" content=\"https:\/\/perle-in.com\/wp-content\/uploads\/2025\/10\/21024101-1.jpg\" \/>\n\t<meta property=\"og:image:width\" content=\"1600\" \/>\n\t<meta property=\"og:image:height\" content=\"1600\" \/>\n\t<meta property=\"og:image:type\" content=\"image\/jpeg\" \/>\n<meta name=\"twitter:card\" content=\"summary_large_image\" \/>\n<script type=\"application\/ld+json\" class=\"yoast-schema-graph\">{\"@context\":\"https:\\\/\\\/schema.org\",\"@graph\":[{\"@type\":\"WebPage\",\"@id\":\"https:\\\/\\\/perle-in.com\\\/produit\\\/seau-et-pelle-de-plage-tides-en-plastique-recycle\\\/\",\"url\":\"https:\\\/\\\/perle-in.com\\\/produit\\\/seau-et-pelle-de-plage-tides-en-plastique-recycle\\\/\",\"name\":\"Seau et pelle de plage Tides en plastique recycl\u00e9 - PERLE IN\",\"isPartOf\":{\"@id\":\"https:\\\/\\\/perle-in.com\\\/#website\"},\"primaryImageOfPage\":{\"@id\":\"https:\\\/\\\/perle-in.com\\\/produit\\\/seau-et-pelle-de-plage-tides-en-plastique-recycle\\\/#primaryimage\"},\"image\":{\"@id\":\"https:\\\/\\\/perle-in.com\\\/produit\\\/seau-et-pelle-de-plage-tides-en-plastique-recycle\\\/#primaryimage\"},\"thumbnailUrl\":\"https:\\\/\\\/perle-in.com\\\/wp-content\\\/uploads\\\/2025\\\/10\\\/21024101-1.jpg\",\"datePublished\":\"2025-10-14T11:39:45+00:00\",\"dateModified\":\"2025-10-14T11:39:51+00:00\",\"breadcrumb\":{\"@id\":\"https:\\\/\\\/perle-in.com\\\/produit\\\/seau-et-pelle-de-plage-tides-en-plastique-recycle\\\/#breadcrumb\"},\"inLanguage\":\"en-CA\",\"potentialAction\":[{\"@type\":\"ReadAction\",\"target\":[\"https:\\\/\\\/perle-in.com\\\/produit\\\/seau-et-pelle-de-plage-tides-en-plastique-recycle\\\/\"]}]},{\"@type\":\"ImageObject\",\"inLanguage\":\"en-CA\",\"@id\":\"https:\\\/\\\/perle-in.com\\\/produit\\\/seau-et-pelle-de-plage-tides-en-plastique-recycle\\\/#primaryimage\",\"url\":\"https:\\\/\\\/perle-in.com\\\/wp-content\\\/uploads\\\/2025\\\/10\\\/21024101-1.jpg\",\"contentUrl\":\"https:\\\/\\\/perle-in.com\\\/wp-content\\\/uploads\\\/2025\\\/10\\\/21024101-1.jpg\",\"width\":1600,\"height\":1600},{\"@type\":\"BreadcrumbList\",\"@id\":\"https:\\\/\\\/perle-in.com\\\/produit\\\/seau-et-pelle-de-plage-tides-en-plastique-recycle\\\/#breadcrumb\",\"itemListElement\":[{\"@type\":\"ListItem\",\"position\":1,\"name\":\"Accueil\",\"item\":\"https:\\\/\\\/perle-in.com\\\/\"},{\"@type\":\"ListItem\",\"position\":2,\"name\":\"Boutique\",\"item\":\"https:\\\/\\\/perle-in.com\\\/boutique\\\/\"},{\"@type\":\"ListItem\",\"position\":3,\"name\":\"Seau et pelle de plage Tides en plastique recycl\u00e9\"}]},{\"@type\":\"WebSite\",\"@id\":\"https:\\\/\\\/perle-in.com\\\/#website\",\"url\":\"https:\\\/\\\/perle-in.com\\\/\",\"name\":\"PERLE IN\",\"description\":\"\",\"publisher\":{\"@id\":\"https:\\\/\\\/perle-in.com\\\/#organization\"},\"potentialAction\":[{\"@type\":\"SearchAction\",\"target\":{\"@type\":\"EntryPoint\",\"urlTemplate\":\"https:\\\/\\\/perle-in.com\\\/?s={search_term_string}\"},\"query-input\":{\"@type\":\"PropertyValueSpecification\",\"valueRequired\":true,\"valueName\":\"search_term_string\"}}],\"inLanguage\":\"en-CA\"},{\"@type\":\"Organization\",\"@id\":\"https:\\\/\\\/perle-in.com\\\/#organization\",\"name\":\"PERLE IN\",\"url\":\"https:\\\/\\\/perle-in.com\\\/\",\"logo\":{\"@type\":\"ImageObject\",\"inLanguage\":\"en-CA\",\"@id\":\"https:\\\/\\\/perle-in.com\\\/#\\\/schema\\\/logo\\\/image\\\/\",\"url\":\"https:\\\/\\\/perle-in.com\\\/wp-content\\\/uploads\\\/2022\\\/12\\\/LOGO-PERLE-IN-COULEUR@3x.webp\",\"contentUrl\":\"https:\\\/\\\/perle-in.com\\\/wp-content\\\/uploads\\\/2022\\\/12\\\/LOGO-PERLE-IN-COULEUR@3x.webp\",\"width\":1600,\"height\":490,\"caption\":\"PERLE IN\"},\"image\":{\"@id\":\"https:\\\/\\\/perle-in.com\\\/#\\\/schema\\\/logo\\\/image\\\/\"}}]}<\/script>\n<!-- \/ Yoast SEO plugin. -->","yoast_head_json":{"title":"Seau et pelle de plage Tides en plastique recycl\u00e9 - PERLE IN","robots":{"index":"noindex","follow":"follow","max-snippet":"max-snippet:-1","max-image-preview":"max-image-preview:large","max-video-preview":"max-video-preview:-1"},"og_locale":"en_US","og_type":"article","og_title":"Seau et pelle de plage Tides en plastique recycl\u00e9 - PERLE IN","og_description":"Des accessoires de plage essentiels, fabriqu\u00e9s \u00e0 partir de plastique recycl\u00e9 provenant des oc\u00e9ans. Le mat\u00e9riau a \u00e9t\u00e9 collect\u00e9 dans un rayon de 50\u00a0km des c\u00f4tes asiatiques et pr\u00e9sente une finition mouchet\u00e9e en raison de la nature du mat\u00e9riau recycl\u00e9. Le volume du seau est de 1250 ml. Conforme \u00e0 la norme EN71. Disponibles en couleurs assorties, ou contactez-nous pour mixer et assortir\u00a0!","og_url":"https:\/\/perle-in.com\/en\/product\/seau-et-pelle-de-plage-tides-en-plastique-recycle\/","og_site_name":"PERLE IN","article_modified_time":"2025-10-14T11:39:51+00:00","og_image":[{"width":1600,"height":1600,"url":"https:\/\/perle-in.com\/wp-content\/uploads\/2025\/10\/21024101-1.jpg","type":"image\/jpeg"}],"twitter_card":"summary_large_image","schema":{"@context":"https:\/\/schema.org","@graph":[{"@type":"WebPage","@id":"https:\/\/perle-in.com\/produit\/seau-et-pelle-de-plage-tides-en-plastique-recycle\/","url":"https:\/\/perle-in.com\/produit\/seau-et-pelle-de-plage-tides-en-plastique-recycle\/","name":"Seau et pelle de plage Tides en plastique recycl\u00e9 - PERLE IN","isPartOf":{"@id":"https:\/\/perle-in.com\/#website"},"primaryImageOfPage":{"@id":"https:\/\/perle-in.com\/produit\/seau-et-pelle-de-plage-tides-en-plastique-recycle\/#primaryimage"},"image":{"@id":"https:\/\/perle-in.com\/produit\/seau-et-pelle-de-plage-tides-en-plastique-recycle\/#primaryimage"},"thumbnailUrl":"https:\/\/perle-in.com\/wp-content\/uploads\/2025\/10\/21024101-1.jpg","datePublished":"2025-10-14T11:39:45+00:00","dateModified":"2025-10-14T11:39:51+00:00","breadcrumb":{"@id":"https:\/\/perle-in.com\/produit\/seau-et-pelle-de-plage-tides-en-plastique-recycle\/#breadcrumb"},"inLanguage":"en-CA","potentialAction":[{"@type":"ReadAction","target":["https:\/\/perle-in.com\/produit\/seau-et-pelle-de-plage-tides-en-plastique-recycle\/"]}]},{"@type":"ImageObject","inLanguage":"en-CA","@id":"https:\/\/perle-in.com\/produit\/seau-et-pelle-de-plage-tides-en-plastique-recycle\/#primaryimage","url":"https:\/\/perle-in.com\/wp-content\/uploads\/2025\/10\/21024101-1.jpg","contentUrl":"https:\/\/perle-in.com\/wp-content\/uploads\/2025\/10\/21024101-1.jpg","width":1600,"height":1600},{"@type":"BreadcrumbList","@id":"https:\/\/perle-in.com\/produit\/seau-et-pelle-de-plage-tides-en-plastique-recycle\/#breadcrumb","itemListElement":[{"@type":"ListItem","position":1,"name":"Accueil","item":"https:\/\/perle-in.com\/"},{"@type":"ListItem","position":2,"name":"Boutique","item":"https:\/\/perle-in.com\/boutique\/"},{"@type":"ListItem","position":3,"name":"Seau et pelle de plage Tides en plastique recycl\u00e9"}]},{"@type":"WebSite","@id":"https:\/\/perle-in.com\/#website","url":"https:\/\/perle-in.com\/","name":"PERLE IN","description":"","publisher":{"@id":"https:\/\/perle-in.com\/#organization"},"potentialAction":[{"@type":"SearchAction","target":{"@type":"EntryPoint","urlTemplate":"https:\/\/perle-in.com\/?s={search_term_string}"},"query-input":{"@type":"PropertyValueSpecification","valueRequired":true,"valueName":"search_term_string"}}],"inLanguage":"en-CA"},{"@type":"Organization","@id":"https:\/\/perle-in.com\/#organization","name":"PERLE IN","url":"https:\/\/perle-in.com\/","logo":{"@type":"ImageObject","inLanguage":"en-CA","@id":"https:\/\/perle-in.com\/#\/schema\/logo\/image\/","url":"https:\/\/perle-in.com\/wp-content\/uploads\/2022\/12\/LOGO-PERLE-IN-COULEUR@3x.webp","contentUrl":"https:\/\/perle-in.com\/wp-content\/uploads\/2022\/12\/LOGO-PERLE-IN-COULEUR@3x.webp","width":1600,"height":490,"caption":"PERLE IN"},"image":{"@id":"https:\/\/perle-in.com\/#\/schema\/logo\/image\/"}}]}},"jetpack_sharing_enabled":true,"_links":{"self":[{"href":"https:\/\/perle-in.com\/en\/wp-json\/wp\/v2\/product\/531969","targetHints":{"allow":["GET"]}}],"collection":[{"href":"https:\/\/perle-in.com\/en\/wp-json\/wp\/v2\/product"}],"about":[{"href":"https:\/\/perle-in.com\/en\/wp-json\/wp\/v2\/types\/product"}],"version-history":[{"count":0,"href":"https:\/\/perle-in.com\/en\/wp-json\/wp\/v2\/product\/531969\/revisions"}],"wp:featuredmedia":[{"embeddable":true,"href":"https:\/\/perle-in.com\/en\/wp-json\/wp\/v2\/media\/531961"}],"wp:attachment":[{"href":"https:\/\/perle-in.com\/en\/wp-json\/wp\/v2\/media?parent=531969"}],"wp:term":[{"taxonomy":"product_brand","embeddable":true,"href":"https:\/\/perle-in.com\/en\/wp-json\/wp\/v2\/product_brand?post=531969"},{"taxonomy":"product_cat","embeddable":true,"href":"https:\/\/perle-in.com\/en\/wp-json\/wp\/v2\/product_cat?post=531969"},{"taxonomy":"product_tag","embeddable":true,"href":"https:\/\/perle-in.com\/en\/wp-json\/wp\/v2\/product_tag?post=531969"}],"curies":[{"name":"wp","href":"https:\/\/api.w.org\/{rel}","templated":true}]}}

Seau et pelle de plage Tides en plastique recyclé

<p>Des accessoires de plage essentiels, fabriqués à partir de plastique recyclé provenant des océans. Le matériau a été collecté dans un rayon de 50 km des côtes asiatiques et présente une finition mouchetée en raison de la nature du matériau recyclé. Le volume du seau est de 1250 ml. Conforme à la norme EN71. Disponibles en couleurs assorties, ou contactez-nous pour mixer et assortir !</p>

<!-- This site is optimized with the Yoast SEO plugin v27.4 - https://yoast.com/product/yoast-seo-wordpress/ -->
<title>Seau et pelle de plage Tides en plastique recyclé - PERLE IN</title>
<meta name="robots" content="noindex, follow, max-snippet:-1, max-image-preview:large, max-video-preview:-1" />
<meta property="og:locale" content="en_US" />
<meta property="og:type" content="article" />
<meta property="og:title" content="Seau et pelle de plage Tides en plastique recyclé - PERLE IN" />
<meta property="og:description" content="Des accessoires de plage essentiels, fabriqués à partir de plastique recyclé provenant des océans. Le matériau a été collecté dans un rayon de 50 km des côtes asiatiques et présente une finition mouchetée en raison de la nature du matériau recyclé. Le volume du seau est de 1250 ml. Conforme à la norme EN71. Disponibles en couleurs assorties, ou contactez-nous pour mixer et assortir !" />
<meta property="og:url" content="https://perle-in.com/en/product/seau-et-pelle-de-plage-tides-en-plastique-recycle/" />
<meta property="og:site_name" content="PERLE IN" />
<meta property="article:modified_time" content="2025-10-14T11:39:51+00:00" />
<meta property="og:image" content="https://perle-in.com/wp-content/uploads/2025/10/21024101-1.jpg" />
	<meta property="og:image:width" content="1600" />
	<meta property="og:image:height" content="1600" />
	<meta property="og:image:type" content="image/jpeg" />
<meta name="twitter:card" content="summary_large_image" />
<script type="application/ld+json" class="yoast-schema-graph">{"@context":"https:\/\/schema.org","@graph":[{"@type":"WebPage","@id":"https:\/\/perle-in.com\/produit\/seau-et-pelle-de-plage-tides-en-plastique-recycle\/","url":"https:\/\/perle-in.com\/produit\/seau-et-pelle-de-plage-tides-en-plastique-recycle\/","name":"Seau et pelle de plage Tides en plastique recyclé - PERLE IN","isPartOf":{"@id":"https:\/\/perle-in.com\/#website"},"primaryImageOfPage":{"@id":"https:\/\/perle-in.com\/produit\/seau-et-pelle-de-plage-tides-en-plastique-recycle\/#primaryimage"},"image":{"@id":"https:\/\/perle-in.com\/produit\/seau-et-pelle-de-plage-tides-en-plastique-recycle\/#primaryimage"},"thumbnailUrl":"https:\/\/perle-in.com\/wp-content\/uploads\/2025\/10\/21024101-1.jpg","datePublished":"2025-10-14T11:39:45+00:00","dateModified":"2025-10-14T11:39:51+00:00","breadcrumb":{"@id":"https:\/\/perle-in.com\/produit\/seau-et-pelle-de-plage-tides-en-plastique-recycle\/#breadcrumb"},"inLanguage":"en-CA","potentialAction":[{"@type":"ReadAction","target":["https:\/\/perle-in.com\/produit\/seau-et-pelle-de-plage-tides-en-plastique-recycle\/"]}]},{"@type":"ImageObject","inLanguage":"en-CA","@id":"https:\/\/perle-in.com\/produit\/seau-et-pelle-de-plage-tides-en-plastique-recycle\/#primaryimage","url":"https:\/\/perle-in.com\/wp-content\/uploads\/2025\/10\/21024101-1.jpg","contentUrl":"https:\/\/perle-in.com\/wp-content\/uploads\/2025\/10\/21024101-1.jpg","width":1600,"height":1600},{"@type":"BreadcrumbList","@id":"https:\/\/perle-in.com\/produit\/seau-et-pelle-de-plage-tides-en-plastique-recycle\/#breadcrumb","itemListElement":[{"@type":"ListItem","position":1,"name":"Accueil","item":"https:\/\/perle-in.com\/"},{"@type":"ListItem","position":2,"name":"Boutique","item":"https:\/\/perle-in.com\/boutique\/"},{"@type":"ListItem","position":3,"name":"Seau et pelle de plage Tides en plastique recyclé"}]},{"@type":"WebSite","@id":"https:\/\/perle-in.com\/#website","url":"https:\/\/perle-in.com\/","name":"PERLE IN","description":"","publisher":{"@id":"https:\/\/perle-in.com\/#organization"},"potentialAction":[{"@type":"SearchAction","target":{"@type":"EntryPoint","urlTemplate":"https:\/\/perle-in.com\/?s={search_term_string}"},"query-input":{"@type":"PropertyValueSpecification","valueRequired":true,"valueName":"search_term_string"}}],"inLanguage":"en-CA"},{"@type":"Organization","@id":"https:\/\/perle-in.com\/#organization","name":"PERLE IN","url":"https:\/\/perle-in.com\/","logo":{"@type":"ImageObject","inLanguage":"en-CA","@id":"https:\/\/perle-in.com\/#\/schema\/logo\/image\/","url":"https:\/\/perle-in.com\/wp-content\/uploads\/2022\/12\/LOGO-PERLE-IN-COULEUR@3x.webp","contentUrl":"https:\/\/perle-in.com\/wp-content\/uploads\/2022\/12\/LOGO-PERLE-IN-COULEUR@3x.webp","width":1600,"height":490,"caption":"PERLE IN"},"image":{"@id":"https:\/\/perle-in.com\/#\/schema\/logo\/image\/"}}]}</script>
<!-- / Yoast SEO plugin. -->

Seau et pelle de plage Tides en plastique recyclé - PERLE IN

Des accessoires de plage essentiels, fabriqués à partir de plastique recyclé provenant des océans. Le matériau a été collecté dans un rayon de 50 km des côtes asiatiques et présente une finition mouchetée en raison de la nature du matériau recyclé. Le volume du seau est de 1250 ml. Conforme à la norme EN71. Disponibles en couleurs assorties, ou contactez-nous pour mixer et assortir !
