{"id":531793,"date":"2025-10-14T13:00:20","date_gmt":"2025-10-14T11:00:20","guid":{"rendered":"https:\/\/perle-in.com\/produit\/coffret-cadeau-tactical-dark-avec-deux-stylos\/"},"modified":"2025-10-14T13:00:26","modified_gmt":"2025-10-14T11:00:26","slug":"coffret-cadeau-tactical-dark-avec-deux-stylos","status":"publish","type":"product","link":"https:\/\/perle-in.com\/en\/product\/coffret-cadeau-tactical-dark-avec-deux-stylos\/","title":{"rendered":"Coffret cadeau Tactical Dark avec deux stylos"},"content":{"rendered":"","protected":false},"excerpt":{"rendered":"<p>Coffret cadeau avec deux stylos con\u00e7u pour permettre une combinaison de deux modes d&#8217;\u00e9criture diff\u00e9rents et fournir une exp\u00e9rience d&#8217;\u00e9criture flexible et parfaite. Peut \u00eatre combin\u00e9 avec le stylet Tactical Dark ou le stylo bille \u00e0 bouton-poussoir, et le stylo roller ou le stylo plume Tactical Dark. Les stylos ne sont pas inclus et doivent \u00eatre command\u00e9s s\u00e9par\u00e9ment.<\/p>","protected":false},"featured_media":531788,"template":"","meta":{"_eb_attr":""},"product_brand":[],"product_cat":[1245,552],"product_tag":[1572,2767,1520,2888,561],"class_list":{"0":"post-531793","1":"product","2":"type-product","3":"status-publish","4":"has-post-thumbnail","6":"product_cat-autres","7":"product_cat-stylos-et-ecriture","8":"product_tag-cadeau","9":"product_tag-coffret","10":"product_tag-coffret-cadeau","11":"product_tag-duo","12":"product_tag-stylo","13":"pa_couleurs-noir","14":"pa_marque-luxe","16":"first","17":"instock","18":"shipping-taxable","19":"product-type-variable"},"yoast_head":"<!-- This site is optimized with the Yoast SEO plugin v27.4 - https:\/\/yoast.com\/product\/yoast-seo-wordpress\/ -->\n<title>Coffret cadeau Tactical Dark avec deux stylos - PERLE IN<\/title>\n<meta name=\"robots\" content=\"noindex, follow, max-snippet:-1, max-image-preview:large, max-video-preview:-1\" \/>\n<meta property=\"og:locale\" content=\"en_US\" \/>\n<meta property=\"og:type\" content=\"article\" \/>\n<meta property=\"og:title\" content=\"Coffret cadeau Tactical Dark avec deux stylos - PERLE IN\" \/>\n<meta property=\"og:description\" content=\"Coffret cadeau avec deux stylos con\u00e7u pour permettre une combinaison de deux modes d&#039;\u00e9criture diff\u00e9rents et fournir une exp\u00e9rience d&#039;\u00e9criture flexible et parfaite. Peut \u00eatre combin\u00e9 avec le stylet Tactical Dark ou le stylo bille \u00e0 bouton-poussoir, et le stylo roller ou le stylo plume Tactical Dark. Les stylos ne sont pas inclus et doivent \u00eatre command\u00e9s s\u00e9par\u00e9ment.\" \/>\n<meta property=\"og:url\" content=\"https:\/\/perle-in.com\/en\/product\/coffret-cadeau-tactical-dark-avec-deux-stylos\/\" \/>\n<meta property=\"og:site_name\" content=\"PERLE IN\" \/>\n<meta property=\"article:modified_time\" content=\"2025-10-14T11:00:26+00:00\" \/>\n<meta property=\"og:image\" content=\"https:\/\/perle-in.com\/wp-content\/uploads\/2025\/10\/42000890-1.jpg\" \/>\n\t<meta property=\"og:image:width\" content=\"1600\" \/>\n\t<meta property=\"og:image:height\" content=\"1600\" \/>\n\t<meta property=\"og:image:type\" content=\"image\/jpeg\" \/>\n<meta name=\"twitter:card\" content=\"summary_large_image\" \/>\n<script type=\"application\/ld+json\" class=\"yoast-schema-graph\">{\"@context\":\"https:\\\/\\\/schema.org\",\"@graph\":[{\"@type\":\"WebPage\",\"@id\":\"https:\\\/\\\/perle-in.com\\\/produit\\\/coffret-cadeau-tactical-dark-avec-deux-stylos\\\/\",\"url\":\"https:\\\/\\\/perle-in.com\\\/produit\\\/coffret-cadeau-tactical-dark-avec-deux-stylos\\\/\",\"name\":\"Coffret cadeau Tactical Dark avec deux stylos - PERLE IN\",\"isPartOf\":{\"@id\":\"https:\\\/\\\/perle-in.com\\\/#website\"},\"primaryImageOfPage\":{\"@id\":\"https:\\\/\\\/perle-in.com\\\/produit\\\/coffret-cadeau-tactical-dark-avec-deux-stylos\\\/#primaryimage\"},\"image\":{\"@id\":\"https:\\\/\\\/perle-in.com\\\/produit\\\/coffret-cadeau-tactical-dark-avec-deux-stylos\\\/#primaryimage\"},\"thumbnailUrl\":\"https:\\\/\\\/perle-in.com\\\/wp-content\\\/uploads\\\/2025\\\/10\\\/42000890-1.jpg\",\"datePublished\":\"2025-10-14T11:00:20+00:00\",\"dateModified\":\"2025-10-14T11:00:26+00:00\",\"breadcrumb\":{\"@id\":\"https:\\\/\\\/perle-in.com\\\/produit\\\/coffret-cadeau-tactical-dark-avec-deux-stylos\\\/#breadcrumb\"},\"inLanguage\":\"en-CA\",\"potentialAction\":[{\"@type\":\"ReadAction\",\"target\":[\"https:\\\/\\\/perle-in.com\\\/produit\\\/coffret-cadeau-tactical-dark-avec-deux-stylos\\\/\"]}]},{\"@type\":\"ImageObject\",\"inLanguage\":\"en-CA\",\"@id\":\"https:\\\/\\\/perle-in.com\\\/produit\\\/coffret-cadeau-tactical-dark-avec-deux-stylos\\\/#primaryimage\",\"url\":\"https:\\\/\\\/perle-in.com\\\/wp-content\\\/uploads\\\/2025\\\/10\\\/42000890-1.jpg\",\"contentUrl\":\"https:\\\/\\\/perle-in.com\\\/wp-content\\\/uploads\\\/2025\\\/10\\\/42000890-1.jpg\",\"width\":1600,\"height\":1600},{\"@type\":\"BreadcrumbList\",\"@id\":\"https:\\\/\\\/perle-in.com\\\/produit\\\/coffret-cadeau-tactical-dark-avec-deux-stylos\\\/#breadcrumb\",\"itemListElement\":[{\"@type\":\"ListItem\",\"position\":1,\"name\":\"Accueil\",\"item\":\"https:\\\/\\\/perle-in.com\\\/\"},{\"@type\":\"ListItem\",\"position\":2,\"name\":\"Boutique\",\"item\":\"https:\\\/\\\/perle-in.com\\\/boutique\\\/\"},{\"@type\":\"ListItem\",\"position\":3,\"name\":\"Coffret cadeau Tactical Dark avec deux stylos\"}]},{\"@type\":\"WebSite\",\"@id\":\"https:\\\/\\\/perle-in.com\\\/#website\",\"url\":\"https:\\\/\\\/perle-in.com\\\/\",\"name\":\"PERLE IN\",\"description\":\"\",\"publisher\":{\"@id\":\"https:\\\/\\\/perle-in.com\\\/#organization\"},\"potentialAction\":[{\"@type\":\"SearchAction\",\"target\":{\"@type\":\"EntryPoint\",\"urlTemplate\":\"https:\\\/\\\/perle-in.com\\\/?s={search_term_string}\"},\"query-input\":{\"@type\":\"PropertyValueSpecification\",\"valueRequired\":true,\"valueName\":\"search_term_string\"}}],\"inLanguage\":\"en-CA\"},{\"@type\":\"Organization\",\"@id\":\"https:\\\/\\\/perle-in.com\\\/#organization\",\"name\":\"PERLE IN\",\"url\":\"https:\\\/\\\/perle-in.com\\\/\",\"logo\":{\"@type\":\"ImageObject\",\"inLanguage\":\"en-CA\",\"@id\":\"https:\\\/\\\/perle-in.com\\\/#\\\/schema\\\/logo\\\/image\\\/\",\"url\":\"https:\\\/\\\/perle-in.com\\\/wp-content\\\/uploads\\\/2022\\\/12\\\/LOGO-PERLE-IN-COULEUR@3x.webp\",\"contentUrl\":\"https:\\\/\\\/perle-in.com\\\/wp-content\\\/uploads\\\/2022\\\/12\\\/LOGO-PERLE-IN-COULEUR@3x.webp\",\"width\":1600,\"height\":490,\"caption\":\"PERLE IN\"},\"image\":{\"@id\":\"https:\\\/\\\/perle-in.com\\\/#\\\/schema\\\/logo\\\/image\\\/\"}}]}<\/script>\n<!-- \/ Yoast SEO plugin. -->","yoast_head_json":{"title":"Coffret cadeau Tactical Dark avec deux stylos - PERLE IN","robots":{"index":"noindex","follow":"follow","max-snippet":"max-snippet:-1","max-image-preview":"max-image-preview:large","max-video-preview":"max-video-preview:-1"},"og_locale":"en_US","og_type":"article","og_title":"Coffret cadeau Tactical Dark avec deux stylos - PERLE IN","og_description":"Coffret cadeau avec deux stylos con\u00e7u pour permettre une combinaison de deux modes d'\u00e9criture diff\u00e9rents et fournir une exp\u00e9rience d'\u00e9criture flexible et parfaite. Peut \u00eatre combin\u00e9 avec le stylet Tactical Dark ou le stylo bille \u00e0 bouton-poussoir, et le stylo roller ou le stylo plume Tactical Dark. Les stylos ne sont pas inclus et doivent \u00eatre command\u00e9s s\u00e9par\u00e9ment.","og_url":"https:\/\/perle-in.com\/en\/product\/coffret-cadeau-tactical-dark-avec-deux-stylos\/","og_site_name":"PERLE IN","article_modified_time":"2025-10-14T11:00:26+00:00","og_image":[{"width":1600,"height":1600,"url":"https:\/\/perle-in.com\/wp-content\/uploads\/2025\/10\/42000890-1.jpg","type":"image\/jpeg"}],"twitter_card":"summary_large_image","schema":{"@context":"https:\/\/schema.org","@graph":[{"@type":"WebPage","@id":"https:\/\/perle-in.com\/produit\/coffret-cadeau-tactical-dark-avec-deux-stylos\/","url":"https:\/\/perle-in.com\/produit\/coffret-cadeau-tactical-dark-avec-deux-stylos\/","name":"Coffret cadeau Tactical Dark avec deux stylos - PERLE IN","isPartOf":{"@id":"https:\/\/perle-in.com\/#website"},"primaryImageOfPage":{"@id":"https:\/\/perle-in.com\/produit\/coffret-cadeau-tactical-dark-avec-deux-stylos\/#primaryimage"},"image":{"@id":"https:\/\/perle-in.com\/produit\/coffret-cadeau-tactical-dark-avec-deux-stylos\/#primaryimage"},"thumbnailUrl":"https:\/\/perle-in.com\/wp-content\/uploads\/2025\/10\/42000890-1.jpg","datePublished":"2025-10-14T11:00:20+00:00","dateModified":"2025-10-14T11:00:26+00:00","breadcrumb":{"@id":"https:\/\/perle-in.com\/produit\/coffret-cadeau-tactical-dark-avec-deux-stylos\/#breadcrumb"},"inLanguage":"en-CA","potentialAction":[{"@type":"ReadAction","target":["https:\/\/perle-in.com\/produit\/coffret-cadeau-tactical-dark-avec-deux-stylos\/"]}]},{"@type":"ImageObject","inLanguage":"en-CA","@id":"https:\/\/perle-in.com\/produit\/coffret-cadeau-tactical-dark-avec-deux-stylos\/#primaryimage","url":"https:\/\/perle-in.com\/wp-content\/uploads\/2025\/10\/42000890-1.jpg","contentUrl":"https:\/\/perle-in.com\/wp-content\/uploads\/2025\/10\/42000890-1.jpg","width":1600,"height":1600},{"@type":"BreadcrumbList","@id":"https:\/\/perle-in.com\/produit\/coffret-cadeau-tactical-dark-avec-deux-stylos\/#breadcrumb","itemListElement":[{"@type":"ListItem","position":1,"name":"Accueil","item":"https:\/\/perle-in.com\/"},{"@type":"ListItem","position":2,"name":"Boutique","item":"https:\/\/perle-in.com\/boutique\/"},{"@type":"ListItem","position":3,"name":"Coffret cadeau Tactical Dark avec deux stylos"}]},{"@type":"WebSite","@id":"https:\/\/perle-in.com\/#website","url":"https:\/\/perle-in.com\/","name":"PERLE IN","description":"","publisher":{"@id":"https:\/\/perle-in.com\/#organization"},"potentialAction":[{"@type":"SearchAction","target":{"@type":"EntryPoint","urlTemplate":"https:\/\/perle-in.com\/?s={search_term_string}"},"query-input":{"@type":"PropertyValueSpecification","valueRequired":true,"valueName":"search_term_string"}}],"inLanguage":"en-CA"},{"@type":"Organization","@id":"https:\/\/perle-in.com\/#organization","name":"PERLE IN","url":"https:\/\/perle-in.com\/","logo":{"@type":"ImageObject","inLanguage":"en-CA","@id":"https:\/\/perle-in.com\/#\/schema\/logo\/image\/","url":"https:\/\/perle-in.com\/wp-content\/uploads\/2022\/12\/LOGO-PERLE-IN-COULEUR@3x.webp","contentUrl":"https:\/\/perle-in.com\/wp-content\/uploads\/2022\/12\/LOGO-PERLE-IN-COULEUR@3x.webp","width":1600,"height":490,"caption":"PERLE IN"},"image":{"@id":"https:\/\/perle-in.com\/#\/schema\/logo\/image\/"}}]}},"jetpack_sharing_enabled":true,"_links":{"self":[{"href":"https:\/\/perle-in.com\/en\/wp-json\/wp\/v2\/product\/531793","targetHints":{"allow":["GET"]}}],"collection":[{"href":"https:\/\/perle-in.com\/en\/wp-json\/wp\/v2\/product"}],"about":[{"href":"https:\/\/perle-in.com\/en\/wp-json\/wp\/v2\/types\/product"}],"version-history":[{"count":0,"href":"https:\/\/perle-in.com\/en\/wp-json\/wp\/v2\/product\/531793\/revisions"}],"wp:featuredmedia":[{"embeddable":true,"href":"https:\/\/perle-in.com\/en\/wp-json\/wp\/v2\/media\/531788"}],"wp:attachment":[{"href":"https:\/\/perle-in.com\/en\/wp-json\/wp\/v2\/media?parent=531793"}],"wp:term":[{"taxonomy":"product_brand","embeddable":true,"href":"https:\/\/perle-in.com\/en\/wp-json\/wp\/v2\/product_brand?post=531793"},{"taxonomy":"product_cat","embeddable":true,"href":"https:\/\/perle-in.com\/en\/wp-json\/wp\/v2\/product_cat?post=531793"},{"taxonomy":"product_tag","embeddable":true,"href":"https:\/\/perle-in.com\/en\/wp-json\/wp\/v2\/product_tag?post=531793"}],"curies":[{"name":"wp","href":"https:\/\/api.w.org\/{rel}","templated":true}]}}

<p>Coffret cadeau avec deux stylos conçu pour permettre une combinaison de deux modes d&#8217;écriture différents et fournir une expérience d&#8217;écriture flexible et parfaite. Peut être combiné avec le stylet Tactical Dark ou le stylo bille à bouton-poussoir, et le stylo roller ou le stylo plume Tactical Dark. Les stylos ne sont pas inclus et doivent être commandés séparément.</p>

<!-- This site is optimized with the Yoast SEO plugin v27.4 - https://yoast.com/product/yoast-seo-wordpress/ -->
<title>Coffret cadeau Tactical Dark avec deux stylos - PERLE IN</title>
<meta name="robots" content="noindex, follow, max-snippet:-1, max-image-preview:large, max-video-preview:-1" />
<meta property="og:locale" content="en_US" />
<meta property="og:type" content="article" />
<meta property="og:title" content="Coffret cadeau Tactical Dark avec deux stylos - PERLE IN" />
<meta property="og:description" content="Coffret cadeau avec deux stylos conçu pour permettre une combinaison de deux modes d&#039;écriture différents et fournir une expérience d&#039;écriture flexible et parfaite. Peut être combiné avec le stylet Tactical Dark ou le stylo bille à bouton-poussoir, et le stylo roller ou le stylo plume Tactical Dark. Les stylos ne sont pas inclus et doivent être commandés séparément." />
<meta property="og:url" content="https://perle-in.com/en/product/coffret-cadeau-tactical-dark-avec-deux-stylos/" />
<meta property="og:site_name" content="PERLE IN" />
<meta property="article:modified_time" content="2025-10-14T11:00:26+00:00" />
<meta property="og:image" content="https://perle-in.com/wp-content/uploads/2025/10/42000890-1.jpg" />
	<meta property="og:image:width" content="1600" />
	<meta property="og:image:height" content="1600" />
	<meta property="og:image:type" content="image/jpeg" />
<meta name="twitter:card" content="summary_large_image" />
<script type="application/ld+json" class="yoast-schema-graph">{"@context":"https:\/\/schema.org","@graph":[{"@type":"WebPage","@id":"https:\/\/perle-in.com\/produit\/coffret-cadeau-tactical-dark-avec-deux-stylos\/","url":"https:\/\/perle-in.com\/produit\/coffret-cadeau-tactical-dark-avec-deux-stylos\/","name":"Coffret cadeau Tactical Dark avec deux stylos - PERLE IN","isPartOf":{"@id":"https:\/\/perle-in.com\/#website"},"primaryImageOfPage":{"@id":"https:\/\/perle-in.com\/produit\/coffret-cadeau-tactical-dark-avec-deux-stylos\/#primaryimage"},"image":{"@id":"https:\/\/perle-in.com\/produit\/coffret-cadeau-tactical-dark-avec-deux-stylos\/#primaryimage"},"thumbnailUrl":"https:\/\/perle-in.com\/wp-content\/uploads\/2025\/10\/42000890-1.jpg","datePublished":"2025-10-14T11:00:20+00:00","dateModified":"2025-10-14T11:00:26+00:00","breadcrumb":{"@id":"https:\/\/perle-in.com\/produit\/coffret-cadeau-tactical-dark-avec-deux-stylos\/#breadcrumb"},"inLanguage":"en-CA","potentialAction":[{"@type":"ReadAction","target":["https:\/\/perle-in.com\/produit\/coffret-cadeau-tactical-dark-avec-deux-stylos\/"]}]},{"@type":"ImageObject","inLanguage":"en-CA","@id":"https:\/\/perle-in.com\/produit\/coffret-cadeau-tactical-dark-avec-deux-stylos\/#primaryimage","url":"https:\/\/perle-in.com\/wp-content\/uploads\/2025\/10\/42000890-1.jpg","contentUrl":"https:\/\/perle-in.com\/wp-content\/uploads\/2025\/10\/42000890-1.jpg","width":1600,"height":1600},{"@type":"BreadcrumbList","@id":"https:\/\/perle-in.com\/produit\/coffret-cadeau-tactical-dark-avec-deux-stylos\/#breadcrumb","itemListElement":[{"@type":"ListItem","position":1,"name":"Accueil","item":"https:\/\/perle-in.com\/"},{"@type":"ListItem","position":2,"name":"Boutique","item":"https:\/\/perle-in.com\/boutique\/"},{"@type":"ListItem","position":3,"name":"Coffret cadeau Tactical Dark avec deux stylos"}]},{"@type":"WebSite","@id":"https:\/\/perle-in.com\/#website","url":"https:\/\/perle-in.com\/","name":"PERLE IN","description":"","publisher":{"@id":"https:\/\/perle-in.com\/#organization"},"potentialAction":[{"@type":"SearchAction","target":{"@type":"EntryPoint","urlTemplate":"https:\/\/perle-in.com\/?s={search_term_string}"},"query-input":{"@type":"PropertyValueSpecification","valueRequired":true,"valueName":"search_term_string"}}],"inLanguage":"en-CA"},{"@type":"Organization","@id":"https:\/\/perle-in.com\/#organization","name":"PERLE IN","url":"https:\/\/perle-in.com\/","logo":{"@type":"ImageObject","inLanguage":"en-CA","@id":"https:\/\/perle-in.com\/#\/schema\/logo\/image\/","url":"https:\/\/perle-in.com\/wp-content\/uploads\/2022\/12\/LOGO-PERLE-IN-COULEUR@3x.webp","contentUrl":"https:\/\/perle-in.com\/wp-content\/uploads\/2022\/12\/LOGO-PERLE-IN-COULEUR@3x.webp","width":1600,"height":490,"caption":"PERLE IN"},"image":{"@id":"https:\/\/perle-in.com\/#\/schema\/logo\/image\/"}}]}</script>
<!-- / Yoast SEO plugin. -->

Coffret cadeau avec deux stylos conçu pour permettre une combinaison de deux modes d'écriture différents et fournir une expérience d'écriture flexible et parfaite. Peut être combiné avec le stylet Tactical Dark ou le stylo bille à bouton-poussoir, et le stylo roller ou le stylo plume Tactical Dark. Les stylos ne sont pas inclus et doivent être commandés séparément.
