{"id":531318,"date":"2025-10-14T11:58:43","date_gmt":"2025-10-14T09:58:43","guid":{"rendered":"https:\/\/perle-in.com\/produit\/bonnet-en-polylana-hale\/"},"modified":"2025-10-14T22:31:09","modified_gmt":"2025-10-14T20:31:09","slug":"bonnet-en-polylana-hale","status":"publish","type":"product","link":"https:\/\/perle-in.com\/en\/product\/bonnet-en-polylana-hale\/","title":{"rendered":"Bonnet en Polylana\u00ae Hale"},"content":{"rendered":"","protected":false},"excerpt":{"rendered":"<p>Le bonnet Hale est fabriqu\u00e9 en fibre Polylana\u00ae, une alternative \u00e0 faible impact aux fibres 100 % acryliques et laine, qui permet d&#8217;\u00e9conomiser de l&#8217;eau et de l&#8217;\u00e9nergie et de r\u00e9duire les \u00e9missions de CO2 lors de la production et de la teinture. Par rapport \u00e0 la fibre acrylique, chaque bonnet Hale permet de r\u00e9aliser les \u00e9conomies suivantes : 2,77 litres d&#8217;eau, 5,16 MJ d&#8217;\u00e9nergie et 0,06 kg de gaz \u00e0 effet de serre (CO2). Les \u00e9conomies d&#8217;impact sont bas\u00e9es sur des donn\u00e9es d&#8217;analyse du cycle de vie (ACV) valid\u00e9es. Fabriqu\u00e9 en tricot c\u00f4te 1&#215;1 avec de la fibre Polylana\u00ae et de l&#8217;acrylique avec une densit\u00e9 de 12 jauges. Le choix id\u00e9al pour ceux qui appr\u00e9cient la mode tout en respectant l&#8217;environnement.<\/p>","protected":false},"featured_media":531308,"template":"","meta":{"_eb_attr":""},"product_brand":[],"product_cat":[1025,1024],"product_tag":[1029,1031,837,946,2846],"class_list":{"0":"post-531318","1":"product","2":"type-product","3":"status-publish","4":"has-post-thumbnail","6":"product_cat-bonnets","7":"product_cat-vetements","8":"product_tag-bonnet","9":"product_tag-couvre-chef","10":"product_tag-durable","11":"product_tag-green-concept","12":"product_tag-polyana","13":"pa_couleurs-gris-storm","14":"pa_couleurs-marine","15":"pa_couleurs-noir","16":"pa_genre-unisex","17":"pa_green-points-1931","18":"pa_marque-elevate-life","19":"pa_matiere-tricot-cotele-1x1-fibre-polylana-acrylique-12-gauge","21":"first","22":"instock","23":"sale","24":"shipping-taxable","25":"purchasable","26":"product-type-variable"},"yoast_head":"<!-- This site is optimized with the Yoast SEO plugin v27.4 - https:\/\/yoast.com\/product\/yoast-seo-wordpress\/ -->\n<title>Bonnet en Polylana\u00ae Hale - PERLE IN<\/title>\n<meta name=\"robots\" content=\"noindex, follow, max-snippet:-1, max-image-preview:large, max-video-preview:-1\" \/>\n<meta property=\"og:locale\" content=\"en_US\" \/>\n<meta property=\"og:type\" content=\"article\" \/>\n<meta property=\"og:title\" content=\"Bonnet en Polylana\u00ae Hale - PERLE IN\" \/>\n<meta property=\"og:description\" content=\"Le bonnet Hale est fabriqu\u00e9 en fibre Polylana\u00ae, une alternative \u00e0 faible impact aux fibres 100 % acryliques et laine, qui permet d&#039;\u00e9conomiser de l&#039;eau et de l&#039;\u00e9nergie et de r\u00e9duire les \u00e9missions de CO2 lors de la production et de la teinture. Par rapport \u00e0 la fibre acrylique, chaque bonnet Hale permet de r\u00e9aliser les \u00e9conomies suivantes : 2,77 litres d&#039;eau, 5,16 MJ d&#039;\u00e9nergie et 0,06 kg de gaz \u00e0 effet de serre (CO2). Les \u00e9conomies d&#039;impact sont bas\u00e9es sur des donn\u00e9es d&#039;analyse du cycle de vie (ACV) valid\u00e9es. Fabriqu\u00e9 en tricot c\u00f4te 1x1 avec de la fibre Polylana\u00ae et de l&#039;acrylique avec une densit\u00e9 de 12 jauges. Le choix id\u00e9al pour ceux qui appr\u00e9cient la mode tout en respectant l&#039;environnement.\" \/>\n<meta property=\"og:url\" content=\"https:\/\/perle-in.com\/en\/product\/bonnet-en-polylana-hale\/\" \/>\n<meta property=\"og:site_name\" content=\"PERLE IN\" \/>\n<meta property=\"article:modified_time\" content=\"2025-10-14T20:31:09+00:00\" \/>\n<meta property=\"og:image\" content=\"https:\/\/perle-in.com\/wp-content\/uploads\/2025\/10\/38651550-1.jpg\" \/>\n\t<meta property=\"og:image:width\" content=\"1600\" \/>\n\t<meta property=\"og:image:height\" content=\"1600\" \/>\n\t<meta property=\"og:image:type\" content=\"image\/jpeg\" \/>\n<meta name=\"twitter:card\" content=\"summary_large_image\" \/>\n<script type=\"application\/ld+json\" class=\"yoast-schema-graph\">{\"@context\":\"https:\\\/\\\/schema.org\",\"@graph\":[{\"@type\":\"WebPage\",\"@id\":\"https:\\\/\\\/perle-in.com\\\/produit\\\/bonnet-en-polylana-hale\\\/\",\"url\":\"https:\\\/\\\/perle-in.com\\\/produit\\\/bonnet-en-polylana-hale\\\/\",\"name\":\"Bonnet en Polylana\u00ae Hale - PERLE IN\",\"isPartOf\":{\"@id\":\"https:\\\/\\\/perle-in.com\\\/#website\"},\"primaryImageOfPage\":{\"@id\":\"https:\\\/\\\/perle-in.com\\\/produit\\\/bonnet-en-polylana-hale\\\/#primaryimage\"},\"image\":{\"@id\":\"https:\\\/\\\/perle-in.com\\\/produit\\\/bonnet-en-polylana-hale\\\/#primaryimage\"},\"thumbnailUrl\":\"https:\\\/\\\/perle-in.com\\\/wp-content\\\/uploads\\\/2025\\\/10\\\/38651550-1.jpg\",\"datePublished\":\"2025-10-14T09:58:43+00:00\",\"dateModified\":\"2025-10-14T20:31:09+00:00\",\"breadcrumb\":{\"@id\":\"https:\\\/\\\/perle-in.com\\\/produit\\\/bonnet-en-polylana-hale\\\/#breadcrumb\"},\"inLanguage\":\"en-CA\",\"potentialAction\":[{\"@type\":\"ReadAction\",\"target\":[\"https:\\\/\\\/perle-in.com\\\/produit\\\/bonnet-en-polylana-hale\\\/\"]}]},{\"@type\":\"ImageObject\",\"inLanguage\":\"en-CA\",\"@id\":\"https:\\\/\\\/perle-in.com\\\/produit\\\/bonnet-en-polylana-hale\\\/#primaryimage\",\"url\":\"https:\\\/\\\/perle-in.com\\\/wp-content\\\/uploads\\\/2025\\\/10\\\/38651550-1.jpg\",\"contentUrl\":\"https:\\\/\\\/perle-in.com\\\/wp-content\\\/uploads\\\/2025\\\/10\\\/38651550-1.jpg\",\"width\":1600,\"height\":1600},{\"@type\":\"BreadcrumbList\",\"@id\":\"https:\\\/\\\/perle-in.com\\\/produit\\\/bonnet-en-polylana-hale\\\/#breadcrumb\",\"itemListElement\":[{\"@type\":\"ListItem\",\"position\":1,\"name\":\"Accueil\",\"item\":\"https:\\\/\\\/perle-in.com\\\/\"},{\"@type\":\"ListItem\",\"position\":2,\"name\":\"Boutique\",\"item\":\"https:\\\/\\\/perle-in.com\\\/boutique\\\/\"},{\"@type\":\"ListItem\",\"position\":3,\"name\":\"Bonnet en Polylana\u00ae Hale\"}]},{\"@type\":\"WebSite\",\"@id\":\"https:\\\/\\\/perle-in.com\\\/#website\",\"url\":\"https:\\\/\\\/perle-in.com\\\/\",\"name\":\"PERLE IN\",\"description\":\"\",\"publisher\":{\"@id\":\"https:\\\/\\\/perle-in.com\\\/#organization\"},\"potentialAction\":[{\"@type\":\"SearchAction\",\"target\":{\"@type\":\"EntryPoint\",\"urlTemplate\":\"https:\\\/\\\/perle-in.com\\\/?s={search_term_string}\"},\"query-input\":{\"@type\":\"PropertyValueSpecification\",\"valueRequired\":true,\"valueName\":\"search_term_string\"}}],\"inLanguage\":\"en-CA\"},{\"@type\":\"Organization\",\"@id\":\"https:\\\/\\\/perle-in.com\\\/#organization\",\"name\":\"PERLE IN\",\"url\":\"https:\\\/\\\/perle-in.com\\\/\",\"logo\":{\"@type\":\"ImageObject\",\"inLanguage\":\"en-CA\",\"@id\":\"https:\\\/\\\/perle-in.com\\\/#\\\/schema\\\/logo\\\/image\\\/\",\"url\":\"https:\\\/\\\/perle-in.com\\\/wp-content\\\/uploads\\\/2022\\\/12\\\/LOGO-PERLE-IN-COULEUR@3x.webp\",\"contentUrl\":\"https:\\\/\\\/perle-in.com\\\/wp-content\\\/uploads\\\/2022\\\/12\\\/LOGO-PERLE-IN-COULEUR@3x.webp\",\"width\":1600,\"height\":490,\"caption\":\"PERLE IN\"},\"image\":{\"@id\":\"https:\\\/\\\/perle-in.com\\\/#\\\/schema\\\/logo\\\/image\\\/\"}}]}<\/script>\n<!-- \/ Yoast SEO plugin. -->","yoast_head_json":{"title":"Bonnet en Polylana\u00ae Hale - PERLE IN","robots":{"index":"noindex","follow":"follow","max-snippet":"max-snippet:-1","max-image-preview":"max-image-preview:large","max-video-preview":"max-video-preview:-1"},"og_locale":"en_US","og_type":"article","og_title":"Bonnet en Polylana\u00ae Hale - PERLE IN","og_description":"Le bonnet Hale est fabriqu\u00e9 en fibre Polylana\u00ae, une alternative \u00e0 faible impact aux fibres 100 % acryliques et laine, qui permet d'\u00e9conomiser de l'eau et de l'\u00e9nergie et de r\u00e9duire les \u00e9missions de CO2 lors de la production et de la teinture. Par rapport \u00e0 la fibre acrylique, chaque bonnet Hale permet de r\u00e9aliser les \u00e9conomies suivantes : 2,77 litres d'eau, 5,16 MJ d'\u00e9nergie et 0,06 kg de gaz \u00e0 effet de serre (CO2). Les \u00e9conomies d'impact sont bas\u00e9es sur des donn\u00e9es d'analyse du cycle de vie (ACV) valid\u00e9es. Fabriqu\u00e9 en tricot c\u00f4te 1x1 avec de la fibre Polylana\u00ae et de l'acrylique avec une densit\u00e9 de 12 jauges. Le choix id\u00e9al pour ceux qui appr\u00e9cient la mode tout en respectant l'environnement.","og_url":"https:\/\/perle-in.com\/en\/product\/bonnet-en-polylana-hale\/","og_site_name":"PERLE IN","article_modified_time":"2025-10-14T20:31:09+00:00","og_image":[{"width":1600,"height":1600,"url":"https:\/\/perle-in.com\/wp-content\/uploads\/2025\/10\/38651550-1.jpg","type":"image\/jpeg"}],"twitter_card":"summary_large_image","schema":{"@context":"https:\/\/schema.org","@graph":[{"@type":"WebPage","@id":"https:\/\/perle-in.com\/produit\/bonnet-en-polylana-hale\/","url":"https:\/\/perle-in.com\/produit\/bonnet-en-polylana-hale\/","name":"Bonnet en Polylana\u00ae Hale - PERLE IN","isPartOf":{"@id":"https:\/\/perle-in.com\/#website"},"primaryImageOfPage":{"@id":"https:\/\/perle-in.com\/produit\/bonnet-en-polylana-hale\/#primaryimage"},"image":{"@id":"https:\/\/perle-in.com\/produit\/bonnet-en-polylana-hale\/#primaryimage"},"thumbnailUrl":"https:\/\/perle-in.com\/wp-content\/uploads\/2025\/10\/38651550-1.jpg","datePublished":"2025-10-14T09:58:43+00:00","dateModified":"2025-10-14T20:31:09+00:00","breadcrumb":{"@id":"https:\/\/perle-in.com\/produit\/bonnet-en-polylana-hale\/#breadcrumb"},"inLanguage":"en-CA","potentialAction":[{"@type":"ReadAction","target":["https:\/\/perle-in.com\/produit\/bonnet-en-polylana-hale\/"]}]},{"@type":"ImageObject","inLanguage":"en-CA","@id":"https:\/\/perle-in.com\/produit\/bonnet-en-polylana-hale\/#primaryimage","url":"https:\/\/perle-in.com\/wp-content\/uploads\/2025\/10\/38651550-1.jpg","contentUrl":"https:\/\/perle-in.com\/wp-content\/uploads\/2025\/10\/38651550-1.jpg","width":1600,"height":1600},{"@type":"BreadcrumbList","@id":"https:\/\/perle-in.com\/produit\/bonnet-en-polylana-hale\/#breadcrumb","itemListElement":[{"@type":"ListItem","position":1,"name":"Accueil","item":"https:\/\/perle-in.com\/"},{"@type":"ListItem","position":2,"name":"Boutique","item":"https:\/\/perle-in.com\/boutique\/"},{"@type":"ListItem","position":3,"name":"Bonnet en Polylana\u00ae Hale"}]},{"@type":"WebSite","@id":"https:\/\/perle-in.com\/#website","url":"https:\/\/perle-in.com\/","name":"PERLE IN","description":"","publisher":{"@id":"https:\/\/perle-in.com\/#organization"},"potentialAction":[{"@type":"SearchAction","target":{"@type":"EntryPoint","urlTemplate":"https:\/\/perle-in.com\/?s={search_term_string}"},"query-input":{"@type":"PropertyValueSpecification","valueRequired":true,"valueName":"search_term_string"}}],"inLanguage":"en-CA"},{"@type":"Organization","@id":"https:\/\/perle-in.com\/#organization","name":"PERLE IN","url":"https:\/\/perle-in.com\/","logo":{"@type":"ImageObject","inLanguage":"en-CA","@id":"https:\/\/perle-in.com\/#\/schema\/logo\/image\/","url":"https:\/\/perle-in.com\/wp-content\/uploads\/2022\/12\/LOGO-PERLE-IN-COULEUR@3x.webp","contentUrl":"https:\/\/perle-in.com\/wp-content\/uploads\/2022\/12\/LOGO-PERLE-IN-COULEUR@3x.webp","width":1600,"height":490,"caption":"PERLE IN"},"image":{"@id":"https:\/\/perle-in.com\/#\/schema\/logo\/image\/"}}]}},"jetpack_sharing_enabled":true,"_links":{"self":[{"href":"https:\/\/perle-in.com\/en\/wp-json\/wp\/v2\/product\/531318","targetHints":{"allow":["GET"]}}],"collection":[{"href":"https:\/\/perle-in.com\/en\/wp-json\/wp\/v2\/product"}],"about":[{"href":"https:\/\/perle-in.com\/en\/wp-json\/wp\/v2\/types\/product"}],"version-history":[{"count":0,"href":"https:\/\/perle-in.com\/en\/wp-json\/wp\/v2\/product\/531318\/revisions"}],"wp:featuredmedia":[{"embeddable":true,"href":"https:\/\/perle-in.com\/en\/wp-json\/wp\/v2\/media\/531308"}],"wp:attachment":[{"href":"https:\/\/perle-in.com\/en\/wp-json\/wp\/v2\/media?parent=531318"}],"wp:term":[{"taxonomy":"product_brand","embeddable":true,"href":"https:\/\/perle-in.com\/en\/wp-json\/wp\/v2\/product_brand?post=531318"},{"taxonomy":"product_cat","embeddable":true,"href":"https:\/\/perle-in.com\/en\/wp-json\/wp\/v2\/product_cat?post=531318"},{"taxonomy":"product_tag","embeddable":true,"href":"https:\/\/perle-in.com\/en\/wp-json\/wp\/v2\/product_tag?post=531318"}],"curies":[{"name":"wp","href":"https:\/\/api.w.org\/{rel}","templated":true}]}}

<p>Le bonnet Hale est fabriqué en fibre Polylana®, une alternative à faible impact aux fibres 100 % acryliques et laine, qui permet d&#8217;économiser de l&#8217;eau et de l&#8217;énergie et de réduire les émissions de CO2 lors de la production et de la teinture. Par rapport à la fibre acrylique, chaque bonnet Hale permet de réaliser les économies suivantes : 2,77 litres d&#8217;eau, 5,16 MJ d&#8217;énergie et 0,06 kg de gaz à effet de serre (CO2). Les économies d&#8217;impact sont basées sur des données d&#8217;analyse du cycle de vie (ACV) validées. Fabriqué en tricot côte 1&#215;1 avec de la fibre Polylana® et de l&#8217;acrylique avec une densité de 12 jauges. Le choix idéal pour ceux qui apprécient la mode tout en respectant l&#8217;environnement.</p>

<!-- This site is optimized with the Yoast SEO plugin v27.4 - https://yoast.com/product/yoast-seo-wordpress/ -->
<title>Bonnet en Polylana® Hale - PERLE IN</title>
<meta name="robots" content="noindex, follow, max-snippet:-1, max-image-preview:large, max-video-preview:-1" />
<meta property="og:locale" content="en_US" />
<meta property="og:type" content="article" />
<meta property="og:title" content="Bonnet en Polylana® Hale - PERLE IN" />
<meta property="og:description" content="Le bonnet Hale est fabriqué en fibre Polylana®, une alternative à faible impact aux fibres 100 % acryliques et laine, qui permet d&#039;économiser de l&#039;eau et de l&#039;énergie et de réduire les émissions de CO2 lors de la production et de la teinture. Par rapport à la fibre acrylique, chaque bonnet Hale permet de réaliser les économies suivantes : 2,77 litres d&#039;eau, 5,16 MJ d&#039;énergie et 0,06 kg de gaz à effet de serre (CO2). Les économies d&#039;impact sont basées sur des données d&#039;analyse du cycle de vie (ACV) validées. Fabriqué en tricot côte 1x1 avec de la fibre Polylana® et de l&#039;acrylique avec une densité de 12 jauges. Le choix idéal pour ceux qui apprécient la mode tout en respectant l&#039;environnement." />
<meta property="og:url" content="https://perle-in.com/en/product/bonnet-en-polylana-hale/" />
<meta property="og:site_name" content="PERLE IN" />
<meta property="article:modified_time" content="2025-10-14T20:31:09+00:00" />
<meta property="og:image" content="https://perle-in.com/wp-content/uploads/2025/10/38651550-1.jpg" />
	<meta property="og:image:width" content="1600" />
	<meta property="og:image:height" content="1600" />
	<meta property="og:image:type" content="image/jpeg" />
<meta name="twitter:card" content="summary_large_image" />
<script type="application/ld+json" class="yoast-schema-graph">{"@context":"https:\/\/schema.org","@graph":[{"@type":"WebPage","@id":"https:\/\/perle-in.com\/produit\/bonnet-en-polylana-hale\/","url":"https:\/\/perle-in.com\/produit\/bonnet-en-polylana-hale\/","name":"Bonnet en Polylana® Hale - PERLE IN","isPartOf":{"@id":"https:\/\/perle-in.com\/#website"},"primaryImageOfPage":{"@id":"https:\/\/perle-in.com\/produit\/bonnet-en-polylana-hale\/#primaryimage"},"image":{"@id":"https:\/\/perle-in.com\/produit\/bonnet-en-polylana-hale\/#primaryimage"},"thumbnailUrl":"https:\/\/perle-in.com\/wp-content\/uploads\/2025\/10\/38651550-1.jpg","datePublished":"2025-10-14T09:58:43+00:00","dateModified":"2025-10-14T20:31:09+00:00","breadcrumb":{"@id":"https:\/\/perle-in.com\/produit\/bonnet-en-polylana-hale\/#breadcrumb"},"inLanguage":"en-CA","potentialAction":[{"@type":"ReadAction","target":["https:\/\/perle-in.com\/produit\/bonnet-en-polylana-hale\/"]}]},{"@type":"ImageObject","inLanguage":"en-CA","@id":"https:\/\/perle-in.com\/produit\/bonnet-en-polylana-hale\/#primaryimage","url":"https:\/\/perle-in.com\/wp-content\/uploads\/2025\/10\/38651550-1.jpg","contentUrl":"https:\/\/perle-in.com\/wp-content\/uploads\/2025\/10\/38651550-1.jpg","width":1600,"height":1600},{"@type":"BreadcrumbList","@id":"https:\/\/perle-in.com\/produit\/bonnet-en-polylana-hale\/#breadcrumb","itemListElement":[{"@type":"ListItem","position":1,"name":"Accueil","item":"https:\/\/perle-in.com\/"},{"@type":"ListItem","position":2,"name":"Boutique","item":"https:\/\/perle-in.com\/boutique\/"},{"@type":"ListItem","position":3,"name":"Bonnet en Polylana® Hale"}]},{"@type":"WebSite","@id":"https:\/\/perle-in.com\/#website","url":"https:\/\/perle-in.com\/","name":"PERLE IN","description":"","publisher":{"@id":"https:\/\/perle-in.com\/#organization"},"potentialAction":[{"@type":"SearchAction","target":{"@type":"EntryPoint","urlTemplate":"https:\/\/perle-in.com\/?s={search_term_string}"},"query-input":{"@type":"PropertyValueSpecification","valueRequired":true,"valueName":"search_term_string"}}],"inLanguage":"en-CA"},{"@type":"Organization","@id":"https:\/\/perle-in.com\/#organization","name":"PERLE IN","url":"https:\/\/perle-in.com\/","logo":{"@type":"ImageObject","inLanguage":"en-CA","@id":"https:\/\/perle-in.com\/#\/schema\/logo\/image\/","url":"https:\/\/perle-in.com\/wp-content\/uploads\/2022\/12\/LOGO-PERLE-IN-COULEUR@3x.webp","contentUrl":"https:\/\/perle-in.com\/wp-content\/uploads\/2022\/12\/LOGO-PERLE-IN-COULEUR@3x.webp","width":1600,"height":490,"caption":"PERLE IN"},"image":{"@id":"https:\/\/perle-in.com\/#\/schema\/logo\/image\/"}}]}</script>
<!-- / Yoast SEO plugin. -->

Le bonnet Hale est fabriqué en fibre Polylana®, une alternative à faible impact aux fibres 100 % acryliques et laine, qui permet d'économiser de l'eau et de l'énergie et de réduire les émissions de CO2 lors de la production et de la teinture. Par rapport à la fibre acrylique, chaque bonnet Hale permet de réaliser les économies suivantes : 2,77 litres d'eau, 5,16 MJ d'énergie et 0,06 kg de gaz à effet de serre (CO2). Les économies d'impact sont basées sur des données d'analyse du cycle de vie (ACV) validées. Fabriqué en tricot côte 1x1 avec de la fibre Polylana® et de l'acrylique avec une densité de 12 jauges. Le choix idéal pour ceux qui apprécient la mode tout en respectant l'environnement.
