{"id":531218,"date":"2025-10-14T11:53:00","date_gmt":"2025-10-14T09:53:00","guid":{"rendered":"https:\/\/perle-in.com\/produit\/doudoune-duvet-macin-pour-homme\/"},"modified":"2025-10-14T11:53:33","modified_gmt":"2025-10-14T09:53:33","slug":"doudoune-duvet-macin-pour-homme","status":"publish","type":"product","link":"https:\/\/perle-in.com\/en\/product\/doudoune-duvet-macin-pour-homme\/","title":{"rendered":"Doudoune duvet Macin pour homme"},"content":{"rendered":"","protected":false},"excerpt":{"rendered":"<p>La doudoune isol\u00e9e Macin pour homme &#8211; un m\u00e9lange parfait de style et de chaleur. Fabriqu\u00e9e en tissu pong\u00e9 double couche 750T de 164 g\/m\u00b2 en polyester. Le tissu mat associ\u00e9 au matelassage thermosoud\u00e9 conf\u00e8re \u00e0 la veste un look moderne tout en am\u00e9liorant l&#8217;isolation globale. Adoptez la conscience \u00e9cologique gr\u00e2ce \u00e0 l&#8217;isolation en duvet recycl\u00e9 certifi\u00e9e RDS, compos\u00e9e de duvet et de plumes recycl\u00e9s, qui vous procure de la chaleur sans faire de compromis sur les normes \u00e9thiques. Dot\u00e9e d&#8217;un rabat-temp\u00eate int\u00e9rieur, d&#8217;une mentonni\u00e8re et de poignets \u00e9lastiques en tricot plat, cette veste offre une protection maximale contre les \u00e9l\u00e9ments. Les poches frontales avec fermeture \u00e0 glissi\u00e8re ajoutent au confort et \u00e0 la fonctionnalit\u00e9. Adoptez \u00e0 la fois le style et les valeurs \u00e9thiques avec la veste Macin, parfaite pour toute aventure en plein air ou pour une utilisation quotidienne.<\/p>","protected":false},"featured_media":531182,"template":"","meta":{"_eb_attr":""},"product_brand":[],"product_cat":[1260,1024],"product_tag":[837,2843,946,2842,836,2548,2549,1183],"class_list":{"0":"post-531218","1":"product","2":"type-product","3":"status-publish","4":"has-post-thumbnail","6":"product_cat-jackets","7":"product_cat-vetements","8":"product_tag-durable","9":"product_tag-duvet","10":"product_tag-green-concept","11":"product_tag-rds","12":"product_tag-recycle","13":"product_tag-veste","14":"product_tag-vestes","15":"product_tag-vetements","16":"pa_couleurs-bleu-hale","17":"pa_couleurs-marine","18":"pa_couleurs-noir","19":"pa_couleurs-vert-foret","20":"pa_genre-male","21":"pa_green-points-1692","22":"pa_marque-elevate-life","23":"pa_matiere-nylon-pongee-tisse-double-couche-750t-polyester-164-g-m2-padding-filling-down-insulatio","24":"pa_taille-2xl","25":"pa_taille-3xl","26":"pa_taille-l","27":"pa_taille-m","28":"pa_taille-s","29":"pa_taille-xl","30":"pa_taille-xs","31":"pa_taille-xxl","33":"first","34":"instock","35":"shipping-taxable","36":"purchasable","37":"product-type-variable"},"yoast_head":"<!-- This site is optimized with the Yoast SEO plugin v27.4 - https:\/\/yoast.com\/product\/yoast-seo-wordpress\/ -->\n<title>Doudoune duvet Macin pour homme - PERLE IN<\/title>\n<meta name=\"robots\" content=\"noindex, follow, max-snippet:-1, max-image-preview:large, max-video-preview:-1\" \/>\n<meta property=\"og:locale\" content=\"en_US\" \/>\n<meta property=\"og:type\" content=\"article\" \/>\n<meta property=\"og:title\" content=\"Doudoune duvet Macin pour homme - PERLE IN\" \/>\n<meta property=\"og:description\" content=\"La doudoune isol\u00e9e Macin pour homme - un m\u00e9lange parfait de style et de chaleur. Fabriqu\u00e9e en tissu pong\u00e9 double couche 750T de 164 g\/m\u00b2 en polyester. Le tissu mat associ\u00e9 au matelassage thermosoud\u00e9 conf\u00e8re \u00e0 la veste un look moderne tout en am\u00e9liorant l&#039;isolation globale. Adoptez la conscience \u00e9cologique gr\u00e2ce \u00e0 l&#039;isolation en duvet recycl\u00e9 certifi\u00e9e RDS, compos\u00e9e de duvet et de plumes recycl\u00e9s, qui vous procure de la chaleur sans faire de compromis sur les normes \u00e9thiques. Dot\u00e9e d&#039;un rabat-temp\u00eate int\u00e9rieur, d&#039;une mentonni\u00e8re et de poignets \u00e9lastiques en tricot plat, cette veste offre une protection maximale contre les \u00e9l\u00e9ments. Les poches frontales avec fermeture \u00e0 glissi\u00e8re ajoutent au confort et \u00e0 la fonctionnalit\u00e9. Adoptez \u00e0 la fois le style et les valeurs \u00e9thiques avec la veste Macin, parfaite pour toute aventure en plein air ou pour une utilisation quotidienne.\" \/>\n<meta property=\"og:url\" content=\"https:\/\/perle-in.com\/en\/product\/doudoune-duvet-macin-pour-homme\/\" \/>\n<meta property=\"og:site_name\" content=\"PERLE IN\" \/>\n<meta property=\"article:modified_time\" content=\"2025-10-14T09:53:33+00:00\" \/>\n<meta property=\"og:image\" content=\"https:\/\/perle-in.com\/wp-content\/uploads\/2025\/10\/3933955-1.jpg\" \/>\n\t<meta property=\"og:image:width\" content=\"1600\" \/>\n\t<meta property=\"og:image:height\" content=\"1600\" \/>\n\t<meta property=\"og:image:type\" content=\"image\/jpeg\" \/>\n<meta name=\"twitter:card\" content=\"summary_large_image\" \/>\n<script type=\"application\/ld+json\" class=\"yoast-schema-graph\">{\"@context\":\"https:\\\/\\\/schema.org\",\"@graph\":[{\"@type\":\"WebPage\",\"@id\":\"https:\\\/\\\/perle-in.com\\\/produit\\\/doudoune-duvet-macin-pour-homme\\\/\",\"url\":\"https:\\\/\\\/perle-in.com\\\/produit\\\/doudoune-duvet-macin-pour-homme\\\/\",\"name\":\"Doudoune duvet Macin pour homme - PERLE IN\",\"isPartOf\":{\"@id\":\"https:\\\/\\\/perle-in.com\\\/#website\"},\"primaryImageOfPage\":{\"@id\":\"https:\\\/\\\/perle-in.com\\\/produit\\\/doudoune-duvet-macin-pour-homme\\\/#primaryimage\"},\"image\":{\"@id\":\"https:\\\/\\\/perle-in.com\\\/produit\\\/doudoune-duvet-macin-pour-homme\\\/#primaryimage\"},\"thumbnailUrl\":\"https:\\\/\\\/perle-in.com\\\/wp-content\\\/uploads\\\/2025\\\/10\\\/3933955-1.jpg\",\"datePublished\":\"2025-10-14T09:53:00+00:00\",\"dateModified\":\"2025-10-14T09:53:33+00:00\",\"breadcrumb\":{\"@id\":\"https:\\\/\\\/perle-in.com\\\/produit\\\/doudoune-duvet-macin-pour-homme\\\/#breadcrumb\"},\"inLanguage\":\"en-CA\",\"potentialAction\":[{\"@type\":\"ReadAction\",\"target\":[\"https:\\\/\\\/perle-in.com\\\/produit\\\/doudoune-duvet-macin-pour-homme\\\/\"]}]},{\"@type\":\"ImageObject\",\"inLanguage\":\"en-CA\",\"@id\":\"https:\\\/\\\/perle-in.com\\\/produit\\\/doudoune-duvet-macin-pour-homme\\\/#primaryimage\",\"url\":\"https:\\\/\\\/perle-in.com\\\/wp-content\\\/uploads\\\/2025\\\/10\\\/3933955-1.jpg\",\"contentUrl\":\"https:\\\/\\\/perle-in.com\\\/wp-content\\\/uploads\\\/2025\\\/10\\\/3933955-1.jpg\",\"width\":1600,\"height\":1600},{\"@type\":\"BreadcrumbList\",\"@id\":\"https:\\\/\\\/perle-in.com\\\/produit\\\/doudoune-duvet-macin-pour-homme\\\/#breadcrumb\",\"itemListElement\":[{\"@type\":\"ListItem\",\"position\":1,\"name\":\"Accueil\",\"item\":\"https:\\\/\\\/perle-in.com\\\/\"},{\"@type\":\"ListItem\",\"position\":2,\"name\":\"Boutique\",\"item\":\"https:\\\/\\\/perle-in.com\\\/boutique\\\/\"},{\"@type\":\"ListItem\",\"position\":3,\"name\":\"Doudoune duvet Macin pour homme\"}]},{\"@type\":\"WebSite\",\"@id\":\"https:\\\/\\\/perle-in.com\\\/#website\",\"url\":\"https:\\\/\\\/perle-in.com\\\/\",\"name\":\"PERLE IN\",\"description\":\"\",\"publisher\":{\"@id\":\"https:\\\/\\\/perle-in.com\\\/#organization\"},\"potentialAction\":[{\"@type\":\"SearchAction\",\"target\":{\"@type\":\"EntryPoint\",\"urlTemplate\":\"https:\\\/\\\/perle-in.com\\\/?s={search_term_string}\"},\"query-input\":{\"@type\":\"PropertyValueSpecification\",\"valueRequired\":true,\"valueName\":\"search_term_string\"}}],\"inLanguage\":\"en-CA\"},{\"@type\":\"Organization\",\"@id\":\"https:\\\/\\\/perle-in.com\\\/#organization\",\"name\":\"PERLE IN\",\"url\":\"https:\\\/\\\/perle-in.com\\\/\",\"logo\":{\"@type\":\"ImageObject\",\"inLanguage\":\"en-CA\",\"@id\":\"https:\\\/\\\/perle-in.com\\\/#\\\/schema\\\/logo\\\/image\\\/\",\"url\":\"https:\\\/\\\/perle-in.com\\\/wp-content\\\/uploads\\\/2022\\\/12\\\/LOGO-PERLE-IN-COULEUR@3x.webp\",\"contentUrl\":\"https:\\\/\\\/perle-in.com\\\/wp-content\\\/uploads\\\/2022\\\/12\\\/LOGO-PERLE-IN-COULEUR@3x.webp\",\"width\":1600,\"height\":490,\"caption\":\"PERLE IN\"},\"image\":{\"@id\":\"https:\\\/\\\/perle-in.com\\\/#\\\/schema\\\/logo\\\/image\\\/\"}}]}<\/script>\n<!-- \/ Yoast SEO plugin. -->","yoast_head_json":{"title":"Doudoune duvet Macin pour homme - PERLE IN","robots":{"index":"noindex","follow":"follow","max-snippet":"max-snippet:-1","max-image-preview":"max-image-preview:large","max-video-preview":"max-video-preview:-1"},"og_locale":"en_US","og_type":"article","og_title":"Doudoune duvet Macin pour homme - PERLE IN","og_description":"La doudoune isol\u00e9e Macin pour homme - un m\u00e9lange parfait de style et de chaleur. Fabriqu\u00e9e en tissu pong\u00e9 double couche 750T de 164 g\/m\u00b2 en polyester. Le tissu mat associ\u00e9 au matelassage thermosoud\u00e9 conf\u00e8re \u00e0 la veste un look moderne tout en am\u00e9liorant l'isolation globale. Adoptez la conscience \u00e9cologique gr\u00e2ce \u00e0 l'isolation en duvet recycl\u00e9 certifi\u00e9e RDS, compos\u00e9e de duvet et de plumes recycl\u00e9s, qui vous procure de la chaleur sans faire de compromis sur les normes \u00e9thiques. Dot\u00e9e d'un rabat-temp\u00eate int\u00e9rieur, d'une mentonni\u00e8re et de poignets \u00e9lastiques en tricot plat, cette veste offre une protection maximale contre les \u00e9l\u00e9ments. Les poches frontales avec fermeture \u00e0 glissi\u00e8re ajoutent au confort et \u00e0 la fonctionnalit\u00e9. Adoptez \u00e0 la fois le style et les valeurs \u00e9thiques avec la veste Macin, parfaite pour toute aventure en plein air ou pour une utilisation quotidienne.","og_url":"https:\/\/perle-in.com\/en\/product\/doudoune-duvet-macin-pour-homme\/","og_site_name":"PERLE IN","article_modified_time":"2025-10-14T09:53:33+00:00","og_image":[{"width":1600,"height":1600,"url":"https:\/\/perle-in.com\/wp-content\/uploads\/2025\/10\/3933955-1.jpg","type":"image\/jpeg"}],"twitter_card":"summary_large_image","schema":{"@context":"https:\/\/schema.org","@graph":[{"@type":"WebPage","@id":"https:\/\/perle-in.com\/produit\/doudoune-duvet-macin-pour-homme\/","url":"https:\/\/perle-in.com\/produit\/doudoune-duvet-macin-pour-homme\/","name":"Doudoune duvet Macin pour homme - PERLE IN","isPartOf":{"@id":"https:\/\/perle-in.com\/#website"},"primaryImageOfPage":{"@id":"https:\/\/perle-in.com\/produit\/doudoune-duvet-macin-pour-homme\/#primaryimage"},"image":{"@id":"https:\/\/perle-in.com\/produit\/doudoune-duvet-macin-pour-homme\/#primaryimage"},"thumbnailUrl":"https:\/\/perle-in.com\/wp-content\/uploads\/2025\/10\/3933955-1.jpg","datePublished":"2025-10-14T09:53:00+00:00","dateModified":"2025-10-14T09:53:33+00:00","breadcrumb":{"@id":"https:\/\/perle-in.com\/produit\/doudoune-duvet-macin-pour-homme\/#breadcrumb"},"inLanguage":"en-CA","potentialAction":[{"@type":"ReadAction","target":["https:\/\/perle-in.com\/produit\/doudoune-duvet-macin-pour-homme\/"]}]},{"@type":"ImageObject","inLanguage":"en-CA","@id":"https:\/\/perle-in.com\/produit\/doudoune-duvet-macin-pour-homme\/#primaryimage","url":"https:\/\/perle-in.com\/wp-content\/uploads\/2025\/10\/3933955-1.jpg","contentUrl":"https:\/\/perle-in.com\/wp-content\/uploads\/2025\/10\/3933955-1.jpg","width":1600,"height":1600},{"@type":"BreadcrumbList","@id":"https:\/\/perle-in.com\/produit\/doudoune-duvet-macin-pour-homme\/#breadcrumb","itemListElement":[{"@type":"ListItem","position":1,"name":"Accueil","item":"https:\/\/perle-in.com\/"},{"@type":"ListItem","position":2,"name":"Boutique","item":"https:\/\/perle-in.com\/boutique\/"},{"@type":"ListItem","position":3,"name":"Doudoune duvet Macin pour homme"}]},{"@type":"WebSite","@id":"https:\/\/perle-in.com\/#website","url":"https:\/\/perle-in.com\/","name":"PERLE IN","description":"","publisher":{"@id":"https:\/\/perle-in.com\/#organization"},"potentialAction":[{"@type":"SearchAction","target":{"@type":"EntryPoint","urlTemplate":"https:\/\/perle-in.com\/?s={search_term_string}"},"query-input":{"@type":"PropertyValueSpecification","valueRequired":true,"valueName":"search_term_string"}}],"inLanguage":"en-CA"},{"@type":"Organization","@id":"https:\/\/perle-in.com\/#organization","name":"PERLE IN","url":"https:\/\/perle-in.com\/","logo":{"@type":"ImageObject","inLanguage":"en-CA","@id":"https:\/\/perle-in.com\/#\/schema\/logo\/image\/","url":"https:\/\/perle-in.com\/wp-content\/uploads\/2022\/12\/LOGO-PERLE-IN-COULEUR@3x.webp","contentUrl":"https:\/\/perle-in.com\/wp-content\/uploads\/2022\/12\/LOGO-PERLE-IN-COULEUR@3x.webp","width":1600,"height":490,"caption":"PERLE IN"},"image":{"@id":"https:\/\/perle-in.com\/#\/schema\/logo\/image\/"}}]}},"jetpack_sharing_enabled":true,"_links":{"self":[{"href":"https:\/\/perle-in.com\/en\/wp-json\/wp\/v2\/product\/531218","targetHints":{"allow":["GET"]}}],"collection":[{"href":"https:\/\/perle-in.com\/en\/wp-json\/wp\/v2\/product"}],"about":[{"href":"https:\/\/perle-in.com\/en\/wp-json\/wp\/v2\/types\/product"}],"version-history":[{"count":0,"href":"https:\/\/perle-in.com\/en\/wp-json\/wp\/v2\/product\/531218\/revisions"}],"wp:featuredmedia":[{"embeddable":true,"href":"https:\/\/perle-in.com\/en\/wp-json\/wp\/v2\/media\/531182"}],"wp:attachment":[{"href":"https:\/\/perle-in.com\/en\/wp-json\/wp\/v2\/media?parent=531218"}],"wp:term":[{"taxonomy":"product_brand","embeddable":true,"href":"https:\/\/perle-in.com\/en\/wp-json\/wp\/v2\/product_brand?post=531218"},{"taxonomy":"product_cat","embeddable":true,"href":"https:\/\/perle-in.com\/en\/wp-json\/wp\/v2\/product_cat?post=531218"},{"taxonomy":"product_tag","embeddable":true,"href":"https:\/\/perle-in.com\/en\/wp-json\/wp\/v2\/product_tag?post=531218"}],"curies":[{"name":"wp","href":"https:\/\/api.w.org\/{rel}","templated":true}]}}

<p>La doudoune isolée Macin pour homme &#8211; un mélange parfait de style et de chaleur. Fabriquée en tissu pongé double couche 750T de 164 g/m² en polyester. Le tissu mat associé au matelassage thermosoudé confère à la veste un look moderne tout en améliorant l&#8217;isolation globale. Adoptez la conscience écologique grâce à l&#8217;isolation en duvet recyclé certifiée RDS, composée de duvet et de plumes recyclés, qui vous procure de la chaleur sans faire de compromis sur les normes éthiques. Dotée d&#8217;un rabat-tempête intérieur, d&#8217;une mentonnière et de poignets élastiques en tricot plat, cette veste offre une protection maximale contre les éléments. Les poches frontales avec fermeture à glissière ajoutent au confort et à la fonctionnalité. Adoptez à la fois le style et les valeurs éthiques avec la veste Macin, parfaite pour toute aventure en plein air ou pour une utilisation quotidienne.</p>

<!-- This site is optimized with the Yoast SEO plugin v27.4 - https://yoast.com/product/yoast-seo-wordpress/ -->
<title>Doudoune duvet Macin pour homme - PERLE IN</title>
<meta name="robots" content="noindex, follow, max-snippet:-1, max-image-preview:large, max-video-preview:-1" />
<meta property="og:locale" content="en_US" />
<meta property="og:type" content="article" />
<meta property="og:title" content="Doudoune duvet Macin pour homme - PERLE IN" />
<meta property="og:description" content="La doudoune isolée Macin pour homme - un mélange parfait de style et de chaleur. Fabriquée en tissu pongé double couche 750T de 164 g/m² en polyester. Le tissu mat associé au matelassage thermosoudé confère à la veste un look moderne tout en améliorant l&#039;isolation globale. Adoptez la conscience écologique grâce à l&#039;isolation en duvet recyclé certifiée RDS, composée de duvet et de plumes recyclés, qui vous procure de la chaleur sans faire de compromis sur les normes éthiques. Dotée d&#039;un rabat-tempête intérieur, d&#039;une mentonnière et de poignets élastiques en tricot plat, cette veste offre une protection maximale contre les éléments. Les poches frontales avec fermeture à glissière ajoutent au confort et à la fonctionnalité. Adoptez à la fois le style et les valeurs éthiques avec la veste Macin, parfaite pour toute aventure en plein air ou pour une utilisation quotidienne." />
<meta property="og:url" content="https://perle-in.com/en/product/doudoune-duvet-macin-pour-homme/" />
<meta property="og:site_name" content="PERLE IN" />
<meta property="article:modified_time" content="2025-10-14T09:53:33+00:00" />
<meta property="og:image" content="https://perle-in.com/wp-content/uploads/2025/10/3933955-1.jpg" />
	<meta property="og:image:width" content="1600" />
	<meta property="og:image:height" content="1600" />
	<meta property="og:image:type" content="image/jpeg" />
<meta name="twitter:card" content="summary_large_image" />
<script type="application/ld+json" class="yoast-schema-graph">{"@context":"https:\/\/schema.org","@graph":[{"@type":"WebPage","@id":"https:\/\/perle-in.com\/produit\/doudoune-duvet-macin-pour-homme\/","url":"https:\/\/perle-in.com\/produit\/doudoune-duvet-macin-pour-homme\/","name":"Doudoune duvet Macin pour homme - PERLE IN","isPartOf":{"@id":"https:\/\/perle-in.com\/#website"},"primaryImageOfPage":{"@id":"https:\/\/perle-in.com\/produit\/doudoune-duvet-macin-pour-homme\/#primaryimage"},"image":{"@id":"https:\/\/perle-in.com\/produit\/doudoune-duvet-macin-pour-homme\/#primaryimage"},"thumbnailUrl":"https:\/\/perle-in.com\/wp-content\/uploads\/2025\/10\/3933955-1.jpg","datePublished":"2025-10-14T09:53:00+00:00","dateModified":"2025-10-14T09:53:33+00:00","breadcrumb":{"@id":"https:\/\/perle-in.com\/produit\/doudoune-duvet-macin-pour-homme\/#breadcrumb"},"inLanguage":"en-CA","potentialAction":[{"@type":"ReadAction","target":["https:\/\/perle-in.com\/produit\/doudoune-duvet-macin-pour-homme\/"]}]},{"@type":"ImageObject","inLanguage":"en-CA","@id":"https:\/\/perle-in.com\/produit\/doudoune-duvet-macin-pour-homme\/#primaryimage","url":"https:\/\/perle-in.com\/wp-content\/uploads\/2025\/10\/3933955-1.jpg","contentUrl":"https:\/\/perle-in.com\/wp-content\/uploads\/2025\/10\/3933955-1.jpg","width":1600,"height":1600},{"@type":"BreadcrumbList","@id":"https:\/\/perle-in.com\/produit\/doudoune-duvet-macin-pour-homme\/#breadcrumb","itemListElement":[{"@type":"ListItem","position":1,"name":"Accueil","item":"https:\/\/perle-in.com\/"},{"@type":"ListItem","position":2,"name":"Boutique","item":"https:\/\/perle-in.com\/boutique\/"},{"@type":"ListItem","position":3,"name":"Doudoune duvet Macin pour homme"}]},{"@type":"WebSite","@id":"https:\/\/perle-in.com\/#website","url":"https:\/\/perle-in.com\/","name":"PERLE IN","description":"","publisher":{"@id":"https:\/\/perle-in.com\/#organization"},"potentialAction":[{"@type":"SearchAction","target":{"@type":"EntryPoint","urlTemplate":"https:\/\/perle-in.com\/?s={search_term_string}"},"query-input":{"@type":"PropertyValueSpecification","valueRequired":true,"valueName":"search_term_string"}}],"inLanguage":"en-CA"},{"@type":"Organization","@id":"https:\/\/perle-in.com\/#organization","name":"PERLE IN","url":"https:\/\/perle-in.com\/","logo":{"@type":"ImageObject","inLanguage":"en-CA","@id":"https:\/\/perle-in.com\/#\/schema\/logo\/image\/","url":"https:\/\/perle-in.com\/wp-content\/uploads\/2022\/12\/LOGO-PERLE-IN-COULEUR@3x.webp","contentUrl":"https:\/\/perle-in.com\/wp-content\/uploads\/2022\/12\/LOGO-PERLE-IN-COULEUR@3x.webp","width":1600,"height":490,"caption":"PERLE IN"},"image":{"@id":"https:\/\/perle-in.com\/#\/schema\/logo\/image\/"}}]}</script>
<!-- / Yoast SEO plugin. -->

La doudoune isolée Macin pour homme - un mélange parfait de style et de chaleur. Fabriquée en tissu pongé double couche 750T de 164 g/m² en polyester. Le tissu mat associé au matelassage thermosoudé confère à la veste un look moderne tout en améliorant l'isolation globale. Adoptez la conscience écologique grâce à l'isolation en duvet recyclé certifiée RDS, composée de duvet et de plumes recyclés, qui vous procure de la chaleur sans faire de compromis sur les normes éthiques. Dotée d'un rabat-tempête intérieur, d'une mentonnière et de poignets élastiques en tricot plat, cette veste offre une protection maximale contre les éléments. Les poches frontales avec fermeture à glissière ajoutent au confort et à la fonctionnalité. Adoptez à la fois le style et les valeurs éthiques avec la veste Macin, parfaite pour toute aventure en plein air ou pour une utilisation quotidienne.
