{"id":530523,"date":"2025-10-14T11:02:58","date_gmt":"2025-10-14T09:02:58","guid":{"rendered":"https:\/\/perle-in.com\/produit\/cable-de-charge-5-en-1-versatile\/"},"modified":"2025-10-14T11:03:02","modified_gmt":"2025-10-14T09:03:02","slug":"cable-de-charge-5-en-1-versatile","status":"publish","type":"product","link":"https:\/\/perle-in.com\/en\/product\/cable-de-charge-5-en-1-versatile\/","title":{"rendered":"C\u00e2ble de charge 5-en-1 Versatile"},"content":{"rendered":"","protected":false},"excerpt":{"rendered":"<p>C\u00e2ble de charge en nylon tress\u00e9 avec 5\u00a0connecteurs diff\u00e9rents\u00a0: Entr\u00e9e de type C, entr\u00e9e USB-A, sortie de type C, sortie Apple\u00ae\u00a0iOS et sortie micro USB. Cela permet d&#8217;utiliser le c\u00e2ble \u00e9galement avec les p\u00e9riph\u00e9riques de sortie de type C qui sont inclus dans la nouvelle g\u00e9n\u00e9ration de t\u00e9l\u00e9phones et d&#8217;ordinateurs MacBook. La longueur du c\u00e2ble est de 100\u00a0cm. Sortie de l&#8217;embout 2-en-1 jusqu&#8217;\u00e0 2\u00a0A. Courant de la sortie de type C jusqu&#8217;\u00e0 3\u00a0A.<\/p>","protected":false},"featured_media":530515,"template":"","meta":{"_eb_attr":""},"product_brand":[],"product_cat":[1206,667],"product_tag":[2751,1983,816,814,671],"class_list":{"0":"post-530523","1":"product","2":"type-product","3":"status-publish","4":"has-post-thumbnail","6":"product_cat-cables","7":"product_cat-technologie","8":"product_tag-accessoires","9":"product_tag-cable","10":"product_tag-charge","11":"product_tag-chargement","12":"product_tag-telephone","13":"pa_couleurs-argent","14":"pa_couleurs-bleu-royal","15":"pa_couleurs-noir","16":"pa_matiere-aluminium-avec-revetement-cuivre-polyester","18":"first","19":"instock","20":"shipping-taxable","21":"purchasable","22":"product-type-variable"},"yoast_head":"<!-- This site is optimized with the Yoast SEO plugin v27.4 - https:\/\/yoast.com\/product\/yoast-seo-wordpress\/ -->\n<title>C\u00e2ble de charge 5-en-1 Versatile - PERLE IN<\/title>\n<meta name=\"robots\" content=\"noindex, follow, max-snippet:-1, max-image-preview:large, max-video-preview:-1\" \/>\n<meta property=\"og:locale\" content=\"en_US\" \/>\n<meta property=\"og:type\" content=\"article\" \/>\n<meta property=\"og:title\" content=\"C\u00e2ble de charge 5-en-1 Versatile - PERLE IN\" \/>\n<meta property=\"og:description\" content=\"C\u00e2ble de charge en nylon tress\u00e9 avec 5\u00a0connecteurs diff\u00e9rents\u00a0: Entr\u00e9e de type C, entr\u00e9e USB-A, sortie de type C, sortie Apple\u00ae\u00a0iOS et sortie micro USB. Cela permet d&#039;utiliser le c\u00e2ble \u00e9galement avec les p\u00e9riph\u00e9riques de sortie de type C qui sont inclus dans la nouvelle g\u00e9n\u00e9ration de t\u00e9l\u00e9phones et d&#039;ordinateurs MacBook. La longueur du c\u00e2ble est de 100\u00a0cm. Sortie de l&#039;embout 2-en-1 jusqu&#039;\u00e0 2\u00a0A. Courant de la sortie de type C jusqu&#039;\u00e0 3\u00a0A.\" \/>\n<meta property=\"og:url\" content=\"https:\/\/perle-in.com\/en\/product\/cable-de-charge-5-en-1-versatile\/\" \/>\n<meta property=\"og:site_name\" content=\"PERLE IN\" \/>\n<meta property=\"article:modified_time\" content=\"2025-10-14T09:03:02+00:00\" \/>\n<meta property=\"og:image\" content=\"https:\/\/perle-in.com\/wp-content\/uploads\/2025\/10\/12418053-1.jpg\" \/>\n\t<meta property=\"og:image:width\" content=\"1600\" \/>\n\t<meta property=\"og:image:height\" content=\"1600\" \/>\n\t<meta property=\"og:image:type\" content=\"image\/jpeg\" \/>\n<meta name=\"twitter:card\" content=\"summary_large_image\" \/>\n<script type=\"application\/ld+json\" class=\"yoast-schema-graph\">{\"@context\":\"https:\\\/\\\/schema.org\",\"@graph\":[{\"@type\":\"WebPage\",\"@id\":\"https:\\\/\\\/perle-in.com\\\/produit\\\/cable-de-charge-5-en-1-versatile\\\/\",\"url\":\"https:\\\/\\\/perle-in.com\\\/produit\\\/cable-de-charge-5-en-1-versatile\\\/\",\"name\":\"C\u00e2ble de charge 5-en-1 Versatile - PERLE IN\",\"isPartOf\":{\"@id\":\"https:\\\/\\\/perle-in.com\\\/#website\"},\"primaryImageOfPage\":{\"@id\":\"https:\\\/\\\/perle-in.com\\\/produit\\\/cable-de-charge-5-en-1-versatile\\\/#primaryimage\"},\"image\":{\"@id\":\"https:\\\/\\\/perle-in.com\\\/produit\\\/cable-de-charge-5-en-1-versatile\\\/#primaryimage\"},\"thumbnailUrl\":\"https:\\\/\\\/perle-in.com\\\/wp-content\\\/uploads\\\/2025\\\/10\\\/12418053-1.jpg\",\"datePublished\":\"2025-10-14T09:02:58+00:00\",\"dateModified\":\"2025-10-14T09:03:02+00:00\",\"breadcrumb\":{\"@id\":\"https:\\\/\\\/perle-in.com\\\/produit\\\/cable-de-charge-5-en-1-versatile\\\/#breadcrumb\"},\"inLanguage\":\"en-CA\",\"potentialAction\":[{\"@type\":\"ReadAction\",\"target\":[\"https:\\\/\\\/perle-in.com\\\/produit\\\/cable-de-charge-5-en-1-versatile\\\/\"]}]},{\"@type\":\"ImageObject\",\"inLanguage\":\"en-CA\",\"@id\":\"https:\\\/\\\/perle-in.com\\\/produit\\\/cable-de-charge-5-en-1-versatile\\\/#primaryimage\",\"url\":\"https:\\\/\\\/perle-in.com\\\/wp-content\\\/uploads\\\/2025\\\/10\\\/12418053-1.jpg\",\"contentUrl\":\"https:\\\/\\\/perle-in.com\\\/wp-content\\\/uploads\\\/2025\\\/10\\\/12418053-1.jpg\",\"width\":1600,\"height\":1600},{\"@type\":\"BreadcrumbList\",\"@id\":\"https:\\\/\\\/perle-in.com\\\/produit\\\/cable-de-charge-5-en-1-versatile\\\/#breadcrumb\",\"itemListElement\":[{\"@type\":\"ListItem\",\"position\":1,\"name\":\"Accueil\",\"item\":\"https:\\\/\\\/perle-in.com\\\/\"},{\"@type\":\"ListItem\",\"position\":2,\"name\":\"Boutique\",\"item\":\"https:\\\/\\\/perle-in.com\\\/boutique\\\/\"},{\"@type\":\"ListItem\",\"position\":3,\"name\":\"C\u00e2ble de charge 5-en-1 Versatile\"}]},{\"@type\":\"WebSite\",\"@id\":\"https:\\\/\\\/perle-in.com\\\/#website\",\"url\":\"https:\\\/\\\/perle-in.com\\\/\",\"name\":\"PERLE IN\",\"description\":\"\",\"publisher\":{\"@id\":\"https:\\\/\\\/perle-in.com\\\/#organization\"},\"potentialAction\":[{\"@type\":\"SearchAction\",\"target\":{\"@type\":\"EntryPoint\",\"urlTemplate\":\"https:\\\/\\\/perle-in.com\\\/?s={search_term_string}\"},\"query-input\":{\"@type\":\"PropertyValueSpecification\",\"valueRequired\":true,\"valueName\":\"search_term_string\"}}],\"inLanguage\":\"en-CA\"},{\"@type\":\"Organization\",\"@id\":\"https:\\\/\\\/perle-in.com\\\/#organization\",\"name\":\"PERLE IN\",\"url\":\"https:\\\/\\\/perle-in.com\\\/\",\"logo\":{\"@type\":\"ImageObject\",\"inLanguage\":\"en-CA\",\"@id\":\"https:\\\/\\\/perle-in.com\\\/#\\\/schema\\\/logo\\\/image\\\/\",\"url\":\"https:\\\/\\\/perle-in.com\\\/wp-content\\\/uploads\\\/2022\\\/12\\\/LOGO-PERLE-IN-COULEUR@3x.webp\",\"contentUrl\":\"https:\\\/\\\/perle-in.com\\\/wp-content\\\/uploads\\\/2022\\\/12\\\/LOGO-PERLE-IN-COULEUR@3x.webp\",\"width\":1600,\"height\":490,\"caption\":\"PERLE IN\"},\"image\":{\"@id\":\"https:\\\/\\\/perle-in.com\\\/#\\\/schema\\\/logo\\\/image\\\/\"}}]}<\/script>\n<!-- \/ Yoast SEO plugin. -->","yoast_head_json":{"title":"C\u00e2ble de charge 5-en-1 Versatile - PERLE IN","robots":{"index":"noindex","follow":"follow","max-snippet":"max-snippet:-1","max-image-preview":"max-image-preview:large","max-video-preview":"max-video-preview:-1"},"og_locale":"en_US","og_type":"article","og_title":"C\u00e2ble de charge 5-en-1 Versatile - PERLE IN","og_description":"C\u00e2ble de charge en nylon tress\u00e9 avec 5\u00a0connecteurs diff\u00e9rents\u00a0: Entr\u00e9e de type C, entr\u00e9e USB-A, sortie de type C, sortie Apple\u00ae\u00a0iOS et sortie micro USB. Cela permet d'utiliser le c\u00e2ble \u00e9galement avec les p\u00e9riph\u00e9riques de sortie de type C qui sont inclus dans la nouvelle g\u00e9n\u00e9ration de t\u00e9l\u00e9phones et d'ordinateurs MacBook. La longueur du c\u00e2ble est de 100\u00a0cm. Sortie de l'embout 2-en-1 jusqu'\u00e0 2\u00a0A. Courant de la sortie de type C jusqu'\u00e0 3\u00a0A.","og_url":"https:\/\/perle-in.com\/en\/product\/cable-de-charge-5-en-1-versatile\/","og_site_name":"PERLE IN","article_modified_time":"2025-10-14T09:03:02+00:00","og_image":[{"width":1600,"height":1600,"url":"https:\/\/perle-in.com\/wp-content\/uploads\/2025\/10\/12418053-1.jpg","type":"image\/jpeg"}],"twitter_card":"summary_large_image","schema":{"@context":"https:\/\/schema.org","@graph":[{"@type":"WebPage","@id":"https:\/\/perle-in.com\/produit\/cable-de-charge-5-en-1-versatile\/","url":"https:\/\/perle-in.com\/produit\/cable-de-charge-5-en-1-versatile\/","name":"C\u00e2ble de charge 5-en-1 Versatile - PERLE IN","isPartOf":{"@id":"https:\/\/perle-in.com\/#website"},"primaryImageOfPage":{"@id":"https:\/\/perle-in.com\/produit\/cable-de-charge-5-en-1-versatile\/#primaryimage"},"image":{"@id":"https:\/\/perle-in.com\/produit\/cable-de-charge-5-en-1-versatile\/#primaryimage"},"thumbnailUrl":"https:\/\/perle-in.com\/wp-content\/uploads\/2025\/10\/12418053-1.jpg","datePublished":"2025-10-14T09:02:58+00:00","dateModified":"2025-10-14T09:03:02+00:00","breadcrumb":{"@id":"https:\/\/perle-in.com\/produit\/cable-de-charge-5-en-1-versatile\/#breadcrumb"},"inLanguage":"en-CA","potentialAction":[{"@type":"ReadAction","target":["https:\/\/perle-in.com\/produit\/cable-de-charge-5-en-1-versatile\/"]}]},{"@type":"ImageObject","inLanguage":"en-CA","@id":"https:\/\/perle-in.com\/produit\/cable-de-charge-5-en-1-versatile\/#primaryimage","url":"https:\/\/perle-in.com\/wp-content\/uploads\/2025\/10\/12418053-1.jpg","contentUrl":"https:\/\/perle-in.com\/wp-content\/uploads\/2025\/10\/12418053-1.jpg","width":1600,"height":1600},{"@type":"BreadcrumbList","@id":"https:\/\/perle-in.com\/produit\/cable-de-charge-5-en-1-versatile\/#breadcrumb","itemListElement":[{"@type":"ListItem","position":1,"name":"Accueil","item":"https:\/\/perle-in.com\/"},{"@type":"ListItem","position":2,"name":"Boutique","item":"https:\/\/perle-in.com\/boutique\/"},{"@type":"ListItem","position":3,"name":"C\u00e2ble de charge 5-en-1 Versatile"}]},{"@type":"WebSite","@id":"https:\/\/perle-in.com\/#website","url":"https:\/\/perle-in.com\/","name":"PERLE IN","description":"","publisher":{"@id":"https:\/\/perle-in.com\/#organization"},"potentialAction":[{"@type":"SearchAction","target":{"@type":"EntryPoint","urlTemplate":"https:\/\/perle-in.com\/?s={search_term_string}"},"query-input":{"@type":"PropertyValueSpecification","valueRequired":true,"valueName":"search_term_string"}}],"inLanguage":"en-CA"},{"@type":"Organization","@id":"https:\/\/perle-in.com\/#organization","name":"PERLE IN","url":"https:\/\/perle-in.com\/","logo":{"@type":"ImageObject","inLanguage":"en-CA","@id":"https:\/\/perle-in.com\/#\/schema\/logo\/image\/","url":"https:\/\/perle-in.com\/wp-content\/uploads\/2022\/12\/LOGO-PERLE-IN-COULEUR@3x.webp","contentUrl":"https:\/\/perle-in.com\/wp-content\/uploads\/2022\/12\/LOGO-PERLE-IN-COULEUR@3x.webp","width":1600,"height":490,"caption":"PERLE IN"},"image":{"@id":"https:\/\/perle-in.com\/#\/schema\/logo\/image\/"}}]}},"jetpack_sharing_enabled":true,"_links":{"self":[{"href":"https:\/\/perle-in.com\/en\/wp-json\/wp\/v2\/product\/530523","targetHints":{"allow":["GET"]}}],"collection":[{"href":"https:\/\/perle-in.com\/en\/wp-json\/wp\/v2\/product"}],"about":[{"href":"https:\/\/perle-in.com\/en\/wp-json\/wp\/v2\/types\/product"}],"version-history":[{"count":0,"href":"https:\/\/perle-in.com\/en\/wp-json\/wp\/v2\/product\/530523\/revisions"}],"wp:featuredmedia":[{"embeddable":true,"href":"https:\/\/perle-in.com\/en\/wp-json\/wp\/v2\/media\/530515"}],"wp:attachment":[{"href":"https:\/\/perle-in.com\/en\/wp-json\/wp\/v2\/media?parent=530523"}],"wp:term":[{"taxonomy":"product_brand","embeddable":true,"href":"https:\/\/perle-in.com\/en\/wp-json\/wp\/v2\/product_brand?post=530523"},{"taxonomy":"product_cat","embeddable":true,"href":"https:\/\/perle-in.com\/en\/wp-json\/wp\/v2\/product_cat?post=530523"},{"taxonomy":"product_tag","embeddable":true,"href":"https:\/\/perle-in.com\/en\/wp-json\/wp\/v2\/product_tag?post=530523"}],"curies":[{"name":"wp","href":"https:\/\/api.w.org\/{rel}","templated":true}]}}

Câble de charge 5-en-1 Versatile

<p>Câble de charge en nylon tressé avec 5 connecteurs différents : Entrée de type C, entrée USB-A, sortie de type C, sortie Apple® iOS et sortie micro USB. Cela permet d&#8217;utiliser le câble également avec les périphériques de sortie de type C qui sont inclus dans la nouvelle génération de téléphones et d&#8217;ordinateurs MacBook. La longueur du câble est de 100 cm. Sortie de l&#8217;embout 2-en-1 jusqu&#8217;à 2 A. Courant de la sortie de type C jusqu&#8217;à 3 A.</p>

<!-- This site is optimized with the Yoast SEO plugin v27.4 - https://yoast.com/product/yoast-seo-wordpress/ -->
<title>Câble de charge 5-en-1 Versatile - PERLE IN</title>
<meta name="robots" content="noindex, follow, max-snippet:-1, max-image-preview:large, max-video-preview:-1" />
<meta property="og:locale" content="en_US" />
<meta property="og:type" content="article" />
<meta property="og:title" content="Câble de charge 5-en-1 Versatile - PERLE IN" />
<meta property="og:description" content="Câble de charge en nylon tressé avec 5 connecteurs différents : Entrée de type C, entrée USB-A, sortie de type C, sortie Apple® iOS et sortie micro USB. Cela permet d&#039;utiliser le câble également avec les périphériques de sortie de type C qui sont inclus dans la nouvelle génération de téléphones et d&#039;ordinateurs MacBook. La longueur du câble est de 100 cm. Sortie de l&#039;embout 2-en-1 jusqu&#039;à 2 A. Courant de la sortie de type C jusqu&#039;à 3 A." />
<meta property="og:url" content="https://perle-in.com/en/product/cable-de-charge-5-en-1-versatile/" />
<meta property="og:site_name" content="PERLE IN" />
<meta property="article:modified_time" content="2025-10-14T09:03:02+00:00" />
<meta property="og:image" content="https://perle-in.com/wp-content/uploads/2025/10/12418053-1.jpg" />
	<meta property="og:image:width" content="1600" />
	<meta property="og:image:height" content="1600" />
	<meta property="og:image:type" content="image/jpeg" />
<meta name="twitter:card" content="summary_large_image" />
<script type="application/ld+json" class="yoast-schema-graph">{"@context":"https:\/\/schema.org","@graph":[{"@type":"WebPage","@id":"https:\/\/perle-in.com\/produit\/cable-de-charge-5-en-1-versatile\/","url":"https:\/\/perle-in.com\/produit\/cable-de-charge-5-en-1-versatile\/","name":"Câble de charge 5-en-1 Versatile - PERLE IN","isPartOf":{"@id":"https:\/\/perle-in.com\/#website"},"primaryImageOfPage":{"@id":"https:\/\/perle-in.com\/produit\/cable-de-charge-5-en-1-versatile\/#primaryimage"},"image":{"@id":"https:\/\/perle-in.com\/produit\/cable-de-charge-5-en-1-versatile\/#primaryimage"},"thumbnailUrl":"https:\/\/perle-in.com\/wp-content\/uploads\/2025\/10\/12418053-1.jpg","datePublished":"2025-10-14T09:02:58+00:00","dateModified":"2025-10-14T09:03:02+00:00","breadcrumb":{"@id":"https:\/\/perle-in.com\/produit\/cable-de-charge-5-en-1-versatile\/#breadcrumb"},"inLanguage":"en-CA","potentialAction":[{"@type":"ReadAction","target":["https:\/\/perle-in.com\/produit\/cable-de-charge-5-en-1-versatile\/"]}]},{"@type":"ImageObject","inLanguage":"en-CA","@id":"https:\/\/perle-in.com\/produit\/cable-de-charge-5-en-1-versatile\/#primaryimage","url":"https:\/\/perle-in.com\/wp-content\/uploads\/2025\/10\/12418053-1.jpg","contentUrl":"https:\/\/perle-in.com\/wp-content\/uploads\/2025\/10\/12418053-1.jpg","width":1600,"height":1600},{"@type":"BreadcrumbList","@id":"https:\/\/perle-in.com\/produit\/cable-de-charge-5-en-1-versatile\/#breadcrumb","itemListElement":[{"@type":"ListItem","position":1,"name":"Accueil","item":"https:\/\/perle-in.com\/"},{"@type":"ListItem","position":2,"name":"Boutique","item":"https:\/\/perle-in.com\/boutique\/"},{"@type":"ListItem","position":3,"name":"Câble de charge 5-en-1 Versatile"}]},{"@type":"WebSite","@id":"https:\/\/perle-in.com\/#website","url":"https:\/\/perle-in.com\/","name":"PERLE IN","description":"","publisher":{"@id":"https:\/\/perle-in.com\/#organization"},"potentialAction":[{"@type":"SearchAction","target":{"@type":"EntryPoint","urlTemplate":"https:\/\/perle-in.com\/?s={search_term_string}"},"query-input":{"@type":"PropertyValueSpecification","valueRequired":true,"valueName":"search_term_string"}}],"inLanguage":"en-CA"},{"@type":"Organization","@id":"https:\/\/perle-in.com\/#organization","name":"PERLE IN","url":"https:\/\/perle-in.com\/","logo":{"@type":"ImageObject","inLanguage":"en-CA","@id":"https:\/\/perle-in.com\/#\/schema\/logo\/image\/","url":"https:\/\/perle-in.com\/wp-content\/uploads\/2022\/12\/LOGO-PERLE-IN-COULEUR@3x.webp","contentUrl":"https:\/\/perle-in.com\/wp-content\/uploads\/2022\/12\/LOGO-PERLE-IN-COULEUR@3x.webp","width":1600,"height":490,"caption":"PERLE IN"},"image":{"@id":"https:\/\/perle-in.com\/#\/schema\/logo\/image\/"}}]}</script>
<!-- / Yoast SEO plugin. -->

Câble de charge 5-en-1 Versatile - PERLE IN

Câble de charge en nylon tressé avec 5 connecteurs différents : Entrée de type C, entrée USB-A, sortie de type C, sortie Apple® iOS et sortie micro USB. Cela permet d'utiliser le câble également avec les périphériques de sortie de type C qui sont inclus dans la nouvelle génération de téléphones et d'ordinateurs MacBook. La longueur du câble est de 100 cm. Sortie de l'embout 2-en-1 jusqu'à 2 A. Courant de la sortie de type C jusqu'à 3 A.
