{"id":530412,"date":"2025-10-14T10:38:29","date_gmt":"2025-10-14T08:38:29","guid":{"rendered":"https:\/\/perle-in.com\/produit\/tablier-pheebs-en-coton-recycle-de-200-g-m%c2%b2\/"},"modified":"2025-10-14T10:38:36","modified_gmt":"2025-10-14T08:38:36","slug":"tablier-pheebs-en-coton-recycle-de-200-g-m%c2%b2","status":"publish","type":"product","link":"https:\/\/perle-in.com\/en\/product\/tablier-pheebs-en-coton-recycle-de-200-g-m%c2%b2\/","title":{"rendered":"Tablier Pheebs en coton recycl\u00e9 de 200 g\/m\u00b2"},"content":{"rendered":"","protected":false},"excerpt":{"rendered":"<p>Tablier en m\u00e9lange coton-polyester recycl\u00e9 de 200 g\/m\u00b2. Comprend 2 poches adjacentes d&#8217;une taille combin\u00e9e de 45 x 20 cm, et une fermeture \u00e0 cordon d&#8217;un m\u00e8tre. Le coton recycl\u00e9 est fabriqu\u00e9 \u00e0 partir de d\u00e9chets de pr\u00e9-consommation g\u00e9n\u00e9r\u00e9s par les usines textiles pendant le processus de coupe. Il peut y avoir des variations mineures dans la couleur du produit en raison de la nature du processus de production. Cette caract\u00e9ristique contribue incontestablement \u00e0 une apparence plus authentique. Longueur de la lani\u00e8re de cou\u00a0: 55 cm.<\/p>","protected":false},"featured_media":530400,"template":"","meta":{"_eb_attr":""},"product_brand":[],"product_cat":[150,1238],"product_tag":[861,881,837,946,836,1716,1717],"class_list":{"0":"post-530412","1":"product","2":"type-product","3":"status-publish","4":"has-post-thumbnail","6":"product_cat-maison-et-cuisine","7":"product_cat-tabliers","8":"product_tag-cuisine","9":"product_tag-cuisson","10":"product_tag-durable","11":"product_tag-green-concept","12":"product_tag-recycle","13":"product_tag-tablier","14":"product_tag-tabliers","15":"pa_couleurs-bleu-bruyere","16":"pa_couleurs-gris","17":"pa_couleurs-naturel","18":"pa_couleurs-noir-chine","19":"pa_couleurs-rouge","20":"pa_couleurs-vert-bruyere","21":"pa_matiere-coton-recycle-polyester-recycle-200-g-m2","22":"pa_pays-d-origine-inde","24":"first","25":"instock","26":"shipping-taxable","27":"purchasable","28":"product-type-variable"},"yoast_head":"<!-- This site is optimized with the Yoast SEO plugin v27.4 - https:\/\/yoast.com\/product\/yoast-seo-wordpress\/ -->\n<title>Tablier Pheebs en coton recycl\u00e9 de 200 g\/m\u00b2 - PERLE IN<\/title>\n<meta name=\"robots\" content=\"noindex, follow, max-snippet:-1, max-image-preview:large, max-video-preview:-1\" \/>\n<meta property=\"og:locale\" content=\"en_US\" \/>\n<meta property=\"og:type\" content=\"article\" \/>\n<meta property=\"og:title\" content=\"Tablier Pheebs en coton recycl\u00e9 de 200 g\/m\u00b2 - PERLE IN\" \/>\n<meta property=\"og:description\" content=\"Tablier en m\u00e9lange coton-polyester recycl\u00e9 de 200 g\/m\u00b2. Comprend 2 poches adjacentes d&#039;une taille combin\u00e9e de 45 x 20 cm, et une fermeture \u00e0 cordon d&#039;un m\u00e8tre. Le coton recycl\u00e9 est fabriqu\u00e9 \u00e0 partir de d\u00e9chets de pr\u00e9-consommation g\u00e9n\u00e9r\u00e9s par les usines textiles pendant le processus de coupe. Il peut y avoir des variations mineures dans la couleur du produit en raison de la nature du processus de production. Cette caract\u00e9ristique contribue incontestablement \u00e0 une apparence plus authentique. Longueur de la lani\u00e8re de cou\u00a0: 55 cm.\" \/>\n<meta property=\"og:url\" content=\"https:\/\/perle-in.com\/en\/product\/tablier-pheebs-en-coton-recycle-de-200-g-m\u00b2\/\" \/>\n<meta property=\"og:site_name\" content=\"PERLE IN\" \/>\n<meta property=\"article:modified_time\" content=\"2025-10-14T08:38:36+00:00\" \/>\n<meta property=\"og:image\" content=\"https:\/\/perle-in.com\/wp-content\/uploads\/2025\/10\/11313806-1.jpg\" \/>\n\t<meta property=\"og:image:width\" content=\"1600\" \/>\n\t<meta property=\"og:image:height\" content=\"1600\" \/>\n\t<meta property=\"og:image:type\" content=\"image\/jpeg\" \/>\n<meta name=\"twitter:card\" content=\"summary_large_image\" \/>\n<script type=\"application\/ld+json\" class=\"yoast-schema-graph\">{\"@context\":\"https:\\\/\\\/schema.org\",\"@graph\":[{\"@type\":\"WebPage\",\"@id\":\"https:\\\/\\\/perle-in.com\\\/produit\\\/tablier-pheebs-en-coton-recycle-de-200-g-m%c2%b2\\\/\",\"url\":\"https:\\\/\\\/perle-in.com\\\/produit\\\/tablier-pheebs-en-coton-recycle-de-200-g-m%c2%b2\\\/\",\"name\":\"Tablier Pheebs en coton recycl\u00e9 de 200 g\\\/m\u00b2 - PERLE IN\",\"isPartOf\":{\"@id\":\"https:\\\/\\\/perle-in.com\\\/#website\"},\"primaryImageOfPage\":{\"@id\":\"https:\\\/\\\/perle-in.com\\\/produit\\\/tablier-pheebs-en-coton-recycle-de-200-g-m%c2%b2\\\/#primaryimage\"},\"image\":{\"@id\":\"https:\\\/\\\/perle-in.com\\\/produit\\\/tablier-pheebs-en-coton-recycle-de-200-g-m%c2%b2\\\/#primaryimage\"},\"thumbnailUrl\":\"https:\\\/\\\/perle-in.com\\\/wp-content\\\/uploads\\\/2025\\\/10\\\/11313806-1.jpg\",\"datePublished\":\"2025-10-14T08:38:29+00:00\",\"dateModified\":\"2025-10-14T08:38:36+00:00\",\"breadcrumb\":{\"@id\":\"https:\\\/\\\/perle-in.com\\\/produit\\\/tablier-pheebs-en-coton-recycle-de-200-g-m%c2%b2\\\/#breadcrumb\"},\"inLanguage\":\"en-CA\",\"potentialAction\":[{\"@type\":\"ReadAction\",\"target\":[\"https:\\\/\\\/perle-in.com\\\/produit\\\/tablier-pheebs-en-coton-recycle-de-200-g-m%c2%b2\\\/\"]}]},{\"@type\":\"ImageObject\",\"inLanguage\":\"en-CA\",\"@id\":\"https:\\\/\\\/perle-in.com\\\/produit\\\/tablier-pheebs-en-coton-recycle-de-200-g-m%c2%b2\\\/#primaryimage\",\"url\":\"https:\\\/\\\/perle-in.com\\\/wp-content\\\/uploads\\\/2025\\\/10\\\/11313806-1.jpg\",\"contentUrl\":\"https:\\\/\\\/perle-in.com\\\/wp-content\\\/uploads\\\/2025\\\/10\\\/11313806-1.jpg\",\"width\":1600,\"height\":1600},{\"@type\":\"BreadcrumbList\",\"@id\":\"https:\\\/\\\/perle-in.com\\\/produit\\\/tablier-pheebs-en-coton-recycle-de-200-g-m%c2%b2\\\/#breadcrumb\",\"itemListElement\":[{\"@type\":\"ListItem\",\"position\":1,\"name\":\"Accueil\",\"item\":\"https:\\\/\\\/perle-in.com\\\/\"},{\"@type\":\"ListItem\",\"position\":2,\"name\":\"Boutique\",\"item\":\"https:\\\/\\\/perle-in.com\\\/boutique\\\/\"},{\"@type\":\"ListItem\",\"position\":3,\"name\":\"Tablier Pheebs en coton recycl\u00e9 de 200 g\\\/m\u00b2\"}]},{\"@type\":\"WebSite\",\"@id\":\"https:\\\/\\\/perle-in.com\\\/#website\",\"url\":\"https:\\\/\\\/perle-in.com\\\/\",\"name\":\"PERLE IN\",\"description\":\"\",\"publisher\":{\"@id\":\"https:\\\/\\\/perle-in.com\\\/#organization\"},\"potentialAction\":[{\"@type\":\"SearchAction\",\"target\":{\"@type\":\"EntryPoint\",\"urlTemplate\":\"https:\\\/\\\/perle-in.com\\\/?s={search_term_string}\"},\"query-input\":{\"@type\":\"PropertyValueSpecification\",\"valueRequired\":true,\"valueName\":\"search_term_string\"}}],\"inLanguage\":\"en-CA\"},{\"@type\":\"Organization\",\"@id\":\"https:\\\/\\\/perle-in.com\\\/#organization\",\"name\":\"PERLE IN\",\"url\":\"https:\\\/\\\/perle-in.com\\\/\",\"logo\":{\"@type\":\"ImageObject\",\"inLanguage\":\"en-CA\",\"@id\":\"https:\\\/\\\/perle-in.com\\\/#\\\/schema\\\/logo\\\/image\\\/\",\"url\":\"https:\\\/\\\/perle-in.com\\\/wp-content\\\/uploads\\\/2022\\\/12\\\/LOGO-PERLE-IN-COULEUR@3x.webp\",\"contentUrl\":\"https:\\\/\\\/perle-in.com\\\/wp-content\\\/uploads\\\/2022\\\/12\\\/LOGO-PERLE-IN-COULEUR@3x.webp\",\"width\":1600,\"height\":490,\"caption\":\"PERLE IN\"},\"image\":{\"@id\":\"https:\\\/\\\/perle-in.com\\\/#\\\/schema\\\/logo\\\/image\\\/\"}}]}<\/script>\n<!-- \/ Yoast SEO plugin. -->","yoast_head_json":{"title":"Tablier Pheebs en coton recycl\u00e9 de 200 g\/m\u00b2 - PERLE IN","robots":{"index":"noindex","follow":"follow","max-snippet":"max-snippet:-1","max-image-preview":"max-image-preview:large","max-video-preview":"max-video-preview:-1"},"og_locale":"en_US","og_type":"article","og_title":"Tablier Pheebs en coton recycl\u00e9 de 200 g\/m\u00b2 - PERLE IN","og_description":"Tablier en m\u00e9lange coton-polyester recycl\u00e9 de 200 g\/m\u00b2. Comprend 2 poches adjacentes d'une taille combin\u00e9e de 45 x 20 cm, et une fermeture \u00e0 cordon d'un m\u00e8tre. Le coton recycl\u00e9 est fabriqu\u00e9 \u00e0 partir de d\u00e9chets de pr\u00e9-consommation g\u00e9n\u00e9r\u00e9s par les usines textiles pendant le processus de coupe. Il peut y avoir des variations mineures dans la couleur du produit en raison de la nature du processus de production. Cette caract\u00e9ristique contribue incontestablement \u00e0 une apparence plus authentique. Longueur de la lani\u00e8re de cou\u00a0: 55 cm.","og_url":"https:\/\/perle-in.com\/en\/product\/tablier-pheebs-en-coton-recycle-de-200-g-m\u00b2\/","og_site_name":"PERLE IN","article_modified_time":"2025-10-14T08:38:36+00:00","og_image":[{"width":1600,"height":1600,"url":"https:\/\/perle-in.com\/wp-content\/uploads\/2025\/10\/11313806-1.jpg","type":"image\/jpeg"}],"twitter_card":"summary_large_image","schema":{"@context":"https:\/\/schema.org","@graph":[{"@type":"WebPage","@id":"https:\/\/perle-in.com\/produit\/tablier-pheebs-en-coton-recycle-de-200-g-m%c2%b2\/","url":"https:\/\/perle-in.com\/produit\/tablier-pheebs-en-coton-recycle-de-200-g-m%c2%b2\/","name":"Tablier Pheebs en coton recycl\u00e9 de 200 g\/m\u00b2 - PERLE IN","isPartOf":{"@id":"https:\/\/perle-in.com\/#website"},"primaryImageOfPage":{"@id":"https:\/\/perle-in.com\/produit\/tablier-pheebs-en-coton-recycle-de-200-g-m%c2%b2\/#primaryimage"},"image":{"@id":"https:\/\/perle-in.com\/produit\/tablier-pheebs-en-coton-recycle-de-200-g-m%c2%b2\/#primaryimage"},"thumbnailUrl":"https:\/\/perle-in.com\/wp-content\/uploads\/2025\/10\/11313806-1.jpg","datePublished":"2025-10-14T08:38:29+00:00","dateModified":"2025-10-14T08:38:36+00:00","breadcrumb":{"@id":"https:\/\/perle-in.com\/produit\/tablier-pheebs-en-coton-recycle-de-200-g-m%c2%b2\/#breadcrumb"},"inLanguage":"en-CA","potentialAction":[{"@type":"ReadAction","target":["https:\/\/perle-in.com\/produit\/tablier-pheebs-en-coton-recycle-de-200-g-m%c2%b2\/"]}]},{"@type":"ImageObject","inLanguage":"en-CA","@id":"https:\/\/perle-in.com\/produit\/tablier-pheebs-en-coton-recycle-de-200-g-m%c2%b2\/#primaryimage","url":"https:\/\/perle-in.com\/wp-content\/uploads\/2025\/10\/11313806-1.jpg","contentUrl":"https:\/\/perle-in.com\/wp-content\/uploads\/2025\/10\/11313806-1.jpg","width":1600,"height":1600},{"@type":"BreadcrumbList","@id":"https:\/\/perle-in.com\/produit\/tablier-pheebs-en-coton-recycle-de-200-g-m%c2%b2\/#breadcrumb","itemListElement":[{"@type":"ListItem","position":1,"name":"Accueil","item":"https:\/\/perle-in.com\/"},{"@type":"ListItem","position":2,"name":"Boutique","item":"https:\/\/perle-in.com\/boutique\/"},{"@type":"ListItem","position":3,"name":"Tablier Pheebs en coton recycl\u00e9 de 200 g\/m\u00b2"}]},{"@type":"WebSite","@id":"https:\/\/perle-in.com\/#website","url":"https:\/\/perle-in.com\/","name":"PERLE IN","description":"","publisher":{"@id":"https:\/\/perle-in.com\/#organization"},"potentialAction":[{"@type":"SearchAction","target":{"@type":"EntryPoint","urlTemplate":"https:\/\/perle-in.com\/?s={search_term_string}"},"query-input":{"@type":"PropertyValueSpecification","valueRequired":true,"valueName":"search_term_string"}}],"inLanguage":"en-CA"},{"@type":"Organization","@id":"https:\/\/perle-in.com\/#organization","name":"PERLE IN","url":"https:\/\/perle-in.com\/","logo":{"@type":"ImageObject","inLanguage":"en-CA","@id":"https:\/\/perle-in.com\/#\/schema\/logo\/image\/","url":"https:\/\/perle-in.com\/wp-content\/uploads\/2022\/12\/LOGO-PERLE-IN-COULEUR@3x.webp","contentUrl":"https:\/\/perle-in.com\/wp-content\/uploads\/2022\/12\/LOGO-PERLE-IN-COULEUR@3x.webp","width":1600,"height":490,"caption":"PERLE IN"},"image":{"@id":"https:\/\/perle-in.com\/#\/schema\/logo\/image\/"}}]}},"jetpack_sharing_enabled":true,"_links":{"self":[{"href":"https:\/\/perle-in.com\/en\/wp-json\/wp\/v2\/product\/530412","targetHints":{"allow":["GET"]}}],"collection":[{"href":"https:\/\/perle-in.com\/en\/wp-json\/wp\/v2\/product"}],"about":[{"href":"https:\/\/perle-in.com\/en\/wp-json\/wp\/v2\/types\/product"}],"version-history":[{"count":0,"href":"https:\/\/perle-in.com\/en\/wp-json\/wp\/v2\/product\/530412\/revisions"}],"wp:featuredmedia":[{"embeddable":true,"href":"https:\/\/perle-in.com\/en\/wp-json\/wp\/v2\/media\/530400"}],"wp:attachment":[{"href":"https:\/\/perle-in.com\/en\/wp-json\/wp\/v2\/media?parent=530412"}],"wp:term":[{"taxonomy":"product_brand","embeddable":true,"href":"https:\/\/perle-in.com\/en\/wp-json\/wp\/v2\/product_brand?post=530412"},{"taxonomy":"product_cat","embeddable":true,"href":"https:\/\/perle-in.com\/en\/wp-json\/wp\/v2\/product_cat?post=530412"},{"taxonomy":"product_tag","embeddable":true,"href":"https:\/\/perle-in.com\/en\/wp-json\/wp\/v2\/product_tag?post=530412"}],"curies":[{"name":"wp","href":"https:\/\/api.w.org\/{rel}","templated":true}]}}

Tablier Pheebs en coton recyclé de 200 g/m²

<p>Tablier en mélange coton-polyester recyclé de 200 g/m². Comprend 2 poches adjacentes d&#8217;une taille combinée de 45 x 20 cm, et une fermeture à cordon d&#8217;un mètre. Le coton recyclé est fabriqué à partir de déchets de pré-consommation générés par les usines textiles pendant le processus de coupe. Il peut y avoir des variations mineures dans la couleur du produit en raison de la nature du processus de production. Cette caractéristique contribue incontestablement à une apparence plus authentique. Longueur de la lanière de cou : 55 cm.</p>

<!-- This site is optimized with the Yoast SEO plugin v27.4 - https://yoast.com/product/yoast-seo-wordpress/ -->
<title>Tablier Pheebs en coton recyclé de 200 g/m² - PERLE IN</title>
<meta name="robots" content="noindex, follow, max-snippet:-1, max-image-preview:large, max-video-preview:-1" />
<meta property="og:locale" content="en_US" />
<meta property="og:type" content="article" />
<meta property="og:title" content="Tablier Pheebs en coton recyclé de 200 g/m² - PERLE IN" />
<meta property="og:description" content="Tablier en mélange coton-polyester recyclé de 200 g/m². Comprend 2 poches adjacentes d&#039;une taille combinée de 45 x 20 cm, et une fermeture à cordon d&#039;un mètre. Le coton recyclé est fabriqué à partir de déchets de pré-consommation générés par les usines textiles pendant le processus de coupe. Il peut y avoir des variations mineures dans la couleur du produit en raison de la nature du processus de production. Cette caractéristique contribue incontestablement à une apparence plus authentique. Longueur de la lanière de cou : 55 cm." />
<meta property="og:url" content="https://perle-in.com/en/product/tablier-pheebs-en-coton-recycle-de-200-g-m²/" />
<meta property="og:site_name" content="PERLE IN" />
<meta property="article:modified_time" content="2025-10-14T08:38:36+00:00" />
<meta property="og:image" content="https://perle-in.com/wp-content/uploads/2025/10/11313806-1.jpg" />
	<meta property="og:image:width" content="1600" />
	<meta property="og:image:height" content="1600" />
	<meta property="og:image:type" content="image/jpeg" />
<meta name="twitter:card" content="summary_large_image" />
<script type="application/ld+json" class="yoast-schema-graph">{"@context":"https:\/\/schema.org","@graph":[{"@type":"WebPage","@id":"https:\/\/perle-in.com\/produit\/tablier-pheebs-en-coton-recycle-de-200-g-m%c2%b2\/","url":"https:\/\/perle-in.com\/produit\/tablier-pheebs-en-coton-recycle-de-200-g-m%c2%b2\/","name":"Tablier Pheebs en coton recyclé de 200 g\/m² - PERLE IN","isPartOf":{"@id":"https:\/\/perle-in.com\/#website"},"primaryImageOfPage":{"@id":"https:\/\/perle-in.com\/produit\/tablier-pheebs-en-coton-recycle-de-200-g-m%c2%b2\/#primaryimage"},"image":{"@id":"https:\/\/perle-in.com\/produit\/tablier-pheebs-en-coton-recycle-de-200-g-m%c2%b2\/#primaryimage"},"thumbnailUrl":"https:\/\/perle-in.com\/wp-content\/uploads\/2025\/10\/11313806-1.jpg","datePublished":"2025-10-14T08:38:29+00:00","dateModified":"2025-10-14T08:38:36+00:00","breadcrumb":{"@id":"https:\/\/perle-in.com\/produit\/tablier-pheebs-en-coton-recycle-de-200-g-m%c2%b2\/#breadcrumb"},"inLanguage":"en-CA","potentialAction":[{"@type":"ReadAction","target":["https:\/\/perle-in.com\/produit\/tablier-pheebs-en-coton-recycle-de-200-g-m%c2%b2\/"]}]},{"@type":"ImageObject","inLanguage":"en-CA","@id":"https:\/\/perle-in.com\/produit\/tablier-pheebs-en-coton-recycle-de-200-g-m%c2%b2\/#primaryimage","url":"https:\/\/perle-in.com\/wp-content\/uploads\/2025\/10\/11313806-1.jpg","contentUrl":"https:\/\/perle-in.com\/wp-content\/uploads\/2025\/10\/11313806-1.jpg","width":1600,"height":1600},{"@type":"BreadcrumbList","@id":"https:\/\/perle-in.com\/produit\/tablier-pheebs-en-coton-recycle-de-200-g-m%c2%b2\/#breadcrumb","itemListElement":[{"@type":"ListItem","position":1,"name":"Accueil","item":"https:\/\/perle-in.com\/"},{"@type":"ListItem","position":2,"name":"Boutique","item":"https:\/\/perle-in.com\/boutique\/"},{"@type":"ListItem","position":3,"name":"Tablier Pheebs en coton recyclé de 200 g\/m²"}]},{"@type":"WebSite","@id":"https:\/\/perle-in.com\/#website","url":"https:\/\/perle-in.com\/","name":"PERLE IN","description":"","publisher":{"@id":"https:\/\/perle-in.com\/#organization"},"potentialAction":[{"@type":"SearchAction","target":{"@type":"EntryPoint","urlTemplate":"https:\/\/perle-in.com\/?s={search_term_string}"},"query-input":{"@type":"PropertyValueSpecification","valueRequired":true,"valueName":"search_term_string"}}],"inLanguage":"en-CA"},{"@type":"Organization","@id":"https:\/\/perle-in.com\/#organization","name":"PERLE IN","url":"https:\/\/perle-in.com\/","logo":{"@type":"ImageObject","inLanguage":"en-CA","@id":"https:\/\/perle-in.com\/#\/schema\/logo\/image\/","url":"https:\/\/perle-in.com\/wp-content\/uploads\/2022\/12\/LOGO-PERLE-IN-COULEUR@3x.webp","contentUrl":"https:\/\/perle-in.com\/wp-content\/uploads\/2022\/12\/LOGO-PERLE-IN-COULEUR@3x.webp","width":1600,"height":490,"caption":"PERLE IN"},"image":{"@id":"https:\/\/perle-in.com\/#\/schema\/logo\/image\/"}}]}</script>
<!-- / Yoast SEO plugin. -->

Tablier Pheebs en coton recyclé de 200 g/m² - PERLE IN

Tablier en mélange coton-polyester recyclé de 200 g/m². Comprend 2 poches adjacentes d'une taille combinée de 45 x 20 cm, et une fermeture à cordon d'un mètre. Le coton recyclé est fabriqué à partir de déchets de pré-consommation générés par les usines textiles pendant le processus de coupe. Il peut y avoir des variations mineures dans la couleur du produit en raison de la nature du processus de production. Cette caractéristique contribue incontestablement à une apparence plus authentique. Longueur de la lanière de cou : 55 cm.
