{"id":529664,"date":"2025-10-14T08:59:10","date_gmt":"2025-10-14T06:59:10","guid":{"rendered":"https:\/\/perle-in.com\/produit\/sac-a-dos-trails-24l\/"},"modified":"2025-10-14T08:59:13","modified_gmt":"2025-10-14T06:59:13","slug":"sac-a-dos-trails-24l","status":"publish","type":"product","link":"https:\/\/perle-in.com\/en\/product\/sac-a-dos-trails-24l\/","title":{"rendered":"Sac \u00e0 dos Trails 24L"},"content":{"rendered":"","protected":false},"excerpt":{"rendered":"<p>Sac \u00e0 dos adapt\u00e9 pour l&#8217;ext\u00e9rieur comme pour le quotidien avec face color\u00e9e et cordon \u00e9lastique et dot\u00e9 de bandes r\u00e9fl\u00e9chissantes sur le panneau avant. Dispose de deux poches externes pour bouteille d\u2019eau, d&#8217;un compartiment avant avec plusieurs petites divisions, d&#8217;un crochet pour un stockage facile, et d&#8217;une housse pour tablette 12&#8243;. Le sac \u00e0 dos comprend une poign\u00e9e rembourr\u00e9e renforc\u00e9e et un dos matelass\u00e9 confortable. Permet de transporter un ordinateur portable de 15,6&#8243; dans un logement matelass\u00e9 \u00e0 l\u2019int\u00e9rieur du compartiment principal.<\/p>","protected":false},"featured_media":529656,"template":"","meta":{"_eb_attr":""},"product_brand":[],"product_cat":[1214,159],"product_tag":[282,1347,1348],"class_list":{"0":"post-529664","1":"product","2":"type-product","3":"status-publish","4":"has-post-thumbnail","6":"product_cat-sac-a-dos-pour-ordinateur","7":"product_cat-sacs","8":"product_tag-sac","9":"product_tag-sac-a-dos","10":"product_tag-sacs-a-dos","11":"pa_couleurs-marine-noir","12":"pa_couleurs-noir","13":"pa_matiere-300d-polyester-600d-polyester","15":"first","16":"instock","17":"shipping-taxable","18":"purchasable","19":"product-type-variable"},"yoast_head":"<!-- This site is optimized with the Yoast SEO plugin v27.4 - https:\/\/yoast.com\/product\/yoast-seo-wordpress\/ -->\n<title>Sac \u00e0 dos Trails 24L - PERLE IN<\/title>\n<meta name=\"robots\" content=\"noindex, follow, max-snippet:-1, max-image-preview:large, max-video-preview:-1\" \/>\n<meta property=\"og:locale\" content=\"en_US\" \/>\n<meta property=\"og:type\" content=\"article\" \/>\n<meta property=\"og:title\" content=\"Sac \u00e0 dos Trails 24L - PERLE IN\" \/>\n<meta property=\"og:description\" content=\"Sac \u00e0 dos adapt\u00e9 pour l&#039;ext\u00e9rieur comme pour le quotidien avec face color\u00e9e et cordon \u00e9lastique et dot\u00e9 de bandes r\u00e9fl\u00e9chissantes sur le panneau avant. Dispose de deux poches externes pour bouteille d\u2019eau, d&#039;un compartiment avant avec plusieurs petites divisions, d&#039;un crochet pour un stockage facile, et d&#039;une housse pour tablette 12&quot;. Le sac \u00e0 dos comprend une poign\u00e9e rembourr\u00e9e renforc\u00e9e et un dos matelass\u00e9 confortable. Permet de transporter un ordinateur portable de 15,6&quot; dans un logement matelass\u00e9 \u00e0 l\u2019int\u00e9rieur du compartiment principal.\" \/>\n<meta property=\"og:url\" content=\"https:\/\/perle-in.com\/en\/product\/sac-a-dos-trails-24l\/\" \/>\n<meta property=\"og:site_name\" content=\"PERLE IN\" \/>\n<meta property=\"article:modified_time\" content=\"2025-10-14T06:59:13+00:00\" \/>\n<meta property=\"og:image\" content=\"https:\/\/perle-in.com\/wp-content\/uploads\/2025\/10\/12051455-1.jpg\" \/>\n\t<meta property=\"og:image:width\" content=\"1600\" \/>\n\t<meta property=\"og:image:height\" content=\"1600\" \/>\n\t<meta property=\"og:image:type\" content=\"image\/jpeg\" \/>\n<meta name=\"twitter:card\" content=\"summary_large_image\" \/>\n<script type=\"application\/ld+json\" class=\"yoast-schema-graph\">{\"@context\":\"https:\\\/\\\/schema.org\",\"@graph\":[{\"@type\":\"WebPage\",\"@id\":\"https:\\\/\\\/perle-in.com\\\/produit\\\/sac-a-dos-trails-24l\\\/\",\"url\":\"https:\\\/\\\/perle-in.com\\\/produit\\\/sac-a-dos-trails-24l\\\/\",\"name\":\"Sac \u00e0 dos Trails 24L - PERLE IN\",\"isPartOf\":{\"@id\":\"https:\\\/\\\/perle-in.com\\\/#website\"},\"primaryImageOfPage\":{\"@id\":\"https:\\\/\\\/perle-in.com\\\/produit\\\/sac-a-dos-trails-24l\\\/#primaryimage\"},\"image\":{\"@id\":\"https:\\\/\\\/perle-in.com\\\/produit\\\/sac-a-dos-trails-24l\\\/#primaryimage\"},\"thumbnailUrl\":\"https:\\\/\\\/perle-in.com\\\/wp-content\\\/uploads\\\/2025\\\/10\\\/12051455-1.jpg\",\"datePublished\":\"2025-10-14T06:59:10+00:00\",\"dateModified\":\"2025-10-14T06:59:13+00:00\",\"breadcrumb\":{\"@id\":\"https:\\\/\\\/perle-in.com\\\/produit\\\/sac-a-dos-trails-24l\\\/#breadcrumb\"},\"inLanguage\":\"en-CA\",\"potentialAction\":[{\"@type\":\"ReadAction\",\"target\":[\"https:\\\/\\\/perle-in.com\\\/produit\\\/sac-a-dos-trails-24l\\\/\"]}]},{\"@type\":\"ImageObject\",\"inLanguage\":\"en-CA\",\"@id\":\"https:\\\/\\\/perle-in.com\\\/produit\\\/sac-a-dos-trails-24l\\\/#primaryimage\",\"url\":\"https:\\\/\\\/perle-in.com\\\/wp-content\\\/uploads\\\/2025\\\/10\\\/12051455-1.jpg\",\"contentUrl\":\"https:\\\/\\\/perle-in.com\\\/wp-content\\\/uploads\\\/2025\\\/10\\\/12051455-1.jpg\",\"width\":1600,\"height\":1600},{\"@type\":\"BreadcrumbList\",\"@id\":\"https:\\\/\\\/perle-in.com\\\/produit\\\/sac-a-dos-trails-24l\\\/#breadcrumb\",\"itemListElement\":[{\"@type\":\"ListItem\",\"position\":1,\"name\":\"Accueil\",\"item\":\"https:\\\/\\\/perle-in.com\\\/\"},{\"@type\":\"ListItem\",\"position\":2,\"name\":\"Boutique\",\"item\":\"https:\\\/\\\/perle-in.com\\\/boutique\\\/\"},{\"@type\":\"ListItem\",\"position\":3,\"name\":\"Sac \u00e0 dos Trails 24L\"}]},{\"@type\":\"WebSite\",\"@id\":\"https:\\\/\\\/perle-in.com\\\/#website\",\"url\":\"https:\\\/\\\/perle-in.com\\\/\",\"name\":\"PERLE IN\",\"description\":\"\",\"publisher\":{\"@id\":\"https:\\\/\\\/perle-in.com\\\/#organization\"},\"potentialAction\":[{\"@type\":\"SearchAction\",\"target\":{\"@type\":\"EntryPoint\",\"urlTemplate\":\"https:\\\/\\\/perle-in.com\\\/?s={search_term_string}\"},\"query-input\":{\"@type\":\"PropertyValueSpecification\",\"valueRequired\":true,\"valueName\":\"search_term_string\"}}],\"inLanguage\":\"en-CA\"},{\"@type\":\"Organization\",\"@id\":\"https:\\\/\\\/perle-in.com\\\/#organization\",\"name\":\"PERLE IN\",\"url\":\"https:\\\/\\\/perle-in.com\\\/\",\"logo\":{\"@type\":\"ImageObject\",\"inLanguage\":\"en-CA\",\"@id\":\"https:\\\/\\\/perle-in.com\\\/#\\\/schema\\\/logo\\\/image\\\/\",\"url\":\"https:\\\/\\\/perle-in.com\\\/wp-content\\\/uploads\\\/2022\\\/12\\\/LOGO-PERLE-IN-COULEUR@3x.webp\",\"contentUrl\":\"https:\\\/\\\/perle-in.com\\\/wp-content\\\/uploads\\\/2022\\\/12\\\/LOGO-PERLE-IN-COULEUR@3x.webp\",\"width\":1600,\"height\":490,\"caption\":\"PERLE IN\"},\"image\":{\"@id\":\"https:\\\/\\\/perle-in.com\\\/#\\\/schema\\\/logo\\\/image\\\/\"}}]}<\/script>\n<!-- \/ Yoast SEO plugin. -->","yoast_head_json":{"title":"Sac \u00e0 dos Trails 24L - PERLE IN","robots":{"index":"noindex","follow":"follow","max-snippet":"max-snippet:-1","max-image-preview":"max-image-preview:large","max-video-preview":"max-video-preview:-1"},"og_locale":"en_US","og_type":"article","og_title":"Sac \u00e0 dos Trails 24L - PERLE IN","og_description":"Sac \u00e0 dos adapt\u00e9 pour l'ext\u00e9rieur comme pour le quotidien avec face color\u00e9e et cordon \u00e9lastique et dot\u00e9 de bandes r\u00e9fl\u00e9chissantes sur le panneau avant. Dispose de deux poches externes pour bouteille d\u2019eau, d'un compartiment avant avec plusieurs petites divisions, d'un crochet pour un stockage facile, et d'une housse pour tablette 12\". Le sac \u00e0 dos comprend une poign\u00e9e rembourr\u00e9e renforc\u00e9e et un dos matelass\u00e9 confortable. Permet de transporter un ordinateur portable de 15,6\" dans un logement matelass\u00e9 \u00e0 l\u2019int\u00e9rieur du compartiment principal.","og_url":"https:\/\/perle-in.com\/en\/product\/sac-a-dos-trails-24l\/","og_site_name":"PERLE IN","article_modified_time":"2025-10-14T06:59:13+00:00","og_image":[{"width":1600,"height":1600,"url":"https:\/\/perle-in.com\/wp-content\/uploads\/2025\/10\/12051455-1.jpg","type":"image\/jpeg"}],"twitter_card":"summary_large_image","schema":{"@context":"https:\/\/schema.org","@graph":[{"@type":"WebPage","@id":"https:\/\/perle-in.com\/produit\/sac-a-dos-trails-24l\/","url":"https:\/\/perle-in.com\/produit\/sac-a-dos-trails-24l\/","name":"Sac \u00e0 dos Trails 24L - PERLE IN","isPartOf":{"@id":"https:\/\/perle-in.com\/#website"},"primaryImageOfPage":{"@id":"https:\/\/perle-in.com\/produit\/sac-a-dos-trails-24l\/#primaryimage"},"image":{"@id":"https:\/\/perle-in.com\/produit\/sac-a-dos-trails-24l\/#primaryimage"},"thumbnailUrl":"https:\/\/perle-in.com\/wp-content\/uploads\/2025\/10\/12051455-1.jpg","datePublished":"2025-10-14T06:59:10+00:00","dateModified":"2025-10-14T06:59:13+00:00","breadcrumb":{"@id":"https:\/\/perle-in.com\/produit\/sac-a-dos-trails-24l\/#breadcrumb"},"inLanguage":"en-CA","potentialAction":[{"@type":"ReadAction","target":["https:\/\/perle-in.com\/produit\/sac-a-dos-trails-24l\/"]}]},{"@type":"ImageObject","inLanguage":"en-CA","@id":"https:\/\/perle-in.com\/produit\/sac-a-dos-trails-24l\/#primaryimage","url":"https:\/\/perle-in.com\/wp-content\/uploads\/2025\/10\/12051455-1.jpg","contentUrl":"https:\/\/perle-in.com\/wp-content\/uploads\/2025\/10\/12051455-1.jpg","width":1600,"height":1600},{"@type":"BreadcrumbList","@id":"https:\/\/perle-in.com\/produit\/sac-a-dos-trails-24l\/#breadcrumb","itemListElement":[{"@type":"ListItem","position":1,"name":"Accueil","item":"https:\/\/perle-in.com\/"},{"@type":"ListItem","position":2,"name":"Boutique","item":"https:\/\/perle-in.com\/boutique\/"},{"@type":"ListItem","position":3,"name":"Sac \u00e0 dos Trails 24L"}]},{"@type":"WebSite","@id":"https:\/\/perle-in.com\/#website","url":"https:\/\/perle-in.com\/","name":"PERLE IN","description":"","publisher":{"@id":"https:\/\/perle-in.com\/#organization"},"potentialAction":[{"@type":"SearchAction","target":{"@type":"EntryPoint","urlTemplate":"https:\/\/perle-in.com\/?s={search_term_string}"},"query-input":{"@type":"PropertyValueSpecification","valueRequired":true,"valueName":"search_term_string"}}],"inLanguage":"en-CA"},{"@type":"Organization","@id":"https:\/\/perle-in.com\/#organization","name":"PERLE IN","url":"https:\/\/perle-in.com\/","logo":{"@type":"ImageObject","inLanguage":"en-CA","@id":"https:\/\/perle-in.com\/#\/schema\/logo\/image\/","url":"https:\/\/perle-in.com\/wp-content\/uploads\/2022\/12\/LOGO-PERLE-IN-COULEUR@3x.webp","contentUrl":"https:\/\/perle-in.com\/wp-content\/uploads\/2022\/12\/LOGO-PERLE-IN-COULEUR@3x.webp","width":1600,"height":490,"caption":"PERLE IN"},"image":{"@id":"https:\/\/perle-in.com\/#\/schema\/logo\/image\/"}}]}},"jetpack_sharing_enabled":true,"_links":{"self":[{"href":"https:\/\/perle-in.com\/en\/wp-json\/wp\/v2\/product\/529664","targetHints":{"allow":["GET"]}}],"collection":[{"href":"https:\/\/perle-in.com\/en\/wp-json\/wp\/v2\/product"}],"about":[{"href":"https:\/\/perle-in.com\/en\/wp-json\/wp\/v2\/types\/product"}],"version-history":[{"count":0,"href":"https:\/\/perle-in.com\/en\/wp-json\/wp\/v2\/product\/529664\/revisions"}],"wp:featuredmedia":[{"embeddable":true,"href":"https:\/\/perle-in.com\/en\/wp-json\/wp\/v2\/media\/529656"}],"wp:attachment":[{"href":"https:\/\/perle-in.com\/en\/wp-json\/wp\/v2\/media?parent=529664"}],"wp:term":[{"taxonomy":"product_brand","embeddable":true,"href":"https:\/\/perle-in.com\/en\/wp-json\/wp\/v2\/product_brand?post=529664"},{"taxonomy":"product_cat","embeddable":true,"href":"https:\/\/perle-in.com\/en\/wp-json\/wp\/v2\/product_cat?post=529664"},{"taxonomy":"product_tag","embeddable":true,"href":"https:\/\/perle-in.com\/en\/wp-json\/wp\/v2\/product_tag?post=529664"}],"curies":[{"name":"wp","href":"https:\/\/api.w.org\/{rel}","templated":true}]}}

Sac à dos Trails 24L

<p>Sac à dos adapté pour l&#8217;extérieur comme pour le quotidien avec face colorée et cordon élastique et doté de bandes réfléchissantes sur le panneau avant. Dispose de deux poches externes pour bouteille d’eau, d&#8217;un compartiment avant avec plusieurs petites divisions, d&#8217;un crochet pour un stockage facile, et d&#8217;une housse pour tablette 12&#8243;. Le sac à dos comprend une poignée rembourrée renforcée et un dos matelassé confortable. Permet de transporter un ordinateur portable de 15,6&#8243; dans un logement matelassé à l’intérieur du compartiment principal.</p>

<!-- This site is optimized with the Yoast SEO plugin v27.4 - https://yoast.com/product/yoast-seo-wordpress/ -->
<title>Sac à dos Trails 24L - PERLE IN</title>
<meta name="robots" content="noindex, follow, max-snippet:-1, max-image-preview:large, max-video-preview:-1" />
<meta property="og:locale" content="en_US" />
<meta property="og:type" content="article" />
<meta property="og:title" content="Sac à dos Trails 24L - PERLE IN" />
<meta property="og:description" content="Sac à dos adapté pour l&#039;extérieur comme pour le quotidien avec face colorée et cordon élastique et doté de bandes réfléchissantes sur le panneau avant. Dispose de deux poches externes pour bouteille d’eau, d&#039;un compartiment avant avec plusieurs petites divisions, d&#039;un crochet pour un stockage facile, et d&#039;une housse pour tablette 12&quot;. Le sac à dos comprend une poignée rembourrée renforcée et un dos matelassé confortable. Permet de transporter un ordinateur portable de 15,6&quot; dans un logement matelassé à l’intérieur du compartiment principal." />
<meta property="og:url" content="https://perle-in.com/en/product/sac-a-dos-trails-24l/" />
<meta property="og:site_name" content="PERLE IN" />
<meta property="article:modified_time" content="2025-10-14T06:59:13+00:00" />
<meta property="og:image" content="https://perle-in.com/wp-content/uploads/2025/10/12051455-1.jpg" />
	<meta property="og:image:width" content="1600" />
	<meta property="og:image:height" content="1600" />
	<meta property="og:image:type" content="image/jpeg" />
<meta name="twitter:card" content="summary_large_image" />
<script type="application/ld+json" class="yoast-schema-graph">{"@context":"https:\/\/schema.org","@graph":[{"@type":"WebPage","@id":"https:\/\/perle-in.com\/produit\/sac-a-dos-trails-24l\/","url":"https:\/\/perle-in.com\/produit\/sac-a-dos-trails-24l\/","name":"Sac à dos Trails 24L - PERLE IN","isPartOf":{"@id":"https:\/\/perle-in.com\/#website"},"primaryImageOfPage":{"@id":"https:\/\/perle-in.com\/produit\/sac-a-dos-trails-24l\/#primaryimage"},"image":{"@id":"https:\/\/perle-in.com\/produit\/sac-a-dos-trails-24l\/#primaryimage"},"thumbnailUrl":"https:\/\/perle-in.com\/wp-content\/uploads\/2025\/10\/12051455-1.jpg","datePublished":"2025-10-14T06:59:10+00:00","dateModified":"2025-10-14T06:59:13+00:00","breadcrumb":{"@id":"https:\/\/perle-in.com\/produit\/sac-a-dos-trails-24l\/#breadcrumb"},"inLanguage":"en-CA","potentialAction":[{"@type":"ReadAction","target":["https:\/\/perle-in.com\/produit\/sac-a-dos-trails-24l\/"]}]},{"@type":"ImageObject","inLanguage":"en-CA","@id":"https:\/\/perle-in.com\/produit\/sac-a-dos-trails-24l\/#primaryimage","url":"https:\/\/perle-in.com\/wp-content\/uploads\/2025\/10\/12051455-1.jpg","contentUrl":"https:\/\/perle-in.com\/wp-content\/uploads\/2025\/10\/12051455-1.jpg","width":1600,"height":1600},{"@type":"BreadcrumbList","@id":"https:\/\/perle-in.com\/produit\/sac-a-dos-trails-24l\/#breadcrumb","itemListElement":[{"@type":"ListItem","position":1,"name":"Accueil","item":"https:\/\/perle-in.com\/"},{"@type":"ListItem","position":2,"name":"Boutique","item":"https:\/\/perle-in.com\/boutique\/"},{"@type":"ListItem","position":3,"name":"Sac à dos Trails 24L"}]},{"@type":"WebSite","@id":"https:\/\/perle-in.com\/#website","url":"https:\/\/perle-in.com\/","name":"PERLE IN","description":"","publisher":{"@id":"https:\/\/perle-in.com\/#organization"},"potentialAction":[{"@type":"SearchAction","target":{"@type":"EntryPoint","urlTemplate":"https:\/\/perle-in.com\/?s={search_term_string}"},"query-input":{"@type":"PropertyValueSpecification","valueRequired":true,"valueName":"search_term_string"}}],"inLanguage":"en-CA"},{"@type":"Organization","@id":"https:\/\/perle-in.com\/#organization","name":"PERLE IN","url":"https:\/\/perle-in.com\/","logo":{"@type":"ImageObject","inLanguage":"en-CA","@id":"https:\/\/perle-in.com\/#\/schema\/logo\/image\/","url":"https:\/\/perle-in.com\/wp-content\/uploads\/2022\/12\/LOGO-PERLE-IN-COULEUR@3x.webp","contentUrl":"https:\/\/perle-in.com\/wp-content\/uploads\/2022\/12\/LOGO-PERLE-IN-COULEUR@3x.webp","width":1600,"height":490,"caption":"PERLE IN"},"image":{"@id":"https:\/\/perle-in.com\/#\/schema\/logo\/image\/"}}]}</script>
<!-- / Yoast SEO plugin. -->

Sac à dos Trails 24L - PERLE IN

Sac à dos adapté pour l'extérieur comme pour le quotidien avec face colorée et cordon élastique et doté de bandes réfléchissantes sur le panneau avant. Dispose de deux poches externes pour bouteille d’eau, d'un compartiment avant avec plusieurs petites divisions, d'un crochet pour un stockage facile, et d'une housse pour tablette 12". Le sac à dos comprend une poignée rembourrée renforcée et un dos matelassé confortable. Permet de transporter un ordinateur portable de 15,6" dans un logement matelassé à l’intérieur du compartiment principal.
