{"id":529358,"date":"2025-10-14T08:25:33","date_gmt":"2025-10-14T06:25:33","guid":{"rendered":"https:\/\/perle-in.com\/produit\/casquette-extensible-manu-a-5-panneaux\/"},"modified":"2025-10-14T08:25:36","modified_gmt":"2025-10-14T06:25:36","slug":"casquette-extensible-manu-a-5-panneaux","status":"publish","type":"product","link":"https:\/\/perle-in.com\/en\/product\/casquette-extensible-manu-a-5-panneaux\/","title":{"rendered":"Casquette extensible Manu \u00e0 5\u00a0panneaux"},"content":{"rendered":"","protected":false},"excerpt":{"rendered":"<p>La casquette Manu 5 panel stretch est dot\u00e9e d&#8217;une visi\u00e8re pr\u00e9-courb\u00e9e offrant une protection solaire essentielle. Les \u0153illets brod\u00e9s assurent une ventilation optimale, ce qui vous permet de rester au frais et \u00e0 l&#8217;aise pendant vos activit\u00e9s. Avec un tour de t\u00eate de 58 cm, elle garantit un ajustement sur mesure pour une vari\u00e9t\u00e9 de tailles de t\u00eate. La fermeture \u00e0 boucle m\u00e9tallique permet de l&#8217;ajuster sans effort, ce qui permet d&#8217;obtenir un ajustement parfait. Fabriqu\u00e9e en polyester 300 g\/m\u00b2 et en \u00e9lasthanne, une combinaison de tissus qui offre une flexibilit\u00e9 optimale. <\/p>","protected":false},"featured_media":529352,"template":"","meta":{"_eb_attr":""},"product_brand":[],"product_cat":[1259,1024],"product_tag":[1699,1700,1697,1698],"class_list":{"0":"post-529358","1":"product","2":"type-product","3":"status-publish","4":"has-post-thumbnail","6":"product_cat-casquettes-et-chapeaux","7":"product_cat-vetements","8":"product_tag-casquette","9":"product_tag-casquettes","10":"product_tag-chapeau","11":"product_tag-chapeaux","12":"pa_couleurs-charbon","13":"pa_genre-unisex","14":"pa_green-points-1692","15":"pa_marque-elevate-life","16":"pa_matiere-maille-jersey-finition-cool-fit-respirante-polyester-elasthanne-300-g-m2","18":"first","19":"instock","20":"shipping-taxable","21":"purchasable","22":"product-type-variable"},"yoast_head":"<!-- This site is optimized with the Yoast SEO plugin v27.4 - https:\/\/yoast.com\/product\/yoast-seo-wordpress\/ -->\n<title>Casquette extensible Manu \u00e0 5\u00a0panneaux - PERLE IN<\/title>\n<meta name=\"robots\" content=\"noindex, follow, max-snippet:-1, max-image-preview:large, max-video-preview:-1\" \/>\n<meta property=\"og:locale\" content=\"en_US\" \/>\n<meta property=\"og:type\" content=\"article\" \/>\n<meta property=\"og:title\" content=\"Casquette extensible Manu \u00e0 5\u00a0panneaux - PERLE IN\" \/>\n<meta property=\"og:description\" content=\"La casquette Manu 5 panel stretch est dot\u00e9e d&#039;une visi\u00e8re pr\u00e9-courb\u00e9e offrant une protection solaire essentielle. Les \u0153illets brod\u00e9s assurent une ventilation optimale, ce qui vous permet de rester au frais et \u00e0 l&#039;aise pendant vos activit\u00e9s. Avec un tour de t\u00eate de 58 cm, elle garantit un ajustement sur mesure pour une vari\u00e9t\u00e9 de tailles de t\u00eate. La fermeture \u00e0 boucle m\u00e9tallique permet de l&#039;ajuster sans effort, ce qui permet d&#039;obtenir un ajustement parfait. Fabriqu\u00e9e en polyester 300 g\/m\u00b2 et en \u00e9lasthanne, une combinaison de tissus qui offre une flexibilit\u00e9 optimale.\" \/>\n<meta property=\"og:url\" content=\"https:\/\/perle-in.com\/en\/product\/casquette-extensible-manu-a-5-panneaux\/\" \/>\n<meta property=\"og:site_name\" content=\"PERLE IN\" \/>\n<meta property=\"article:modified_time\" content=\"2025-10-14T06:25:36+00:00\" \/>\n<meta property=\"og:image\" content=\"https:\/\/perle-in.com\/wp-content\/uploads\/2025\/10\/3868284-1.jpg\" \/>\n\t<meta property=\"og:image:width\" content=\"1600\" \/>\n\t<meta property=\"og:image:height\" content=\"1600\" \/>\n\t<meta property=\"og:image:type\" content=\"image\/jpeg\" \/>\n<meta name=\"twitter:card\" content=\"summary_large_image\" \/>\n<script type=\"application\/ld+json\" class=\"yoast-schema-graph\">{\"@context\":\"https:\\\/\\\/schema.org\",\"@graph\":[{\"@type\":\"WebPage\",\"@id\":\"https:\\\/\\\/perle-in.com\\\/produit\\\/casquette-extensible-manu-a-5-panneaux\\\/\",\"url\":\"https:\\\/\\\/perle-in.com\\\/produit\\\/casquette-extensible-manu-a-5-panneaux\\\/\",\"name\":\"Casquette extensible Manu \u00e0 5\u00a0panneaux - PERLE IN\",\"isPartOf\":{\"@id\":\"https:\\\/\\\/perle-in.com\\\/#website\"},\"primaryImageOfPage\":{\"@id\":\"https:\\\/\\\/perle-in.com\\\/produit\\\/casquette-extensible-manu-a-5-panneaux\\\/#primaryimage\"},\"image\":{\"@id\":\"https:\\\/\\\/perle-in.com\\\/produit\\\/casquette-extensible-manu-a-5-panneaux\\\/#primaryimage\"},\"thumbnailUrl\":\"https:\\\/\\\/perle-in.com\\\/wp-content\\\/uploads\\\/2025\\\/10\\\/3868284-1.jpg\",\"datePublished\":\"2025-10-14T06:25:33+00:00\",\"dateModified\":\"2025-10-14T06:25:36+00:00\",\"breadcrumb\":{\"@id\":\"https:\\\/\\\/perle-in.com\\\/produit\\\/casquette-extensible-manu-a-5-panneaux\\\/#breadcrumb\"},\"inLanguage\":\"en-CA\",\"potentialAction\":[{\"@type\":\"ReadAction\",\"target\":[\"https:\\\/\\\/perle-in.com\\\/produit\\\/casquette-extensible-manu-a-5-panneaux\\\/\"]}]},{\"@type\":\"ImageObject\",\"inLanguage\":\"en-CA\",\"@id\":\"https:\\\/\\\/perle-in.com\\\/produit\\\/casquette-extensible-manu-a-5-panneaux\\\/#primaryimage\",\"url\":\"https:\\\/\\\/perle-in.com\\\/wp-content\\\/uploads\\\/2025\\\/10\\\/3868284-1.jpg\",\"contentUrl\":\"https:\\\/\\\/perle-in.com\\\/wp-content\\\/uploads\\\/2025\\\/10\\\/3868284-1.jpg\",\"width\":1600,\"height\":1600},{\"@type\":\"BreadcrumbList\",\"@id\":\"https:\\\/\\\/perle-in.com\\\/produit\\\/casquette-extensible-manu-a-5-panneaux\\\/#breadcrumb\",\"itemListElement\":[{\"@type\":\"ListItem\",\"position\":1,\"name\":\"Accueil\",\"item\":\"https:\\\/\\\/perle-in.com\\\/\"},{\"@type\":\"ListItem\",\"position\":2,\"name\":\"Boutique\",\"item\":\"https:\\\/\\\/perle-in.com\\\/boutique\\\/\"},{\"@type\":\"ListItem\",\"position\":3,\"name\":\"Casquette extensible Manu \u00e0 5\u00a0panneaux\"}]},{\"@type\":\"WebSite\",\"@id\":\"https:\\\/\\\/perle-in.com\\\/#website\",\"url\":\"https:\\\/\\\/perle-in.com\\\/\",\"name\":\"PERLE IN\",\"description\":\"\",\"publisher\":{\"@id\":\"https:\\\/\\\/perle-in.com\\\/#organization\"},\"potentialAction\":[{\"@type\":\"SearchAction\",\"target\":{\"@type\":\"EntryPoint\",\"urlTemplate\":\"https:\\\/\\\/perle-in.com\\\/?s={search_term_string}\"},\"query-input\":{\"@type\":\"PropertyValueSpecification\",\"valueRequired\":true,\"valueName\":\"search_term_string\"}}],\"inLanguage\":\"en-CA\"},{\"@type\":\"Organization\",\"@id\":\"https:\\\/\\\/perle-in.com\\\/#organization\",\"name\":\"PERLE IN\",\"url\":\"https:\\\/\\\/perle-in.com\\\/\",\"logo\":{\"@type\":\"ImageObject\",\"inLanguage\":\"en-CA\",\"@id\":\"https:\\\/\\\/perle-in.com\\\/#\\\/schema\\\/logo\\\/image\\\/\",\"url\":\"https:\\\/\\\/perle-in.com\\\/wp-content\\\/uploads\\\/2022\\\/12\\\/LOGO-PERLE-IN-COULEUR@3x.webp\",\"contentUrl\":\"https:\\\/\\\/perle-in.com\\\/wp-content\\\/uploads\\\/2022\\\/12\\\/LOGO-PERLE-IN-COULEUR@3x.webp\",\"width\":1600,\"height\":490,\"caption\":\"PERLE IN\"},\"image\":{\"@id\":\"https:\\\/\\\/perle-in.com\\\/#\\\/schema\\\/logo\\\/image\\\/\"}}]}<\/script>\n<!-- \/ Yoast SEO plugin. -->","yoast_head_json":{"title":"Casquette extensible Manu \u00e0 5\u00a0panneaux - PERLE IN","robots":{"index":"noindex","follow":"follow","max-snippet":"max-snippet:-1","max-image-preview":"max-image-preview:large","max-video-preview":"max-video-preview:-1"},"og_locale":"en_US","og_type":"article","og_title":"Casquette extensible Manu \u00e0 5\u00a0panneaux - PERLE IN","og_description":"La casquette Manu 5 panel stretch est dot\u00e9e d'une visi\u00e8re pr\u00e9-courb\u00e9e offrant une protection solaire essentielle. Les \u0153illets brod\u00e9s assurent une ventilation optimale, ce qui vous permet de rester au frais et \u00e0 l'aise pendant vos activit\u00e9s. Avec un tour de t\u00eate de 58 cm, elle garantit un ajustement sur mesure pour une vari\u00e9t\u00e9 de tailles de t\u00eate. La fermeture \u00e0 boucle m\u00e9tallique permet de l'ajuster sans effort, ce qui permet d'obtenir un ajustement parfait. Fabriqu\u00e9e en polyester 300 g\/m\u00b2 et en \u00e9lasthanne, une combinaison de tissus qui offre une flexibilit\u00e9 optimale.","og_url":"https:\/\/perle-in.com\/en\/product\/casquette-extensible-manu-a-5-panneaux\/","og_site_name":"PERLE IN","article_modified_time":"2025-10-14T06:25:36+00:00","og_image":[{"width":1600,"height":1600,"url":"https:\/\/perle-in.com\/wp-content\/uploads\/2025\/10\/3868284-1.jpg","type":"image\/jpeg"}],"twitter_card":"summary_large_image","schema":{"@context":"https:\/\/schema.org","@graph":[{"@type":"WebPage","@id":"https:\/\/perle-in.com\/produit\/casquette-extensible-manu-a-5-panneaux\/","url":"https:\/\/perle-in.com\/produit\/casquette-extensible-manu-a-5-panneaux\/","name":"Casquette extensible Manu \u00e0 5\u00a0panneaux - PERLE IN","isPartOf":{"@id":"https:\/\/perle-in.com\/#website"},"primaryImageOfPage":{"@id":"https:\/\/perle-in.com\/produit\/casquette-extensible-manu-a-5-panneaux\/#primaryimage"},"image":{"@id":"https:\/\/perle-in.com\/produit\/casquette-extensible-manu-a-5-panneaux\/#primaryimage"},"thumbnailUrl":"https:\/\/perle-in.com\/wp-content\/uploads\/2025\/10\/3868284-1.jpg","datePublished":"2025-10-14T06:25:33+00:00","dateModified":"2025-10-14T06:25:36+00:00","breadcrumb":{"@id":"https:\/\/perle-in.com\/produit\/casquette-extensible-manu-a-5-panneaux\/#breadcrumb"},"inLanguage":"en-CA","potentialAction":[{"@type":"ReadAction","target":["https:\/\/perle-in.com\/produit\/casquette-extensible-manu-a-5-panneaux\/"]}]},{"@type":"ImageObject","inLanguage":"en-CA","@id":"https:\/\/perle-in.com\/produit\/casquette-extensible-manu-a-5-panneaux\/#primaryimage","url":"https:\/\/perle-in.com\/wp-content\/uploads\/2025\/10\/3868284-1.jpg","contentUrl":"https:\/\/perle-in.com\/wp-content\/uploads\/2025\/10\/3868284-1.jpg","width":1600,"height":1600},{"@type":"BreadcrumbList","@id":"https:\/\/perle-in.com\/produit\/casquette-extensible-manu-a-5-panneaux\/#breadcrumb","itemListElement":[{"@type":"ListItem","position":1,"name":"Accueil","item":"https:\/\/perle-in.com\/"},{"@type":"ListItem","position":2,"name":"Boutique","item":"https:\/\/perle-in.com\/boutique\/"},{"@type":"ListItem","position":3,"name":"Casquette extensible Manu \u00e0 5\u00a0panneaux"}]},{"@type":"WebSite","@id":"https:\/\/perle-in.com\/#website","url":"https:\/\/perle-in.com\/","name":"PERLE IN","description":"","publisher":{"@id":"https:\/\/perle-in.com\/#organization"},"potentialAction":[{"@type":"SearchAction","target":{"@type":"EntryPoint","urlTemplate":"https:\/\/perle-in.com\/?s={search_term_string}"},"query-input":{"@type":"PropertyValueSpecification","valueRequired":true,"valueName":"search_term_string"}}],"inLanguage":"en-CA"},{"@type":"Organization","@id":"https:\/\/perle-in.com\/#organization","name":"PERLE IN","url":"https:\/\/perle-in.com\/","logo":{"@type":"ImageObject","inLanguage":"en-CA","@id":"https:\/\/perle-in.com\/#\/schema\/logo\/image\/","url":"https:\/\/perle-in.com\/wp-content\/uploads\/2022\/12\/LOGO-PERLE-IN-COULEUR@3x.webp","contentUrl":"https:\/\/perle-in.com\/wp-content\/uploads\/2022\/12\/LOGO-PERLE-IN-COULEUR@3x.webp","width":1600,"height":490,"caption":"PERLE IN"},"image":{"@id":"https:\/\/perle-in.com\/#\/schema\/logo\/image\/"}}]}},"jetpack_sharing_enabled":true,"_links":{"self":[{"href":"https:\/\/perle-in.com\/en\/wp-json\/wp\/v2\/product\/529358","targetHints":{"allow":["GET"]}}],"collection":[{"href":"https:\/\/perle-in.com\/en\/wp-json\/wp\/v2\/product"}],"about":[{"href":"https:\/\/perle-in.com\/en\/wp-json\/wp\/v2\/types\/product"}],"version-history":[{"count":0,"href":"https:\/\/perle-in.com\/en\/wp-json\/wp\/v2\/product\/529358\/revisions"}],"wp:featuredmedia":[{"embeddable":true,"href":"https:\/\/perle-in.com\/en\/wp-json\/wp\/v2\/media\/529352"}],"wp:attachment":[{"href":"https:\/\/perle-in.com\/en\/wp-json\/wp\/v2\/media?parent=529358"}],"wp:term":[{"taxonomy":"product_brand","embeddable":true,"href":"https:\/\/perle-in.com\/en\/wp-json\/wp\/v2\/product_brand?post=529358"},{"taxonomy":"product_cat","embeddable":true,"href":"https:\/\/perle-in.com\/en\/wp-json\/wp\/v2\/product_cat?post=529358"},{"taxonomy":"product_tag","embeddable":true,"href":"https:\/\/perle-in.com\/en\/wp-json\/wp\/v2\/product_tag?post=529358"}],"curies":[{"name":"wp","href":"https:\/\/api.w.org\/{rel}","templated":true}]}}

Casquette extensible Manu à 5 panneaux

<p>La casquette Manu 5 panel stretch est dotée d&#8217;une visière pré-courbée offrant une protection solaire essentielle. Les œillets brodés assurent une ventilation optimale, ce qui vous permet de rester au frais et à l&#8217;aise pendant vos activités. Avec un tour de tête de 58 cm, elle garantit un ajustement sur mesure pour une variété de tailles de tête. La fermeture à boucle métallique permet de l&#8217;ajuster sans effort, ce qui permet d&#8217;obtenir un ajustement parfait. Fabriquée en polyester 300 g/m² et en élasthanne, une combinaison de tissus qui offre une flexibilité optimale. </p>

<!-- This site is optimized with the Yoast SEO plugin v27.4 - https://yoast.com/product/yoast-seo-wordpress/ -->
<title>Casquette extensible Manu à 5 panneaux - PERLE IN</title>
<meta name="robots" content="noindex, follow, max-snippet:-1, max-image-preview:large, max-video-preview:-1" />
<meta property="og:locale" content="en_US" />
<meta property="og:type" content="article" />
<meta property="og:title" content="Casquette extensible Manu à 5 panneaux - PERLE IN" />
<meta property="og:description" content="La casquette Manu 5 panel stretch est dotée d&#039;une visière pré-courbée offrant une protection solaire essentielle. Les œillets brodés assurent une ventilation optimale, ce qui vous permet de rester au frais et à l&#039;aise pendant vos activités. Avec un tour de tête de 58 cm, elle garantit un ajustement sur mesure pour une variété de tailles de tête. La fermeture à boucle métallique permet de l&#039;ajuster sans effort, ce qui permet d&#039;obtenir un ajustement parfait. Fabriquée en polyester 300 g/m² et en élasthanne, une combinaison de tissus qui offre une flexibilité optimale." />
<meta property="og:url" content="https://perle-in.com/en/product/casquette-extensible-manu-a-5-panneaux/" />
<meta property="og:site_name" content="PERLE IN" />
<meta property="article:modified_time" content="2025-10-14T06:25:36+00:00" />
<meta property="og:image" content="https://perle-in.com/wp-content/uploads/2025/10/3868284-1.jpg" />
	<meta property="og:image:width" content="1600" />
	<meta property="og:image:height" content="1600" />
	<meta property="og:image:type" content="image/jpeg" />
<meta name="twitter:card" content="summary_large_image" />
<script type="application/ld+json" class="yoast-schema-graph">{"@context":"https:\/\/schema.org","@graph":[{"@type":"WebPage","@id":"https:\/\/perle-in.com\/produit\/casquette-extensible-manu-a-5-panneaux\/","url":"https:\/\/perle-in.com\/produit\/casquette-extensible-manu-a-5-panneaux\/","name":"Casquette extensible Manu à 5 panneaux - PERLE IN","isPartOf":{"@id":"https:\/\/perle-in.com\/#website"},"primaryImageOfPage":{"@id":"https:\/\/perle-in.com\/produit\/casquette-extensible-manu-a-5-panneaux\/#primaryimage"},"image":{"@id":"https:\/\/perle-in.com\/produit\/casquette-extensible-manu-a-5-panneaux\/#primaryimage"},"thumbnailUrl":"https:\/\/perle-in.com\/wp-content\/uploads\/2025\/10\/3868284-1.jpg","datePublished":"2025-10-14T06:25:33+00:00","dateModified":"2025-10-14T06:25:36+00:00","breadcrumb":{"@id":"https:\/\/perle-in.com\/produit\/casquette-extensible-manu-a-5-panneaux\/#breadcrumb"},"inLanguage":"en-CA","potentialAction":[{"@type":"ReadAction","target":["https:\/\/perle-in.com\/produit\/casquette-extensible-manu-a-5-panneaux\/"]}]},{"@type":"ImageObject","inLanguage":"en-CA","@id":"https:\/\/perle-in.com\/produit\/casquette-extensible-manu-a-5-panneaux\/#primaryimage","url":"https:\/\/perle-in.com\/wp-content\/uploads\/2025\/10\/3868284-1.jpg","contentUrl":"https:\/\/perle-in.com\/wp-content\/uploads\/2025\/10\/3868284-1.jpg","width":1600,"height":1600},{"@type":"BreadcrumbList","@id":"https:\/\/perle-in.com\/produit\/casquette-extensible-manu-a-5-panneaux\/#breadcrumb","itemListElement":[{"@type":"ListItem","position":1,"name":"Accueil","item":"https:\/\/perle-in.com\/"},{"@type":"ListItem","position":2,"name":"Boutique","item":"https:\/\/perle-in.com\/boutique\/"},{"@type":"ListItem","position":3,"name":"Casquette extensible Manu à 5 panneaux"}]},{"@type":"WebSite","@id":"https:\/\/perle-in.com\/#website","url":"https:\/\/perle-in.com\/","name":"PERLE IN","description":"","publisher":{"@id":"https:\/\/perle-in.com\/#organization"},"potentialAction":[{"@type":"SearchAction","target":{"@type":"EntryPoint","urlTemplate":"https:\/\/perle-in.com\/?s={search_term_string}"},"query-input":{"@type":"PropertyValueSpecification","valueRequired":true,"valueName":"search_term_string"}}],"inLanguage":"en-CA"},{"@type":"Organization","@id":"https:\/\/perle-in.com\/#organization","name":"PERLE IN","url":"https:\/\/perle-in.com\/","logo":{"@type":"ImageObject","inLanguage":"en-CA","@id":"https:\/\/perle-in.com\/#\/schema\/logo\/image\/","url":"https:\/\/perle-in.com\/wp-content\/uploads\/2022\/12\/LOGO-PERLE-IN-COULEUR@3x.webp","contentUrl":"https:\/\/perle-in.com\/wp-content\/uploads\/2022\/12\/LOGO-PERLE-IN-COULEUR@3x.webp","width":1600,"height":490,"caption":"PERLE IN"},"image":{"@id":"https:\/\/perle-in.com\/#\/schema\/logo\/image\/"}}]}</script>
<!-- / Yoast SEO plugin. -->

Casquette extensible Manu à 5 panneaux - PERLE IN

La casquette Manu 5 panel stretch est dotée d'une visière pré-courbée offrant une protection solaire essentielle. Les œillets brodés assurent une ventilation optimale, ce qui vous permet de rester au frais et à l'aise pendant vos activités. Avec un tour de tête de 58 cm, elle garantit un ajustement sur mesure pour une variété de tailles de tête. La fermeture à boucle métallique permet de l'ajuster sans effort, ce qui permet d'obtenir un ajustement parfait. Fabriquée en polyester 300 g/m² et en élasthanne, une combinaison de tissus qui offre une flexibilité optimale.
