{"id":529173,"date":"2025-10-14T08:13:18","date_gmt":"2025-10-14T06:13:18","guid":{"rendered":"https:\/\/perle-in.com\/produit\/pull-ras-de-cou-zenon-pour-homme\/"},"modified":"2025-10-14T22:31:07","modified_gmt":"2025-10-14T20:31:07","slug":"pull-ras-de-cou-zenon-pour-homme","status":"publish","type":"product","link":"https:\/\/perle-in.com\/en\/product\/pull-ras-de-cou-zenon-pour-homme\/","title":{"rendered":"Pull ras de cou Zenon pour homme"},"content":{"rendered":"","protected":false},"excerpt":{"rendered":"<p>Le pull \u00e0 col ras du cou Zenon pour homme allie confort et design classique. Il est fabriqu\u00e9 \u00e0 partir d&#8217;un m\u00e9lange de coton et de polyester de 240 g\/m\u00b2. Le design classique \u00e0 col ras du cou est accentu\u00e9 par des d\u00e9tails en tricot plat sur le col, les poignets et l&#8217;ourlet du bas, offrant une coupe ajust\u00e9e et une touche de sophistication. De plus, les options de marquage personnalis\u00e9 \u00e0 l&#8217;int\u00e9rieur du pull permettent de personnaliser le marquage ou la personnalisation \u00e0 l&#8217;int\u00e9rieur du pull. L&#8217;int\u00e9rieur bross\u00e9 ajoute une couche suppl\u00e9mentaire de confort, ce qui le rend parfait pour les jours plus froids. Avec son design bien pens\u00e9 et ses mat\u00e9riaux de qualit\u00e9, le pull Zenon est un essentiel polyvalent qui ajoute une touche d&#8217;individualit\u00e9 \u00e0 votre look tout en vous assurant un maximum de confort.<\/p>","protected":false},"featured_media":529034,"template":"","meta":{"_eb_attr":""},"product_brand":[],"product_cat":[1262,1024],"product_tag":[2451,2661,2424,2420,2433],"class_list":{"0":"post-529173","1":"product","2":"type-product","3":"status-publish","4":"has-post-thumbnail","6":"product_cat-sweat","7":"product_cat-vetements","8":"product_tag-pull","9":"product_tag-pulls","10":"product_tag-super-heroes","11":"product_tag-superheroes","12":"product_tag-sweat","13":"pa_couleurs-blanc","14":"pa_couleurs-bleu","15":"pa_couleurs-gris","16":"pa_couleurs-gris-storm","17":"pa_couleurs-marine","18":"pa_couleurs-noir","19":"pa_couleurs-orange","20":"pa_couleurs-rouge","21":"pa_genre-male","22":"pa_marque-elevate-essentials","23":"pa_matiere-tricot-coton-polyester-240-g-m2","24":"pa_pays-d-origine-bengladesh","25":"pa_taille-2xl","26":"pa_taille-3xl","27":"pa_taille-4xl","28":"pa_taille-5xl","29":"pa_taille-l","30":"pa_taille-m","31":"pa_taille-s","32":"pa_taille-xl","33":"pa_taille-xs","35":"first","36":"instock","37":"sale","38":"shipping-taxable","39":"purchasable","40":"product-type-variable"},"yoast_head":"<!-- This site is optimized with the Yoast SEO plugin v27.4 - https:\/\/yoast.com\/product\/yoast-seo-wordpress\/ -->\n<title>Pull ras de cou Zenon pour homme - PERLE IN<\/title>\n<meta name=\"robots\" content=\"noindex, follow, max-snippet:-1, max-image-preview:large, max-video-preview:-1\" \/>\n<meta property=\"og:locale\" content=\"en_US\" \/>\n<meta property=\"og:type\" content=\"article\" \/>\n<meta property=\"og:title\" content=\"Pull ras de cou Zenon pour homme - PERLE IN\" \/>\n<meta property=\"og:description\" content=\"Le pull \u00e0 col ras du cou Zenon pour homme allie confort et design classique. Il est fabriqu\u00e9 \u00e0 partir d&#039;un m\u00e9lange de coton et de polyester de 240 g\/m\u00b2. Le design classique \u00e0 col ras du cou est accentu\u00e9 par des d\u00e9tails en tricot plat sur le col, les poignets et l&#039;ourlet du bas, offrant une coupe ajust\u00e9e et une touche de sophistication. De plus, les options de marquage personnalis\u00e9 \u00e0 l&#039;int\u00e9rieur du pull permettent de personnaliser le marquage ou la personnalisation \u00e0 l&#039;int\u00e9rieur du pull. L&#039;int\u00e9rieur bross\u00e9 ajoute une couche suppl\u00e9mentaire de confort, ce qui le rend parfait pour les jours plus froids. Avec son design bien pens\u00e9 et ses mat\u00e9riaux de qualit\u00e9, le pull Zenon est un essentiel polyvalent qui ajoute une touche d&#039;individualit\u00e9 \u00e0 votre look tout en vous assurant un maximum de confort.\" \/>\n<meta property=\"og:url\" content=\"https:\/\/perle-in.com\/en\/product\/pull-ras-de-cou-zenon-pour-homme\/\" \/>\n<meta property=\"og:site_name\" content=\"PERLE IN\" \/>\n<meta property=\"article:modified_time\" content=\"2025-10-14T20:31:07+00:00\" \/>\n<meta property=\"og:image\" content=\"https:\/\/perle-in.com\/wp-content\/uploads\/2025\/10\/3823101-1.jpg\" \/>\n\t<meta property=\"og:image:width\" content=\"1600\" \/>\n\t<meta property=\"og:image:height\" content=\"1600\" \/>\n\t<meta property=\"og:image:type\" content=\"image\/jpeg\" \/>\n<meta name=\"twitter:card\" content=\"summary_large_image\" \/>\n<script type=\"application\/ld+json\" class=\"yoast-schema-graph\">{\"@context\":\"https:\\\/\\\/schema.org\",\"@graph\":[{\"@type\":\"WebPage\",\"@id\":\"https:\\\/\\\/perle-in.com\\\/produit\\\/pull-ras-de-cou-zenon-pour-homme\\\/\",\"url\":\"https:\\\/\\\/perle-in.com\\\/produit\\\/pull-ras-de-cou-zenon-pour-homme\\\/\",\"name\":\"Pull ras de cou Zenon pour homme - PERLE IN\",\"isPartOf\":{\"@id\":\"https:\\\/\\\/perle-in.com\\\/#website\"},\"primaryImageOfPage\":{\"@id\":\"https:\\\/\\\/perle-in.com\\\/produit\\\/pull-ras-de-cou-zenon-pour-homme\\\/#primaryimage\"},\"image\":{\"@id\":\"https:\\\/\\\/perle-in.com\\\/produit\\\/pull-ras-de-cou-zenon-pour-homme\\\/#primaryimage\"},\"thumbnailUrl\":\"https:\\\/\\\/perle-in.com\\\/wp-content\\\/uploads\\\/2025\\\/10\\\/3823101-1.jpg\",\"datePublished\":\"2025-10-14T06:13:18+00:00\",\"dateModified\":\"2025-10-14T20:31:07+00:00\",\"breadcrumb\":{\"@id\":\"https:\\\/\\\/perle-in.com\\\/produit\\\/pull-ras-de-cou-zenon-pour-homme\\\/#breadcrumb\"},\"inLanguage\":\"en-CA\",\"potentialAction\":[{\"@type\":\"ReadAction\",\"target\":[\"https:\\\/\\\/perle-in.com\\\/produit\\\/pull-ras-de-cou-zenon-pour-homme\\\/\"]}]},{\"@type\":\"ImageObject\",\"inLanguage\":\"en-CA\",\"@id\":\"https:\\\/\\\/perle-in.com\\\/produit\\\/pull-ras-de-cou-zenon-pour-homme\\\/#primaryimage\",\"url\":\"https:\\\/\\\/perle-in.com\\\/wp-content\\\/uploads\\\/2025\\\/10\\\/3823101-1.jpg\",\"contentUrl\":\"https:\\\/\\\/perle-in.com\\\/wp-content\\\/uploads\\\/2025\\\/10\\\/3823101-1.jpg\",\"width\":1600,\"height\":1600},{\"@type\":\"BreadcrumbList\",\"@id\":\"https:\\\/\\\/perle-in.com\\\/produit\\\/pull-ras-de-cou-zenon-pour-homme\\\/#breadcrumb\",\"itemListElement\":[{\"@type\":\"ListItem\",\"position\":1,\"name\":\"Accueil\",\"item\":\"https:\\\/\\\/perle-in.com\\\/\"},{\"@type\":\"ListItem\",\"position\":2,\"name\":\"Boutique\",\"item\":\"https:\\\/\\\/perle-in.com\\\/boutique\\\/\"},{\"@type\":\"ListItem\",\"position\":3,\"name\":\"Pull ras de cou Zenon pour homme\"}]},{\"@type\":\"WebSite\",\"@id\":\"https:\\\/\\\/perle-in.com\\\/#website\",\"url\":\"https:\\\/\\\/perle-in.com\\\/\",\"name\":\"PERLE IN\",\"description\":\"\",\"publisher\":{\"@id\":\"https:\\\/\\\/perle-in.com\\\/#organization\"},\"potentialAction\":[{\"@type\":\"SearchAction\",\"target\":{\"@type\":\"EntryPoint\",\"urlTemplate\":\"https:\\\/\\\/perle-in.com\\\/?s={search_term_string}\"},\"query-input\":{\"@type\":\"PropertyValueSpecification\",\"valueRequired\":true,\"valueName\":\"search_term_string\"}}],\"inLanguage\":\"en-CA\"},{\"@type\":\"Organization\",\"@id\":\"https:\\\/\\\/perle-in.com\\\/#organization\",\"name\":\"PERLE IN\",\"url\":\"https:\\\/\\\/perle-in.com\\\/\",\"logo\":{\"@type\":\"ImageObject\",\"inLanguage\":\"en-CA\",\"@id\":\"https:\\\/\\\/perle-in.com\\\/#\\\/schema\\\/logo\\\/image\\\/\",\"url\":\"https:\\\/\\\/perle-in.com\\\/wp-content\\\/uploads\\\/2022\\\/12\\\/LOGO-PERLE-IN-COULEUR@3x.webp\",\"contentUrl\":\"https:\\\/\\\/perle-in.com\\\/wp-content\\\/uploads\\\/2022\\\/12\\\/LOGO-PERLE-IN-COULEUR@3x.webp\",\"width\":1600,\"height\":490,\"caption\":\"PERLE IN\"},\"image\":{\"@id\":\"https:\\\/\\\/perle-in.com\\\/#\\\/schema\\\/logo\\\/image\\\/\"}}]}<\/script>\n<!-- \/ Yoast SEO plugin. -->","yoast_head_json":{"title":"Pull ras de cou Zenon pour homme - PERLE IN","robots":{"index":"noindex","follow":"follow","max-snippet":"max-snippet:-1","max-image-preview":"max-image-preview:large","max-video-preview":"max-video-preview:-1"},"og_locale":"en_US","og_type":"article","og_title":"Pull ras de cou Zenon pour homme - PERLE IN","og_description":"Le pull \u00e0 col ras du cou Zenon pour homme allie confort et design classique. Il est fabriqu\u00e9 \u00e0 partir d'un m\u00e9lange de coton et de polyester de 240 g\/m\u00b2. Le design classique \u00e0 col ras du cou est accentu\u00e9 par des d\u00e9tails en tricot plat sur le col, les poignets et l'ourlet du bas, offrant une coupe ajust\u00e9e et une touche de sophistication. De plus, les options de marquage personnalis\u00e9 \u00e0 l'int\u00e9rieur du pull permettent de personnaliser le marquage ou la personnalisation \u00e0 l'int\u00e9rieur du pull. L'int\u00e9rieur bross\u00e9 ajoute une couche suppl\u00e9mentaire de confort, ce qui le rend parfait pour les jours plus froids. Avec son design bien pens\u00e9 et ses mat\u00e9riaux de qualit\u00e9, le pull Zenon est un essentiel polyvalent qui ajoute une touche d'individualit\u00e9 \u00e0 votre look tout en vous assurant un maximum de confort.","og_url":"https:\/\/perle-in.com\/en\/product\/pull-ras-de-cou-zenon-pour-homme\/","og_site_name":"PERLE IN","article_modified_time":"2025-10-14T20:31:07+00:00","og_image":[{"width":1600,"height":1600,"url":"https:\/\/perle-in.com\/wp-content\/uploads\/2025\/10\/3823101-1.jpg","type":"image\/jpeg"}],"twitter_card":"summary_large_image","schema":{"@context":"https:\/\/schema.org","@graph":[{"@type":"WebPage","@id":"https:\/\/perle-in.com\/produit\/pull-ras-de-cou-zenon-pour-homme\/","url":"https:\/\/perle-in.com\/produit\/pull-ras-de-cou-zenon-pour-homme\/","name":"Pull ras de cou Zenon pour homme - PERLE IN","isPartOf":{"@id":"https:\/\/perle-in.com\/#website"},"primaryImageOfPage":{"@id":"https:\/\/perle-in.com\/produit\/pull-ras-de-cou-zenon-pour-homme\/#primaryimage"},"image":{"@id":"https:\/\/perle-in.com\/produit\/pull-ras-de-cou-zenon-pour-homme\/#primaryimage"},"thumbnailUrl":"https:\/\/perle-in.com\/wp-content\/uploads\/2025\/10\/3823101-1.jpg","datePublished":"2025-10-14T06:13:18+00:00","dateModified":"2025-10-14T20:31:07+00:00","breadcrumb":{"@id":"https:\/\/perle-in.com\/produit\/pull-ras-de-cou-zenon-pour-homme\/#breadcrumb"},"inLanguage":"en-CA","potentialAction":[{"@type":"ReadAction","target":["https:\/\/perle-in.com\/produit\/pull-ras-de-cou-zenon-pour-homme\/"]}]},{"@type":"ImageObject","inLanguage":"en-CA","@id":"https:\/\/perle-in.com\/produit\/pull-ras-de-cou-zenon-pour-homme\/#primaryimage","url":"https:\/\/perle-in.com\/wp-content\/uploads\/2025\/10\/3823101-1.jpg","contentUrl":"https:\/\/perle-in.com\/wp-content\/uploads\/2025\/10\/3823101-1.jpg","width":1600,"height":1600},{"@type":"BreadcrumbList","@id":"https:\/\/perle-in.com\/produit\/pull-ras-de-cou-zenon-pour-homme\/#breadcrumb","itemListElement":[{"@type":"ListItem","position":1,"name":"Accueil","item":"https:\/\/perle-in.com\/"},{"@type":"ListItem","position":2,"name":"Boutique","item":"https:\/\/perle-in.com\/boutique\/"},{"@type":"ListItem","position":3,"name":"Pull ras de cou Zenon pour homme"}]},{"@type":"WebSite","@id":"https:\/\/perle-in.com\/#website","url":"https:\/\/perle-in.com\/","name":"PERLE IN","description":"","publisher":{"@id":"https:\/\/perle-in.com\/#organization"},"potentialAction":[{"@type":"SearchAction","target":{"@type":"EntryPoint","urlTemplate":"https:\/\/perle-in.com\/?s={search_term_string}"},"query-input":{"@type":"PropertyValueSpecification","valueRequired":true,"valueName":"search_term_string"}}],"inLanguage":"en-CA"},{"@type":"Organization","@id":"https:\/\/perle-in.com\/#organization","name":"PERLE IN","url":"https:\/\/perle-in.com\/","logo":{"@type":"ImageObject","inLanguage":"en-CA","@id":"https:\/\/perle-in.com\/#\/schema\/logo\/image\/","url":"https:\/\/perle-in.com\/wp-content\/uploads\/2022\/12\/LOGO-PERLE-IN-COULEUR@3x.webp","contentUrl":"https:\/\/perle-in.com\/wp-content\/uploads\/2022\/12\/LOGO-PERLE-IN-COULEUR@3x.webp","width":1600,"height":490,"caption":"PERLE IN"},"image":{"@id":"https:\/\/perle-in.com\/#\/schema\/logo\/image\/"}}]}},"jetpack_sharing_enabled":true,"_links":{"self":[{"href":"https:\/\/perle-in.com\/en\/wp-json\/wp\/v2\/product\/529173","targetHints":{"allow":["GET"]}}],"collection":[{"href":"https:\/\/perle-in.com\/en\/wp-json\/wp\/v2\/product"}],"about":[{"href":"https:\/\/perle-in.com\/en\/wp-json\/wp\/v2\/types\/product"}],"version-history":[{"count":0,"href":"https:\/\/perle-in.com\/en\/wp-json\/wp\/v2\/product\/529173\/revisions"}],"wp:featuredmedia":[{"embeddable":true,"href":"https:\/\/perle-in.com\/en\/wp-json\/wp\/v2\/media\/529034"}],"wp:attachment":[{"href":"https:\/\/perle-in.com\/en\/wp-json\/wp\/v2\/media?parent=529173"}],"wp:term":[{"taxonomy":"product_brand","embeddable":true,"href":"https:\/\/perle-in.com\/en\/wp-json\/wp\/v2\/product_brand?post=529173"},{"taxonomy":"product_cat","embeddable":true,"href":"https:\/\/perle-in.com\/en\/wp-json\/wp\/v2\/product_cat?post=529173"},{"taxonomy":"product_tag","embeddable":true,"href":"https:\/\/perle-in.com\/en\/wp-json\/wp\/v2\/product_tag?post=529173"}],"curies":[{"name":"wp","href":"https:\/\/api.w.org\/{rel}","templated":true}]}}

<p>Le pull à col ras du cou Zenon pour homme allie confort et design classique. Il est fabriqué à partir d&#8217;un mélange de coton et de polyester de 240 g/m². Le design classique à col ras du cou est accentué par des détails en tricot plat sur le col, les poignets et l&#8217;ourlet du bas, offrant une coupe ajustée et une touche de sophistication. De plus, les options de marquage personnalisé à l&#8217;intérieur du pull permettent de personnaliser le marquage ou la personnalisation à l&#8217;intérieur du pull. L&#8217;intérieur brossé ajoute une couche supplémentaire de confort, ce qui le rend parfait pour les jours plus froids. Avec son design bien pensé et ses matériaux de qualité, le pull Zenon est un essentiel polyvalent qui ajoute une touche d&#8217;individualité à votre look tout en vous assurant un maximum de confort.</p>

<!-- This site is optimized with the Yoast SEO plugin v27.4 - https://yoast.com/product/yoast-seo-wordpress/ -->
<title>Pull ras de cou Zenon pour homme - PERLE IN</title>
<meta name="robots" content="noindex, follow, max-snippet:-1, max-image-preview:large, max-video-preview:-1" />
<meta property="og:locale" content="en_US" />
<meta property="og:type" content="article" />
<meta property="og:title" content="Pull ras de cou Zenon pour homme - PERLE IN" />
<meta property="og:description" content="Le pull à col ras du cou Zenon pour homme allie confort et design classique. Il est fabriqué à partir d&#039;un mélange de coton et de polyester de 240 g/m². Le design classique à col ras du cou est accentué par des détails en tricot plat sur le col, les poignets et l&#039;ourlet du bas, offrant une coupe ajustée et une touche de sophistication. De plus, les options de marquage personnalisé à l&#039;intérieur du pull permettent de personnaliser le marquage ou la personnalisation à l&#039;intérieur du pull. L&#039;intérieur brossé ajoute une couche supplémentaire de confort, ce qui le rend parfait pour les jours plus froids. Avec son design bien pensé et ses matériaux de qualité, le pull Zenon est un essentiel polyvalent qui ajoute une touche d&#039;individualité à votre look tout en vous assurant un maximum de confort." />
<meta property="og:url" content="https://perle-in.com/en/product/pull-ras-de-cou-zenon-pour-homme/" />
<meta property="og:site_name" content="PERLE IN" />
<meta property="article:modified_time" content="2025-10-14T20:31:07+00:00" />
<meta property="og:image" content="https://perle-in.com/wp-content/uploads/2025/10/3823101-1.jpg" />
	<meta property="og:image:width" content="1600" />
	<meta property="og:image:height" content="1600" />
	<meta property="og:image:type" content="image/jpeg" />
<meta name="twitter:card" content="summary_large_image" />
<script type="application/ld+json" class="yoast-schema-graph">{"@context":"https:\/\/schema.org","@graph":[{"@type":"WebPage","@id":"https:\/\/perle-in.com\/produit\/pull-ras-de-cou-zenon-pour-homme\/","url":"https:\/\/perle-in.com\/produit\/pull-ras-de-cou-zenon-pour-homme\/","name":"Pull ras de cou Zenon pour homme - PERLE IN","isPartOf":{"@id":"https:\/\/perle-in.com\/#website"},"primaryImageOfPage":{"@id":"https:\/\/perle-in.com\/produit\/pull-ras-de-cou-zenon-pour-homme\/#primaryimage"},"image":{"@id":"https:\/\/perle-in.com\/produit\/pull-ras-de-cou-zenon-pour-homme\/#primaryimage"},"thumbnailUrl":"https:\/\/perle-in.com\/wp-content\/uploads\/2025\/10\/3823101-1.jpg","datePublished":"2025-10-14T06:13:18+00:00","dateModified":"2025-10-14T20:31:07+00:00","breadcrumb":{"@id":"https:\/\/perle-in.com\/produit\/pull-ras-de-cou-zenon-pour-homme\/#breadcrumb"},"inLanguage":"en-CA","potentialAction":[{"@type":"ReadAction","target":["https:\/\/perle-in.com\/produit\/pull-ras-de-cou-zenon-pour-homme\/"]}]},{"@type":"ImageObject","inLanguage":"en-CA","@id":"https:\/\/perle-in.com\/produit\/pull-ras-de-cou-zenon-pour-homme\/#primaryimage","url":"https:\/\/perle-in.com\/wp-content\/uploads\/2025\/10\/3823101-1.jpg","contentUrl":"https:\/\/perle-in.com\/wp-content\/uploads\/2025\/10\/3823101-1.jpg","width":1600,"height":1600},{"@type":"BreadcrumbList","@id":"https:\/\/perle-in.com\/produit\/pull-ras-de-cou-zenon-pour-homme\/#breadcrumb","itemListElement":[{"@type":"ListItem","position":1,"name":"Accueil","item":"https:\/\/perle-in.com\/"},{"@type":"ListItem","position":2,"name":"Boutique","item":"https:\/\/perle-in.com\/boutique\/"},{"@type":"ListItem","position":3,"name":"Pull ras de cou Zenon pour homme"}]},{"@type":"WebSite","@id":"https:\/\/perle-in.com\/#website","url":"https:\/\/perle-in.com\/","name":"PERLE IN","description":"","publisher":{"@id":"https:\/\/perle-in.com\/#organization"},"potentialAction":[{"@type":"SearchAction","target":{"@type":"EntryPoint","urlTemplate":"https:\/\/perle-in.com\/?s={search_term_string}"},"query-input":{"@type":"PropertyValueSpecification","valueRequired":true,"valueName":"search_term_string"}}],"inLanguage":"en-CA"},{"@type":"Organization","@id":"https:\/\/perle-in.com\/#organization","name":"PERLE IN","url":"https:\/\/perle-in.com\/","logo":{"@type":"ImageObject","inLanguage":"en-CA","@id":"https:\/\/perle-in.com\/#\/schema\/logo\/image\/","url":"https:\/\/perle-in.com\/wp-content\/uploads\/2022\/12\/LOGO-PERLE-IN-COULEUR@3x.webp","contentUrl":"https:\/\/perle-in.com\/wp-content\/uploads\/2022\/12\/LOGO-PERLE-IN-COULEUR@3x.webp","width":1600,"height":490,"caption":"PERLE IN"},"image":{"@id":"https:\/\/perle-in.com\/#\/schema\/logo\/image\/"}}]}</script>
<!-- / Yoast SEO plugin. -->

Le pull à col ras du cou Zenon pour homme allie confort et design classique. Il est fabriqué à partir d'un mélange de coton et de polyester de 240 g/m². Le design classique à col ras du cou est accentué par des détails en tricot plat sur le col, les poignets et l'ourlet du bas, offrant une coupe ajustée et une touche de sophistication. De plus, les options de marquage personnalisé à l'intérieur du pull permettent de personnaliser le marquage ou la personnalisation à l'intérieur du pull. L'intérieur brossé ajoute une couche supplémentaire de confort, ce qui le rend parfait pour les jours plus froids. Avec son design bien pensé et ses matériaux de qualité, le pull Zenon est un essentiel polyvalent qui ajoute une touche d'individualité à votre look tout en vous assurant un maximum de confort.
