{"id":526533,"date":"2025-10-14T07:14:23","date_gmt":"2025-10-14T05:14:23","guid":{"rendered":"https:\/\/perle-in.com\/produit\/gobelet-isolant-americano-espresso-250ml-avec-couvercle-anti-fuite\/"},"modified":"2025-10-14T07:14:35","modified_gmt":"2025-10-14T05:14:35","slug":"gobelet-isolant-americano-espresso-250ml-avec-couvercle-anti-fuite","status":"publish","type":"product","link":"https:\/\/perle-in.com\/en\/product\/gobelet-isolant-americano-espresso-250ml-avec-couvercle-anti-fuite\/","title":{"rendered":"Gobelet isolant Americano\u00ae Espresso 250ml avec couvercle anti-fuite"},"content":{"rendered":"","protected":false},"excerpt":{"rendered":"<p>Gobelet isotherme compact \u00e0 double paroi avec couvercle \u00e0 visser. La couche ext\u00e9rieure du gobelet est fabriqu\u00e9e \u00e0 partir de plastique recycl\u00e9. Le couvercle permet d&#8217;\u00e9viter les fuites et est propos\u00e9 sans silicone lui permettant d&#8217;\u00eatre totalement recyclable. Gobelet \u00e9quip\u00e9 d\u2019un design tout en couleur moul\u00e9 sur l\u2019ensemble du produit, ce qui le rend r\u00e9sistant et lui permet de durer plus longtemps. Conforme \u00e0 la norme EN12875-1. Passe au lave-vaisselle et au micro-ondes. Capacit\u00e9 de 250 ml. Couleurs \u00e0 m\u00e9langer et \u00e0 assortir pour cr\u00e9er le mug parfait. Pour plus de couleurs, contactez le service commercial. Fabriqu\u00e9 au Royaume-Uni. Sans BPA.<\/p>","protected":false},"featured_media":526516,"template":"","meta":{"_eb_attr":""},"product_brand":[],"product_cat":[173,1209],"product_tag":[2244,1374,308,196,2646,190,230,197,291],"class_list":{"0":"post-526533","1":"product","2":"type-product","3":"status-publish","4":"has-post-thumbnail","6":"product_cat-drinkware","7":"product_cat-mugs-pour-voyager","8":"product_tag-drinkware","9":"product_tag-etanche","10":"product_tag-gobelet","11":"product_tag-isolant","12":"product_tag-isolation","13":"product_tag-mug","14":"product_tag-tasse","15":"product_tag-thermos","16":"product_tag-voyage","17":"pa_couleurs-blanc","18":"pa_couleurs-blanc-bleu","19":"pa_couleurs-blanc-bleu-mineral","20":"pa_couleurs-blanc-citron-vert","21":"pa_couleurs-blanc-gris","22":"pa_couleurs-blanc-jaune","23":"pa_couleurs-blanc-noir","24":"pa_couleurs-blanc-orange","25":"pa_couleurs-blanc-rose","26":"pa_couleurs-blanc-rouge","27":"pa_couleurs-blanc-vert","28":"pa_couleurs-blanc-vert-eau","29":"pa_couleurs-blanc-violet","30":"pa_pays-d-origine-angleterre","32":"first","33":"instock","34":"shipping-taxable","35":"purchasable","36":"product-type-variable"},"yoast_head":"<!-- This site is optimized with the Yoast SEO plugin v27.4 - https:\/\/yoast.com\/product\/yoast-seo-wordpress\/ -->\n<title>Gobelet isolant Americano\u00ae Espresso 250ml avec couvercle anti-fuite - PERLE IN<\/title>\n<meta name=\"robots\" content=\"noindex, follow, max-snippet:-1, max-image-preview:large, max-video-preview:-1\" \/>\n<meta property=\"og:locale\" content=\"en_US\" \/>\n<meta property=\"og:type\" content=\"article\" \/>\n<meta property=\"og:title\" content=\"Gobelet isolant Americano\u00ae Espresso 250ml avec couvercle anti-fuite - PERLE IN\" \/>\n<meta property=\"og:description\" content=\"Gobelet isotherme compact \u00e0 double paroi avec couvercle \u00e0 visser. La couche ext\u00e9rieure du gobelet est fabriqu\u00e9e \u00e0 partir de plastique recycl\u00e9. Le couvercle permet d&#039;\u00e9viter les fuites et est propos\u00e9 sans silicone lui permettant d&#039;\u00eatre totalement recyclable. Gobelet \u00e9quip\u00e9 d\u2019un design tout en couleur moul\u00e9 sur l\u2019ensemble du produit, ce qui le rend r\u00e9sistant et lui permet de durer plus longtemps. Conforme \u00e0 la norme EN12875-1. Passe au lave-vaisselle et au micro-ondes. Capacit\u00e9 de 250 ml. Couleurs \u00e0 m\u00e9langer et \u00e0 assortir pour cr\u00e9er le mug parfait. Pour plus de couleurs, contactez le service commercial. Fabriqu\u00e9 au Royaume-Uni. Sans BPA.\" \/>\n<meta property=\"og:url\" content=\"https:\/\/perle-in.com\/en\/product\/gobelet-isolant-americano-espresso-250ml-avec-couvercle-anti-fuite\/\" \/>\n<meta property=\"og:site_name\" content=\"PERLE IN\" \/>\n<meta property=\"article:modified_time\" content=\"2025-10-14T05:14:35+00:00\" \/>\n<meta property=\"og:image\" content=\"https:\/\/perle-in.com\/wp-content\/uploads\/2025\/10\/21069800-1.jpg\" \/>\n\t<meta property=\"og:image:width\" content=\"1600\" \/>\n\t<meta property=\"og:image:height\" content=\"1600\" \/>\n\t<meta property=\"og:image:type\" content=\"image\/jpeg\" \/>\n<meta name=\"twitter:card\" content=\"summary_large_image\" \/>\n<script type=\"application\/ld+json\" class=\"yoast-schema-graph\">{\"@context\":\"https:\\\/\\\/schema.org\",\"@graph\":[{\"@type\":\"WebPage\",\"@id\":\"https:\\\/\\\/perle-in.com\\\/produit\\\/gobelet-isolant-americano-espresso-250ml-avec-couvercle-anti-fuite\\\/\",\"url\":\"https:\\\/\\\/perle-in.com\\\/produit\\\/gobelet-isolant-americano-espresso-250ml-avec-couvercle-anti-fuite\\\/\",\"name\":\"Gobelet isolant Americano\u00ae Espresso 250ml avec couvercle anti-fuite - PERLE IN\",\"isPartOf\":{\"@id\":\"https:\\\/\\\/perle-in.com\\\/#website\"},\"primaryImageOfPage\":{\"@id\":\"https:\\\/\\\/perle-in.com\\\/produit\\\/gobelet-isolant-americano-espresso-250ml-avec-couvercle-anti-fuite\\\/#primaryimage\"},\"image\":{\"@id\":\"https:\\\/\\\/perle-in.com\\\/produit\\\/gobelet-isolant-americano-espresso-250ml-avec-couvercle-anti-fuite\\\/#primaryimage\"},\"thumbnailUrl\":\"https:\\\/\\\/perle-in.com\\\/wp-content\\\/uploads\\\/2025\\\/10\\\/21069800-1.jpg\",\"datePublished\":\"2025-10-14T05:14:23+00:00\",\"dateModified\":\"2025-10-14T05:14:35+00:00\",\"breadcrumb\":{\"@id\":\"https:\\\/\\\/perle-in.com\\\/produit\\\/gobelet-isolant-americano-espresso-250ml-avec-couvercle-anti-fuite\\\/#breadcrumb\"},\"inLanguage\":\"en-CA\",\"potentialAction\":[{\"@type\":\"ReadAction\",\"target\":[\"https:\\\/\\\/perle-in.com\\\/produit\\\/gobelet-isolant-americano-espresso-250ml-avec-couvercle-anti-fuite\\\/\"]}]},{\"@type\":\"ImageObject\",\"inLanguage\":\"en-CA\",\"@id\":\"https:\\\/\\\/perle-in.com\\\/produit\\\/gobelet-isolant-americano-espresso-250ml-avec-couvercle-anti-fuite\\\/#primaryimage\",\"url\":\"https:\\\/\\\/perle-in.com\\\/wp-content\\\/uploads\\\/2025\\\/10\\\/21069800-1.jpg\",\"contentUrl\":\"https:\\\/\\\/perle-in.com\\\/wp-content\\\/uploads\\\/2025\\\/10\\\/21069800-1.jpg\",\"width\":1600,\"height\":1600},{\"@type\":\"BreadcrumbList\",\"@id\":\"https:\\\/\\\/perle-in.com\\\/produit\\\/gobelet-isolant-americano-espresso-250ml-avec-couvercle-anti-fuite\\\/#breadcrumb\",\"itemListElement\":[{\"@type\":\"ListItem\",\"position\":1,\"name\":\"Accueil\",\"item\":\"https:\\\/\\\/perle-in.com\\\/\"},{\"@type\":\"ListItem\",\"position\":2,\"name\":\"Boutique\",\"item\":\"https:\\\/\\\/perle-in.com\\\/boutique\\\/\"},{\"@type\":\"ListItem\",\"position\":3,\"name\":\"Gobelet isolant Americano\u00ae Espresso 250ml avec couvercle anti-fuite\"}]},{\"@type\":\"WebSite\",\"@id\":\"https:\\\/\\\/perle-in.com\\\/#website\",\"url\":\"https:\\\/\\\/perle-in.com\\\/\",\"name\":\"PERLE IN\",\"description\":\"\",\"publisher\":{\"@id\":\"https:\\\/\\\/perle-in.com\\\/#organization\"},\"potentialAction\":[{\"@type\":\"SearchAction\",\"target\":{\"@type\":\"EntryPoint\",\"urlTemplate\":\"https:\\\/\\\/perle-in.com\\\/?s={search_term_string}\"},\"query-input\":{\"@type\":\"PropertyValueSpecification\",\"valueRequired\":true,\"valueName\":\"search_term_string\"}}],\"inLanguage\":\"en-CA\"},{\"@type\":\"Organization\",\"@id\":\"https:\\\/\\\/perle-in.com\\\/#organization\",\"name\":\"PERLE IN\",\"url\":\"https:\\\/\\\/perle-in.com\\\/\",\"logo\":{\"@type\":\"ImageObject\",\"inLanguage\":\"en-CA\",\"@id\":\"https:\\\/\\\/perle-in.com\\\/#\\\/schema\\\/logo\\\/image\\\/\",\"url\":\"https:\\\/\\\/perle-in.com\\\/wp-content\\\/uploads\\\/2022\\\/12\\\/LOGO-PERLE-IN-COULEUR@3x.webp\",\"contentUrl\":\"https:\\\/\\\/perle-in.com\\\/wp-content\\\/uploads\\\/2022\\\/12\\\/LOGO-PERLE-IN-COULEUR@3x.webp\",\"width\":1600,\"height\":490,\"caption\":\"PERLE IN\"},\"image\":{\"@id\":\"https:\\\/\\\/perle-in.com\\\/#\\\/schema\\\/logo\\\/image\\\/\"}}]}<\/script>\n<!-- \/ Yoast SEO plugin. -->","yoast_head_json":{"title":"Gobelet isolant Americano\u00ae Espresso 250ml avec couvercle anti-fuite - PERLE IN","robots":{"index":"noindex","follow":"follow","max-snippet":"max-snippet:-1","max-image-preview":"max-image-preview:large","max-video-preview":"max-video-preview:-1"},"og_locale":"en_US","og_type":"article","og_title":"Gobelet isolant Americano\u00ae Espresso 250ml avec couvercle anti-fuite - PERLE IN","og_description":"Gobelet isotherme compact \u00e0 double paroi avec couvercle \u00e0 visser. La couche ext\u00e9rieure du gobelet est fabriqu\u00e9e \u00e0 partir de plastique recycl\u00e9. Le couvercle permet d'\u00e9viter les fuites et est propos\u00e9 sans silicone lui permettant d'\u00eatre totalement recyclable. Gobelet \u00e9quip\u00e9 d\u2019un design tout en couleur moul\u00e9 sur l\u2019ensemble du produit, ce qui le rend r\u00e9sistant et lui permet de durer plus longtemps. Conforme \u00e0 la norme EN12875-1. Passe au lave-vaisselle et au micro-ondes. Capacit\u00e9 de 250 ml. Couleurs \u00e0 m\u00e9langer et \u00e0 assortir pour cr\u00e9er le mug parfait. Pour plus de couleurs, contactez le service commercial. Fabriqu\u00e9 au Royaume-Uni. Sans BPA.","og_url":"https:\/\/perle-in.com\/en\/product\/gobelet-isolant-americano-espresso-250ml-avec-couvercle-anti-fuite\/","og_site_name":"PERLE IN","article_modified_time":"2025-10-14T05:14:35+00:00","og_image":[{"width":1600,"height":1600,"url":"https:\/\/perle-in.com\/wp-content\/uploads\/2025\/10\/21069800-1.jpg","type":"image\/jpeg"}],"twitter_card":"summary_large_image","schema":{"@context":"https:\/\/schema.org","@graph":[{"@type":"WebPage","@id":"https:\/\/perle-in.com\/produit\/gobelet-isolant-americano-espresso-250ml-avec-couvercle-anti-fuite\/","url":"https:\/\/perle-in.com\/produit\/gobelet-isolant-americano-espresso-250ml-avec-couvercle-anti-fuite\/","name":"Gobelet isolant Americano\u00ae Espresso 250ml avec couvercle anti-fuite - PERLE IN","isPartOf":{"@id":"https:\/\/perle-in.com\/#website"},"primaryImageOfPage":{"@id":"https:\/\/perle-in.com\/produit\/gobelet-isolant-americano-espresso-250ml-avec-couvercle-anti-fuite\/#primaryimage"},"image":{"@id":"https:\/\/perle-in.com\/produit\/gobelet-isolant-americano-espresso-250ml-avec-couvercle-anti-fuite\/#primaryimage"},"thumbnailUrl":"https:\/\/perle-in.com\/wp-content\/uploads\/2025\/10\/21069800-1.jpg","datePublished":"2025-10-14T05:14:23+00:00","dateModified":"2025-10-14T05:14:35+00:00","breadcrumb":{"@id":"https:\/\/perle-in.com\/produit\/gobelet-isolant-americano-espresso-250ml-avec-couvercle-anti-fuite\/#breadcrumb"},"inLanguage":"en-CA","potentialAction":[{"@type":"ReadAction","target":["https:\/\/perle-in.com\/produit\/gobelet-isolant-americano-espresso-250ml-avec-couvercle-anti-fuite\/"]}]},{"@type":"ImageObject","inLanguage":"en-CA","@id":"https:\/\/perle-in.com\/produit\/gobelet-isolant-americano-espresso-250ml-avec-couvercle-anti-fuite\/#primaryimage","url":"https:\/\/perle-in.com\/wp-content\/uploads\/2025\/10\/21069800-1.jpg","contentUrl":"https:\/\/perle-in.com\/wp-content\/uploads\/2025\/10\/21069800-1.jpg","width":1600,"height":1600},{"@type":"BreadcrumbList","@id":"https:\/\/perle-in.com\/produit\/gobelet-isolant-americano-espresso-250ml-avec-couvercle-anti-fuite\/#breadcrumb","itemListElement":[{"@type":"ListItem","position":1,"name":"Accueil","item":"https:\/\/perle-in.com\/"},{"@type":"ListItem","position":2,"name":"Boutique","item":"https:\/\/perle-in.com\/boutique\/"},{"@type":"ListItem","position":3,"name":"Gobelet isolant Americano\u00ae Espresso 250ml avec couvercle anti-fuite"}]},{"@type":"WebSite","@id":"https:\/\/perle-in.com\/#website","url":"https:\/\/perle-in.com\/","name":"PERLE IN","description":"","publisher":{"@id":"https:\/\/perle-in.com\/#organization"},"potentialAction":[{"@type":"SearchAction","target":{"@type":"EntryPoint","urlTemplate":"https:\/\/perle-in.com\/?s={search_term_string}"},"query-input":{"@type":"PropertyValueSpecification","valueRequired":true,"valueName":"search_term_string"}}],"inLanguage":"en-CA"},{"@type":"Organization","@id":"https:\/\/perle-in.com\/#organization","name":"PERLE IN","url":"https:\/\/perle-in.com\/","logo":{"@type":"ImageObject","inLanguage":"en-CA","@id":"https:\/\/perle-in.com\/#\/schema\/logo\/image\/","url":"https:\/\/perle-in.com\/wp-content\/uploads\/2022\/12\/LOGO-PERLE-IN-COULEUR@3x.webp","contentUrl":"https:\/\/perle-in.com\/wp-content\/uploads\/2022\/12\/LOGO-PERLE-IN-COULEUR@3x.webp","width":1600,"height":490,"caption":"PERLE IN"},"image":{"@id":"https:\/\/perle-in.com\/#\/schema\/logo\/image\/"}}]}},"jetpack_sharing_enabled":true,"_links":{"self":[{"href":"https:\/\/perle-in.com\/en\/wp-json\/wp\/v2\/product\/526533","targetHints":{"allow":["GET"]}}],"collection":[{"href":"https:\/\/perle-in.com\/en\/wp-json\/wp\/v2\/product"}],"about":[{"href":"https:\/\/perle-in.com\/en\/wp-json\/wp\/v2\/types\/product"}],"version-history":[{"count":0,"href":"https:\/\/perle-in.com\/en\/wp-json\/wp\/v2\/product\/526533\/revisions"}],"wp:featuredmedia":[{"embeddable":true,"href":"https:\/\/perle-in.com\/en\/wp-json\/wp\/v2\/media\/526516"}],"wp:attachment":[{"href":"https:\/\/perle-in.com\/en\/wp-json\/wp\/v2\/media?parent=526533"}],"wp:term":[{"taxonomy":"product_brand","embeddable":true,"href":"https:\/\/perle-in.com\/en\/wp-json\/wp\/v2\/product_brand?post=526533"},{"taxonomy":"product_cat","embeddable":true,"href":"https:\/\/perle-in.com\/en\/wp-json\/wp\/v2\/product_cat?post=526533"},{"taxonomy":"product_tag","embeddable":true,"href":"https:\/\/perle-in.com\/en\/wp-json\/wp\/v2\/product_tag?post=526533"}],"curies":[{"name":"wp","href":"https:\/\/api.w.org\/{rel}","templated":true}]}}

<p>Gobelet isotherme compact à double paroi avec couvercle à visser. La couche extérieure du gobelet est fabriquée à partir de plastique recyclé. Le couvercle permet d&#8217;éviter les fuites et est proposé sans silicone lui permettant d&#8217;être totalement recyclable. Gobelet équipé d’un design tout en couleur moulé sur l’ensemble du produit, ce qui le rend résistant et lui permet de durer plus longtemps. Conforme à la norme EN12875-1. Passe au lave-vaisselle et au micro-ondes. Capacité de 250 ml. Couleurs à mélanger et à assortir pour créer le mug parfait. Pour plus de couleurs, contactez le service commercial. Fabriqué au Royaume-Uni. Sans BPA.</p>

<!-- This site is optimized with the Yoast SEO plugin v27.4 - https://yoast.com/product/yoast-seo-wordpress/ -->
<title>Gobelet isolant Americano® Espresso 250ml avec couvercle anti-fuite - PERLE IN</title>
<meta name="robots" content="noindex, follow, max-snippet:-1, max-image-preview:large, max-video-preview:-1" />
<meta property="og:locale" content="en_US" />
<meta property="og:type" content="article" />
<meta property="og:title" content="Gobelet isolant Americano® Espresso 250ml avec couvercle anti-fuite - PERLE IN" />
<meta property="og:description" content="Gobelet isotherme compact à double paroi avec couvercle à visser. La couche extérieure du gobelet est fabriquée à partir de plastique recyclé. Le couvercle permet d&#039;éviter les fuites et est proposé sans silicone lui permettant d&#039;être totalement recyclable. Gobelet équipé d’un design tout en couleur moulé sur l’ensemble du produit, ce qui le rend résistant et lui permet de durer plus longtemps. Conforme à la norme EN12875-1. Passe au lave-vaisselle et au micro-ondes. Capacité de 250 ml. Couleurs à mélanger et à assortir pour créer le mug parfait. Pour plus de couleurs, contactez le service commercial. Fabriqué au Royaume-Uni. Sans BPA." />
<meta property="og:url" content="https://perle-in.com/en/product/gobelet-isolant-americano-espresso-250ml-avec-couvercle-anti-fuite/" />
<meta property="og:site_name" content="PERLE IN" />
<meta property="article:modified_time" content="2025-10-14T05:14:35+00:00" />
<meta property="og:image" content="https://perle-in.com/wp-content/uploads/2025/10/21069800-1.jpg" />
	<meta property="og:image:width" content="1600" />
	<meta property="og:image:height" content="1600" />
	<meta property="og:image:type" content="image/jpeg" />
<meta name="twitter:card" content="summary_large_image" />
<script type="application/ld+json" class="yoast-schema-graph">{"@context":"https:\/\/schema.org","@graph":[{"@type":"WebPage","@id":"https:\/\/perle-in.com\/produit\/gobelet-isolant-americano-espresso-250ml-avec-couvercle-anti-fuite\/","url":"https:\/\/perle-in.com\/produit\/gobelet-isolant-americano-espresso-250ml-avec-couvercle-anti-fuite\/","name":"Gobelet isolant Americano® Espresso 250ml avec couvercle anti-fuite - PERLE IN","isPartOf":{"@id":"https:\/\/perle-in.com\/#website"},"primaryImageOfPage":{"@id":"https:\/\/perle-in.com\/produit\/gobelet-isolant-americano-espresso-250ml-avec-couvercle-anti-fuite\/#primaryimage"},"image":{"@id":"https:\/\/perle-in.com\/produit\/gobelet-isolant-americano-espresso-250ml-avec-couvercle-anti-fuite\/#primaryimage"},"thumbnailUrl":"https:\/\/perle-in.com\/wp-content\/uploads\/2025\/10\/21069800-1.jpg","datePublished":"2025-10-14T05:14:23+00:00","dateModified":"2025-10-14T05:14:35+00:00","breadcrumb":{"@id":"https:\/\/perle-in.com\/produit\/gobelet-isolant-americano-espresso-250ml-avec-couvercle-anti-fuite\/#breadcrumb"},"inLanguage":"en-CA","potentialAction":[{"@type":"ReadAction","target":["https:\/\/perle-in.com\/produit\/gobelet-isolant-americano-espresso-250ml-avec-couvercle-anti-fuite\/"]}]},{"@type":"ImageObject","inLanguage":"en-CA","@id":"https:\/\/perle-in.com\/produit\/gobelet-isolant-americano-espresso-250ml-avec-couvercle-anti-fuite\/#primaryimage","url":"https:\/\/perle-in.com\/wp-content\/uploads\/2025\/10\/21069800-1.jpg","contentUrl":"https:\/\/perle-in.com\/wp-content\/uploads\/2025\/10\/21069800-1.jpg","width":1600,"height":1600},{"@type":"BreadcrumbList","@id":"https:\/\/perle-in.com\/produit\/gobelet-isolant-americano-espresso-250ml-avec-couvercle-anti-fuite\/#breadcrumb","itemListElement":[{"@type":"ListItem","position":1,"name":"Accueil","item":"https:\/\/perle-in.com\/"},{"@type":"ListItem","position":2,"name":"Boutique","item":"https:\/\/perle-in.com\/boutique\/"},{"@type":"ListItem","position":3,"name":"Gobelet isolant Americano® Espresso 250ml avec couvercle anti-fuite"}]},{"@type":"WebSite","@id":"https:\/\/perle-in.com\/#website","url":"https:\/\/perle-in.com\/","name":"PERLE IN","description":"","publisher":{"@id":"https:\/\/perle-in.com\/#organization"},"potentialAction":[{"@type":"SearchAction","target":{"@type":"EntryPoint","urlTemplate":"https:\/\/perle-in.com\/?s={search_term_string}"},"query-input":{"@type":"PropertyValueSpecification","valueRequired":true,"valueName":"search_term_string"}}],"inLanguage":"en-CA"},{"@type":"Organization","@id":"https:\/\/perle-in.com\/#organization","name":"PERLE IN","url":"https:\/\/perle-in.com\/","logo":{"@type":"ImageObject","inLanguage":"en-CA","@id":"https:\/\/perle-in.com\/#\/schema\/logo\/image\/","url":"https:\/\/perle-in.com\/wp-content\/uploads\/2022\/12\/LOGO-PERLE-IN-COULEUR@3x.webp","contentUrl":"https:\/\/perle-in.com\/wp-content\/uploads\/2022\/12\/LOGO-PERLE-IN-COULEUR@3x.webp","width":1600,"height":490,"caption":"PERLE IN"},"image":{"@id":"https:\/\/perle-in.com\/#\/schema\/logo\/image\/"}}]}</script>
<!-- / Yoast SEO plugin. -->

Gobelet isotherme compact à double paroi avec couvercle à visser. La couche extérieure du gobelet est fabriquée à partir de plastique recyclé. Le couvercle permet d'éviter les fuites et est proposé sans silicone lui permettant d'être totalement recyclable. Gobelet équipé d’un design tout en couleur moulé sur l’ensemble du produit, ce qui le rend résistant et lui permet de durer plus longtemps. Conforme à la norme EN12875-1. Passe au lave-vaisselle et au micro-ondes. Capacité de 250 ml. Couleurs à mélanger et à assortir pour créer le mug parfait. Pour plus de couleurs, contactez le service commercial. Fabriqué au Royaume-Uni. Sans BPA.
