{"id":523528,"date":"2025-10-14T06:09:52","date_gmt":"2025-10-14T04:09:52","guid":{"rendered":"https:\/\/perle-in.com\/produit\/gobelet-isolant-americano-espresso-250ml\/"},"modified":"2025-10-14T06:09:54","modified_gmt":"2025-10-14T04:09:54","slug":"gobelet-isolant-americano-espresso-250ml","status":"publish","type":"product","link":"https:\/\/perle-in.com\/en\/product\/gobelet-isolant-americano-espresso-250ml\/","title":{"rendered":"Gobelet isolant Americano\u00ae Espresso 250ml"},"content":{"rendered":"","protected":false},"excerpt":{"rendered":"<p>Gobelet isotherme compact \u00e0 double paroi avec couvercle \u00e0 visser. S\u2019adapte \u00e0 la plupart des cafeti\u00e8res. Capacit\u00e9 de 250 ml. Couleurs \u00e0 m\u00e9langer et \u00e0 assortir pour cr\u00e9er le mug parfait. Fabriqu\u00e9 au Royaume-Uni. Emball\u00e9 dans un sac en plastique PE recycl\u00e9. Sans BPA. Conforme \u00e0 la norme EN12875-1. Peut aller au lave-vaisselle et au micro-ondes.<\/p>","protected":false},"featured_media":523396,"template":"","meta":{"_eb_attr":""},"product_brand":[],"product_cat":[173,189],"product_tag":[177,178,1589,1588,1587,1586,1585,1584,194,195,192,193,196,191,197],"class_list":{"0":"post-523528","1":"product","2":"type-product","3":"status-publish","4":"has-post-thumbnail","6":"product_cat-drinkware","7":"product_cat-mugs-isothermes","8":"product_tag-bidon","9":"product_tag-bidons","10":"product_tag-color-lab","11":"product_tag-colorlab","12":"product_tag-colorlab22","13":"product_tag-colour-lab","14":"product_tag-colourlab","15":"product_tag-colourlab22","16":"product_tag-contenant","17":"product_tag-contenants","18":"product_tag-gourde","19":"product_tag-gourdes","20":"product_tag-isolant","21":"product_tag-mugs","22":"product_tag-thermos","23":"pa_couleurs-blanc","24":"pa_couleurs-blanc-bleu","25":"pa_couleurs-blanc-citron-vert","26":"pa_couleurs-blanc-noir","27":"pa_couleurs-blanc-orange","28":"pa_couleurs-blanc-rouge","29":"pa_couleurs-blanc-violet","30":"pa_couleurs-bleu","31":"pa_couleurs-bleu-blanc","32":"pa_couleurs-bleu-noir","33":"pa_couleurs-citron-vert-blanc","34":"pa_couleurs-citron-vert-noir","35":"pa_couleurs-marron","36":"pa_couleurs-noir","37":"pa_couleurs-noir-blanc","38":"pa_couleurs-noir-bleu","39":"pa_couleurs-noir-citron-vert","40":"pa_couleurs-noir-orange","41":"pa_couleurs-noir-rouge","42":"pa_couleurs-noir-violet","43":"pa_couleurs-orange","44":"pa_couleurs-orange-noir","45":"pa_couleurs-rouge","46":"pa_couleurs-rouge-blanc","47":"pa_couleurs-rouge-noir","48":"pa_couleurs-vert","49":"pa_couleurs-vert-blanc","50":"pa_couleurs-vert-noir","51":"pa_couleurs-violet","52":"pa_green-points-2036","53":"pa_pays-d-origine-angleterre","55":"first","56":"instock","57":"shipping-taxable","58":"purchasable","59":"product-type-variable"},"yoast_head":"<!-- This site is optimized with the Yoast SEO plugin v27.4 - https:\/\/yoast.com\/product\/yoast-seo-wordpress\/ -->\n<title>Gobelet isolant Americano\u00ae Espresso 250ml - PERLE IN<\/title>\n<meta name=\"robots\" content=\"noindex, follow, max-snippet:-1, max-image-preview:large, max-video-preview:-1\" \/>\n<meta property=\"og:locale\" content=\"en_US\" \/>\n<meta property=\"og:type\" content=\"article\" \/>\n<meta property=\"og:title\" content=\"Gobelet isolant Americano\u00ae Espresso 250ml - PERLE IN\" \/>\n<meta property=\"og:description\" content=\"Gobelet isotherme compact \u00e0 double paroi avec couvercle \u00e0 visser. S\u2019adapte \u00e0 la plupart des cafeti\u00e8res. Capacit\u00e9 de 250 ml. Couleurs \u00e0 m\u00e9langer et \u00e0 assortir pour cr\u00e9er le mug parfait. Fabriqu\u00e9 au Royaume-Uni. Emball\u00e9 dans un sac en plastique PE recycl\u00e9. Sans BPA. Conforme \u00e0 la norme EN12875-1. Peut aller au lave-vaisselle et au micro-ondes.\" \/>\n<meta property=\"og:url\" content=\"https:\/\/perle-in.com\/en\/product\/gobelet-isolant-americano-espresso-250ml\/\" \/>\n<meta property=\"og:site_name\" content=\"PERLE IN\" \/>\n<meta property=\"article:modified_time\" content=\"2025-10-14T04:09:54+00:00\" \/>\n<meta property=\"og:image\" content=\"https:\/\/perle-in.com\/wp-content\/uploads\/2025\/10\/21009200-1.jpg\" \/>\n\t<meta property=\"og:image:width\" content=\"1600\" \/>\n\t<meta property=\"og:image:height\" content=\"1600\" \/>\n\t<meta property=\"og:image:type\" content=\"image\/jpeg\" \/>\n<meta name=\"twitter:card\" content=\"summary_large_image\" \/>\n<script type=\"application\/ld+json\" class=\"yoast-schema-graph\">{\"@context\":\"https:\\\/\\\/schema.org\",\"@graph\":[{\"@type\":\"WebPage\",\"@id\":\"https:\\\/\\\/perle-in.com\\\/produit\\\/gobelet-isolant-americano-espresso-250ml\\\/\",\"url\":\"https:\\\/\\\/perle-in.com\\\/produit\\\/gobelet-isolant-americano-espresso-250ml\\\/\",\"name\":\"Gobelet isolant Americano\u00ae Espresso 250ml - PERLE IN\",\"isPartOf\":{\"@id\":\"https:\\\/\\\/perle-in.com\\\/#website\"},\"primaryImageOfPage\":{\"@id\":\"https:\\\/\\\/perle-in.com\\\/produit\\\/gobelet-isolant-americano-espresso-250ml\\\/#primaryimage\"},\"image\":{\"@id\":\"https:\\\/\\\/perle-in.com\\\/produit\\\/gobelet-isolant-americano-espresso-250ml\\\/#primaryimage\"},\"thumbnailUrl\":\"https:\\\/\\\/perle-in.com\\\/wp-content\\\/uploads\\\/2025\\\/10\\\/21009200-1.jpg\",\"datePublished\":\"2025-10-14T04:09:52+00:00\",\"dateModified\":\"2025-10-14T04:09:54+00:00\",\"breadcrumb\":{\"@id\":\"https:\\\/\\\/perle-in.com\\\/produit\\\/gobelet-isolant-americano-espresso-250ml\\\/#breadcrumb\"},\"inLanguage\":\"en-CA\",\"potentialAction\":[{\"@type\":\"ReadAction\",\"target\":[\"https:\\\/\\\/perle-in.com\\\/produit\\\/gobelet-isolant-americano-espresso-250ml\\\/\"]}]},{\"@type\":\"ImageObject\",\"inLanguage\":\"en-CA\",\"@id\":\"https:\\\/\\\/perle-in.com\\\/produit\\\/gobelet-isolant-americano-espresso-250ml\\\/#primaryimage\",\"url\":\"https:\\\/\\\/perle-in.com\\\/wp-content\\\/uploads\\\/2025\\\/10\\\/21009200-1.jpg\",\"contentUrl\":\"https:\\\/\\\/perle-in.com\\\/wp-content\\\/uploads\\\/2025\\\/10\\\/21009200-1.jpg\",\"width\":1600,\"height\":1600},{\"@type\":\"BreadcrumbList\",\"@id\":\"https:\\\/\\\/perle-in.com\\\/produit\\\/gobelet-isolant-americano-espresso-250ml\\\/#breadcrumb\",\"itemListElement\":[{\"@type\":\"ListItem\",\"position\":1,\"name\":\"Accueil\",\"item\":\"https:\\\/\\\/perle-in.com\\\/\"},{\"@type\":\"ListItem\",\"position\":2,\"name\":\"Boutique\",\"item\":\"https:\\\/\\\/perle-in.com\\\/boutique\\\/\"},{\"@type\":\"ListItem\",\"position\":3,\"name\":\"Gobelet isolant Americano\u00ae Espresso 250ml\"}]},{\"@type\":\"WebSite\",\"@id\":\"https:\\\/\\\/perle-in.com\\\/#website\",\"url\":\"https:\\\/\\\/perle-in.com\\\/\",\"name\":\"PERLE IN\",\"description\":\"\",\"publisher\":{\"@id\":\"https:\\\/\\\/perle-in.com\\\/#organization\"},\"potentialAction\":[{\"@type\":\"SearchAction\",\"target\":{\"@type\":\"EntryPoint\",\"urlTemplate\":\"https:\\\/\\\/perle-in.com\\\/?s={search_term_string}\"},\"query-input\":{\"@type\":\"PropertyValueSpecification\",\"valueRequired\":true,\"valueName\":\"search_term_string\"}}],\"inLanguage\":\"en-CA\"},{\"@type\":\"Organization\",\"@id\":\"https:\\\/\\\/perle-in.com\\\/#organization\",\"name\":\"PERLE IN\",\"url\":\"https:\\\/\\\/perle-in.com\\\/\",\"logo\":{\"@type\":\"ImageObject\",\"inLanguage\":\"en-CA\",\"@id\":\"https:\\\/\\\/perle-in.com\\\/#\\\/schema\\\/logo\\\/image\\\/\",\"url\":\"https:\\\/\\\/perle-in.com\\\/wp-content\\\/uploads\\\/2022\\\/12\\\/LOGO-PERLE-IN-COULEUR@3x.webp\",\"contentUrl\":\"https:\\\/\\\/perle-in.com\\\/wp-content\\\/uploads\\\/2022\\\/12\\\/LOGO-PERLE-IN-COULEUR@3x.webp\",\"width\":1600,\"height\":490,\"caption\":\"PERLE IN\"},\"image\":{\"@id\":\"https:\\\/\\\/perle-in.com\\\/#\\\/schema\\\/logo\\\/image\\\/\"}}]}<\/script>\n<!-- \/ Yoast SEO plugin. -->","yoast_head_json":{"title":"Gobelet isolant Americano\u00ae Espresso 250ml - PERLE IN","robots":{"index":"noindex","follow":"follow","max-snippet":"max-snippet:-1","max-image-preview":"max-image-preview:large","max-video-preview":"max-video-preview:-1"},"og_locale":"en_US","og_type":"article","og_title":"Gobelet isolant Americano\u00ae Espresso 250ml - PERLE IN","og_description":"Gobelet isotherme compact \u00e0 double paroi avec couvercle \u00e0 visser. S\u2019adapte \u00e0 la plupart des cafeti\u00e8res. Capacit\u00e9 de 250 ml. Couleurs \u00e0 m\u00e9langer et \u00e0 assortir pour cr\u00e9er le mug parfait. Fabriqu\u00e9 au Royaume-Uni. Emball\u00e9 dans un sac en plastique PE recycl\u00e9. Sans BPA. Conforme \u00e0 la norme EN12875-1. Peut aller au lave-vaisselle et au micro-ondes.","og_url":"https:\/\/perle-in.com\/en\/product\/gobelet-isolant-americano-espresso-250ml\/","og_site_name":"PERLE IN","article_modified_time":"2025-10-14T04:09:54+00:00","og_image":[{"width":1600,"height":1600,"url":"https:\/\/perle-in.com\/wp-content\/uploads\/2025\/10\/21009200-1.jpg","type":"image\/jpeg"}],"twitter_card":"summary_large_image","schema":{"@context":"https:\/\/schema.org","@graph":[{"@type":"WebPage","@id":"https:\/\/perle-in.com\/produit\/gobelet-isolant-americano-espresso-250ml\/","url":"https:\/\/perle-in.com\/produit\/gobelet-isolant-americano-espresso-250ml\/","name":"Gobelet isolant Americano\u00ae Espresso 250ml - PERLE IN","isPartOf":{"@id":"https:\/\/perle-in.com\/#website"},"primaryImageOfPage":{"@id":"https:\/\/perle-in.com\/produit\/gobelet-isolant-americano-espresso-250ml\/#primaryimage"},"image":{"@id":"https:\/\/perle-in.com\/produit\/gobelet-isolant-americano-espresso-250ml\/#primaryimage"},"thumbnailUrl":"https:\/\/perle-in.com\/wp-content\/uploads\/2025\/10\/21009200-1.jpg","datePublished":"2025-10-14T04:09:52+00:00","dateModified":"2025-10-14T04:09:54+00:00","breadcrumb":{"@id":"https:\/\/perle-in.com\/produit\/gobelet-isolant-americano-espresso-250ml\/#breadcrumb"},"inLanguage":"en-CA","potentialAction":[{"@type":"ReadAction","target":["https:\/\/perle-in.com\/produit\/gobelet-isolant-americano-espresso-250ml\/"]}]},{"@type":"ImageObject","inLanguage":"en-CA","@id":"https:\/\/perle-in.com\/produit\/gobelet-isolant-americano-espresso-250ml\/#primaryimage","url":"https:\/\/perle-in.com\/wp-content\/uploads\/2025\/10\/21009200-1.jpg","contentUrl":"https:\/\/perle-in.com\/wp-content\/uploads\/2025\/10\/21009200-1.jpg","width":1600,"height":1600},{"@type":"BreadcrumbList","@id":"https:\/\/perle-in.com\/produit\/gobelet-isolant-americano-espresso-250ml\/#breadcrumb","itemListElement":[{"@type":"ListItem","position":1,"name":"Accueil","item":"https:\/\/perle-in.com\/"},{"@type":"ListItem","position":2,"name":"Boutique","item":"https:\/\/perle-in.com\/boutique\/"},{"@type":"ListItem","position":3,"name":"Gobelet isolant Americano\u00ae Espresso 250ml"}]},{"@type":"WebSite","@id":"https:\/\/perle-in.com\/#website","url":"https:\/\/perle-in.com\/","name":"PERLE IN","description":"","publisher":{"@id":"https:\/\/perle-in.com\/#organization"},"potentialAction":[{"@type":"SearchAction","target":{"@type":"EntryPoint","urlTemplate":"https:\/\/perle-in.com\/?s={search_term_string}"},"query-input":{"@type":"PropertyValueSpecification","valueRequired":true,"valueName":"search_term_string"}}],"inLanguage":"en-CA"},{"@type":"Organization","@id":"https:\/\/perle-in.com\/#organization","name":"PERLE IN","url":"https:\/\/perle-in.com\/","logo":{"@type":"ImageObject","inLanguage":"en-CA","@id":"https:\/\/perle-in.com\/#\/schema\/logo\/image\/","url":"https:\/\/perle-in.com\/wp-content\/uploads\/2022\/12\/LOGO-PERLE-IN-COULEUR@3x.webp","contentUrl":"https:\/\/perle-in.com\/wp-content\/uploads\/2022\/12\/LOGO-PERLE-IN-COULEUR@3x.webp","width":1600,"height":490,"caption":"PERLE IN"},"image":{"@id":"https:\/\/perle-in.com\/#\/schema\/logo\/image\/"}}]}},"jetpack_sharing_enabled":true,"_links":{"self":[{"href":"https:\/\/perle-in.com\/en\/wp-json\/wp\/v2\/product\/523528","targetHints":{"allow":["GET"]}}],"collection":[{"href":"https:\/\/perle-in.com\/en\/wp-json\/wp\/v2\/product"}],"about":[{"href":"https:\/\/perle-in.com\/en\/wp-json\/wp\/v2\/types\/product"}],"version-history":[{"count":0,"href":"https:\/\/perle-in.com\/en\/wp-json\/wp\/v2\/product\/523528\/revisions"}],"wp:featuredmedia":[{"embeddable":true,"href":"https:\/\/perle-in.com\/en\/wp-json\/wp\/v2\/media\/523396"}],"wp:attachment":[{"href":"https:\/\/perle-in.com\/en\/wp-json\/wp\/v2\/media?parent=523528"}],"wp:term":[{"taxonomy":"product_brand","embeddable":true,"href":"https:\/\/perle-in.com\/en\/wp-json\/wp\/v2\/product_brand?post=523528"},{"taxonomy":"product_cat","embeddable":true,"href":"https:\/\/perle-in.com\/en\/wp-json\/wp\/v2\/product_cat?post=523528"},{"taxonomy":"product_tag","embeddable":true,"href":"https:\/\/perle-in.com\/en\/wp-json\/wp\/v2\/product_tag?post=523528"}],"curies":[{"name":"wp","href":"https:\/\/api.w.org\/{rel}","templated":true}]}}

<p>Gobelet isotherme compact à double paroi avec couvercle à visser. S’adapte à la plupart des cafetières. Capacité de 250 ml. Couleurs à mélanger et à assortir pour créer le mug parfait. Fabriqué au Royaume-Uni. Emballé dans un sac en plastique PE recyclé. Sans BPA. Conforme à la norme EN12875-1. Peut aller au lave-vaisselle et au micro-ondes.</p>

<!-- This site is optimized with the Yoast SEO plugin v27.4 - https://yoast.com/product/yoast-seo-wordpress/ -->
<title>Gobelet isolant Americano® Espresso 250ml - PERLE IN</title>
<meta name="robots" content="noindex, follow, max-snippet:-1, max-image-preview:large, max-video-preview:-1" />
<meta property="og:locale" content="en_US" />
<meta property="og:type" content="article" />
<meta property="og:title" content="Gobelet isolant Americano® Espresso 250ml - PERLE IN" />
<meta property="og:description" content="Gobelet isotherme compact à double paroi avec couvercle à visser. S’adapte à la plupart des cafetières. Capacité de 250 ml. Couleurs à mélanger et à assortir pour créer le mug parfait. Fabriqué au Royaume-Uni. Emballé dans un sac en plastique PE recyclé. Sans BPA. Conforme à la norme EN12875-1. Peut aller au lave-vaisselle et au micro-ondes." />
<meta property="og:url" content="https://perle-in.com/en/product/gobelet-isolant-americano-espresso-250ml/" />
<meta property="og:site_name" content="PERLE IN" />
<meta property="article:modified_time" content="2025-10-14T04:09:54+00:00" />
<meta property="og:image" content="https://perle-in.com/wp-content/uploads/2025/10/21009200-1.jpg" />
	<meta property="og:image:width" content="1600" />
	<meta property="og:image:height" content="1600" />
	<meta property="og:image:type" content="image/jpeg" />
<meta name="twitter:card" content="summary_large_image" />
<script type="application/ld+json" class="yoast-schema-graph">{"@context":"https:\/\/schema.org","@graph":[{"@type":"WebPage","@id":"https:\/\/perle-in.com\/produit\/gobelet-isolant-americano-espresso-250ml\/","url":"https:\/\/perle-in.com\/produit\/gobelet-isolant-americano-espresso-250ml\/","name":"Gobelet isolant Americano® Espresso 250ml - PERLE IN","isPartOf":{"@id":"https:\/\/perle-in.com\/#website"},"primaryImageOfPage":{"@id":"https:\/\/perle-in.com\/produit\/gobelet-isolant-americano-espresso-250ml\/#primaryimage"},"image":{"@id":"https:\/\/perle-in.com\/produit\/gobelet-isolant-americano-espresso-250ml\/#primaryimage"},"thumbnailUrl":"https:\/\/perle-in.com\/wp-content\/uploads\/2025\/10\/21009200-1.jpg","datePublished":"2025-10-14T04:09:52+00:00","dateModified":"2025-10-14T04:09:54+00:00","breadcrumb":{"@id":"https:\/\/perle-in.com\/produit\/gobelet-isolant-americano-espresso-250ml\/#breadcrumb"},"inLanguage":"en-CA","potentialAction":[{"@type":"ReadAction","target":["https:\/\/perle-in.com\/produit\/gobelet-isolant-americano-espresso-250ml\/"]}]},{"@type":"ImageObject","inLanguage":"en-CA","@id":"https:\/\/perle-in.com\/produit\/gobelet-isolant-americano-espresso-250ml\/#primaryimage","url":"https:\/\/perle-in.com\/wp-content\/uploads\/2025\/10\/21009200-1.jpg","contentUrl":"https:\/\/perle-in.com\/wp-content\/uploads\/2025\/10\/21009200-1.jpg","width":1600,"height":1600},{"@type":"BreadcrumbList","@id":"https:\/\/perle-in.com\/produit\/gobelet-isolant-americano-espresso-250ml\/#breadcrumb","itemListElement":[{"@type":"ListItem","position":1,"name":"Accueil","item":"https:\/\/perle-in.com\/"},{"@type":"ListItem","position":2,"name":"Boutique","item":"https:\/\/perle-in.com\/boutique\/"},{"@type":"ListItem","position":3,"name":"Gobelet isolant Americano® Espresso 250ml"}]},{"@type":"WebSite","@id":"https:\/\/perle-in.com\/#website","url":"https:\/\/perle-in.com\/","name":"PERLE IN","description":"","publisher":{"@id":"https:\/\/perle-in.com\/#organization"},"potentialAction":[{"@type":"SearchAction","target":{"@type":"EntryPoint","urlTemplate":"https:\/\/perle-in.com\/?s={search_term_string}"},"query-input":{"@type":"PropertyValueSpecification","valueRequired":true,"valueName":"search_term_string"}}],"inLanguage":"en-CA"},{"@type":"Organization","@id":"https:\/\/perle-in.com\/#organization","name":"PERLE IN","url":"https:\/\/perle-in.com\/","logo":{"@type":"ImageObject","inLanguage":"en-CA","@id":"https:\/\/perle-in.com\/#\/schema\/logo\/image\/","url":"https:\/\/perle-in.com\/wp-content\/uploads\/2022\/12\/LOGO-PERLE-IN-COULEUR@3x.webp","contentUrl":"https:\/\/perle-in.com\/wp-content\/uploads\/2022\/12\/LOGO-PERLE-IN-COULEUR@3x.webp","width":1600,"height":490,"caption":"PERLE IN"},"image":{"@id":"https:\/\/perle-in.com\/#\/schema\/logo\/image\/"}}]}</script>
<!-- / Yoast SEO plugin. -->

Gobelet isotherme compact à double paroi avec couvercle à visser. S’adapte à la plupart des cafetières. Capacité de 250 ml. Couleurs à mélanger et à assortir pour créer le mug parfait. Fabriqué au Royaume-Uni. Emballé dans un sac en plastique PE recyclé. Sans BPA. Conforme à la norme EN12875-1. Peut aller au lave-vaisselle et au micro-ondes.
