{"id":520855,"date":"2025-10-14T05:23:29","date_gmt":"2025-10-14T03:23:29","guid":{"rendered":"https:\/\/perle-in.com\/produit\/doudoune-hybride-femme-banff\/"},"modified":"2025-10-14T05:23:49","modified_gmt":"2025-10-14T03:23:49","slug":"doudoune-hybride-femme-banff","status":"publish","type":"product","link":"https:\/\/perle-in.com\/en\/product\/doudoune-hybride-femme-banff\/","title":{"rendered":"Doudoune hybride femme Banff"},"content":{"rendered":"","protected":false},"excerpt":{"rendered":"<p>La veste isol\u00e9e hybride Banff pour femme est la fusion parfaite du style et de la performance. Le rabat-temp\u00eate int\u00e9rieur emp\u00eache le vent de passer \u00e0 travers la veste, et l&#8217;ourlet arri\u00e8re rabattu ajoute une touche de couverture suppl\u00e9mentaire pour plus de chaleur. L&#8217;\u00e9lastique de couleur contrast\u00e9e ajoute une touche de style tout en garantissant un bon maintien. Le tissu tiss\u00e9 380T en nylon (38 g\/m2) est d\u00e9perlant et imperm\u00e9able \u00e0 la pluie. Le tissu de contraste est un tricot interlock en polyester et \u00e9lasthanne (245 g\/m2), qui apporte souplesse et confort. L&#8217;isolation en faux duvet de polyester procure une chaleur l\u00e9g\u00e8re, parfaite pour les journ\u00e9es fra\u00eeches. Cette veste est con\u00e7ue avec une forme ajust\u00e9e pour un look f\u00e9minin. <\/p>","protected":false},"featured_media":520841,"template":"","meta":{"_eb_attr":""},"product_brand":[],"product_cat":[1260,1024],"product_tag":[2552,2477,2569,2550,2570,2551,2565,2566,2548,2567,2549,2568],"class_list":{"0":"post-520855","1":"product","2":"type-product","3":"status-publish","4":"has-post-thumbnail","6":"product_cat-jackets","7":"product_cat-vetements","8":"product_tag-blouson","9":"product_tag-blousons","10":"product_tag-hiver","11":"product_tag-manteau","12":"product_tag-manteau-dhiver","13":"product_tag-manteaux","14":"product_tag-parka","15":"product_tag-parkas","16":"product_tag-veste","17":"product_tag-veste-dhiver","18":"product_tag-vestes","19":"product_tag-vestes-dhiver","20":"pa_couleurs-marine","21":"pa_couleurs-noir","22":"pa_genre-female","23":"pa_marque-elevate-life","24":"pa_matiere-tisse-380t-dull-cire-avec-une-finition-hydrofuge-et-impermeable-nylon-38-g-m2-contrast-f","25":"pa_taille-l","26":"pa_taille-m","27":"pa_taille-s","28":"pa_taille-xl","29":"pa_taille-xs","31":"first","32":"instock","33":"shipping-taxable","34":"purchasable","35":"product-type-variable"},"yoast_head":"<!-- This site is optimized with the Yoast SEO plugin v27.4 - https:\/\/yoast.com\/product\/yoast-seo-wordpress\/ -->\n<title>Doudoune hybride femme Banff - PERLE IN<\/title>\n<meta name=\"robots\" content=\"noindex, follow, max-snippet:-1, max-image-preview:large, max-video-preview:-1\" \/>\n<meta property=\"og:locale\" content=\"en_US\" \/>\n<meta property=\"og:type\" content=\"article\" \/>\n<meta property=\"og:title\" content=\"Doudoune hybride femme Banff - PERLE IN\" \/>\n<meta property=\"og:description\" content=\"La veste isol\u00e9e hybride Banff pour femme est la fusion parfaite du style et de la performance. Le rabat-temp\u00eate int\u00e9rieur emp\u00eache le vent de passer \u00e0 travers la veste, et l&#039;ourlet arri\u00e8re rabattu ajoute une touche de couverture suppl\u00e9mentaire pour plus de chaleur. L&#039;\u00e9lastique de couleur contrast\u00e9e ajoute une touche de style tout en garantissant un bon maintien. Le tissu tiss\u00e9 380T en nylon (38 g\/m2) est d\u00e9perlant et imperm\u00e9able \u00e0 la pluie. Le tissu de contraste est un tricot interlock en polyester et \u00e9lasthanne (245 g\/m2), qui apporte souplesse et confort. L&#039;isolation en faux duvet de polyester procure une chaleur l\u00e9g\u00e8re, parfaite pour les journ\u00e9es fra\u00eeches. Cette veste est con\u00e7ue avec une forme ajust\u00e9e pour un look f\u00e9minin.\" \/>\n<meta property=\"og:url\" content=\"https:\/\/perle-in.com\/en\/product\/doudoune-hybride-femme-banff\/\" \/>\n<meta property=\"og:site_name\" content=\"PERLE IN\" \/>\n<meta property=\"article:modified_time\" content=\"2025-10-14T03:23:49+00:00\" \/>\n<meta property=\"og:image\" content=\"https:\/\/perle-in.com\/wp-content\/uploads\/2025\/10\/3933249-1.jpg\" \/>\n\t<meta property=\"og:image:width\" content=\"1600\" \/>\n\t<meta property=\"og:image:height\" content=\"1600\" \/>\n\t<meta property=\"og:image:type\" content=\"image\/jpeg\" \/>\n<meta name=\"twitter:card\" content=\"summary_large_image\" \/>\n<script type=\"application\/ld+json\" class=\"yoast-schema-graph\">{\"@context\":\"https:\\\/\\\/schema.org\",\"@graph\":[{\"@type\":\"WebPage\",\"@id\":\"https:\\\/\\\/perle-in.com\\\/produit\\\/doudoune-hybride-femme-banff\\\/\",\"url\":\"https:\\\/\\\/perle-in.com\\\/produit\\\/doudoune-hybride-femme-banff\\\/\",\"name\":\"Doudoune hybride femme Banff - PERLE IN\",\"isPartOf\":{\"@id\":\"https:\\\/\\\/perle-in.com\\\/#website\"},\"primaryImageOfPage\":{\"@id\":\"https:\\\/\\\/perle-in.com\\\/produit\\\/doudoune-hybride-femme-banff\\\/#primaryimage\"},\"image\":{\"@id\":\"https:\\\/\\\/perle-in.com\\\/produit\\\/doudoune-hybride-femme-banff\\\/#primaryimage\"},\"thumbnailUrl\":\"https:\\\/\\\/perle-in.com\\\/wp-content\\\/uploads\\\/2025\\\/10\\\/3933249-1.jpg\",\"datePublished\":\"2025-10-14T03:23:29+00:00\",\"dateModified\":\"2025-10-14T03:23:49+00:00\",\"breadcrumb\":{\"@id\":\"https:\\\/\\\/perle-in.com\\\/produit\\\/doudoune-hybride-femme-banff\\\/#breadcrumb\"},\"inLanguage\":\"en-CA\",\"potentialAction\":[{\"@type\":\"ReadAction\",\"target\":[\"https:\\\/\\\/perle-in.com\\\/produit\\\/doudoune-hybride-femme-banff\\\/\"]}]},{\"@type\":\"ImageObject\",\"inLanguage\":\"en-CA\",\"@id\":\"https:\\\/\\\/perle-in.com\\\/produit\\\/doudoune-hybride-femme-banff\\\/#primaryimage\",\"url\":\"https:\\\/\\\/perle-in.com\\\/wp-content\\\/uploads\\\/2025\\\/10\\\/3933249-1.jpg\",\"contentUrl\":\"https:\\\/\\\/perle-in.com\\\/wp-content\\\/uploads\\\/2025\\\/10\\\/3933249-1.jpg\",\"width\":1600,\"height\":1600},{\"@type\":\"BreadcrumbList\",\"@id\":\"https:\\\/\\\/perle-in.com\\\/produit\\\/doudoune-hybride-femme-banff\\\/#breadcrumb\",\"itemListElement\":[{\"@type\":\"ListItem\",\"position\":1,\"name\":\"Accueil\",\"item\":\"https:\\\/\\\/perle-in.com\\\/\"},{\"@type\":\"ListItem\",\"position\":2,\"name\":\"Boutique\",\"item\":\"https:\\\/\\\/perle-in.com\\\/boutique\\\/\"},{\"@type\":\"ListItem\",\"position\":3,\"name\":\"Doudoune hybride femme Banff\"}]},{\"@type\":\"WebSite\",\"@id\":\"https:\\\/\\\/perle-in.com\\\/#website\",\"url\":\"https:\\\/\\\/perle-in.com\\\/\",\"name\":\"PERLE IN\",\"description\":\"\",\"publisher\":{\"@id\":\"https:\\\/\\\/perle-in.com\\\/#organization\"},\"potentialAction\":[{\"@type\":\"SearchAction\",\"target\":{\"@type\":\"EntryPoint\",\"urlTemplate\":\"https:\\\/\\\/perle-in.com\\\/?s={search_term_string}\"},\"query-input\":{\"@type\":\"PropertyValueSpecification\",\"valueRequired\":true,\"valueName\":\"search_term_string\"}}],\"inLanguage\":\"en-CA\"},{\"@type\":\"Organization\",\"@id\":\"https:\\\/\\\/perle-in.com\\\/#organization\",\"name\":\"PERLE IN\",\"url\":\"https:\\\/\\\/perle-in.com\\\/\",\"logo\":{\"@type\":\"ImageObject\",\"inLanguage\":\"en-CA\",\"@id\":\"https:\\\/\\\/perle-in.com\\\/#\\\/schema\\\/logo\\\/image\\\/\",\"url\":\"https:\\\/\\\/perle-in.com\\\/wp-content\\\/uploads\\\/2022\\\/12\\\/LOGO-PERLE-IN-COULEUR@3x.webp\",\"contentUrl\":\"https:\\\/\\\/perle-in.com\\\/wp-content\\\/uploads\\\/2022\\\/12\\\/LOGO-PERLE-IN-COULEUR@3x.webp\",\"width\":1600,\"height\":490,\"caption\":\"PERLE IN\"},\"image\":{\"@id\":\"https:\\\/\\\/perle-in.com\\\/#\\\/schema\\\/logo\\\/image\\\/\"}}]}<\/script>\n<!-- \/ Yoast SEO plugin. -->","yoast_head_json":{"title":"Doudoune hybride femme Banff - PERLE IN","robots":{"index":"noindex","follow":"follow","max-snippet":"max-snippet:-1","max-image-preview":"max-image-preview:large","max-video-preview":"max-video-preview:-1"},"og_locale":"en_US","og_type":"article","og_title":"Doudoune hybride femme Banff - PERLE IN","og_description":"La veste isol\u00e9e hybride Banff pour femme est la fusion parfaite du style et de la performance. Le rabat-temp\u00eate int\u00e9rieur emp\u00eache le vent de passer \u00e0 travers la veste, et l'ourlet arri\u00e8re rabattu ajoute une touche de couverture suppl\u00e9mentaire pour plus de chaleur. L'\u00e9lastique de couleur contrast\u00e9e ajoute une touche de style tout en garantissant un bon maintien. Le tissu tiss\u00e9 380T en nylon (38 g\/m2) est d\u00e9perlant et imperm\u00e9able \u00e0 la pluie. Le tissu de contraste est un tricot interlock en polyester et \u00e9lasthanne (245 g\/m2), qui apporte souplesse et confort. L'isolation en faux duvet de polyester procure une chaleur l\u00e9g\u00e8re, parfaite pour les journ\u00e9es fra\u00eeches. Cette veste est con\u00e7ue avec une forme ajust\u00e9e pour un look f\u00e9minin.","og_url":"https:\/\/perle-in.com\/en\/product\/doudoune-hybride-femme-banff\/","og_site_name":"PERLE IN","article_modified_time":"2025-10-14T03:23:49+00:00","og_image":[{"width":1600,"height":1600,"url":"https:\/\/perle-in.com\/wp-content\/uploads\/2025\/10\/3933249-1.jpg","type":"image\/jpeg"}],"twitter_card":"summary_large_image","schema":{"@context":"https:\/\/schema.org","@graph":[{"@type":"WebPage","@id":"https:\/\/perle-in.com\/produit\/doudoune-hybride-femme-banff\/","url":"https:\/\/perle-in.com\/produit\/doudoune-hybride-femme-banff\/","name":"Doudoune hybride femme Banff - PERLE IN","isPartOf":{"@id":"https:\/\/perle-in.com\/#website"},"primaryImageOfPage":{"@id":"https:\/\/perle-in.com\/produit\/doudoune-hybride-femme-banff\/#primaryimage"},"image":{"@id":"https:\/\/perle-in.com\/produit\/doudoune-hybride-femme-banff\/#primaryimage"},"thumbnailUrl":"https:\/\/perle-in.com\/wp-content\/uploads\/2025\/10\/3933249-1.jpg","datePublished":"2025-10-14T03:23:29+00:00","dateModified":"2025-10-14T03:23:49+00:00","breadcrumb":{"@id":"https:\/\/perle-in.com\/produit\/doudoune-hybride-femme-banff\/#breadcrumb"},"inLanguage":"en-CA","potentialAction":[{"@type":"ReadAction","target":["https:\/\/perle-in.com\/produit\/doudoune-hybride-femme-banff\/"]}]},{"@type":"ImageObject","inLanguage":"en-CA","@id":"https:\/\/perle-in.com\/produit\/doudoune-hybride-femme-banff\/#primaryimage","url":"https:\/\/perle-in.com\/wp-content\/uploads\/2025\/10\/3933249-1.jpg","contentUrl":"https:\/\/perle-in.com\/wp-content\/uploads\/2025\/10\/3933249-1.jpg","width":1600,"height":1600},{"@type":"BreadcrumbList","@id":"https:\/\/perle-in.com\/produit\/doudoune-hybride-femme-banff\/#breadcrumb","itemListElement":[{"@type":"ListItem","position":1,"name":"Accueil","item":"https:\/\/perle-in.com\/"},{"@type":"ListItem","position":2,"name":"Boutique","item":"https:\/\/perle-in.com\/boutique\/"},{"@type":"ListItem","position":3,"name":"Doudoune hybride femme Banff"}]},{"@type":"WebSite","@id":"https:\/\/perle-in.com\/#website","url":"https:\/\/perle-in.com\/","name":"PERLE IN","description":"","publisher":{"@id":"https:\/\/perle-in.com\/#organization"},"potentialAction":[{"@type":"SearchAction","target":{"@type":"EntryPoint","urlTemplate":"https:\/\/perle-in.com\/?s={search_term_string}"},"query-input":{"@type":"PropertyValueSpecification","valueRequired":true,"valueName":"search_term_string"}}],"inLanguage":"en-CA"},{"@type":"Organization","@id":"https:\/\/perle-in.com\/#organization","name":"PERLE IN","url":"https:\/\/perle-in.com\/","logo":{"@type":"ImageObject","inLanguage":"en-CA","@id":"https:\/\/perle-in.com\/#\/schema\/logo\/image\/","url":"https:\/\/perle-in.com\/wp-content\/uploads\/2022\/12\/LOGO-PERLE-IN-COULEUR@3x.webp","contentUrl":"https:\/\/perle-in.com\/wp-content\/uploads\/2022\/12\/LOGO-PERLE-IN-COULEUR@3x.webp","width":1600,"height":490,"caption":"PERLE IN"},"image":{"@id":"https:\/\/perle-in.com\/#\/schema\/logo\/image\/"}}]}},"jetpack_sharing_enabled":true,"_links":{"self":[{"href":"https:\/\/perle-in.com\/en\/wp-json\/wp\/v2\/product\/520855","targetHints":{"allow":["GET"]}}],"collection":[{"href":"https:\/\/perle-in.com\/en\/wp-json\/wp\/v2\/product"}],"about":[{"href":"https:\/\/perle-in.com\/en\/wp-json\/wp\/v2\/types\/product"}],"version-history":[{"count":0,"href":"https:\/\/perle-in.com\/en\/wp-json\/wp\/v2\/product\/520855\/revisions"}],"wp:featuredmedia":[{"embeddable":true,"href":"https:\/\/perle-in.com\/en\/wp-json\/wp\/v2\/media\/520841"}],"wp:attachment":[{"href":"https:\/\/perle-in.com\/en\/wp-json\/wp\/v2\/media?parent=520855"}],"wp:term":[{"taxonomy":"product_brand","embeddable":true,"href":"https:\/\/perle-in.com\/en\/wp-json\/wp\/v2\/product_brand?post=520855"},{"taxonomy":"product_cat","embeddable":true,"href":"https:\/\/perle-in.com\/en\/wp-json\/wp\/v2\/product_cat?post=520855"},{"taxonomy":"product_tag","embeddable":true,"href":"https:\/\/perle-in.com\/en\/wp-json\/wp\/v2\/product_tag?post=520855"}],"curies":[{"name":"wp","href":"https:\/\/api.w.org\/{rel}","templated":true}]}}

<p>La veste isolée hybride Banff pour femme est la fusion parfaite du style et de la performance. Le rabat-tempête intérieur empêche le vent de passer à travers la veste, et l&#8217;ourlet arrière rabattu ajoute une touche de couverture supplémentaire pour plus de chaleur. L&#8217;élastique de couleur contrastée ajoute une touche de style tout en garantissant un bon maintien. Le tissu tissé 380T en nylon (38 g/m2) est déperlant et imperméable à la pluie. Le tissu de contraste est un tricot interlock en polyester et élasthanne (245 g/m2), qui apporte souplesse et confort. L&#8217;isolation en faux duvet de polyester procure une chaleur légère, parfaite pour les journées fraîches. Cette veste est conçue avec une forme ajustée pour un look féminin. </p>

<!-- This site is optimized with the Yoast SEO plugin v27.4 - https://yoast.com/product/yoast-seo-wordpress/ -->
<title>Doudoune hybride femme Banff - PERLE IN</title>
<meta name="robots" content="noindex, follow, max-snippet:-1, max-image-preview:large, max-video-preview:-1" />
<meta property="og:locale" content="en_US" />
<meta property="og:type" content="article" />
<meta property="og:title" content="Doudoune hybride femme Banff - PERLE IN" />
<meta property="og:description" content="La veste isolée hybride Banff pour femme est la fusion parfaite du style et de la performance. Le rabat-tempête intérieur empêche le vent de passer à travers la veste, et l&#039;ourlet arrière rabattu ajoute une touche de couverture supplémentaire pour plus de chaleur. L&#039;élastique de couleur contrastée ajoute une touche de style tout en garantissant un bon maintien. Le tissu tissé 380T en nylon (38 g/m2) est déperlant et imperméable à la pluie. Le tissu de contraste est un tricot interlock en polyester et élasthanne (245 g/m2), qui apporte souplesse et confort. L&#039;isolation en faux duvet de polyester procure une chaleur légère, parfaite pour les journées fraîches. Cette veste est conçue avec une forme ajustée pour un look féminin." />
<meta property="og:url" content="https://perle-in.com/en/product/doudoune-hybride-femme-banff/" />
<meta property="og:site_name" content="PERLE IN" />
<meta property="article:modified_time" content="2025-10-14T03:23:49+00:00" />
<meta property="og:image" content="https://perle-in.com/wp-content/uploads/2025/10/3933249-1.jpg" />
	<meta property="og:image:width" content="1600" />
	<meta property="og:image:height" content="1600" />
	<meta property="og:image:type" content="image/jpeg" />
<meta name="twitter:card" content="summary_large_image" />
<script type="application/ld+json" class="yoast-schema-graph">{"@context":"https:\/\/schema.org","@graph":[{"@type":"WebPage","@id":"https:\/\/perle-in.com\/produit\/doudoune-hybride-femme-banff\/","url":"https:\/\/perle-in.com\/produit\/doudoune-hybride-femme-banff\/","name":"Doudoune hybride femme Banff - PERLE IN","isPartOf":{"@id":"https:\/\/perle-in.com\/#website"},"primaryImageOfPage":{"@id":"https:\/\/perle-in.com\/produit\/doudoune-hybride-femme-banff\/#primaryimage"},"image":{"@id":"https:\/\/perle-in.com\/produit\/doudoune-hybride-femme-banff\/#primaryimage"},"thumbnailUrl":"https:\/\/perle-in.com\/wp-content\/uploads\/2025\/10\/3933249-1.jpg","datePublished":"2025-10-14T03:23:29+00:00","dateModified":"2025-10-14T03:23:49+00:00","breadcrumb":{"@id":"https:\/\/perle-in.com\/produit\/doudoune-hybride-femme-banff\/#breadcrumb"},"inLanguage":"en-CA","potentialAction":[{"@type":"ReadAction","target":["https:\/\/perle-in.com\/produit\/doudoune-hybride-femme-banff\/"]}]},{"@type":"ImageObject","inLanguage":"en-CA","@id":"https:\/\/perle-in.com\/produit\/doudoune-hybride-femme-banff\/#primaryimage","url":"https:\/\/perle-in.com\/wp-content\/uploads\/2025\/10\/3933249-1.jpg","contentUrl":"https:\/\/perle-in.com\/wp-content\/uploads\/2025\/10\/3933249-1.jpg","width":1600,"height":1600},{"@type":"BreadcrumbList","@id":"https:\/\/perle-in.com\/produit\/doudoune-hybride-femme-banff\/#breadcrumb","itemListElement":[{"@type":"ListItem","position":1,"name":"Accueil","item":"https:\/\/perle-in.com\/"},{"@type":"ListItem","position":2,"name":"Boutique","item":"https:\/\/perle-in.com\/boutique\/"},{"@type":"ListItem","position":3,"name":"Doudoune hybride femme Banff"}]},{"@type":"WebSite","@id":"https:\/\/perle-in.com\/#website","url":"https:\/\/perle-in.com\/","name":"PERLE IN","description":"","publisher":{"@id":"https:\/\/perle-in.com\/#organization"},"potentialAction":[{"@type":"SearchAction","target":{"@type":"EntryPoint","urlTemplate":"https:\/\/perle-in.com\/?s={search_term_string}"},"query-input":{"@type":"PropertyValueSpecification","valueRequired":true,"valueName":"search_term_string"}}],"inLanguage":"en-CA"},{"@type":"Organization","@id":"https:\/\/perle-in.com\/#organization","name":"PERLE IN","url":"https:\/\/perle-in.com\/","logo":{"@type":"ImageObject","inLanguage":"en-CA","@id":"https:\/\/perle-in.com\/#\/schema\/logo\/image\/","url":"https:\/\/perle-in.com\/wp-content\/uploads\/2022\/12\/LOGO-PERLE-IN-COULEUR@3x.webp","contentUrl":"https:\/\/perle-in.com\/wp-content\/uploads\/2022\/12\/LOGO-PERLE-IN-COULEUR@3x.webp","width":1600,"height":490,"caption":"PERLE IN"},"image":{"@id":"https:\/\/perle-in.com\/#\/schema\/logo\/image\/"}}]}</script>
<!-- / Yoast SEO plugin. -->

La veste isolée hybride Banff pour femme est la fusion parfaite du style et de la performance. Le rabat-tempête intérieur empêche le vent de passer à travers la veste, et l'ourlet arrière rabattu ajoute une touche de couverture supplémentaire pour plus de chaleur. L'élastique de couleur contrastée ajoute une touche de style tout en garantissant un bon maintien. Le tissu tissé 380T en nylon (38 g/m2) est déperlant et imperméable à la pluie. Le tissu de contraste est un tricot interlock en polyester et élasthanne (245 g/m2), qui apporte souplesse et confort. L'isolation en faux duvet de polyester procure une chaleur légère, parfaite pour les journées fraîches. Cette veste est conçue avec une forme ajustée pour un look féminin.
